The Swift Package Index logo.Swift Package Index

Build Information

Failed to build SimulatorServices, reference 1.1.0-beta.3 (5b6f1e), with Swift 6.4 for Wasm on 18 Sep 2026 23:12:20 UTC.

Build Command

bash -c docker run --pull=always --rm -v "checkouts-54344847-0":/host -w "$PWD" -e JAVA_HOME="/root/.sdkman/candidates/java/current" -e SPI_BUILD="1" -e SPI_PROCESSING="1" registry.gitlab.com/saguaro1/spi-images:wasm-6.4-latest swift build --swift-sdk swift-6.4.x-DEVELOPMENT-SNAPSHOT-2026-09-04-a_wasm 2>&1

Build Log

========================================
RunAll
========================================
Builder version: 5.1.0
Interrupt handler set up.
========================================
Checkout
========================================
Clone URL: https://github.com/brightdigit/SimulatorServices.git
Reference: 1.1.0-beta.3
Initialized empty Git repository in /host/spi-builder-workspace/.git/
hint: Using 'master' as the name for the initial branch. This default branch name
hint: is subject to change. To configure the initial branch name to use in all
hint: of your new repositories, which will suppress this warning, call:
hint:
hint: 	git config --global init.defaultBranch <name>
hint:
hint: Names commonly chosen instead of 'master' are 'main', 'trunk' and
hint: 'development'. The just-created branch can be renamed via this command:
hint:
hint: 	git branch -m <name>
From https://github.com/brightdigit/SimulatorServices
 * tag               1.1.0-beta.3 -> FETCH_HEAD
HEAD is now at 5b6f1e5 Merge pull request #24 from brightdigit/v1.1.0-beta.3
Cloned https://github.com/brightdigit/SimulatorServices.git
Revision (git rev-parse @):
5b6f1e59f1192494e940152ef744ae5014758260
SPI manifest file found: $PWD/.spi.yml
SUCCESS checkout https://github.com/brightdigit/SimulatorServices.git at 1.1.0-beta.3
========================================
Build
========================================
Selected platform:         wasm
Swift version:             6.4
Building package at path:  $PWD
https://github.com/brightdigit/SimulatorServices.git
Running build ...
bash -c docker run --pull=always --rm -v "checkouts-54344847-0":/host -w "$PWD" -e JAVA_HOME="/root/.sdkman/candidates/java/current" -e SPI_BUILD="1" -e SPI_PROCESSING="1" registry.gitlab.com/saguaro1/spi-images:wasm-6.4-latest swift build --swift-sdk swift-6.4.x-DEVELOPMENT-SNAPSHOT-2026-09-04-a_wasm 2>&1
wasm-6.4-latest: Pulling from saguaro1/spi-images
Digest: sha256:4328fdb43c680d205c1d6761b1e3267aa38277eefdda9ddfb17b6a0f1a77857a
Status: Image is up to date for registry.gitlab.com/saguaro1/spi-images:wasm-6.4-latest
Fetching https://github.com/brightdigit/OSVer.git
[1/261] Fetching osver
Fetched https://github.com/brightdigit/OSVer.git (0.48s)
Computing version for https://github.com/brightdigit/OSVer.git
Computed https://github.com/brightdigit/OSVer.git at 1.0.0 (0.64s)
Creating working copy for https://github.com/brightdigit/OSVer.git
Working copy of https://github.com/brightdigit/OSVer.git resolved at 1.0.0
Building for debugging...
[Pre-planning 1 / 96]
[20 / 37] OSVer
[30 / 45] OSVer
error: SwiftCompile normal wasm32 failed with a nonzero exit code. Command line:     cd /host

/host/spi-builder-workspace/Sources/SimulatorServices/Support/RawDefined.swift:30:10: warning: Move RawReversable to Options.
 28 | //
 29 |
 30 | #warning("Move RawReversable to Options.")
    |          `- warning: Move RawReversable to Options.
 31 |
 32 | /// A protocol for types with raw options.
/host/spi-builder-workspace/Sources/SimulatorServices/Process/DispatchSemaphore.swift:32:11: error: cannot find type 'DispatchSemaphore' in scope
30 | import Foundation
31 |
32 | extension DispatchSemaphore: ProcessCompletionPromise {
   |           `- error: cannot find type 'DispatchSemaphore' in scope
33 |   internal func waitForCompletion(
34 |     for timeout: DispatchTime, with result: @autoclosure @escaping () -> TerminationResult
/host/spi-builder-workspace/Sources/SimulatorServices/Process/InternalAsyncableProcess.swift:65:30: error: cannot find type 'DispatchTime' in scope
63 |   /// - Returns: Data if there anything output from the process.
64 |   /// - Throws: The `error` either from failure to complete or from the data returned.
65 |   internal func run(timeout: DispatchTime) async throws -> Data? {
   |                              `- error: cannot find type 'DispatchTime' in scope
66 |     var handles = fileHandles()
67 |     let semaphore = promise()
/host/spi-builder-workspace/Sources/SimulatorServices/Process/InternalSimCtlProcess.swift:44:21: error: cannot find type 'DispatchTime' in scope
42 |   /// - Returns: The data output of the process.
43 |   /// - Throws: An error is the process fails.
44 |   func run(timeout: DispatchTime) async throws -> Data?
   |                     `- error: cannot find type 'DispatchTime' in scope
45 | }
46 |
/host/spi-builder-workspace/Sources/SimulatorServices/Process/ProcessCompletionPromise.swift:34:18: error: cannot find type 'DispatchTime' in scope
32 | internal protocol ProcessCompletionPromise {
33 |   func waitForCompletion(
34 |     for timeout: DispatchTime, with result: @autoclosure @escaping () -> TerminationResult
   |                  `- error: cannot find type 'DispatchTime' in scope
35 |   ) -> ProcessResult
36 | }
/host/spi-builder-workspace/Sources/SimulatorServices/Process/ProcessError.swift:35:16: error: cannot find type 'DispatchTime' in scope
33 | public enum ProcessError: Error, LocalizedError, Equatable {
34 |   /// Represents a timeout from running a process asynchronously.
35 |   case timeout(DispatchTime)
   |                `- error: cannot find type 'DispatchTime' in scope
36 |
37 |   /// Represents a process that exited with an error exit code.
/host/spi-builder-workspace/Sources/SimulatorServices/Process/ProcessError.swift:33:13: error: type 'ProcessError' does not conform to protocol 'Equatable'
31 |
32 | /// An error that occurred while running a process.
33 | public enum ProcessError: Error, LocalizedError, Equatable {
   |             |- error: type 'ProcessError' does not conform to protocol 'Equatable'
   |             `- note: add stubs for conformance
34 |   /// Represents a timeout from running a process asynchronously.
35 |   case timeout(DispatchTime)
   |                `- note: associated value type '_' does not conform to protocol 'Equatable', preventing synthesized conformance of 'ProcessError' to 'Equatable'
36 |
37 |   /// Represents a process that exited with an error exit code.
Swift.==:1:24: note: candidate would match if 'ProcessError' conformed to 'RawRepresentable'
1 | @inlinable public func == <T>(lhs: T, rhs: T) -> Bool where T : RawRepresentable, T.RawValue : Equatable
  |                        `- note: candidate would match if 'ProcessError' conformed to 'RawRepresentable'
Swift.FloatingPoint.==:2:20: note: candidate would match if 'ProcessError' conformed to 'FloatingPoint'
1 | protocol FloatingPoint {
2 | public static func == (lhs: Self, rhs: Self) -> Bool}
  |                    `- note: candidate would match if 'ProcessError' conformed to 'FloatingPoint'
3 |
Swift.BinaryInteger.==:2:20: note: candidate would match if 'ProcessError' conformed to 'BinaryInteger'
1 | protocol BinaryInteger {
2 | public static func == <Other>(lhs: Self, rhs: Other) -> Bool where Other : BinaryInteger}
  |                    `- note: candidate would match if 'ProcessError' conformed to 'BinaryInteger'
3 |
Swift._Pointer.==:2:20: note: candidate would match if 'ProcessError' conformed to '_Pointer'
1 | protocol _Pointer {
2 | public static func == (lhs: Self, rhs: Self) -> Bool}
  |                    `- note: candidate would match if 'ProcessError' conformed to '_Pointer'
3 |
Swift._Pointer.==:2:31: note: candidate would match if 'ProcessError' conformed to '_Pointer'
1 | protocol _Pointer {
2 | @inlinable public static func == <Other>(lhs: Self, rhs: Other) -> Bool where Other : _Pointer}
  |                               `- note: candidate would match if 'ProcessError' conformed to '_Pointer'
3 |
Swift.Strideable.==:2:31: note: candidate would match if 'ProcessError' conformed to 'Strideable'
1 | protocol Strideable {
2 | @inlinable public static func == (x: Self, y: Self) -> Bool}
  |                               `- note: candidate would match if 'ProcessError' conformed to 'Strideable'
3 |
Swift.StringProtocol.==:2:31: note: candidate would match if 'ProcessError' conformed to 'StringProtocol'
1 | protocol StringProtocol {
2 | @inlinable public static func == <RHS>(lhs: Self, rhs: RHS) -> Bool where RHS : StringProtocol}
  |                               `- note: candidate would match if 'ProcessError' conformed to 'StringProtocol'
3 |
Swift.SIMD.==:2:20: note: candidate would match if 'ProcessError' conformed to 'SIMD'
1 | protocol SIMD {
2 | public static func == (a: Self, b: Self) -> Bool}
  |                    `- note: candidate would match if 'ProcessError' conformed to 'SIMD'
3 |
Foundation.__BridgedNSError.==:2:20: note: candidate would match if 'ProcessError' conformed to '__BridgedNSError'
1 | protocol __BridgedNSError {
2 | public static func == (lhs: Self, rhs: Self) -> Bool}
  |                    `- note: candidate would match if 'ProcessError' conformed to '__BridgedNSError'
3 |
Foundation._BridgedStoredNSError.==:2:20: note: candidate would match if 'ProcessError' conformed to '_BridgedStoredNSError'
1 | protocol _BridgedStoredNSError {
2 | public static func == (lhs: Self, rhs: Self) -> Bool}
  |                    `- note: candidate would match if 'ProcessError' conformed to '_BridgedStoredNSError'
3 |
FoundationEssentials.AttributedStringProtocol.==:2:20: note: candidate would match if 'ProcessError' conformed to 'AttributedStringProtocol'
1 | protocol AttributedStringProtocol {
2 | public static func == <RHS>(lhs: Self, rhs: RHS) -> Bool where RHS : AttributedStringProtocol}
  |                    `- note: candidate would match if 'ProcessError' conformed to 'AttributedStringProtocol'
3 |
Swift.Equatable.==:2:13: note: protocol requires function '==' with type '(borrowing ProcessError, borrowing ProcessError) -> Bool'
1 | protocol Equatable {
2 | static func == (lhs: borrowing Self, rhs: borrowing Self) -> Bool}
  |             `- note: protocol requires function '==' with type '(borrowing ProcessError, borrowing ProcessError) -> Bool'
3 |
/host/spi-builder-workspace/Sources/SimulatorServices/Process/ProcessResult.swift:34:17: error: cannot find type 'DispatchTime' in scope
32 | internal enum ProcessResult {
33 |   case success(TerminationResult)
34 |   case timedOut(DispatchTime)
   |                 `- error: cannot find type 'DispatchTime' in scope
35 | }
36 |
Failed frontend command:
/usr/bin/swift-frontend -frontend -emit-module -experimental-skip-non-inlinable-function-bodies-without-types /host/spi-builder-workspace/Sources/SimulatorServices/Arguments/ContainerID.swift /host/spi-builder-workspace/Sources/SimulatorServices/Arguments/SimulatorID.swift /host/spi-builder-workspace/Sources/SimulatorServices/Commands/GetAppContainer.swift /host/spi-builder-workspace/Sources/SimulatorServices/Commands/List.swift /host/spi-builder-workspace/Sources/SimulatorServices/Components/Device.swift /host/spi-builder-workspace/Sources/SimulatorServices/Components/DevicePair.swift /host/spi-builder-workspace/Sources/SimulatorServices/Components/DeviceState.swift /host/spi-builder-workspace/Sources/SimulatorServices/Components/DeviceType.swift /host/spi-builder-workspace/Sources/SimulatorServices/Components/DeviceTypeID.swift /host/spi-builder-workspace/Sources/SimulatorServices/Components/ModelID+Version.swift /host/spi-builder-workspace/Sources/SimulatorServices/Components/ModelID.swift /host/spi-builder-workspace/Sources/SimulatorServices/Components/PairState.swift /host/spi-builder-workspace/Sources/SimulatorServices/Components/Path.swift /host/spi-builder-workspace/Sources/SimulatorServices/Components/Platform.swift /host/spi-builder-workspace/Sources/SimulatorServices/Components/ProductFamily.swift /host/spi-builder-workspace/Sources/SimulatorServices/Components/Runtime.swift /host/spi-builder-workspace/Sources/SimulatorServices/Components/RuntimeID.swift /host/spi-builder-workspace/Sources/SimulatorServices/Components/SimulatorList.swift /host/spi-builder-workspace/Sources/SimulatorServices/Components/Version.swift /host/spi-builder-workspace/Sources/SimulatorServices/Process/DispatchSemaphore.swift /host/spi-builder-workspace/Sources/SimulatorServices/Process/InternalAsyncableProcess.swift /host/spi-builder-workspace/Sources/SimulatorServices/Process/InternalSimCtlProcess.swift /host/spi-builder-workspace/Sources/SimulatorServices/Process/Process.swift /host/spi-builder-workspace/Sources/SimulatorServices/Process/ProcessCompletionPromise.swift /host/spi-builder-workspace/Sources/SimulatorServices/Process/ProcessError.swift /host/spi-builder-workspace/Sources/SimulatorServices/Process/ProcessOutputHandleSet.swift /host/spi-builder-workspace/Sources/SimulatorServices/Process/ProcessResult.swift /host/spi-builder-workspace/Sources/SimulatorServices/Process/TerminationResult.swift /host/spi-builder-workspace/Sources/SimulatorServices/Process/UncaughtSignal.swift /host/spi-builder-workspace/Sources/SimulatorServices/SimCtl.swift /host/spi-builder-workspace/Sources/SimulatorServices/Subcommand.swift /host/spi-builder-workspace/Sources/SimulatorServices/Support/Decoder+PrefixedDecodableString.swift /host/spi-builder-workspace/Sources/SimulatorServices/Support/PrefixedDecodableString+RawDefined.swift /host/spi-builder-workspace/Sources/SimulatorServices/Support/PrefixedDecodableString.swift /host/spi-builder-workspace/Sources/SimulatorServices/Support/RandomEnum.swift /host/spi-builder-workspace/Sources/SimulatorServices/Support/RawDefined.swift /host/spi-builder-workspace/Sources/SimulatorServices/Support/RawReversable.swift -target wasm32-unknown-wasip1 -disable-objc-interop -sdk /root/.swiftpm/swift-sdks/swift-6.4.x-DEVELOPMENT-SNAPSHOT-2026-09-04-a_wasm.artifactbundle/swift-6.4.x-DEVELOPMENT-SNAPSHOT-2026-09-04-a_wasm/wasm32-unknown-wasip1/WASI.sdk -sysroot /root/.swiftpm/swift-sdks/swift-6.4.x-DEVELOPMENT-SNAPSHOT-2026-09-04-a_wasm.artifactbundle/swift-6.4.x-DEVELOPMENT-SNAPSHOT-2026-09-04-a_wasm/wasm32-unknown-wasip1/WASI.sdk -I /host/spi-builder-workspace/.build/out/Products/Debug-webassembly-wasm32 -module-cache-path /host/spi-builder-workspace/.build/out/ModuleCache.noindex -color-diagnostics -Xcc -fcolor-diagnostics -enable-testing -g -debug-info-format\=dwarf -dwarf-version\=4 -swift-version 5 -Onone -D SWIFT_PACKAGE -D DEBUG -D SWIFT_MODULE_RESOURCE_BUNDLE_UNAVAILABLE -D Xcode -serialize-debugging-options -enable-upcoming-feature BareSlashRegexLiterals -enable-upcoming-feature ConciseMagicFile -enable-upcoming-feature ExistentialAny -enable-upcoming-feature ForwardTrailingClosures -enable-upcoming-feature ImplicitOpenExistentials -enable-upcoming-feature StrictConcurrency -enable-upcoming-feature DisableOutwardActorInference -enable-experimental-feature StrictConcurrency -enable-experimental-feature DebugDescriptionMacro -empty-abi-descriptor -external-plugin-path /usr/lib/swift/host/plugins/testing\#/usr/bin/swift-plugin-server -validate-clang-modules-once -clang-build-session-file /host/spi-builder-workspace/.build/out/ModuleCache.noindex/Session.modulevalidation -Xcc -working-directory -Xcc /host -resource-dir /root/.swiftpm/swift-sdks/swift-6.4.x-DEVELOPMENT-SNAPSHOT-2026-09-04-a_wasm.artifactbundle/swift-6.4.x-DEVELOPMENT-SNAPSHOT-2026-09-04-a_wasm/wasm32-unknown-wasip1/swift.xctoolchain/usr/lib/swift_static -use-static-resource-dir -enable-anonymous-context-mangled-names -file-compilation-dir /host -Xcc -resource-dir -Xcc /root/.swiftpm/swift-sdks/swift-6.4.x-DEVELOPMENT-SNAPSHOT-2026-09-04-a_wasm.artifactbundle/swift-6.4.x-DEVELOPMENT-SNAPSHOT-2026-09-04-a_wasm/wasm32-unknown-wasip1/swift.xctoolchain/usr/lib/swift_static/clang -Xcc -D_LIBCPP_HARDENING_MODE\=_LIBCPP_HARDENING_MODE_DEBUG -Xcc -fmodules-prune-interval\=86400 -Xcc -fmodules-prune-after\=345600 -Xcc -I/host/spi-builder-workspace/.build/out/Products/Debug-webassembly-wasm32/include -Xcc -I/host/spi-builder-workspace/.build/out/Intermediates.noindex/SimulatorServices.build/Debug-webassembly-wasm32/SimulatorServices-t.build/DerivedSources-normal/wasm32 -Xcc -I/host/spi-builder-workspace/.build/out/Intermediates.noindex/SimulatorServices.build/Debug-webassembly-wasm32/SimulatorServices-t.build/DerivedSources/wasm32 -Xcc -I/host/spi-builder-workspace/.build/out/Intermediates.noindex/SimulatorServices.build/Debug-webassembly-wasm32/SimulatorServices-t.build/DerivedSources -Xcc -DSWIFT_PACKAGE -Xcc -DDEBUG\=1 -no-auto-bridging-header-chaining -module-name SimulatorServices -package-name spi_builder_workspace -const-gather-protocols-file /host/spi-builder-workspace/.build/out/Intermediates.noindex/SimulatorServices.build/Debug-webassembly-wasm32/SimulatorServices-t.build/Objects-normal/wasm32/SimulatorServices_const_extract_protocols.json -in-process-plugin-server-path /usr/lib/swift/host/libSwiftInProcPluginServer.so -plugin-path /usr/lib/swift/host/plugins -plugin-path /usr/local/lib/swift/host/plugins -emit-module-doc-path /host/spi-builder-workspace/.build/out/Intermediates.noindex/SimulatorServices.build/Debug-webassembly-wasm32/SimulatorServices-t.build/Objects-normal/wasm32/Modules/SimulatorServices.swiftdoc -emit-module-source-info-path /host/spi-builder-workspace/.build/out/Intermediates.noindex/SimulatorServices.build/Debug-webassembly-wasm32/SimulatorServices-t.build/Objects-normal/wasm32/Modules/SimulatorServices.swiftsourceinfo -emit-objc-header-path /host/spi-builder-workspace/.build/out/Intermediates.noindex/SimulatorServices.build/Debug-webassembly-wasm32/SimulatorServices-t.build/Objects-normal/wasm32/SimulatorServices-Swift.h -serialize-diagnostics-path /host/spi-builder-workspace/.build/out/Intermediates.noindex/SimulatorServices.build/Debug-webassembly-wasm32/SimulatorServices-t.build/Objects-normal/wasm32/SimulatorServices-primary-emit-module.dia -emit-dependencies-path /host/spi-builder-workspace/.build/out/Intermediates.noindex/SimulatorServices.build/Debug-webassembly-wasm32/SimulatorServices-t.build/Objects-normal/wasm32/SimulatorServices-primary-emit-module.d -parse-as-library -o /host/spi-builder-workspace/.build/out/Intermediates.noindex/SimulatorServices.build/Debug-webassembly-wasm32/SimulatorServices-t.build/Objects-normal/wasm32/Modules/SimulatorServices.swiftmodule
error: Build failed
BUILD FAILURE 6.4 wasm