Build Information
Failed to build Swifter, reference 2.5.0 (50682e), with Swift 6.4 for watchOS using Xcode 27.0 on 17 Sep 2026 11:22:23 UTC.
Build Command
env DEVELOPER_DIR=/Applications/Xcode-27.0.0-Release.Candidate.app xcrun xcodebuild -IDEClonedSourcePackagesDirPathOverride=$PWD/.dependencies -skipMacroValidation -skipPackagePluginValidation -derivedDataPath $PWD/.derivedData build -scheme Swifter -destination generic/platform=watchOSBuild Log
========================================
RunAll
========================================
Builder version: 5.1.0
Interrupt handler set up.
========================================
Checkout
========================================
Clone URL: https://github.com/mattdonnelly/Swifter.git
Reference: 2.5.0
Initialized empty Git repository in /Users/admin/builder/spi-builder-workspace/.git/
From https://github.com/mattdonnelly/Swifter
* tag 2.5.0 -> FETCH_HEAD
HEAD is now at 50682eb Update Swifter.podspec
Cloned https://github.com/mattdonnelly/Swifter.git
Revision (git rev-parse @):
50682ebe64e4c08f18957ccfd16888f035c20755
SUCCESS checkout https://github.com/mattdonnelly/Swifter.git at 2.5.0
========================================
Build
========================================
Selected platform: watchOS
Swift version: 6.4
Building package at path: $PWD
https://github.com/mattdonnelly/Swifter.git
Command line invocation:
/Applications/Xcode-27.0.0-Release.Candidate.app/Contents/Developer/usr/bin/xcodebuild -IDEClonedSourcePackagesDirPathOverride=/Users/admin/builder/spi-builder-workspace/.dependencies -resolvePackageDependencies
resolved source packages:
{
"dependencies" : [
],
"manifest_display_name" : "Swifter",
"name" : "Swifter",
"path" : "/Users/admin/builder/spi-builder-workspace",
"platforms" : [
{
"name" : "macos",
"version" : "10.10"
},
{
"name" : "ios",
"version" : "10.0"
}
],
"products" : [
{
"name" : "Swifter",
"targets" : [
"Swifter"
],
"type" : {
"library" : [
"automatic"
]
}
}
],
"targets" : [
{
"c99name" : "Swifter",
"module_type" : "SwiftTarget",
"name" : "Swifter",
"path" : "Sources",
"product_memberships" : [
"Swifter"
],
"sources" : [
"Data++.swift",
"Dictionary++.swift",
"HMAC.swift",
"Int++.swift",
"JSON.swift",
"Operator++.swift",
"SHA1.swift",
"Scanner++.swift",
"String++.swift",
"Swifter.swift",
"SwifterAccountsClient.swift",
"SwifterAppOnlyClient.swift",
"SwifterAuth.swift",
"SwifterClientProtocol.swift",
"SwifterCredential.swift",
"SwifterError.swift",
"SwifterFavorites.swift",
"SwifterFollowers.swift",
"SwifterHTTPRequest.swift",
"SwifterHelp.swift",
"SwifterLists.swift",
"SwifterMedia.swift",
"SwifterMessages.swift",
"SwifterOAuthClient.swift",
"SwifterPlaces.swift",
"SwifterSavedSearches.swift",
"SwifterSearch.swift",
"SwifterSpam.swift",
"SwifterSuggested.swift",
"SwifterTag.swift",
"SwifterTimelines.swift",
"SwifterTrends.swift",
"SwifterTweets.swift",
"SwifterUsers.swift",
"URL++.swift",
"Utils.swift"
],
"type" : "library"
}
],
"tools_version" : "5.0"
}
{
"project" : {
"configurations" : [
"Debug",
"Release"
],
"name" : "Swifter",
"schemes" : [
"SwifterDemoiOS",
"SwifterDemoMac",
"SwifteriOS",
"SwifterMac",
"SwifterTests"
],
"targets" : [
"SwifteriOS",
"SwifterMac",
"SwifterDemoiOS",
"SwifterDemoMac",
"SwifterTests"
]
}
}
{
"workspace" : {
"name" : "Swifter",
"schemes" : [
"Swifter"
]
}
}
2026-09-17 07:22:08.986 xcodebuild[623:3942] [MT] IDERunDestination: Supported platforms for the buildables in the current scheme is empty.
Running build ...
env DEVELOPER_DIR=/Applications/Xcode-27.0.0-Release.Candidate.app xcrun xcodebuild -IDEClonedSourcePackagesDirPathOverride=$PWD/.dependencies -skipMacroValidation -skipPackagePluginValidation -derivedDataPath $PWD/.derivedData build -scheme Swifter -destination generic/platform=watchOS
Command line invocation:
/Applications/Xcode-27.0.0-Release.Candidate.app/Contents/Developer/usr/bin/xcodebuild -IDEClonedSourcePackagesDirPathOverride=/Users/admin/builder/spi-builder-workspace/.dependencies -skipMacroValidation -skipPackagePluginValidation -derivedDataPath /Users/admin/builder/spi-builder-workspace/.derivedData build -scheme Swifter -destination generic/platform=watchOS
Resolve Package Graph
Resolved source packages:
Swifter: /Users/admin/builder/spi-builder-workspace
ComputePackagePrebuildTargetDependencyGraph
Prepare packages
CreateBuildRequest
SendProjectDescription
CreateBuildOperation
ComputeTargetDependencyGraph
note: Building targets in dependency order
note: Target dependency graph (2 targets)
Target 'Swifter-product' in project 'Swifter'
➜ Explicit dependency on target 'Swifter' in project 'Swifter'
Target 'Swifter' in project 'Swifter' (no dependencies)
GatherProvisioningInputs
CreateBuildDescription
ExecuteExternalTool /Applications/Xcode-27.0.0-Release.Candidate.app/Contents/Developer/Toolchains/XcodeDefault.xctoolchain/usr/bin/clang -v -E -dM -isysroot /Applications/Xcode-27.0.0-Release.Candidate.app/Contents/Developer/Platforms/WatchOS.platform/Developer/SDKs/WatchOS27.0.sdk -x c -c /dev/null
ExecuteExternalTool /Applications/Xcode-27.0.0-Release.Candidate.app/Contents/Developer/Toolchains/XcodeDefault.xctoolchain/usr/bin/swiftc --version
ExecuteExternalTool /Applications/Xcode-27.0.0-Release.Candidate.app/Contents/Developer/Toolchains/XcodeDefault.xctoolchain/usr/bin/ld -version_details
Build description signature: ed35e8553fa020ee6f5dd9bc366a1077
Build description path: /Users/admin/builder/spi-builder-workspace/.derivedData/Build/Intermediates.noindex/XCBuildData/ed35e8553fa020ee6f5dd9bc366a1077.xcbuilddata
CreateBuildDirectory /Users/admin/builder/spi-builder-workspace/.derivedData/SDKExplicitPrecompiledModules
cd /Users/admin/builder/spi-builder-workspace/.swiftpm/xcode
builtin-create-build-directory /Users/admin/builder/spi-builder-workspace/.derivedData/SDKExplicitPrecompiledModules
CreateBuildDirectory /Users/admin/builder/spi-builder-workspace/.derivedData/ModuleCache.noindex
cd /Users/admin/builder/spi-builder-workspace/.swiftpm/xcode
builtin-create-build-directory /Users/admin/builder/spi-builder-workspace/.derivedData/ModuleCache.noindex
CreateBuildDirectory /Users/admin/builder/spi-builder-workspace/.derivedData/CompilationCache.noindex
cd /Users/admin/builder/spi-builder-workspace/.swiftpm/xcode
builtin-create-build-directory /Users/admin/builder/spi-builder-workspace/.derivedData/CompilationCache.noindex
CreateBuildDirectory /Users/admin/builder/spi-builder-workspace/.derivedData/Build/Products
cd /Users/admin/builder/spi-builder-workspace/.swiftpm/xcode
builtin-create-build-directory /Users/admin/builder/spi-builder-workspace/.derivedData/Build/Products
CreateBuildDirectory /Users/admin/builder/spi-builder-workspace/.derivedData/Build/Intermediates.noindex
cd /Users/admin/builder/spi-builder-workspace/.swiftpm/xcode
builtin-create-build-directory /Users/admin/builder/spi-builder-workspace/.derivedData/Build/Intermediates.noindex
ClangStatCache /Applications/Xcode-27.0.0-Release.Candidate.app/Contents/Developer/Toolchains/XcodeDefault.xctoolchain/usr/bin/clang-stat-cache /Applications/Xcode-27.0.0-Release.Candidate.app/Contents/Developer/Platforms/WatchOS.platform/Developer/SDKs/WatchOS27.0.sdk /Users/admin/builder/spi-builder-workspace/.derivedData/SDKStatCaches.noindex/watchos27.0-24R360-e829b21a6f8c9b70876ba0858053c04477534ef55a1706bf4c1112bbb242f0a2.sdkstatcache
cd /Users/admin/builder/spi-builder-workspace/.swiftpm/xcode
/Applications/Xcode-27.0.0-Release.Candidate.app/Contents/Developer/Toolchains/XcodeDefault.xctoolchain/usr/bin/clang-stat-cache /Applications/Xcode-27.0.0-Release.Candidate.app/Contents/Developer/Platforms/WatchOS.platform/Developer/SDKs/WatchOS27.0.sdk -o /Users/admin/builder/spi-builder-workspace/.derivedData/SDKStatCaches.noindex/watchos27.0-24R360-e829b21a6f8c9b70876ba0858053c04477534ef55a1706bf4c1112bbb242f0a2.sdkstatcache
CreateBuildDirectory /Users/admin/builder/spi-builder-workspace/.derivedData/Build/Intermediates.noindex/SwiftExplicitPrecompiledModules
cd /Users/admin/builder/spi-builder-workspace/.swiftpm/xcode
builtin-create-build-directory /Users/admin/builder/spi-builder-workspace/.derivedData/Build/Intermediates.noindex/SwiftExplicitPrecompiledModules
CreateBuildDirectory /Users/admin/builder/spi-builder-workspace/.derivedData/Build/Intermediates.noindex/PrecompiledHeaders
cd /Users/admin/builder/spi-builder-workspace/.swiftpm/xcode
builtin-create-build-directory /Users/admin/builder/spi-builder-workspace/.derivedData/Build/Intermediates.noindex/PrecompiledHeaders
CreateBuildDirectory /Users/admin/builder/spi-builder-workspace/.derivedData/Build/Products/Debug-watchos
cd /Users/admin/builder/spi-builder-workspace/.swiftpm/xcode
builtin-create-build-directory /Users/admin/builder/spi-builder-workspace/.derivedData/Build/Products/Debug-watchos
CreateBuildDirectory /Users/admin/builder/spi-builder-workspace/.derivedData/Build/Intermediates.noindex/ExplicitPrecompiledModules
cd /Users/admin/builder/spi-builder-workspace/.swiftpm/xcode
builtin-create-build-directory /Users/admin/builder/spi-builder-workspace/.derivedData/Build/Intermediates.noindex/ExplicitPrecompiledModules
CreateBuildDirectory /Users/admin/builder/spi-builder-workspace/.derivedData/Build/Intermediates.noindex/EagerLinkingTBDs/Debug-watchos
cd /Users/admin/builder/spi-builder-workspace/.swiftpm/xcode
builtin-create-build-directory /Users/admin/builder/spi-builder-workspace/.derivedData/Build/Intermediates.noindex/EagerLinkingTBDs/Debug-watchos
CreateBuildDirectory /Users/admin/builder/spi-builder-workspace/.derivedData/Build/Products/Debug-watchos/PackageFrameworks
cd /Users/admin/builder/spi-builder-workspace/.swiftpm/xcode
builtin-create-build-directory /Users/admin/builder/spi-builder-workspace/.derivedData/Build/Products/Debug-watchos/PackageFrameworks
WriteAuxiliaryFile /Users/admin/builder/spi-builder-workspace/.derivedData/Build/Intermediates.noindex/Swifter.build/Debug-watchos/Swifter-t.build/Swifter.modulemap (in target 'Swifter' from project 'Swifter')
cd /Users/admin/builder/spi-builder-workspace
write-file /Users/admin/builder/spi-builder-workspace/.derivedData/Build/Intermediates.noindex/Swifter.build/Debug-watchos/Swifter-t.build/Swifter.modulemap
WriteAuxiliaryFile /Users/admin/builder/spi-builder-workspace/.derivedData/Build/Intermediates.noindex/Swifter.build/Debug-watchos/Swifter-t.build/Swifter.DependencyMetadataFileList (in target 'Swifter' from project 'Swifter')
cd /Users/admin/builder/spi-builder-workspace
write-file /Users/admin/builder/spi-builder-workspace/.derivedData/Build/Intermediates.noindex/Swifter.build/Debug-watchos/Swifter-t.build/Swifter.DependencyMetadataFileList
WriteAuxiliaryFile /Users/admin/builder/spi-builder-workspace/.derivedData/Build/Intermediates.noindex/Swifter.build/Debug-watchos/Swifter-t.build/Swifter.DependencyStaticMetadataFileList (in target 'Swifter' from project 'Swifter')
cd /Users/admin/builder/spi-builder-workspace
write-file /Users/admin/builder/spi-builder-workspace/.derivedData/Build/Intermediates.noindex/Swifter.build/Debug-watchos/Swifter-t.build/Swifter.DependencyStaticMetadataFileList
WriteAuxiliaryFile /Users/admin/builder/spi-builder-workspace/.derivedData/Build/Intermediates.noindex/Swifter.build/Debug-watchos/Swifter-t.build/Objects-normal/arm64_32/Swifter-OutputFileMap.json (in target 'Swifter' from project 'Swifter')
cd /Users/admin/builder/spi-builder-workspace
write-file /Users/admin/builder/spi-builder-workspace/.derivedData/Build/Intermediates.noindex/Swifter.build/Debug-watchos/Swifter-t.build/Objects-normal/arm64_32/Swifter-OutputFileMap.json
WriteAuxiliaryFile /Users/admin/builder/spi-builder-workspace/.derivedData/Build/Intermediates.noindex/Swifter.build/Debug-watchos/Swifter-t.build/Objects-normal/arm64_32/Swifter.SwiftFileList (in target 'Swifter' from project 'Swifter')
cd /Users/admin/builder/spi-builder-workspace
write-file /Users/admin/builder/spi-builder-workspace/.derivedData/Build/Intermediates.noindex/Swifter.build/Debug-watchos/Swifter-t.build/Objects-normal/arm64_32/Swifter.SwiftFileList
WriteAuxiliaryFile /Users/admin/builder/spi-builder-workspace/.derivedData/Build/Intermediates.noindex/Swifter.build/Debug-watchos/Swifter-t.build/Objects-normal/arm64_32/Swifter_const_extract_protocols.json (in target 'Swifter' from project 'Swifter')
cd /Users/admin/builder/spi-builder-workspace
write-file /Users/admin/builder/spi-builder-workspace/.derivedData/Build/Intermediates.noindex/Swifter.build/Debug-watchos/Swifter-t.build/Objects-normal/arm64_32/Swifter_const_extract_protocols.json
WriteAuxiliaryFile /Users/admin/builder/spi-builder-workspace/.derivedData/Build/Intermediates.noindex/Swifter.build/Debug-watchos/Swifter-t.build/Objects-normal/arm64/Swifter_const_extract_protocols.json (in target 'Swifter' from project 'Swifter')
cd /Users/admin/builder/spi-builder-workspace
write-file /Users/admin/builder/spi-builder-workspace/.derivedData/Build/Intermediates.noindex/Swifter.build/Debug-watchos/Swifter-t.build/Objects-normal/arm64/Swifter_const_extract_protocols.json
WriteAuxiliaryFile /Users/admin/builder/spi-builder-workspace/.derivedData/Build/Intermediates.noindex/Swifter.build/Debug-watchos/Swifter-t.build/Objects-normal/arm64_32/Swifter.LinkFileList (in target 'Swifter' from project 'Swifter')
cd /Users/admin/builder/spi-builder-workspace
write-file /Users/admin/builder/spi-builder-workspace/.derivedData/Build/Intermediates.noindex/Swifter.build/Debug-watchos/Swifter-t.build/Objects-normal/arm64_32/Swifter.LinkFileList
WriteAuxiliaryFile /Users/admin/builder/spi-builder-workspace/.derivedData/Build/Intermediates.noindex/Swifter.build/Debug-watchos/Swifter-t.build/Objects-normal/arm64_32/Swifter.SwiftConstValuesFileList (in target 'Swifter' from project 'Swifter')
cd /Users/admin/builder/spi-builder-workspace
write-file /Users/admin/builder/spi-builder-workspace/.derivedData/Build/Intermediates.noindex/Swifter.build/Debug-watchos/Swifter-t.build/Objects-normal/arm64_32/Swifter.SwiftConstValuesFileList
WriteAuxiliaryFile /Users/admin/builder/spi-builder-workspace/.derivedData/Build/Intermediates.noindex/Swifter.build/Debug-watchos/Swifter-t.build/Objects-normal/arm64/Swifter.SwiftFileList (in target 'Swifter' from project 'Swifter')
cd /Users/admin/builder/spi-builder-workspace
write-file /Users/admin/builder/spi-builder-workspace/.derivedData/Build/Intermediates.noindex/Swifter.build/Debug-watchos/Swifter-t.build/Objects-normal/arm64/Swifter.SwiftFileList
WriteAuxiliaryFile /Users/admin/builder/spi-builder-workspace/.derivedData/Build/Intermediates.noindex/Swifter.build/Debug-watchos/Swifter-t.build/Objects-normal/arm64/Swifter.SwiftConstValuesFileList (in target 'Swifter' from project 'Swifter')
cd /Users/admin/builder/spi-builder-workspace
write-file /Users/admin/builder/spi-builder-workspace/.derivedData/Build/Intermediates.noindex/Swifter.build/Debug-watchos/Swifter-t.build/Objects-normal/arm64/Swifter.SwiftConstValuesFileList
WriteAuxiliaryFile /Users/admin/builder/spi-builder-workspace/.derivedData/Build/Intermediates.noindex/Swifter.build/Debug-watchos/Swifter-t.build/Objects-normal/arm64/Swifter.LinkFileList (in target 'Swifter' from project 'Swifter')
cd /Users/admin/builder/spi-builder-workspace
write-file /Users/admin/builder/spi-builder-workspace/.derivedData/Build/Intermediates.noindex/Swifter.build/Debug-watchos/Swifter-t.build/Objects-normal/arm64/Swifter.LinkFileList
WriteAuxiliaryFile /Users/admin/builder/spi-builder-workspace/.derivedData/Build/Intermediates.noindex/Swifter.build/Debug-watchos/Swifter-t.build/Objects-normal/arm64/Swifter-OutputFileMap.json (in target 'Swifter' from project 'Swifter')
cd /Users/admin/builder/spi-builder-workspace
write-file /Users/admin/builder/spi-builder-workspace/.derivedData/Build/Intermediates.noindex/Swifter.build/Debug-watchos/Swifter-t.build/Objects-normal/arm64/Swifter-OutputFileMap.json
Copy /Users/admin/builder/spi-builder-workspace/.derivedData/Build/Intermediates.noindex/GeneratedModuleMaps-watchos/Swifter.modulemap /Users/admin/builder/spi-builder-workspace/.derivedData/Build/Intermediates.noindex/Swifter.build/Debug-watchos/Swifter-t.build/Swifter.modulemap (in target 'Swifter' from project 'Swifter')
cd /Users/admin/builder/spi-builder-workspace
builtin-copy -exclude .DS_Store -exclude CVS -exclude .svn -exclude .git -exclude .hg -resolve-src-symlinks /Users/admin/builder/spi-builder-workspace/.derivedData/Build/Intermediates.noindex/Swifter.build/Debug-watchos/Swifter-t.build/Swifter.modulemap /Users/admin/builder/spi-builder-workspace/.derivedData/Build/Intermediates.noindex/GeneratedModuleMaps-watchos
SwiftDriver Swifter normal arm64 com.apple.xcode.tools.swift.compiler (in target 'Swifter' from project 'Swifter')
cd /Users/admin/builder/spi-builder-workspace/.swiftpm/xcode
builtin-SwiftDriver -- /Applications/Xcode-27.0.0-Release.Candidate.app/Contents/Developer/Toolchains/XcodeDefault.xctoolchain/usr/bin/swiftc -parse-as-library -module-name Swifter -Onone @/Users/admin/builder/spi-builder-workspace/.derivedData/Build/Intermediates.noindex/Swifter.build/Debug-watchos/Swifter-t.build/Objects-normal/arm64/Swifter.SwiftFileList -DSWIFT_PACKAGE -DDEBUG -DSWIFT_MODULE_RESOURCE_BUNDLE_UNAVAILABLE -DXcode -plugin-path /Applications/Xcode-27.0.0-Release.Candidate.app/Contents/Developer/Toolchains/XcodeDefault.xctoolchain/usr/lib/swift/host/plugins/testing -enable-experimental-feature DebugDescriptionMacro -sdk /Applications/Xcode-27.0.0-Release.Candidate.app/Contents/Developer/Platforms/WatchOS.platform/Developer/SDKs/WatchOS27.0.sdk -target arm64-apple-watchos9.0 -g -module-cache-path /Users/admin/builder/spi-builder-workspace/.derivedData/ModuleCache.noindex -Xfrontend -serialize-debugging-options -enable-testing -index-store-path /Users/admin/builder/spi-builder-workspace/.derivedData/Index.noindex/DataStore -Xcc -D_LIBCPP_HARDENING_MODE\=_LIBCPP_HARDENING_MODE_DEBUG -swift-version 5 -I /Users/admin/builder/spi-builder-workspace/.derivedData/Build/Products/Debug-watchos -Isystem /Applications/Xcode-27.0.0-Release.Candidate.app/Contents/Developer/Platforms/WatchOS.platform/Developer/usr/lib -F /Users/admin/builder/spi-builder-workspace/.derivedData/Build/Products/Debug-watchos -F /Applications/Xcode-27.0.0-Release.Candidate.app/Contents/Developer/Platforms/WatchOS.platform/Developer/Library/Frameworks -F /Applications/Xcode-27.0.0-Release.Candidate.app/Contents/Developer/Platforms/WatchOS.platform/Developer/SDKs/WatchOS27.0.sdk/Developer/Library/Frameworks -c -j10 -enable-batch-mode -incremental -Xcc -ivfsstatcache -Xcc /Users/admin/builder/spi-builder-workspace/.derivedData/SDKStatCaches.noindex/watchos27.0-24R360-e829b21a6f8c9b70876ba0858053c04477534ef55a1706bf4c1112bbb242f0a2.sdkstatcache -output-file-map /Users/admin/builder/spi-builder-workspace/.derivedData/Build/Intermediates.noindex/Swifter.build/Debug-watchos/Swifter-t.build/Objects-normal/arm64/Swifter-OutputFileMap.json -save-temps -no-color-diagnostics -explicit-module-build -module-cache-path /Users/admin/builder/spi-builder-workspace/.derivedData/Build/Intermediates.noindex/SwiftExplicitPrecompiledModules -clang-scanner-module-cache-path /Users/admin/builder/spi-builder-workspace/.derivedData/ModuleCache.noindex -sdk-module-cache-path /Users/admin/builder/spi-builder-workspace/.derivedData/SDKExplicitPrecompiledModules -emit-dependencies -emit-module -emit-module-path /Users/admin/builder/spi-builder-workspace/.derivedData/Build/Intermediates.noindex/Swifter.build/Debug-watchos/Swifter-t.build/Objects-normal/arm64/Swifter.swiftmodule -serialize-diagnostics -dependency-scan-serialize-diagnostics-path /Users/admin/builder/spi-builder-workspace/.derivedData/Build/Intermediates.noindex/Swifter.build/Debug-watchos/Swifter-t.build/Objects-normal/arm64/Swifter-dependency-scan.dia -validate-clang-modules-once -clang-build-session-file /Users/admin/builder/spi-builder-workspace/.derivedData/ModuleCache.noindex/Session.modulevalidation -Xcc -fmodules-prune-interval\=86400 -Xcc -fmodules-prune-after\=345600 -emit-const-values -const-gather-protocols-list /Users/admin/builder/spi-builder-workspace/.derivedData/Build/Intermediates.noindex/Swifter.build/Debug-watchos/Swifter-t.build/Objects-normal/arm64/Swifter_const_extract_protocols.json -Xcc -I/Users/admin/builder/spi-builder-workspace/.derivedData/Build/Products/Debug-watchos/include -Xcc -I/Users/admin/builder/spi-builder-workspace/.derivedData/Build/Intermediates.noindex/Swifter.build/Debug-watchos/Swifter-t.build/DerivedSources-normal/arm64 -Xcc -I/Users/admin/builder/spi-builder-workspace/.derivedData/Build/Intermediates.noindex/Swifter.build/Debug-watchos/Swifter-t.build/DerivedSources/arm64 -Xcc -I/Users/admin/builder/spi-builder-workspace/.derivedData/Build/Intermediates.noindex/Swifter.build/Debug-watchos/Swifter-t.build/DerivedSources -Xcc -DSWIFT_PACKAGE -Xcc -DDEBUG\=1 -emit-objc-header -emit-objc-header-path /Users/admin/builder/spi-builder-workspace/.derivedData/Build/Intermediates.noindex/Swifter.build/Debug-watchos/Swifter-t.build/Objects-normal/arm64/Swifter-Swift.h -working-directory /Users/admin/builder/spi-builder-workspace/.swiftpm/xcode -experimental-emit-module-separately -disable-cmo
SwiftDriver Swifter normal arm64_32 com.apple.xcode.tools.swift.compiler (in target 'Swifter' from project 'Swifter')
cd /Users/admin/builder/spi-builder-workspace/.swiftpm/xcode
builtin-SwiftDriver -- /Applications/Xcode-27.0.0-Release.Candidate.app/Contents/Developer/Toolchains/XcodeDefault.xctoolchain/usr/bin/swiftc -parse-as-library -module-name Swifter -Onone @/Users/admin/builder/spi-builder-workspace/.derivedData/Build/Intermediates.noindex/Swifter.build/Debug-watchos/Swifter-t.build/Objects-normal/arm64_32/Swifter.SwiftFileList -DSWIFT_PACKAGE -DDEBUG -DSWIFT_MODULE_RESOURCE_BUNDLE_UNAVAILABLE -DXcode -plugin-path /Applications/Xcode-27.0.0-Release.Candidate.app/Contents/Developer/Toolchains/XcodeDefault.xctoolchain/usr/lib/swift/host/plugins/testing -enable-experimental-feature DebugDescriptionMacro -sdk /Applications/Xcode-27.0.0-Release.Candidate.app/Contents/Developer/Platforms/WatchOS.platform/Developer/SDKs/WatchOS27.0.sdk -target arm64_32-apple-watchos9.0 -g -module-cache-path /Users/admin/builder/spi-builder-workspace/.derivedData/ModuleCache.noindex -Xfrontend -serialize-debugging-options -enable-testing -index-store-path /Users/admin/builder/spi-builder-workspace/.derivedData/Index.noindex/DataStore -Xcc -D_LIBCPP_HARDENING_MODE\=_LIBCPP_HARDENING_MODE_DEBUG -swift-version 5 -I /Users/admin/builder/spi-builder-workspace/.derivedData/Build/Products/Debug-watchos -Isystem /Applications/Xcode-27.0.0-Release.Candidate.app/Contents/Developer/Platforms/WatchOS.platform/Developer/usr/lib -F /Users/admin/builder/spi-builder-workspace/.derivedData/Build/Products/Debug-watchos -F /Applications/Xcode-27.0.0-Release.Candidate.app/Contents/Developer/Platforms/WatchOS.platform/Developer/Library/Frameworks -F /Applications/Xcode-27.0.0-Release.Candidate.app/Contents/Developer/Platforms/WatchOS.platform/Developer/SDKs/WatchOS27.0.sdk/Developer/Library/Frameworks -c -j10 -enable-batch-mode -incremental -Xcc -ivfsstatcache -Xcc /Users/admin/builder/spi-builder-workspace/.derivedData/SDKStatCaches.noindex/watchos27.0-24R360-e829b21a6f8c9b70876ba0858053c04477534ef55a1706bf4c1112bbb242f0a2.sdkstatcache -output-file-map /Users/admin/builder/spi-builder-workspace/.derivedData/Build/Intermediates.noindex/Swifter.build/Debug-watchos/Swifter-t.build/Objects-normal/arm64_32/Swifter-OutputFileMap.json -save-temps -no-color-diagnostics -explicit-module-build -module-cache-path /Users/admin/builder/spi-builder-workspace/.derivedData/Build/Intermediates.noindex/SwiftExplicitPrecompiledModules -clang-scanner-module-cache-path /Users/admin/builder/spi-builder-workspace/.derivedData/ModuleCache.noindex -sdk-module-cache-path /Users/admin/builder/spi-builder-workspace/.derivedData/SDKExplicitPrecompiledModules -emit-dependencies -emit-module -emit-module-path /Users/admin/builder/spi-builder-workspace/.derivedData/Build/Intermediates.noindex/Swifter.build/Debug-watchos/Swifter-t.build/Objects-normal/arm64_32/Swifter.swiftmodule -serialize-diagnostics -dependency-scan-serialize-diagnostics-path /Users/admin/builder/spi-builder-workspace/.derivedData/Build/Intermediates.noindex/Swifter.build/Debug-watchos/Swifter-t.build/Objects-normal/arm64_32/Swifter-dependency-scan.dia -validate-clang-modules-once -clang-build-session-file /Users/admin/builder/spi-builder-workspace/.derivedData/ModuleCache.noindex/Session.modulevalidation -Xcc -fmodules-prune-interval\=86400 -Xcc -fmodules-prune-after\=345600 -emit-const-values -const-gather-protocols-list /Users/admin/builder/spi-builder-workspace/.derivedData/Build/Intermediates.noindex/Swifter.build/Debug-watchos/Swifter-t.build/Objects-normal/arm64_32/Swifter_const_extract_protocols.json -Xcc -I/Users/admin/builder/spi-builder-workspace/.derivedData/Build/Products/Debug-watchos/include -Xcc -I/Users/admin/builder/spi-builder-workspace/.derivedData/Build/Intermediates.noindex/Swifter.build/Debug-watchos/Swifter-t.build/DerivedSources-normal/arm64_32 -Xcc -I/Users/admin/builder/spi-builder-workspace/.derivedData/Build/Intermediates.noindex/Swifter.build/Debug-watchos/Swifter-t.build/DerivedSources/arm64_32 -Xcc -I/Users/admin/builder/spi-builder-workspace/.derivedData/Build/Intermediates.noindex/Swifter.build/Debug-watchos/Swifter-t.build/DerivedSources -Xcc -DSWIFT_PACKAGE -Xcc -DDEBUG\=1 -emit-objc-header -emit-objc-header-path /Users/admin/builder/spi-builder-workspace/.derivedData/Build/Intermediates.noindex/Swifter.build/Debug-watchos/Swifter-t.build/Objects-normal/arm64_32/Swifter-Swift.h -working-directory /Users/admin/builder/spi-builder-workspace/.swiftpm/xcode -experimental-emit-module-separately -disable-cmo
SwiftExplicitDependencyGeneratePcm arm64 /Users/admin/builder/spi-builder-workspace/.derivedData/SDKExplicitPrecompiledModules/_Builtin_stdarg-A7UU8LE6MP85SM26YO7PBZNUQ.pcm
SwiftExplicitDependencyGeneratePcm arm64 /Users/admin/builder/spi-builder-workspace/.derivedData/SDKExplicitPrecompiledModules/_AvailabilityInternal-BUNV3UXM65NT37THI4W1AM0SF.pcm
SwiftExplicitDependencyGeneratePcm arm64 /Users/admin/builder/spi-builder-workspace/.derivedData/SDKExplicitPrecompiledModules/DeveloperToolsSupport-E7CNISCB36UE8XQ9IOHK9XDX1.pcm
SwiftExplicitDependencyGeneratePcm arm64 /Users/admin/builder/spi-builder-workspace/.derivedData/SDKExplicitPrecompiledModules/ptrcheck-AIF0NDOYZ8ORBNHQAQR5NNB8M.pcm
SwiftExplicitDependencyGeneratePcm arm64 /Users/admin/builder/spi-builder-workspace/.derivedData/SDKExplicitPrecompiledModules/_SwiftConcurrencyShims-659N52XSKR5F0QSB880BH2FJR.pcm
SwiftExplicitDependencyGeneratePcm arm64 /Users/admin/builder/spi-builder-workspace/.derivedData/SDKExplicitPrecompiledModules/_Builtin_stdbool-83J96QSOFE9VX04AAS6310UAE.pcm
SwiftExplicitDependencyGeneratePcm arm64 /Users/admin/builder/spi-builder-workspace/.derivedData/SDKExplicitPrecompiledModules/SwiftShims-4MXFZPV6FEB0XBYXCGPWAMQGL.pcm
SwiftExplicitDependencyGeneratePcm arm64_32 /Users/admin/builder/spi-builder-workspace/.derivedData/SDKExplicitPrecompiledModules/_Builtin_stdbool-A967K8W8YUYEC9SN52KJ7OO88.pcm
SwiftExplicitDependencyGeneratePcm arm64 /Users/admin/builder/spi-builder-workspace/.derivedData/SDKExplicitPrecompiledModules/_Builtin_stddef-1FU30Y8SWFB7OUUHMJQH5J6FM.pcm
SwiftExplicitDependencyGeneratePcm arm64_32 /Users/admin/builder/spi-builder-workspace/.derivedData/SDKExplicitPrecompiledModules/DeveloperToolsSupport-DZU5G1OCMNWU0AQRULIFHUJ1Z.pcm
SwiftExplicitDependencyGeneratePcm arm64_32 /Users/admin/builder/spi-builder-workspace/.derivedData/SDKExplicitPrecompiledModules/SwiftShims-9CQQGWTSNTN9EB5NSHDWUJICH.pcm
SwiftExplicitDependencyGeneratePcm arm64_32 /Users/admin/builder/spi-builder-workspace/.derivedData/SDKExplicitPrecompiledModules/_SwiftConcurrencyShims-6RTBPQ03V7BM9SPRK8SUE055H.pcm
SwiftExplicitDependencyGeneratePcm arm64_32 /Users/admin/builder/spi-builder-workspace/.derivedData/SDKExplicitPrecompiledModules/_Builtin_stdarg-D305JG44A2WPI6CJY37X3QJE8.pcm
SwiftExplicitDependencyGeneratePcm arm64_32 /Users/admin/builder/spi-builder-workspace/.derivedData/SDKExplicitPrecompiledModules/ptrauth-BFXF358ME5AK535N5A9Z766WU.pcm
SwiftExplicitDependencyGeneratePcm arm64_32 /Users/admin/builder/spi-builder-workspace/.derivedData/SDKExplicitPrecompiledModules/_Builtin_stddef-H44EFHQX6XSS5MZ7QP6YJZ76.pcm
SwiftExplicitDependencyGeneratePcm arm64_32 /Users/admin/builder/spi-builder-workspace/.derivedData/SDKExplicitPrecompiledModules/_Builtin_float-6KO8O3PEWRCA4WC6PPLOYO6WJ.pcm
SwiftExplicitDependencyGeneratePcm arm64_32 /Users/admin/builder/spi-builder-workspace/.derivedData/SDKExplicitPrecompiledModules/_AvailabilityInternal-244WAN3Z1QBT7PIA64EZEFY1R.pcm
SwiftExplicitDependencyGeneratePcm arm64_32 /Users/admin/builder/spi-builder-workspace/.derivedData/SDKExplicitPrecompiledModules/ptrcheck-7ELIH9BTIGVKX3UBITM9N72WD.pcm
SwiftExplicitDependencyGeneratePcm arm64 /Users/admin/builder/spi-builder-workspace/.derivedData/SDKExplicitPrecompiledModules/ptrauth-3TZ9WJCGLYD25HQPWH4968ONX.pcm
SwiftExplicitDependencyGeneratePcm arm64 /Users/admin/builder/spi-builder-workspace/.derivedData/SDKExplicitPrecompiledModules/_Builtin_float-C0CW5Q4HGBQYKE77TC42IAFB5.pcm
SwiftExplicitDependencyGeneratePcm arm64 /Users/admin/builder/spi-builder-workspace/.derivedData/SDKExplicitPrecompiledModules/_DarwinFoundation1-7SPX3MD0HMP55E4OLNCPNDQ53.pcm
SwiftExplicitDependencyGeneratePcm arm64_32 /Users/admin/builder/spi-builder-workspace/.derivedData/SDKExplicitPrecompiledModules/_DarwinFoundation1-2GWF9RFMPLQW4PDHS3NARVI3G.pcm
SwiftExplicitDependencyGeneratePcm arm64 /Users/admin/builder/spi-builder-workspace/.derivedData/SDKExplicitPrecompiledModules/_DarwinFoundation2-D0XAPJU49S5E9XMKYOFGSTB1Q.pcm
SwiftExplicitDependencyGeneratePcm arm64 /Users/admin/builder/spi-builder-workspace/.derivedData/SDKExplicitPrecompiledModules/_Builtin_limits-9GWPA2B0H20DYUNYHYCWKABJG.pcm
SwiftExplicitDependencyGeneratePcm arm64_32 /Users/admin/builder/spi-builder-workspace/.derivedData/SDKExplicitPrecompiledModules/_DarwinFoundation2-9MY8GOSYRO0M9MKNXF6D3MBNK.pcm
SwiftExplicitDependencyGeneratePcm arm64_32 /Users/admin/builder/spi-builder-workspace/.derivedData/SDKExplicitPrecompiledModules/_Builtin_limits-3VKBU2AFTD65PAJZ5CJ3LHFM2.pcm
SwiftExplicitDependencyGeneratePcm arm64 /Users/admin/builder/spi-builder-workspace/.derivedData/SDKExplicitPrecompiledModules/sys_types-2KXQLI78OUCDP779AE68GZJ2.pcm
SwiftExplicitDependencyGeneratePcm arm64 /Users/admin/builder/spi-builder-workspace/.derivedData/SDKExplicitPrecompiledModules/_Builtin_tgmath-8NQ96OZ0YHXEC24JI95P01UF8.pcm
SwiftExplicitDependencyGeneratePcm arm64 /Users/admin/builder/spi-builder-workspace/.derivedData/SDKExplicitPrecompiledModules/string_h-E6PRXK75PHIPCZFWOFCQ3QBMK.pcm
SwiftExplicitDependencyGeneratePcm arm64 /Users/admin/builder/spi-builder-workspace/.derivedData/SDKExplicitPrecompiledModules/_Builtin_stdint-8XMILLJZEGRN2XG7XZUXZ5RLX.pcm
SwiftExplicitDependencyGeneratePcm arm64_32 /Users/admin/builder/spi-builder-workspace/.derivedData/SDKExplicitPrecompiledModules/sys_types-8TLLMW08ZJWDGIIPKOYFGHHZW.pcm
SwiftExplicitDependencyGeneratePcm arm64_32 /Users/admin/builder/spi-builder-workspace/.derivedData/SDKExplicitPrecompiledModules/string_h-BFVLUQUSBZWYMLCU9QI7VZALW.pcm
SwiftExplicitDependencyGeneratePcm arm64_32 /Users/admin/builder/spi-builder-workspace/.derivedData/SDKExplicitPrecompiledModules/_Builtin_tgmath-23PGCKURCQILXMK0MYZRYDCOU.pcm
SwiftExplicitDependencyGeneratePcm arm64_32 /Users/admin/builder/spi-builder-workspace/.derivedData/SDKExplicitPrecompiledModules/_Builtin_stdint-1HMXWI3V0V4TXHRWZOMZGZ80Y.pcm
SwiftExplicitDependencyGeneratePcm arm64 /Users/admin/builder/spi-builder-workspace/.derivedData/SDKExplicitPrecompiledModules/_Builtin_intrinsics-75960HIPCIYA06IUW8FIIPQT.pcm
SwiftExplicitDependencyGeneratePcm arm64 /Users/admin/builder/spi-builder-workspace/.derivedData/SDKExplicitPrecompiledModules/_DarwinFoundation3-B97LRG0E9GON2NUE65TVG81HU.pcm
SwiftExplicitDependencyGeneratePcm arm64 /Users/admin/builder/spi-builder-workspace/.derivedData/SDKExplicitPrecompiledModules/_Builtin_stdatomic-7JEFA3KBJJJN6TKJWY3OG1VG5.pcm
SwiftExplicitDependencyGeneratePcm arm64_32 /Users/admin/builder/spi-builder-workspace/.derivedData/SDKExplicitPrecompiledModules/_Builtin_intrinsics-196IIAKDQVU42DLOZP9OQCV76.pcm
SwiftExplicitDependencyGeneratePcm arm64_32 /Users/admin/builder/spi-builder-workspace/.derivedData/SDKExplicitPrecompiledModules/_Builtin_stdatomic-1TY035TURL76BF2U98PZPPZRX.pcm
SwiftExplicitDependencyGeneratePcm arm64_32 /Users/admin/builder/spi-builder-workspace/.derivedData/SDKExplicitPrecompiledModules/_DarwinFoundation3-3DUTYQDQSD9HUAAVY947NMWOI.pcm
SwiftExplicitDependencyGeneratePcm arm64 /Users/admin/builder/spi-builder-workspace/.derivedData/SDKExplicitPrecompiledModules/_Builtin_inttypes-3UQSCM7WNM9EK4HZML8TY5J3D.pcm
SwiftExplicitDependencyGeneratePcm arm64_32 /Users/admin/builder/spi-builder-workspace/.derivedData/SDKExplicitPrecompiledModules/_Builtin_inttypes-D2KPCR4PEX9AQA33NGLUT5SBR.pcm
SwiftExplicitDependencyGeneratePcm arm64 /Users/admin/builder/spi-builder-workspace/.derivedData/SDKExplicitPrecompiledModules/Darwin-3984OXKFNSPE77NT743WK8SEX.pcm
SwiftExplicitDependencyGeneratePcm arm64_32 /Users/admin/builder/spi-builder-workspace/.derivedData/SDKExplicitPrecompiledModules/Darwin-3FVT1SKLN2ZQ5RVOABMTQBB34.pcm
SwiftExplicitDependencyGeneratePcm arm64_32 /Users/admin/builder/spi-builder-workspace/.derivedData/SDKExplicitPrecompiledModules/simd-21UNWYOBUZI1LVSQ99S1XBLMO.pcm
SwiftExplicitDependencyGeneratePcm arm64 /Users/admin/builder/spi-builder-workspace/.derivedData/SDKExplicitPrecompiledModules/simd-EH08NODU6574T74ZKU61VP9BW.pcm
SwiftExplicitDependencyGeneratePcm arm64 /Users/admin/builder/spi-builder-workspace/.derivedData/SDKExplicitPrecompiledModules/ObjectiveC-72IVD3VS2RS8Q28D9PIMY0KQP.pcm
SwiftExplicitDependencyGeneratePcm arm64 /Users/admin/builder/spi-builder-workspace/.derivedData/SDKExplicitPrecompiledModules/MachO-2U90NNSAQILBNBPS1SA4F8TYP.pcm
SwiftExplicitDependencyGeneratePcm arm64_32 /Users/admin/builder/spi-builder-workspace/.derivedData/SDKExplicitPrecompiledModules/MachO-56838ZJ0NC1EBAJ0O6O8QMPDX.pcm
SwiftExplicitDependencyGeneratePcm arm64_32 /Users/admin/builder/spi-builder-workspace/.derivedData/SDKExplicitPrecompiledModules/ObjectiveC-6IJNELR2E80E7LUKESVCP2KET.pcm
SwiftExplicitDependencyGeneratePcm arm64 /Users/admin/builder/spi-builder-workspace/.derivedData/SDKExplicitPrecompiledModules/os_object-3SDKD7F87FTZ26OON37DRYT6O.pcm
SwiftExplicitDependencyGeneratePcm arm64_32 /Users/admin/builder/spi-builder-workspace/.derivedData/SDKExplicitPrecompiledModules/os_object-5YWTC6L4756IWSTPGXS5NM0D0.pcm
SwiftExplicitDependencyGeneratePcm arm64 /Users/admin/builder/spi-builder-workspace/.derivedData/SDKExplicitPrecompiledModules/os_workgroup-89GG5G7YC2D0ZTK6AZXXQ20DH.pcm
SwiftExplicitDependencyGeneratePcm arm64_32 /Users/admin/builder/spi-builder-workspace/.derivedData/SDKExplicitPrecompiledModules/os_workgroup-5JHTPDMNBUNHLJI8LPHKQK1JK.pcm
SwiftExplicitDependencyGeneratePcm arm64_32 /Users/admin/builder/spi-builder-workspace/.derivedData/SDKExplicitPrecompiledModules/Spatial-CWVWNML3T0NXVHZDKVLD3X1YZ.pcm
SwiftExplicitDependencyGeneratePcm arm64 /Users/admin/builder/spi-builder-workspace/.derivedData/SDKExplicitPrecompiledModules/Spatial-44FJGYXFAT2AQAW9Z6T7YS02U.pcm
SwiftExplicitDependencyGeneratePcm arm64 /Users/admin/builder/spi-builder-workspace/.derivedData/SDKExplicitPrecompiledModules/Dispatch-1NLJOVAK60XP0DUB05XA59EIM.pcm
SwiftExplicitDependencyGeneratePcm arm64_32 /Users/admin/builder/spi-builder-workspace/.derivedData/SDKExplicitPrecompiledModules/Dispatch-2P62F1T4XV63S4P99TUDTOK2Q.pcm
SwiftExplicitDependencyGeneratePcm arm64 /Users/admin/builder/spi-builder-workspace/.derivedData/SDKExplicitPrecompiledModules/XPC-40DR0X1DHKGCV4J1IOLFS8MOU.pcm
SwiftExplicitDependencyGeneratePcm arm64 /Users/admin/builder/spi-builder-workspace/.derivedData/SDKExplicitPrecompiledModules/CoreFoundation-8T2L24YC5NU7WO6WQJWRY7W08.pcm
SwiftExplicitDependencyGeneratePcm arm64_32 /Users/admin/builder/spi-builder-workspace/.derivedData/SDKExplicitPrecompiledModules/XPC-81Y45QFY96XYYFCW2GT6FY8S4.pcm
SwiftExplicitDependencyGeneratePcm arm64_32 /Users/admin/builder/spi-builder-workspace/.derivedData/SDKExplicitPrecompiledModules/CoreFoundation-8E6Y4BA3EXYKUGJ24GT9LGV3N.pcm
SwiftExplicitDependencyGeneratePcm arm64_32 /Users/admin/builder/spi-builder-workspace/.derivedData/SDKExplicitPrecompiledModules/os-E5IGB442IA6SBB25TTCOLK2OC.pcm
SwiftExplicitDependencyGeneratePcm arm64 /Users/admin/builder/spi-builder-workspace/.derivedData/SDKExplicitPrecompiledModules/os-5DIL6Z9LFIGLMZAHM7X2T5435.pcm
SwiftExplicitDependencyGeneratePcm arm64_32 /Users/admin/builder/spi-builder-workspace/.derivedData/SDKExplicitPrecompiledModules/CoreGraphics-9FDXYX6BKBUT6TJ2VF819E7T5.pcm
SwiftExplicitDependencyGeneratePcm arm64_32 /Users/admin/builder/spi-builder-workspace/.derivedData/SDKExplicitPrecompiledModules/Security-D7TOWF88VWF67TB9HAFP5UWB1.pcm
SwiftExplicitDependencyGeneratePcm arm64 /Users/admin/builder/spi-builder-workspace/.derivedData/SDKExplicitPrecompiledModules/CoreGraphics-DWNZ73GEH98SBJXZ7DEXB420K.pcm
SwiftExplicitDependencyGeneratePcm arm64 /Users/admin/builder/spi-builder-workspace/.derivedData/SDKExplicitPrecompiledModules/Security-6RZ6YBRU8WCUHRFFRVUK5WKMM.pcm
SwiftExplicitDependencyGeneratePcm arm64 /Users/admin/builder/spi-builder-workspace/.derivedData/SDKExplicitPrecompiledModules/Foundation-DLBKUSGXN8QHAT8W0OARR9S8A.pcm
SwiftExplicitDependencyGeneratePcm arm64_32 /Users/admin/builder/spi-builder-workspace/.derivedData/SDKExplicitPrecompiledModules/Foundation-BJ2VQGI3OGR34500MEQ1VKHPH.pcm
SwiftExplicitDependencyGeneratePcm arm64_32 /Users/admin/builder/spi-builder-workspace/.derivedData/SDKExplicitPrecompiledModules/CoreVideo-2P8HI0403J99LBDPKNFJ5D4DL.pcm
SwiftExplicitDependencyGeneratePcm arm64_32 /Users/admin/builder/spi-builder-workspace/.derivedData/SDKExplicitPrecompiledModules/CoreText-C9X2REPZN2V5BSU4G80FCETDR.pcm
SwiftExplicitDependencyGeneratePcm arm64 /Users/admin/builder/spi-builder-workspace/.derivedData/SDKExplicitPrecompiledModules/CoreVideo-8MRR5MNWUOAW2DBPGUQ8FKK4.pcm
SwiftExplicitDependencyGeneratePcm arm64 /Users/admin/builder/spi-builder-workspace/.derivedData/SDKExplicitPrecompiledModules/CoreText-970YJN6NIYGK1316L35Z0O8QT.pcm
SwiftExplicitDependencyGeneratePcm arm64 /Users/admin/builder/spi-builder-workspace/.derivedData/SDKExplicitPrecompiledModules/_LocationEssentials-5ZZDGDXB6HLQUC72SJW7YJ7MK.pcm
SwiftExplicitDependencyGeneratePcm arm64 /Users/admin/builder/spi-builder-workspace/.derivedData/SDKExplicitPrecompiledModules/UniformTypeIdentifiers-8L08Q8DQJV8C4AW84YVGFGTRN.pcm
SwiftExplicitDependencyGeneratePcm arm64 /Users/admin/builder/spi-builder-workspace/.derivedData/SDKExplicitPrecompiledModules/UIUtilities-IR7RNW23VAUKYI9MLCS9NL9A.pcm
SwiftExplicitDependencyGeneratePcm arm64 /Users/admin/builder/spi-builder-workspace/.derivedData/SDKExplicitPrecompiledModules/UserNotifications-ARAH8MEQ0C2L0FBO39HITJMAO.pcm
SwiftExplicitDependencyGeneratePcm arm64 /Users/admin/builder/spi-builder-workspace/.derivedData/SDKExplicitPrecompiledModules/DataDetection-7BNVI1SZW5ISQL5SX4WL2X7I5.pcm
SwiftExplicitDependencyGeneratePcm arm64 /Users/admin/builder/spi-builder-workspace/.derivedData/SDKExplicitPrecompiledModules/OSLog-B7VGO357Y3GJG35TST7DKDSI3.pcm
SwiftExplicitDependencyGeneratePcm arm64 /Users/admin/builder/spi-builder-workspace/.derivedData/SDKExplicitPrecompiledModules/LocalAuthentication-E2VERNNN1K2IWY24TR43TU59K.pcm
SwiftExplicitDependencyGeneratePcm arm64 /Users/admin/builder/spi-builder-workspace/.derivedData/SDKExplicitPrecompiledModules/CoreTransferable-9PPG3SLJ55T4LITIFYX2M0NOZ.pcm
SwiftExplicitDependencyGeneratePcm arm64 /Users/admin/builder/spi-builder-workspace/.derivedData/SDKExplicitPrecompiledModules/Accessibility-27QMG6ZQ1NKYTNBYFPM1XKNFC.pcm
SwiftExplicitDependencyGeneratePcm arm64 /Users/admin/builder/spi-builder-workspace/.derivedData/SDKExplicitPrecompiledModules/QuartzCore-94KFMWNOU7ZLUZNB4T5DLZC9D.pcm
SwiftExplicitDependencyGeneratePcm arm64_32 /Users/admin/builder/spi-builder-workspace/.derivedData/SDKExplicitPrecompiledModules/QuartzCore-6375NPYACK5NYVHPMC1QQ8MC2.pcm
SwiftExplicitDependencyGeneratePcm arm64_32 /Users/admin/builder/spi-builder-workspace/.derivedData/SDKExplicitPrecompiledModules/UIUtilities-9YFVNIMRC5HRVOIARNWHP1E3H.pcm
SwiftExplicitDependencyGeneratePcm arm64_32 /Users/admin/builder/spi-builder-workspace/.derivedData/SDKExplicitPrecompiledModules/Accessibility-F385OMZ5GYBUY5O4QAJB4NRII.pcm
SwiftExplicitDependencyGeneratePcm arm64_32 /Users/admin/builder/spi-builder-workspace/.derivedData/SDKExplicitPrecompiledModules/OSLog-D9AVFY0KWO7RVBIQ73CBIJVCN.pcm
SwiftExplicitDependencyGeneratePcm arm64_32 /Users/admin/builder/spi-builder-workspace/.derivedData/SDKExplicitPrecompiledModules/CoreTransferable-5D4IR6X37682FPHJ5CBPTKQV6.pcm
SwiftExplicitDependencyGeneratePcm arm64_32 /Users/admin/builder/spi-builder-workspace/.derivedData/SDKExplicitPrecompiledModules/DataDetection-U9BF7WHFVA6BZGFXXXP272PS.pcm
SwiftExplicitDependencyGeneratePcm arm64_32 /Users/admin/builder/spi-builder-workspace/.derivedData/SDKExplicitPrecompiledModules/_LocationEssentials-AQ1OL9QKC3LQLY5CNSRM1HB53.pcm
SwiftExplicitDependencyGeneratePcm arm64_32 /Users/admin/builder/spi-builder-workspace/.derivedData/SDKExplicitPrecompiledModules/UniformTypeIdentifiers-CJZ3NTHPSBH4XWX5EVOG56UZS.pcm
SwiftExplicitDependencyGeneratePcm arm64_32 /Users/admin/builder/spi-builder-workspace/.derivedData/SDKExplicitPrecompiledModules/Symbols-1H97WMG76HU94F5VGJR19PXFY.pcm
SwiftExplicitDependencyGeneratePcm arm64 /Users/admin/builder/spi-builder-workspace/.derivedData/SDKExplicitPrecompiledModules/CoreLocation-ACKJ9K7ABI14F97Y46Y6SRR17.pcm
SwiftExplicitDependencyGeneratePcm arm64 /Users/admin/builder/spi-builder-workspace/.derivedData/SDKExplicitPrecompiledModules/SwiftUICore-C1DST1IX2Z0PTH5SJJZ1IULRB.pcm
SwiftExplicitDependencyGeneratePcm arm64_32 /Users/admin/builder/spi-builder-workspace/.derivedData/SDKExplicitPrecompiledModules/UserNotifications-6TBN8TEAKO014N1T2QD926XED.pcm
SwiftExplicitDependencyGeneratePcm arm64 /Users/admin/builder/spi-builder-workspace/.derivedData/SDKExplicitPrecompiledModules/Symbols-3EFABTJ9L5PQDJ7RQCYQWEJMM.pcm
SwiftExplicitDependencyGeneratePcm arm64_32 /Users/admin/builder/spi-builder-workspace/.derivedData/SDKExplicitPrecompiledModules/LocalAuthentication-ATD947DC6Q0HA129OWBMG6HNP.pcm
SwiftExplicitDependencyGeneratePcm arm64_32 /Users/admin/builder/spi-builder-workspace/.derivedData/SDKExplicitPrecompiledModules/CoreLocation-8XU5YMYM4P11RQMYCQAG65ITK.pcm
SwiftExplicitDependencyGeneratePcm arm64_32 /Users/admin/builder/spi-builder-workspace/.derivedData/SDKExplicitPrecompiledModules/SwiftUICore-3Q7WLRD8MR9R3NGIPUBQCP6F6.pcm
SwiftExplicitDependencyGeneratePcm arm64 /Users/admin/builder/spi-builder-workspace/.derivedData/SDKExplicitPrecompiledModules/CoreMotion-6RD5K48QT1F4L9CATNFD2O7YB.pcm
SwiftExplicitDependencyGeneratePcm arm64_32 /Users/admin/builder/spi-builder-workspace/.derivedData/SDKExplicitPrecompiledModules/CoreMotion-1XGTVTE5PP32UHME8AC63TL6.pcm
SwiftExplicitDependencyGeneratePcm arm64 /Users/admin/builder/spi-builder-workspace/.derivedData/SDKExplicitPrecompiledModules/UIKit-27R3P1YMV4C6JLDT661G3MRIA.pcm
SwiftExplicitDependencyGeneratePcm arm64_32 /Users/admin/builder/spi-builder-workspace/.derivedData/SDKExplicitPrecompiledModules/UIKit-6PPV7YPZ89CZPHYAP072QH8B6.pcm
SwiftExplicitDependencyGeneratePcm arm64 /Users/admin/builder/spi-builder-workspace/.derivedData/SDKExplicitPrecompiledModules/AuthenticationServices-CRT9U3VZ0PIZDSKOUKI4X74QT.pcm
SwiftExplicitDependencyGeneratePcm arm64_32 /Users/admin/builder/spi-builder-workspace/.derivedData/SDKExplicitPrecompiledModules/AuthenticationServices-U4ZM8YNANM5QPRY57SHT95HW.pcm
SwiftEmitModule normal arm64 Emitting\ module\ for\ Swifter (in target 'Swifter' from project 'Swifter')
SwiftCompile normal arm64 (in target 'Swifter' from project 'Swifter')
cd /Users/admin/builder/spi-builder-workspace/.swiftpm/xcode
SwiftCompile normal arm64 Compiling\ SwifterUsers.swift,\ URL++.swift,\ Utils.swift /Users/admin/builder/spi-builder-workspace/Sources/SwifterUsers.swift /Users/admin/builder/spi-builder-workspace/Sources/URL++.swift /Users/admin/builder/spi-builder-workspace/Sources/Utils.swift (in target 'Swifter' from project 'Swifter')
SwiftCompile normal arm64 /Users/admin/builder/spi-builder-workspace/Sources/SwifterUsers.swift (in target 'Swifter' from project 'Swifter')
cd /Users/admin/builder/spi-builder-workspace/.swiftpm/xcode
builtin-SwiftPerFileCompile SwifterUsers.swift
SwiftCompile normal arm64 /Users/admin/builder/spi-builder-workspace/Sources/URL++.swift (in target 'Swifter' from project 'Swifter')
cd /Users/admin/builder/spi-builder-workspace/.swiftpm/xcode
builtin-SwiftPerFileCompile URL++.swift
SwiftCompile normal arm64 /Users/admin/builder/spi-builder-workspace/Sources/Utils.swift (in target 'Swifter' from project 'Swifter')
cd /Users/admin/builder/spi-builder-workspace/.swiftpm/xcode
builtin-SwiftPerFileCompile Utils.swift
SwiftCompile normal arm64 Compiling\ SwifterSpam.swift,\ SwifterSuggested.swift,\ SwifterTag.swift /Users/admin/builder/spi-builder-workspace/Sources/SwifterSpam.swift /Users/admin/builder/spi-builder-workspace/Sources/SwifterSuggested.swift /Users/admin/builder/spi-builder-workspace/Sources/SwifterTag.swift (in target 'Swifter' from project 'Swifter')
SwiftCompile normal arm64 /Users/admin/builder/spi-builder-workspace/Sources/SwifterSpam.swift (in target 'Swifter' from project 'Swifter')
cd /Users/admin/builder/spi-builder-workspace/.swiftpm/xcode
builtin-SwiftPerFileCompile SwifterSpam.swift
SwiftCompile normal arm64 /Users/admin/builder/spi-builder-workspace/Sources/SwifterSuggested.swift (in target 'Swifter' from project 'Swifter')
cd /Users/admin/builder/spi-builder-workspace/.swiftpm/xcode
builtin-SwiftPerFileCompile SwifterSuggested.swift
SwiftCompile normal arm64 /Users/admin/builder/spi-builder-workspace/Sources/SwifterTag.swift (in target 'Swifter' from project 'Swifter')
cd /Users/admin/builder/spi-builder-workspace/.swiftpm/xcode
builtin-SwiftPerFileCompile SwifterTag.swift
SwiftCompile normal arm64 Compiling\ SwifterAuth.swift,\ SwifterClientProtocol.swift,\ SwifterCredential.swift,\ SwifterError.swift /Users/admin/builder/spi-builder-workspace/Sources/SwifterAuth.swift /Users/admin/builder/spi-builder-workspace/Sources/SwifterClientProtocol.swift /Users/admin/builder/spi-builder-workspace/Sources/SwifterCredential.swift /Users/admin/builder/spi-builder-workspace/Sources/SwifterError.swift (in target 'Swifter' from project 'Swifter')
SwiftCompile normal arm64 /Users/admin/builder/spi-builder-workspace/Sources/SwifterAuth.swift (in target 'Swifter' from project 'Swifter')
cd /Users/admin/builder/spi-builder-workspace/.swiftpm/xcode
builtin-SwiftPerFileCompile SwifterAuth.swift
SwiftCompile normal arm64 /Users/admin/builder/spi-builder-workspace/Sources/SwifterClientProtocol.swift (in target 'Swifter' from project 'Swifter')
cd /Users/admin/builder/spi-builder-workspace/.swiftpm/xcode
builtin-SwiftPerFileCompile SwifterClientProtocol.swift
SwiftCompile normal arm64 /Users/admin/builder/spi-builder-workspace/Sources/SwifterCredential.swift (in target 'Swifter' from project 'Swifter')
cd /Users/admin/builder/spi-builder-workspace/.swiftpm/xcode
builtin-SwiftPerFileCompile SwifterCredential.swift
SwiftCompile normal arm64 /Users/admin/builder/spi-builder-workspace/Sources/SwifterError.swift (in target 'Swifter' from project 'Swifter')
cd /Users/admin/builder/spi-builder-workspace/.swiftpm/xcode
builtin-SwiftPerFileCompile SwifterError.swift
SwiftCompile normal arm64 Compiling\ SwifterFavorites.swift,\ SwifterFollowers.swift,\ SwifterHTTPRequest.swift,\ SwifterHelp.swift /Users/admin/builder/spi-builder-workspace/Sources/SwifterFavorites.swift /Users/admin/builder/spi-builder-workspace/Sources/SwifterFollowers.swift /Users/admin/builder/spi-builder-workspace/Sources/SwifterHTTPRequest.swift /Users/admin/builder/spi-builder-workspace/Sources/SwifterHelp.swift (in target 'Swifter' from project 'Swifter')
SwiftCompile normal arm64 /Users/admin/builder/spi-builder-workspace/Sources/SwifterFavorites.swift (in target 'Swifter' from project 'Swifter')
cd /Users/admin/builder/spi-builder-workspace/.swiftpm/xcode
builtin-SwiftPerFileCompile SwifterFavorites.swift
SwiftCompile normal arm64 /Users/admin/builder/spi-builder-workspace/Sources/SwifterFollowers.swift (in target 'Swifter' from project 'Swifter')
cd /Users/admin/builder/spi-builder-workspace/.swiftpm/xcode
builtin-SwiftPerFileCompile SwifterFollowers.swift
SwiftCompile normal arm64 /Users/admin/builder/spi-builder-workspace/Sources/SwifterHTTPRequest.swift (in target 'Swifter' from project 'Swifter')
cd /Users/admin/builder/spi-builder-workspace/.swiftpm/xcode
builtin-SwiftPerFileCompile SwifterHTTPRequest.swift
SwiftCompile normal arm64 /Users/admin/builder/spi-builder-workspace/Sources/SwifterHelp.swift (in target 'Swifter' from project 'Swifter')
cd /Users/admin/builder/spi-builder-workspace/.swiftpm/xcode
builtin-SwiftPerFileCompile SwifterHelp.swift
SwiftCompile normal arm64 Compiling\ JSON.swift,\ Operator++.swift,\ SHA1.swift,\ Scanner++.swift /Users/admin/builder/spi-builder-workspace/Sources/JSON.swift /Users/admin/builder/spi-builder-workspace/Sources/Operator++.swift /Users/admin/builder/spi-builder-workspace/Sources/SHA1.swift /Users/admin/builder/spi-builder-workspace/Sources/Scanner++.swift (in target 'Swifter' from project 'Swifter')
SwiftCompile normal arm64 /Users/admin/builder/spi-builder-workspace/Sources/JSON.swift (in target 'Swifter' from project 'Swifter')
cd /Users/admin/builder/spi-builder-workspace/.swiftpm/xcode
builtin-SwiftPerFileCompile JSON.swift
SwiftCompile normal arm64 /Users/admin/builder/spi-builder-workspace/Sources/Operator++.swift (in target 'Swifter' from project 'Swifter')
cd /Users/admin/builder/spi-builder-workspace/.swiftpm/xcode
builtin-SwiftPerFileCompile Operator++.swift
SwiftCompile normal arm64 /Users/admin/builder/spi-builder-workspace/Sources/SHA1.swift (in target 'Swifter' from project 'Swifter')
cd /Users/admin/builder/spi-builder-workspace/.swiftpm/xcode
builtin-SwiftPerFileCompile SHA1.swift
SwiftCompile normal arm64 /Users/admin/builder/spi-builder-workspace/Sources/Scanner++.swift (in target 'Swifter' from project 'Swifter')
cd /Users/admin/builder/spi-builder-workspace/.swiftpm/xcode
builtin-SwiftPerFileCompile Scanner++.swift
SwiftCompile normal arm64 Compiling\ Data++.swift,\ Dictionary++.swift,\ HMAC.swift,\ Int++.swift /Users/admin/builder/spi-builder-workspace/Sources/Data++.swift /Users/admin/builder/spi-builder-workspace/Sources/Dictionary++.swift /Users/admin/builder/spi-builder-workspace/Sources/HMAC.swift /Users/admin/builder/spi-builder-workspace/Sources/Int++.swift (in target 'Swifter' from project 'Swifter')
SwiftCompile normal arm64 /Users/admin/builder/spi-builder-workspace/Sources/Data++.swift (in target 'Swifter' from project 'Swifter')
cd /Users/admin/builder/spi-builder-workspace/.swiftpm/xcode
builtin-SwiftPerFileCompile Data++.swift
SwiftCompile normal arm64 /Users/admin/builder/spi-builder-workspace/Sources/Dictionary++.swift (in target 'Swifter' from project 'Swifter')
cd /Users/admin/builder/spi-builder-workspace/.swiftpm/xcode
builtin-SwiftPerFileCompile Dictionary++.swift
SwiftCompile normal arm64 /Users/admin/builder/spi-builder-workspace/Sources/HMAC.swift (in target 'Swifter' from project 'Swifter')
cd /Users/admin/builder/spi-builder-workspace/.swiftpm/xcode
builtin-SwiftPerFileCompile HMAC.swift
SwiftCompile normal arm64 /Users/admin/builder/spi-builder-workspace/Sources/Int++.swift (in target 'Swifter' from project 'Swifter')
cd /Users/admin/builder/spi-builder-workspace/.swiftpm/xcode
builtin-SwiftPerFileCompile Int++.swift
SwiftCompile normal arm64 Compiling\ SwifterPlaces.swift,\ SwifterSavedSearches.swift,\ SwifterSearch.swift /Users/admin/builder/spi-builder-workspace/Sources/SwifterPlaces.swift /Users/admin/builder/spi-builder-workspace/Sources/SwifterSavedSearches.swift /Users/admin/builder/spi-builder-workspace/Sources/SwifterSearch.swift (in target 'Swifter' from project 'Swifter')
SwiftCompile normal arm64 /Users/admin/builder/spi-builder-workspace/Sources/SwifterPlaces.swift (in target 'Swifter' from project 'Swifter')
cd /Users/admin/builder/spi-builder-workspace/.swiftpm/xcode
builtin-SwiftPerFileCompile SwifterPlaces.swift
SwiftCompile normal arm64 /Users/admin/builder/spi-builder-workspace/Sources/SwifterSavedSearches.swift (in target 'Swifter' from project 'Swifter')
cd /Users/admin/builder/spi-builder-workspace/.swiftpm/xcode
builtin-SwiftPerFileCompile SwifterSavedSearches.swift
SwiftCompile normal arm64 /Users/admin/builder/spi-builder-workspace/Sources/SwifterSearch.swift (in target 'Swifter' from project 'Swifter')
cd /Users/admin/builder/spi-builder-workspace/.swiftpm/xcode
builtin-SwiftPerFileCompile SwifterSearch.swift
SwiftCompile normal arm64 Compiling\ String++.swift,\ Swifter.swift,\ SwifterAccountsClient.swift,\ SwifterAppOnlyClient.swift /Users/admin/builder/spi-builder-workspace/Sources/String++.swift /Users/admin/builder/spi-builder-workspace/Sources/Swifter.swift /Users/admin/builder/spi-builder-workspace/Sources/SwifterAccountsClient.swift /Users/admin/builder/spi-builder-workspace/Sources/SwifterAppOnlyClient.swift (in target 'Swifter' from project 'Swifter')
/Users/admin/builder/spi-builder-workspace/Sources/String++.swift:65:35: error: extraneous argument label 'string:' in call
63 | while !scanner.isAtEnd {
64 | key = scanner.scanUpToString("=")
65 | _ = scanner.scanString(string: "=")
| `- error: extraneous argument label 'string:' in call
66 |
67 | value = scanner.scanUpToString("&")
/Users/admin/builder/spi-builder-workspace/Sources/String++.swift:68:35: error: extraneous argument label 'string:' in call
66 |
67 | value = scanner.scanUpToString("&")
68 | _ = scanner.scanString(string: "&")
| `- error: extraneous argument label 'string:' in call
69 |
70 | if let key = key, let value = value {
Failed frontend command:
/Applications/Xcode-27.0.0-Release.Candidate.app/Contents/Developer/Toolchains/XcodeDefault.xctoolchain/usr/bin/swift-frontend -frontend -c /Users/admin/builder/spi-builder-workspace/Sources/Data++.swift /Users/admin/builder/spi-builder-workspace/Sources/Dictionary++.swift /Users/admin/builder/spi-builder-workspace/Sources/HMAC.swift /Users/admin/builder/spi-builder-workspace/Sources/Int++.swift /Users/admin/builder/spi-builder-workspace/Sources/JSON.swift /Users/admin/builder/spi-builder-workspace/Sources/Operator++.swift /Users/admin/builder/spi-builder-workspace/Sources/SHA1.swift /Users/admin/builder/spi-builder-workspace/Sources/Scanner++.swift -primary-file /Users/admin/builder/spi-builder-workspace/Sources/String++.swift -primary-file /Users/admin/builder/spi-builder-workspace/Sources/Swifter.swift -primary-file /Users/admin/builder/spi-builder-workspace/Sources/SwifterAccountsClient.swift -primary-file /Users/admin/builder/spi-builder-workspace/Sources/SwifterAppOnlyClient.swift /Users/admin/builder/spi-builder-workspace/Sources/SwifterAuth.swift /Users/admin/builder/spi-builder-workspace/Sources/SwifterClientProtocol.swift /Users/admin/builder/spi-builder-workspace/Sources/SwifterCredential.swift /Users/admin/builder/spi-builder-workspace/Sources/SwifterError.swift /Users/admin/builder/spi-builder-workspace/Sources/SwifterFavorites.swift /Users/admin/builder/spi-builder-workspace/Sources/SwifterFollowers.swift /Users/admin/builder/spi-builder-workspace/Sources/SwifterHTTPRequest.swift /Users/admin/builder/spi-builder-workspace/Sources/SwifterHelp.swift /Users/admin/builder/spi-builder-workspace/Sources/SwifterLists.swift /Users/admin/builder/spi-builder-workspace/Sources/SwifterMedia.swift /Users/admin/builder/spi-builder-workspace/Sources/SwifterMessages.swift /Users/admin/builder/spi-builder-workspace/Sources/SwifterOAuthClient.swift /Users/admin/builder/spi-builder-workspace/Sources/SwifterPlaces.swift /Users/admin/builder/spi-builder-workspace/Sources/SwifterSavedSearches.swift /Users/admin/builder/spi-builder-workspace/Sources/SwifterSearch.swift /Users/admin/builder/spi-builder-workspace/Sources/SwifterSpam.swift /Users/admin/builder/spi-builder-workspace/Sources/SwifterSuggested.swift /Users/admin/builder/spi-builder-workspace/Sources/SwifterTag.swift /Users/admin/builder/spi-builder-workspace/Sources/SwifterTimelines.swift /Users/admin/builder/spi-builder-workspace/Sources/SwifterTrends.swift /Users/admin/builder/spi-builder-workspace/Sources/SwifterTweets.swift /Users/admin/builder/spi-builder-workspace/Sources/SwifterUsers.swift /Users/admin/builder/spi-builder-workspace/Sources/URL++.swift /Users/admin/builder/spi-builder-workspace/Sources/Utils.swift -supplementary-output-file-map /Users/admin/builder/spi-builder-workspace/.derivedData/Build/Intermediates.noindex/Swifter.build/Debug-watchos/Swifter-t.build/Objects-normal/arm64/supplementaryOutputs-4 -target arm64-apple-watchos9.0 -disable-cross-import-overlay-search -swift-module-cross-import AuthenticationServices /Applications/Xcode-27.0.0-Release.Candidate.app/Contents/Developer/Platforms/WatchOS.platform/Developer/SDKs/WatchOS.sdk/System/Library/Frameworks/AuthenticationServices.framework/Modules/AuthenticationServices.swiftcrossimport/SwiftUI.swiftoverlay -swift-module-cross-import AuthenticationServices /Applications/Xcode-27.0.0-Release.Candidate.app/Contents/Developer/Platforms/WatchOS.platform/Developer/SDKs/WatchOS27.0.sdk/System/Library/Frameworks/AuthenticationServices.framework/Modules/AuthenticationServices.swiftcrossimport/SwiftUI.swiftoverlay -load-resolved-plugin /Applications/Xcode-27.0.0-Release.Candidate.app/Contents/Developer/Platforms/WatchOS.platform/Developer/usr/lib/swift/host/plugins/libFoundationMacros.dylib\#/Applications/Xcode-27.0.0-Release.Candidate.app/Contents/Developer/Platforms/WatchOS.platform/Developer/usr/bin/swift-plugin-server\#FoundationMacros -load-resolved-plugin /Applications/Xcode-27.0.0-Release.Candidate.app/Contents/Developer/Platforms/WatchOS.platform/Developer/usr/lib/swift/host/plugins/libObservationMacros.dylib\#/Applications/Xcode-27.0.0-Release.Candidate.app/Contents/Developer/Platforms/WatchOS.platform/Developer/usr/bin/swift-plugin-server\#ObservationMacros -load-resolved-plugin /Applications/Xcode-27.0.0-Release.Candidate.app/Contents/Developer/Platforms/WatchOS.platform/Developer/usr/lib/swift/host/plugins/libSwiftMacros.dylib\#/Applications/Xcode-27.0.0-Release.Candidate.app/Contents/Developer/Platforms/WatchOS.platform/Developer/usr/bin/swift-plugin-server\#SwiftMacros -load-resolved-plugin /Applications/Xcode-27.0.0-Release.Candidate.app/Contents/Developer/Platforms/WatchOS.platform/Developer/usr/lib/swift/host/plugins/libSwiftUIMacros.dylib\#/Applications/Xcode-27.0.0-Release.Candidate.app/Contents/Developer/Platforms/WatchOS.platform/Developer/usr/bin/swift-plugin-server\#SwiftUIMacros -disable-implicit-swift-modules -Xcc -fno-implicit-modules -Xcc -fno-implicit-module-maps -explicit-swift-module-map-file /Users/admin/builder/spi-builder-workspace/.derivedData/Build/Intermediates.noindex/Swifter.build/Debug-watchos/Swifter-t.build/Objects-normal/arm64/Swifter-dependencies-2.json -Xllvm -aarch64-use-tbi -enable-objc-interop -stack-check -sdk /Applications/Xcode-27.0.0-Release.Candidate.app/Contents/Developer/Platforms/WatchOS.platform/Developer/SDKs/WatchOS27.0.sdk -I /Users/admin/builder/spi-builder-workspace/.derivedData/Build/Products/Debug-watchos -Isystem /Applications/Xcode-27.0.0-Release.Candidate.app/Contents/Developer/Platforms/WatchOS.platform/Developer/usr/lib -F /Users/admin/builder/spi-builder-workspace/.derivedData/Build/Products/Debug-watchos -F /Applications/Xcode-27.0.0-Release.Candidate.app/Contents/Developer/Platforms/WatchOS.platform/Developer/Library/Frameworks -F /Applications/Xcode-27.0.0-Release.Candidate.app/Contents/Developer/Platforms/WatchOS.platform/Developer/SDKs/WatchOS27.0.sdk/Developer/Library/Frameworks -module-cache-path /Users/admin/builder/spi-builder-workspace/.derivedData/Build/Intermediates.noindex/SwiftExplicitPrecompiledModules -no-color-diagnostics -Xcc -fno-color-diagnostics -enable-testing -g -debug-info-format\=dwarf -dwarf-version\=4 -swift-version 5 -Onone -D SWIFT_PACKAGE -D DEBUG -D SWIFT_MODULE_RESOURCE_BUNDLE_UNAVAILABLE -D Xcode -serialize-debugging-options -enable-experimental-feature DebugDescriptionMacro -empty-abi-descriptor -validate-clang-modules-once -clang-build-session-file /Users/admin/builder/spi-builder-workspace/.derivedData/ModuleCache.noindex/Session.modulevalidation -Xcc -working-directory -Xcc /Users/admin/builder/spi-builder-workspace/.swiftpm/xcode -enable-anonymous-context-mangled-names -file-compilation-dir /Users/admin/builder/spi-builder-workspace/.swiftpm/xcode -Xcc -D_LIBCPP_HARDENING_MODE\=_LIBCPP_HARDENING_MODE_DEBUG -Xcc -ivfsstatcache -Xcc /Users/admin/builder/spi-builder-workspace/.derivedData/SDKStatCaches.noindex/watchos27.0-24R360-e829b21a6f8c9b70876ba0858053c04477534ef55a1706bf4c1112bbb242f0a2.sdkstatcache -Xcc -fmodules-prune-interval\=86400 -Xcc -fmodules-prune-after\=345600 -Xcc -I/Users/admin/builder/spi-builder-workspace/.derivedData/Build/Products/Debug-watchos/include -Xcc -I/Users/admin/builder/spi-builder-workspace/.derivedData/Build/Intermediates.noindex/Swifter.build/Debug-watchos/Swifter-t.build/DerivedSources-normal/arm64 -Xcc -I/Users/admin/builder/spi-builder-workspace/.derivedData/Build/Intermediates.noindex/Swifter.build/Debug-watchos/Swifter-t.build/DerivedSources/arm64 -Xcc -I/Users/admin/builder/spi-builder-workspace/.derivedData/Build/Intermediates.noindex/Swifter.build/Debug-watchos/Swifter-t.build/DerivedSources -Xcc -DSWIFT_PACKAGE -Xcc -DDEBUG\=1 -no-auto-bridging-header-chaining -module-name Swifter -const-gather-protocols-file /Users/admin/builder/spi-builder-workspace/.derivedData/Build/Intermediates.noindex/Swifter.build/Debug-watchos/Swifter-t.build/Objects-normal/arm64/Swifter_const_extract_protocols.json -disable-clang-spi -clang-target arm64-apple-watchos27.0 -target-sdk-version 27.0 -target-sdk-name watchos27.0 -in-process-plugin-server-path /Applications/Xcode-27.0.0-Release.Candidate.app/Contents/Developer/Toolchains/XcodeDefault.xctoolchain/usr/lib/swift/host/libSwiftInProcPluginServer.dylib -parse-as-library -o /Users/admin/builder/spi-builder-workspace/.derivedData/Build/Intermediates.noindex/Swifter.build/Debug-watchos/Swifter-t.build/Objects-normal/arm64/String++.o -o /Users/admin/builder/spi-builder-workspace/.derivedData/Build/Intermediates.noindex/Swifter.build/Debug-watchos/Swifter-t.build/Objects-normal/arm64/Swifter.o -o /Users/admin/builder/spi-builder-workspace/.derivedData/Build/Intermediates.noindex/Swifter.build/Debug-watchos/Swifter-t.build/Objects-normal/arm64/SwifterAccountsClient.o -o /Users/admin/builder/spi-builder-workspace/.derivedData/Build/Intermediates.noindex/Swifter.build/Debug-watchos/Swifter-t.build/Objects-normal/arm64/SwifterAppOnlyClient.o -debug-module-path /Users/admin/builder/spi-builder-workspace/.derivedData/Build/Intermediates.noindex/Swifter.build/Debug-watchos/Swifter-t.build/Objects-normal/arm64/Swifter.swiftmodule -index-unit-output-path /Swifter.build/Debug-watchos/Swifter-t.build/Objects-normal/arm64/String++.o -index-unit-output-path /Swifter.build/Debug-watchos/Swifter-t.build/Objects-normal/arm64/Swifter.o -index-unit-output-path /Swifter.build/Debug-watchos/Swifter-t.build/Objects-normal/arm64/SwifterAccountsClient.o -index-unit-output-path /Swifter.build/Debug-watchos/Swifter-t.build/Objects-normal/arm64/SwifterAppOnlyClient.o -index-store-path /Users/admin/builder/spi-builder-workspace/.derivedData/Index.noindex/DataStore -index-system-modules
SwiftCompile normal arm64 /Users/admin/builder/spi-builder-workspace/Sources/String++.swift (in target 'Swifter' from project 'Swifter')
cd /Users/admin/builder/spi-builder-workspace/.swiftpm/xcode
builtin-SwiftPerFileCompile String++.swift
SwiftCompile normal arm64 /Users/admin/builder/spi-builder-workspace/Sources/Swifter.swift (in target 'Swifter' from project 'Swifter')
cd /Users/admin/builder/spi-builder-workspace/.swiftpm/xcode
builtin-SwiftPerFileCompile Swifter.swift
SwiftCompile normal arm64 /Users/admin/builder/spi-builder-workspace/Sources/SwifterAccountsClient.swift (in target 'Swifter' from project 'Swifter')
cd /Users/admin/builder/spi-builder-workspace/.swiftpm/xcode
builtin-SwiftPerFileCompile SwifterAccountsClient.swift
SwiftCompile normal arm64 /Users/admin/builder/spi-builder-workspace/Sources/SwifterAppOnlyClient.swift (in target 'Swifter' from project 'Swifter')
cd /Users/admin/builder/spi-builder-workspace/.swiftpm/xcode
builtin-SwiftPerFileCompile SwifterAppOnlyClient.swift
SwiftCompile normal arm64 Compiling\ SwifterTimelines.swift,\ SwifterTrends.swift,\ SwifterTweets.swift /Users/admin/builder/spi-builder-workspace/Sources/SwifterTimelines.swift /Users/admin/builder/spi-builder-workspace/Sources/SwifterTrends.swift /Users/admin/builder/spi-builder-workspace/Sources/SwifterTweets.swift (in target 'Swifter' from project 'Swifter')
SwiftCompile normal arm64 /Users/admin/builder/spi-builder-workspace/Sources/SwifterTimelines.swift (in target 'Swifter' from project 'Swifter')
cd /Users/admin/builder/spi-builder-workspace/.swiftpm/xcode
builtin-SwiftPerFileCompile SwifterTimelines.swift
SwiftCompile normal arm64 /Users/admin/builder/spi-builder-workspace/Sources/SwifterTrends.swift (in target 'Swifter' from project 'Swifter')
cd /Users/admin/builder/spi-builder-workspace/.swiftpm/xcode
builtin-SwiftPerFileCompile SwifterTrends.swift
SwiftCompile normal arm64 /Users/admin/builder/spi-builder-workspace/Sources/SwifterTweets.swift (in target 'Swifter' from project 'Swifter')
cd /Users/admin/builder/spi-builder-workspace/.swiftpm/xcode
builtin-SwiftPerFileCompile SwifterTweets.swift
SwiftEmitModule normal arm64_32 Emitting\ module\ for\ Swifter (in target 'Swifter' from project 'Swifter')
SwiftCompile normal arm64_32 (in target 'Swifter' from project 'Swifter')
cd /Users/admin/builder/spi-builder-workspace/.swiftpm/xcode
SwiftDriverJobDiscovery normal arm64 Emitting module for Swifter (in target 'Swifter' from project 'Swifter')
SwiftDriver\ Compilation\ Requirements Swifter normal arm64 com.apple.xcode.tools.swift.compiler (in target 'Swifter' from project 'Swifter')
cd /Users/admin/builder/spi-builder-workspace/.swiftpm/xcode
builtin-Swift-Compilation-Requirements -- /Applications/Xcode-27.0.0-Release.Candidate.app/Contents/Developer/Toolchains/XcodeDefault.xctoolchain/usr/bin/swiftc -parse-as-library -module-name Swifter -Onone @/Users/admin/builder/spi-builder-workspace/.derivedData/Build/Intermediates.noindex/Swifter.build/Debug-watchos/Swifter-t.build/Objects-normal/arm64/Swifter.SwiftFileList -DSWIFT_PACKAGE -DDEBUG -DSWIFT_MODULE_RESOURCE_BUNDLE_UNAVAILABLE -DXcode -plugin-path /Applications/Xcode-27.0.0-Release.Candidate.app/Contents/Developer/Toolchains/XcodeDefault.xctoolchain/usr/lib/swift/host/plugins/testing -enable-experimental-feature DebugDescriptionMacro -sdk /Applications/Xcode-27.0.0-Release.Candidate.app/Contents/Developer/Platforms/WatchOS.platform/Developer/SDKs/WatchOS27.0.sdk -target arm64-apple-watchos9.0 -g -module-cache-path /Users/admin/builder/spi-builder-workspace/.derivedData/ModuleCache.noindex -Xfrontend -serialize-debugging-options -enable-testing -index-store-path /Users/admin/builder/spi-builder-workspace/.derivedData/Index.noindex/DataStore -Xcc -D_LIBCPP_HARDENING_MODE\=_LIBCPP_HARDENING_MODE_DEBUG -swift-version 5 -I /Users/admin/builder/spi-builder-workspace/.derivedData/Build/Products/Debug-watchos -Isystem /Applications/Xcode-27.0.0-Release.Candidate.app/Contents/Developer/Platforms/WatchOS.platform/Developer/usr/lib -F /Users/admin/builder/spi-builder-workspace/.derivedData/Build/Products/Debug-watchos -F /Applications/Xcode-27.0.0-Release.Candidate.app/Contents/Developer/Platforms/WatchOS.platform/Developer/Library/Frameworks -F /Applications/Xcode-27.0.0-Release.Candidate.app/Contents/Developer/Platforms/WatchOS.platform/Developer/SDKs/WatchOS27.0.sdk/Developer/Library/Frameworks -c -j10 -enable-batch-mode -incremental -Xcc -ivfsstatcache -Xcc /Users/admin/builder/spi-builder-workspace/.derivedData/SDKStatCaches.noindex/watchos27.0-24R360-e829b21a6f8c9b70876ba0858053c04477534ef55a1706bf4c1112bbb242f0a2.sdkstatcache -output-file-map /Users/admin/builder/spi-builder-workspace/.derivedData/Build/Intermediates.noindex/Swifter.build/Debug-watchos/Swifter-t.build/Objects-normal/arm64/Swifter-OutputFileMap.json -save-temps -no-color-diagnostics -explicit-module-build -module-cache-path /Users/admin/builder/spi-builder-workspace/.derivedData/Build/Intermediates.noindex/SwiftExplicitPrecompiledModules -clang-scanner-module-cache-path /Users/admin/builder/spi-builder-workspace/.derivedData/ModuleCache.noindex -sdk-module-cache-path /Users/admin/builder/spi-builder-workspace/.derivedData/SDKExplicitPrecompiledModules -emit-dependencies -emit-module -emit-module-path /Users/admin/builder/spi-builder-workspace/.derivedData/Build/Intermediates.noindex/Swifter.build/Debug-watchos/Swifter-t.build/Objects-normal/arm64/Swifter.swiftmodule -serialize-diagnostics -dependency-scan-serialize-diagnostics-path /Users/admin/builder/spi-builder-workspace/.derivedData/Build/Intermediates.noindex/Swifter.build/Debug-watchos/Swifter-t.build/Objects-normal/arm64/Swifter-dependency-scan.dia -validate-clang-modules-once -clang-build-session-file /Users/admin/builder/spi-builder-workspace/.derivedData/ModuleCache.noindex/Session.modulevalidation -Xcc -fmodules-prune-interval\=86400 -Xcc -fmodules-prune-after\=345600 -emit-const-values -const-gather-protocols-list /Users/admin/builder/spi-builder-workspace/.derivedData/Build/Intermediates.noindex/Swifter.build/Debug-watchos/Swifter-t.build/Objects-normal/arm64/Swifter_const_extract_protocols.json -Xcc -I/Users/admin/builder/spi-builder-workspace/.derivedData/Build/Products/Debug-watchos/include -Xcc -I/Users/admin/builder/spi-builder-workspace/.derivedData/Build/Intermediates.noindex/Swifter.build/Debug-watchos/Swifter-t.build/DerivedSources-normal/arm64 -Xcc -I/Users/admin/builder/spi-builder-workspace/.derivedData/Build/Intermediates.noindex/Swifter.build/Debug-watchos/Swifter-t.build/DerivedSources/arm64 -Xcc -I/Users/admin/builder/spi-builder-workspace/.derivedData/Build/Intermediates.noindex/Swifter.build/Debug-watchos/Swifter-t.build/DerivedSources -Xcc -DSWIFT_PACKAGE -Xcc -DDEBUG\=1 -emit-objc-header -emit-objc-header-path /Users/admin/builder/spi-builder-workspace/.derivedData/Build/Intermediates.noindex/Swifter.build/Debug-watchos/Swifter-t.build/Objects-normal/arm64/Swifter-Swift.h -working-directory /Users/admin/builder/spi-builder-workspace/.swiftpm/xcode -experimental-emit-module-separately -disable-cmo
SwiftDriverJobDiscovery normal arm64_32 Emitting module for Swifter (in target 'Swifter' from project 'Swifter')
SwiftCompile normal arm64_32 Compiling\ SwifterSpam.swift,\ SwifterSuggested.swift,\ SwifterTag.swift /Users/admin/builder/spi-builder-workspace/Sources/SwifterSpam.swift /Users/admin/builder/spi-builder-workspace/Sources/SwifterSuggested.swift /Users/admin/builder/spi-builder-workspace/Sources/SwifterTag.swift (in target 'Swifter' from project 'Swifter')
SwiftCompile normal arm64_32 /Users/admin/builder/spi-builder-workspace/Sources/SwifterSpam.swift (in target 'Swifter' from project 'Swifter')
cd /Users/admin/builder/spi-builder-workspace/.swiftpm/xcode
builtin-SwiftPerFileCompile SwifterSpam.swift
SwiftCompile normal arm64_32 /Users/admin/builder/spi-builder-workspace/Sources/SwifterSuggested.swift (in target 'Swifter' from project 'Swifter')
cd /Users/admin/builder/spi-builder-workspace/.swiftpm/xcode
builtin-SwiftPerFileCompile SwifterSuggested.swift
SwiftCompile normal arm64_32 /Users/admin/builder/spi-builder-workspace/Sources/SwifterTag.swift (in target 'Swifter' from project 'Swifter')
cd /Users/admin/builder/spi-builder-workspace/.swiftpm/xcode
builtin-SwiftPerFileCompile SwifterTag.swift
SwiftDriver\ Compilation\ Requirements Swifter normal arm64_32 com.apple.xcode.tools.swift.compiler (in target 'Swifter' from project 'Swifter')
cd /Users/admin/builder/spi-builder-workspace/.swiftpm/xcode
builtin-Swift-Compilation-Requirements -- /Applications/Xcode-27.0.0-Release.Candidate.app/Contents/Developer/Toolchains/XcodeDefault.xctoolchain/usr/bin/swiftc -parse-as-library -module-name Swifter -Onone @/Users/admin/builder/spi-builder-workspace/.derivedData/Build/Intermediates.noindex/Swifter.build/Debug-watchos/Swifter-t.build/Objects-normal/arm64_32/Swifter.SwiftFileList -DSWIFT_PACKAGE -DDEBUG -DSWIFT_MODULE_RESOURCE_BUNDLE_UNAVAILABLE -DXcode -plugin-path /Applications/Xcode-27.0.0-Release.Candidate.app/Contents/Developer/Toolchains/XcodeDefault.xctoolchain/usr/lib/swift/host/plugins/testing -enable-experimental-feature DebugDescriptionMacro -sdk /Applications/Xcode-27.0.0-Release.Candidate.app/Contents/Developer/Platforms/WatchOS.platform/Developer/SDKs/WatchOS27.0.sdk -target arm64_32-apple-watchos9.0 -g -module-cache-path /Users/admin/builder/spi-builder-workspace/.derivedData/ModuleCache.noindex -Xfrontend -serialize-debugging-options -enable-testing -index-store-path /Users/admin/builder/spi-builder-workspace/.derivedData/Index.noindex/DataStore -Xcc -D_LIBCPP_HARDENING_MODE\=_LIBCPP_HARDENING_MODE_DEBUG -swift-version 5 -I /Users/admin/builder/spi-builder-workspace/.derivedData/Build/Products/Debug-watchos -Isystem /Applications/Xcode-27.0.0-Release.Candidate.app/Contents/Developer/Platforms/WatchOS.platform/Developer/usr/lib -F /Users/admin/builder/spi-builder-workspace/.derivedData/Build/Products/Debug-watchos -F /Applications/Xcode-27.0.0-Release.Candidate.app/Contents/Developer/Platforms/WatchOS.platform/Developer/Library/Frameworks -F /Applications/Xcode-27.0.0-Release.Candidate.app/Contents/Developer/Platforms/WatchOS.platform/Developer/SDKs/WatchOS27.0.sdk/Developer/Library/Frameworks -c -j10 -enable-batch-mode -incremental -Xcc -ivfsstatcache -Xcc /Users/admin/builder/spi-builder-workspace/.derivedData/SDKStatCaches.noindex/watchos27.0-24R360-e829b21a6f8c9b70876ba0858053c04477534ef55a1706bf4c1112bbb242f0a2.sdkstatcache -output-file-map /Users/admin/builder/spi-builder-workspace/.derivedData/Build/Intermediates.noindex/Swifter.build/Debug-watchos/Swifter-t.build/Objects-normal/arm64_32/Swifter-OutputFileMap.json -save-temps -no-color-diagnostics -explicit-module-build -module-cache-path /Users/admin/builder/spi-builder-workspace/.derivedData/Build/Intermediates.noindex/SwiftExplicitPrecompiledModules -clang-scanner-module-cache-path /Users/admin/builder/spi-builder-workspace/.derivedData/ModuleCache.noindex -sdk-module-cache-path /Users/admin/builder/spi-builder-workspace/.derivedData/SDKExplicitPrecompiledModules -emit-dependencies -emit-module -emit-module-path /Users/admin/builder/spi-builder-workspace/.derivedData/Build/Intermediates.noindex/Swifter.build/Debug-watchos/Swifter-t.build/Objects-normal/arm64_32/Swifter.swiftmodule -serialize-diagnostics -dependency-scan-serialize-diagnostics-path /Users/admin/builder/spi-builder-workspace/.derivedData/Build/Intermediates.noindex/Swifter.build/Debug-watchos/Swifter-t.build/Objects-normal/arm64_32/Swifter-dependency-scan.dia -validate-clang-modules-once -clang-build-session-file /Users/admin/builder/spi-builder-workspace/.derivedData/ModuleCache.noindex/Session.modulevalidation -Xcc -fmodules-prune-interval\=86400 -Xcc -fmodules-prune-after\=345600 -emit-const-values -const-gather-protocols-list /Users/admin/builder/spi-builder-workspace/.derivedData/Build/Intermediates.noindex/Swifter.build/Debug-watchos/Swifter-t.build/Objects-normal/arm64_32/Swifter_const_extract_protocols.json -Xcc -I/Users/admin/builder/spi-builder-workspace/.derivedData/Build/Products/Debug-watchos/include -Xcc -I/Users/admin/builder/spi-builder-workspace/.derivedData/Build/Intermediates.noindex/Swifter.build/Debug-watchos/Swifter-t.build/DerivedSources-normal/arm64_32 -Xcc -I/Users/admin/builder/spi-builder-workspace/.derivedData/Build/Intermediates.noindex/Swifter.build/Debug-watchos/Swifter-t.build/DerivedSources/arm64_32 -Xcc -I/Users/admin/builder/spi-builder-workspace/.derivedData/Build/Intermediates.noindex/Swifter.build/Debug-watchos/Swifter-t.build/DerivedSources -Xcc -DSWIFT_PACKAGE -Xcc -DDEBUG\=1 -emit-objc-header -emit-objc-header-path /Users/admin/builder/spi-builder-workspace/.derivedData/Build/Intermediates.noindex/Swifter.build/Debug-watchos/Swifter-t.build/Objects-normal/arm64_32/Swifter-Swift.h -working-directory /Users/admin/builder/spi-builder-workspace/.swiftpm/xcode -experimental-emit-module-separately -disable-cmo
SwiftDriverJobDiscovery normal arm64 Compiling SwifterUsers.swift, URL++.swift, Utils.swift (in target 'Swifter' from project 'Swifter')
Copy /Users/admin/builder/spi-builder-workspace/.derivedData/Build/Products/Debug-watchos/Swifter.swiftmodule/arm64-apple-watchos.swiftmodule /Users/admin/builder/spi-builder-workspace/.derivedData/Build/Intermediates.noindex/Swifter.build/Debug-watchos/Swifter-t.build/Objects-normal/arm64/Swifter.swiftmodule (in target 'Swifter' from project 'Swifter')
cd /Users/admin/builder/spi-builder-workspace
builtin-copy -exclude .DS_Store -exclude CVS -exclude .svn -exclude .git -exclude .hg -resolve-src-symlinks -rename /Users/admin/builder/spi-builder-workspace/.derivedData/Build/Intermediates.noindex/Swifter.build/Debug-watchos/Swifter-t.build/Objects-normal/arm64/Swifter.swiftmodule /Users/admin/builder/spi-builder-workspace/.derivedData/Build/Products/Debug-watchos/Swifter.swiftmodule/arm64-apple-watchos.swiftmodule
Copy /Users/admin/builder/spi-builder-workspace/.derivedData/Build/Products/Debug-watchos/Swifter.swiftmodule/arm64-apple-watchos.swiftdoc /Users/admin/builder/spi-builder-workspace/.derivedData/Build/Intermediates.noindex/Swifter.build/Debug-watchos/Swifter-t.build/Objects-normal/arm64/Swifter.swiftdoc (in target 'Swifter' from project 'Swifter')
cd /Users/admin/builder/spi-builder-workspace
builtin-copy -exclude .DS_Store -exclude CVS -exclude .svn -exclude .git -exclude .hg -resolve-src-symlinks -rename /Users/admin/builder/spi-builder-workspace/.derivedData/Build/Intermediates.noindex/Swifter.build/Debug-watchos/Swifter-t.build/Objects-normal/arm64/Swifter.swiftdoc /Users/admin/builder/spi-builder-workspace/.derivedData/Build/Products/Debug-watchos/Swifter.swiftmodule/arm64-apple-watchos.swiftdoc
Copy /Users/admin/builder/spi-builder-workspace/.derivedData/Build/Products/Debug-watchos/Swifter.swiftmodule/arm64-apple-watchos.abi.json /Users/admin/builder/spi-builder-workspace/.derivedData/Build/Intermediates.noindex/Swifter.build/Debug-watchos/Swifter-t.build/Objects-normal/arm64/Swifter.abi.json (in target 'Swifter' from project 'Swifter')
cd /Users/admin/builder/spi-builder-workspace
builtin-copy -exclude .DS_Store -exclude CVS -exclude .svn -exclude .git -exclude .hg -resolve-src-symlinks -rename /Users/admin/builder/spi-builder-workspace/.derivedData/Build/Intermediates.noindex/Swifter.build/Debug-watchos/Swifter-t.build/Objects-normal/arm64/Swifter.abi.json /Users/admin/builder/spi-builder-workspace/.derivedData/Build/Products/Debug-watchos/Swifter.swiftmodule/arm64-apple-watchos.abi.json
SwiftCompile normal arm64_32 Compiling\ SwifterFavorites.swift,\ SwifterFollowers.swift,\ SwifterHTTPRequest.swift,\ SwifterHelp.swift /Users/admin/builder/spi-builder-workspace/Sources/SwifterFavorites.swift /Users/admin/builder/spi-builder-workspace/Sources/SwifterFollowers.swift /Users/admin/builder/spi-builder-workspace/Sources/SwifterHTTPRequest.swift /Users/admin/builder/spi-builder-workspace/Sources/SwifterHelp.swift (in target 'Swifter' from project 'Swifter')
SwiftCompile normal arm64_32 /Users/admin/builder/spi-builder-workspace/Sources/SwifterFavorites.swift (in target 'Swifter' from project 'Swifter')
cd /Users/admin/builder/spi-builder-workspace/.swiftpm/xcode
builtin-SwiftPerFileCompile SwifterFavorites.swift
SwiftCompile normal arm64_32 /Users/admin/builder/spi-builder-workspace/Sources/SwifterFollowers.swift (in target 'Swifter' from project 'Swifter')
cd /Users/admin/builder/spi-builder-workspace/.swiftpm/xcode
builtin-SwiftPerFileCompile SwifterFollowers.swift
SwiftCompile normal arm64_32 /Users/admin/builder/spi-builder-workspace/Sources/SwifterHTTPRequest.swift (in target 'Swifter' from project 'Swifter')
cd /Users/admin/builder/spi-builder-workspace/.swiftpm/xcode
builtin-SwiftPerFileCompile SwifterHTTPRequest.swift
SwiftCompile normal arm64_32 /Users/admin/builder/spi-builder-workspace/Sources/SwifterHelp.swift (in target 'Swifter' from project 'Swifter')
cd /Users/admin/builder/spi-builder-workspace/.swiftpm/xcode
builtin-SwiftPerFileCompile SwifterHelp.swift
Copy /Users/admin/builder/spi-builder-workspace/.derivedData/Build/Products/Debug-watchos/Swifter.swiftmodule/Project/arm64-apple-watchos.swiftsourceinfo /Users/admin/builder/spi-builder-workspace/.derivedData/Build/Intermediates.noindex/Swifter.build/Debug-watchos/Swifter-t.build/Objects-normal/arm64/Swifter.swiftsourceinfo (in target 'Swifter' from project 'Swifter')
cd /Users/admin/builder/spi-builder-workspace
builtin-copy -exclude .DS_Store -exclude CVS -exclude .svn -exclude .git -exclude .hg -resolve-src-symlinks -rename /Users/admin/builder/spi-builder-workspace/.derivedData/Build/Intermediates.noindex/Swifter.build/Debug-watchos/Swifter-t.build/Objects-normal/arm64/Swifter.swiftsourceinfo /Users/admin/builder/spi-builder-workspace/.derivedData/Build/Products/Debug-watchos/Swifter.swiftmodule/Project/arm64-apple-watchos.swiftsourceinfo
SwiftCompile normal arm64_32 Compiling\ Data++.swift,\ Dictionary++.swift,\ HMAC.swift,\ Int++.swift /Users/admin/builder/spi-builder-workspace/Sources/Data++.swift /Users/admin/builder/spi-builder-workspace/Sources/Dictionary++.swift /Users/admin/builder/spi-builder-workspace/Sources/HMAC.swift /Users/admin/builder/spi-builder-workspace/Sources/Int++.swift (in target 'Swifter' from project 'Swifter')
SwiftCompile normal arm64_32 /Users/admin/builder/spi-builder-workspace/Sources/Data++.swift (in target 'Swifter' from project 'Swifter')
cd /Users/admin/builder/spi-builder-workspace/.swiftpm/xcode
builtin-SwiftPerFileCompile Data++.swift
SwiftCompile normal arm64_32 /Users/admin/builder/spi-builder-workspace/Sources/Dictionary++.swift (in target 'Swifter' from project 'Swifter')
cd /Users/admin/builder/spi-builder-workspace/.swiftpm/xcode
builtin-SwiftPerFileCompile Dictionary++.swift
SwiftCompile normal arm64_32 /Users/admin/builder/spi-builder-workspace/Sources/HMAC.swift (in target 'Swifter' from project 'Swifter')
cd /Users/admin/builder/spi-builder-workspace/.swiftpm/xcode
builtin-SwiftPerFileCompile HMAC.swift
SwiftCompile normal arm64_32 /Users/admin/builder/spi-builder-workspace/Sources/Int++.swift (in target 'Swifter' from project 'Swifter')
cd /Users/admin/builder/spi-builder-workspace/.swiftpm/xcode
builtin-SwiftPerFileCompile Int++.swift
SwiftDriverJobDiscovery normal arm64_32 Compiling SwifterSpam.swift, SwifterSuggested.swift, SwifterTag.swift (in target 'Swifter' from project 'Swifter')
SwiftCompile normal arm64_32 Compiling\ String++.swift,\ Swifter.swift,\ SwifterAccountsClient.swift,\ SwifterAppOnlyClient.swift /Users/admin/builder/spi-builder-workspace/Sources/String++.swift /Users/admin/builder/spi-builder-workspace/Sources/Swifter.swift /Users/admin/builder/spi-builder-workspace/Sources/SwifterAccountsClient.swift /Users/admin/builder/spi-builder-workspace/Sources/SwifterAppOnlyClient.swift (in target 'Swifter' from project 'Swifter')
/Users/admin/builder/spi-builder-workspace/Sources/String++.swift:65:35: error: extraneous argument label 'string:' in call
63 | while !scanner.isAtEnd {
64 | key = scanner.scanUpToString("=")
65 | _ = scanner.scanString(string: "=")
| `- error: extraneous argument label 'string:' in call
66 |
67 | value = scanner.scanUpToString("&")
SwiftCompile normal arm64_32 /Users/admin/builder/spi-builder-workspace/Sources/String++.swift (in target 'Swifter' from project 'Swifter')
cd /Users/admin/builder/spi-builder-workspace/.swiftpm/xcode
builtin-SwiftPerFileCompile String++.swift
SwiftCompile normal arm64_32 /Users/admin/builder/spi-builder-workspace/Sources/Swifter.swift (in target 'Swifter' from project 'Swifter')
cd /Users/admin/builder/spi-builder-workspace/.swiftpm/xcode
builtin-SwiftPerFileCompile Swifter.swift
SwiftCompile normal arm64_32 /Users/admin/builder/spi-builder-workspace/Sources/SwifterAccountsClient.swift (in target 'Swifter' from project 'Swifter')
cd /Users/admin/builder/spi-builder-workspace/.swiftpm/xcode
builtin-SwiftPerFileCompile SwifterAccountsClient.swift
SwiftCompile normal arm64_32 /Users/admin/builder/spi-builder-workspace/Sources/SwifterAppOnlyClient.swift (in target 'Swifter' from project 'Swifter')
cd /Users/admin/builder/spi-builder-workspace/.swiftpm/xcode
builtin-SwiftPerFileCompile SwifterAppOnlyClient.swift
SwiftCompile normal arm64_32 Compiling\ SwifterPlaces.swift,\ SwifterSavedSearches.swift,\ SwifterSearch.swift /Users/admin/builder/spi-builder-workspace/Sources/SwifterPlaces.swift /Users/admin/builder/spi-builder-workspace/Sources/SwifterSavedSearches.swift /Users/admin/builder/spi-builder-workspace/Sources/SwifterSearch.swift (in target 'Swifter' from project 'Swifter')
SwiftCompile normal arm64_32 /Users/admin/builder/spi-builder-workspace/Sources/SwifterPlaces.swift (in target 'Swifter' from project 'Swifter')
cd /Users/admin/builder/spi-builder-workspace/.swiftpm/xcode
builtin-SwiftPerFileCompile SwifterPlaces.swift
SwiftCompile normal arm64_32 /Users/admin/builder/spi-builder-workspace/Sources/SwifterSavedSearches.swift (in target 'Swifter' from project 'Swifter')
cd /Users/admin/builder/spi-builder-workspace/.swiftpm/xcode
builtin-SwiftPerFileCompile SwifterSavedSearches.swift
SwiftCompile normal arm64_32 /Users/admin/builder/spi-builder-workspace/Sources/SwifterSearch.swift (in target 'Swifter' from project 'Swifter')
cd /Users/admin/builder/spi-builder-workspace/.swiftpm/xcode
builtin-SwiftPerFileCompile SwifterSearch.swift
SwiftCompile normal arm64_32 Compiling\ SwifterTimelines.swift,\ SwifterTrends.swift,\ SwifterTweets.swift /Users/admin/builder/spi-builder-workspace/Sources/SwifterTimelines.swift /Users/admin/builder/spi-builder-workspace/Sources/SwifterTrends.swift /Users/admin/builder/spi-builder-workspace/Sources/SwifterTweets.swift (in target 'Swifter' from project 'Swifter')
SwiftCompile normal arm64_32 /Users/admin/builder/spi-builder-workspace/Sources/SwifterTimelines.swift (in target 'Swifter' from project 'Swifter')
cd /Users/admin/builder/spi-builder-workspace/.swiftpm/xcode
builtin-SwiftPerFileCompile SwifterTimelines.swift
SwiftCompile normal arm64_32 /Users/admin/builder/spi-builder-workspace/Sources/SwifterTrends.swift (in target 'Swifter' from project 'Swifter')
cd /Users/admin/builder/spi-builder-workspace/.swiftpm/xcode
builtin-SwiftPerFileCompile SwifterTrends.swift
SwiftCompile normal arm64_32 /Users/admin/builder/spi-builder-workspace/Sources/SwifterTweets.swift (in target 'Swifter' from project 'Swifter')
cd /Users/admin/builder/spi-builder-workspace/.swiftpm/xcode
builtin-SwiftPerFileCompile SwifterTweets.swift
SwiftCompile normal arm64_32 Compiling\ JSON.swift,\ Operator++.swift,\ SHA1.swift,\ Scanner++.swift /Users/admin/builder/spi-builder-workspace/Sources/JSON.swift /Users/admin/builder/spi-builder-workspace/Sources/Operator++.swift /Users/admin/builder/spi-builder-workspace/Sources/SHA1.swift /Users/admin/builder/spi-builder-workspace/Sources/Scanner++.swift (in target 'Swifter' from project 'Swifter')
SwiftCompile normal arm64_32 /Users/admin/builder/spi-builder-workspace/Sources/JSON.swift (in target 'Swifter' from project 'Swifter')
cd /Users/admin/builder/spi-builder-workspace/.swiftpm/xcode
builtin-SwiftPerFileCompile JSON.swift
SwiftCompile normal arm64_32 /Users/admin/builder/spi-builder-workspace/Sources/Operator++.swift (in target 'Swifter' from project 'Swifter')
cd /Users/admin/builder/spi-builder-workspace/.swiftpm/xcode
builtin-SwiftPerFileCompile Operator++.swift
SwiftCompile normal arm64_32 /Users/admin/builder/spi-builder-workspace/Sources/SHA1.swift (in target 'Swifter' from project 'Swifter')
cd /Users/admin/builder/spi-builder-workspace/.swiftpm/xcode
builtin-SwiftPerFileCompile SHA1.swift
SwiftCompile normal arm64_32 /Users/admin/builder/spi-builder-workspace/Sources/Scanner++.swift (in target 'Swifter' from project 'Swifter')
cd /Users/admin/builder/spi-builder-workspace/.swiftpm/xcode
builtin-SwiftPerFileCompile Scanner++.swift
SwiftCompile normal arm64 Compiling\ SwifterLists.swift,\ SwifterMedia.swift,\ SwifterMessages.swift,\ SwifterOAuthClient.swift /Users/admin/builder/spi-builder-workspace/Sources/SwifterLists.swift /Users/admin/builder/spi-builder-workspace/Sources/SwifterMedia.swift /Users/admin/builder/spi-builder-workspace/Sources/SwifterMessages.swift /Users/admin/builder/spi-builder-workspace/Sources/SwifterOAuthClient.swift (in target 'Swifter' from project 'Swifter')
SwiftCompile normal arm64 /Users/admin/builder/spi-builder-workspace/Sources/SwifterLists.swift (in target 'Swifter' from project 'Swifter')
cd /Users/admin/builder/spi-builder-workspace/.swiftpm/xcode
builtin-SwiftPerFileCompile SwifterLists.swift
SwiftCompile normal arm64 /Users/admin/builder/spi-builder-workspace/Sources/SwifterMedia.swift (in target 'Swifter' from project 'Swifter')
cd /Users/admin/builder/spi-builder-workspace/.swiftpm/xcode
builtin-SwiftPerFileCompile SwifterMedia.swift
SwiftCompile normal arm64 /Users/admin/builder/spi-builder-workspace/Sources/SwifterMessages.swift (in target 'Swifter' from project 'Swifter')
cd /Users/admin/builder/spi-builder-workspace/.swiftpm/xcode
builtin-SwiftPerFileCompile SwifterMessages.swift
SwiftCompile normal arm64 /Users/admin/builder/spi-builder-workspace/Sources/SwifterOAuthClient.swift (in target 'Swifter' from project 'Swifter')
cd /Users/admin/builder/spi-builder-workspace/.swiftpm/xcode
builtin-SwiftPerFileCompile SwifterOAuthClient.swift
SwiftCompile normal arm64_32 Compiling\ SwifterAuth.swift,\ SwifterClientProtocol.swift,\ SwifterCredential.swift,\ SwifterError.swift /Users/admin/builder/spi-builder-workspace/Sources/SwifterAuth.swift /Users/admin/builder/spi-builder-workspace/Sources/SwifterClientProtocol.swift /Users/admin/builder/spi-builder-workspace/Sources/SwifterCredential.swift /Users/admin/builder/spi-builder-workspace/Sources/SwifterError.swift (in target 'Swifter' from project 'Swifter')
SwiftCompile normal arm64_32 /Users/admin/builder/spi-builder-workspace/Sources/SwifterAuth.swift (in target 'Swifter' from project 'Swifter')
cd /Users/admin/builder/spi-builder-workspace/.swiftpm/xcode
builtin-SwiftPerFileCompile SwifterAuth.swift
SwiftCompile normal arm64_32 /Users/admin/builder/spi-builder-workspace/Sources/SwifterClientProtocol.swift (in target 'Swifter' from project 'Swifter')
cd /Users/admin/builder/spi-builder-workspace/.swiftpm/xcode
builtin-SwiftPerFileCompile SwifterClientProtocol.swift
SwiftCompile normal arm64_32 /Users/admin/builder/spi-builder-workspace/Sources/SwifterCredential.swift (in target 'Swifter' from project 'Swifter')
cd /Users/admin/builder/spi-builder-workspace/.swiftpm/xcode
builtin-SwiftPerFileCompile SwifterCredential.swift
SwiftCompile normal arm64_32 /Users/admin/builder/spi-builder-workspace/Sources/SwifterError.swift (in target 'Swifter' from project 'Swifter')
cd /Users/admin/builder/spi-builder-workspace/.swiftpm/xcode
builtin-SwiftPerFileCompile SwifterError.swift
SwiftDriverJobDiscovery normal arm64 Compiling SwifterPlaces.swift, SwifterSavedSearches.swift, SwifterSearch.swift (in target 'Swifter' from project 'Swifter')
SwiftDriverJobDiscovery normal arm64 Compiling SwifterSpam.swift, SwifterSuggested.swift, SwifterTag.swift (in target 'Swifter' from project 'Swifter')
SwiftDriverJobDiscovery normal arm64 Compiling SwifterFavorites.swift, SwifterFollowers.swift, SwifterHTTPRequest.swift, SwifterHelp.swift (in target 'Swifter' from project 'Swifter')
SwiftDriverJobDiscovery normal arm64 Compiling Data++.swift, Dictionary++.swift, HMAC.swift, Int++.swift (in target 'Swifter' from project 'Swifter')
SwiftDriverJobDiscovery normal arm64 Compiling SwifterTimelines.swift, SwifterTrends.swift, SwifterTweets.swift (in target 'Swifter' from project 'Swifter')
SwiftDriverJobDiscovery normal arm64 Compiling JSON.swift, Operator++.swift, SHA1.swift, Scanner++.swift (in target 'Swifter' from project 'Swifter')
SwiftMergeGeneratedHeaders /Users/admin/builder/spi-builder-workspace/.derivedData/Build/Intermediates.noindex/GeneratedModuleMaps-watchos/Swifter-Swift.h /Users/admin/builder/spi-builder-workspace/.derivedData/Build/Intermediates.noindex/Swifter.build/Debug-watchos/Swifter-t.build/Objects-normal/arm64/Swifter-Swift.h /Users/admin/builder/spi-builder-workspace/.derivedData/Build/Intermediates.noindex/Swifter.build/Debug-watchos/Swifter-t.build/Objects-normal/arm64_32/Swifter-Swift.h (in target 'Swifter' from project 'Swifter')
cd /Users/admin/builder/spi-builder-workspace
builtin-swiftHeaderTool -arch arm64 /Users/admin/builder/spi-builder-workspace/.derivedData/Build/Intermediates.noindex/Swifter.build/Debug-watchos/Swifter-t.build/Objects-normal/arm64/Swifter-Swift.h -arch arm64_32 /Users/admin/builder/spi-builder-workspace/.derivedData/Build/Intermediates.noindex/Swifter.build/Debug-watchos/Swifter-t.build/Objects-normal/arm64_32/Swifter-Swift.h -o /Users/admin/builder/spi-builder-workspace/.derivedData/Build/Intermediates.noindex/GeneratedModuleMaps-watchos/Swifter-Swift.h
SwiftDriverJobDiscovery normal arm64_32 Compiling SwifterPlaces.swift, SwifterSavedSearches.swift, SwifterSearch.swift (in target 'Swifter' from project 'Swifter')
Copy /Users/admin/builder/spi-builder-workspace/.derivedData/Build/Products/Debug-watchos/Swifter.swiftmodule/arm64_32-apple-watchos.swiftmodule /Users/admin/builder/spi-builder-workspace/.derivedData/Build/Intermediates.noindex/Swifter.build/Debug-watchos/Swifter-t.build/Objects-normal/arm64_32/Swifter.swiftmodule (in target 'Swifter' from project 'Swifter')
cd /Users/admin/builder/spi-builder-workspace
builtin-copy -exclude .DS_Store -exclude CVS -exclude .svn -exclude .git -exclude .hg -resolve-src-symlinks -rename /Users/admin/builder/spi-builder-workspace/.derivedData/Build/Intermediates.noindex/Swifter.build/Debug-watchos/Swifter-t.build/Objects-normal/arm64_32/Swifter.swiftmodule /Users/admin/builder/spi-builder-workspace/.derivedData/Build/Products/Debug-watchos/Swifter.swiftmodule/arm64_32-apple-watchos.swiftmodule
Copy /Users/admin/builder/spi-builder-workspace/.derivedData/Build/Products/Debug-watchos/Swifter.swiftmodule/arm64_32-apple-watchos.swiftdoc /Users/admin/builder/spi-builder-workspace/.derivedData/Build/Intermediates.noindex/Swifter.build/Debug-watchos/Swifter-t.build/Objects-normal/arm64_32/Swifter.swiftdoc (in target 'Swifter' from project 'Swifter')
cd /Users/admin/builder/spi-builder-workspace
builtin-copy -exclude .DS_Store -exclude CVS -exclude .svn -exclude .git -exclude .hg -resolve-src-symlinks -rename /Users/admin/builder/spi-builder-workspace/.derivedData/Build/Intermediates.noindex/Swifter.build/Debug-watchos/Swifter-t.build/Objects-normal/arm64_32/Swifter.swiftdoc /Users/admin/builder/spi-builder-workspace/.derivedData/Build/Products/Debug-watchos/Swifter.swiftmodule/arm64_32-apple-watchos.swiftdoc
Copy /Users/admin/builder/spi-builder-workspace/.derivedData/Build/Products/Debug-watchos/Swifter.swiftmodule/arm64_32-apple-watchos.abi.json /Users/admin/builder/spi-builder-workspace/.derivedData/Build/Intermediates.noindex/Swifter.build/Debug-watchos/Swifter-t.build/Objects-normal/arm64_32/Swifter.abi.json (in target 'Swifter' from project 'Swifter')
cd /Users/admin/builder/spi-builder-workspace
builtin-copy -exclude .DS_Store -exclude CVS -exclude .svn -exclude .git -exclude .hg -resolve-src-symlinks -rename /Users/admin/builder/spi-builder-workspace/.derivedData/Build/Intermediates.noindex/Swifter.build/Debug-watchos/Swifter-t.build/Objects-normal/arm64_32/Swifter.abi.json /Users/admin/builder/spi-builder-workspace/.derivedData/Build/Products/Debug-watchos/Swifter.swiftmodule/arm64_32-apple-watchos.abi.json
Copy /Users/admin/builder/spi-builder-workspace/.derivedData/Build/Products/Debug-watchos/Swifter.swiftmodule/Project/arm64_32-apple-watchos.swiftsourceinfo /Users/admin/builder/spi-builder-workspace/.derivedData/Build/Intermediates.noindex/Swifter.build/Debug-watchos/Swifter-t.build/Objects-normal/arm64_32/Swifter.swiftsourceinfo (in target 'Swifter' from project 'Swifter')
cd /Users/admin/builder/spi-builder-workspace
builtin-copy -exclude .DS_Store -exclude CVS -exclude .svn -exclude .git -exclude .hg -resolve-src-symlinks -rename /Users/admin/builder/spi-builder-workspace/.derivedData/Build/Intermediates.noindex/Swifter.build/Debug-watchos/Swifter-t.build/Objects-normal/arm64_32/Swifter.swiftsourceinfo /Users/admin/builder/spi-builder-workspace/.derivedData/Build/Products/Debug-watchos/Swifter.swiftmodule/Project/arm64_32-apple-watchos.swiftsourceinfo
SwiftCompile normal arm64_32 Compiling\ SwifterUsers.swift,\ URL++.swift,\ Utils.swift /Users/admin/builder/spi-builder-workspace/Sources/SwifterUsers.swift /Users/admin/builder/spi-builder-workspace/Sources/URL++.swift /Users/admin/builder/spi-builder-workspace/Sources/Utils.swift (in target 'Swifter' from project 'Swifter')
SwiftCompile normal arm64_32 /Users/admin/builder/spi-builder-workspace/Sources/SwifterUsers.swift (in target 'Swifter' from project 'Swifter')
cd /Users/admin/builder/spi-builder-workspace/.swiftpm/xcode
builtin-SwiftPerFileCompile SwifterUsers.swift
SwiftCompile normal arm64_32 /Users/admin/builder/spi-builder-workspace/Sources/URL++.swift (in target 'Swifter' from project 'Swifter')
cd /Users/admin/builder/spi-builder-workspace/.swiftpm/xcode
builtin-SwiftPerFileCompile URL++.swift
SwiftCompile normal arm64_32 /Users/admin/builder/spi-builder-workspace/Sources/Utils.swift (in target 'Swifter' from project 'Swifter')
cd /Users/admin/builder/spi-builder-workspace/.swiftpm/xcode
builtin-SwiftPerFileCompile Utils.swift
SwiftDriverJobDiscovery normal arm64_32 Compiling Data++.swift, Dictionary++.swift, HMAC.swift, Int++.swift (in target 'Swifter' from project 'Swifter')
SwiftCompile normal arm64_32 Compiling\ SwifterLists.swift,\ SwifterMedia.swift,\ SwifterMessages.swift,\ SwifterOAuthClient.swift /Users/admin/builder/spi-builder-workspace/Sources/SwifterLists.swift /Users/admin/builder/spi-builder-workspace/Sources/SwifterMedia.swift /Users/admin/builder/spi-builder-workspace/Sources/SwifterMessages.swift /Users/admin/builder/spi-builder-workspace/Sources/SwifterOAuthClient.swift (in target 'Swifter' from project 'Swifter')
SwiftCompile normal arm64_32 /Users/admin/builder/spi-builder-workspace/Sources/SwifterLists.swift (in target 'Swifter' from project 'Swifter')
cd /Users/admin/builder/spi-builder-workspace/.swiftpm/xcode
builtin-SwiftPerFileCompile SwifterLists.swift
SwiftCompile normal arm64_32 /Users/admin/builder/spi-builder-workspace/Sources/SwifterMedia.swift (in target 'Swifter' from project 'Swifter')
cd /Users/admin/builder/spi-builder-workspace/.swiftpm/xcode
builtin-SwiftPerFileCompile SwifterMedia.swift
SwiftCompile normal arm64_32 /Users/admin/builder/spi-builder-workspace/Sources/SwifterMessages.swift (in target 'Swifter' from project 'Swifter')
cd /Users/admin/builder/spi-builder-workspace/.swiftpm/xcode
builtin-SwiftPerFileCompile SwifterMessages.swift
SwiftCompile normal arm64_32 /Users/admin/builder/spi-builder-workspace/Sources/SwifterOAuthClient.swift (in target 'Swifter' from project 'Swifter')
cd /Users/admin/builder/spi-builder-workspace/.swiftpm/xcode
builtin-SwiftPerFileCompile SwifterOAuthClient.swift
SwiftDriverJobDiscovery normal arm64_32 Compiling SwifterTimelines.swift, SwifterTrends.swift, SwifterTweets.swift (in target 'Swifter' from project 'Swifter')
SwiftDriverJobDiscovery normal arm64 Compiling SwifterLists.swift, SwifterMedia.swift, SwifterMessages.swift, SwifterOAuthClient.swift (in target 'Swifter' from project 'Swifter')
SwiftDriverJobDiscovery normal arm64_32 Compiling JSON.swift, Operator++.swift, SHA1.swift, Scanner++.swift (in target 'Swifter' from project 'Swifter')
PruneExplicitPrecompiledModules /Users/admin/builder/spi-builder-workspace/.derivedData/Build/Intermediates.noindex/SwiftExplicitPrecompiledModules
PruneExplicitPrecompiledModules /Users/admin/builder/spi-builder-workspace/.derivedData/SDKExplicitPrecompiledModules
PruneExplicitPrecompiledModules /Users/admin/builder/spi-builder-workspace/.derivedData/Build/Intermediates.noindex/ExplicitPrecompiledModules
2026-09-17 07:22:10.638 xcodebuild[660:4333] [MT] IDERunDestination: Supported platforms for the buildables in the current scheme is empty.
** BUILD FAILED **
The following build commands failed:
SwiftCompile normal arm64 Compiling\ String++.swift,\ Swifter.swift,\ SwifterAccountsClient.swift,\ SwifterAppOnlyClient.swift /Users/admin/builder/spi-builder-workspace/Sources/String++.swift /Users/admin/builder/spi-builder-workspace/Sources/Swifter.swift /Users/admin/builder/spi-builder-workspace/Sources/SwifterAccountsClient.swift /Users/admin/builder/spi-builder-workspace/Sources/SwifterAppOnlyClient.swift (in target 'Swifter' from project 'Swifter')
SwiftCompile normal arm64 /Users/admin/builder/spi-builder-workspace/Sources/String++.swift (in target 'Swifter' from project 'Swifter')
Building workspace Swifter with scheme Swifter
(3 failures)
Command line invocation:
/Applications/Xcode-27.0.0-Release.Candidate.app/Contents/Developer/usr/bin/xcodebuild -IDEClonedSourcePackagesDirPathOverride=/Users/admin/builder/spi-builder-workspace/.dependencies -resolvePackageDependencies
Resolve Package Graph
Resolved source packages:
Swifter: /Users/admin/builder/spi-builder-workspace
resolved source packages: Swifter
2026-09-17 07:22:19.949 xcodebuild[803:4938] [MT] IDERunDestination: Supported platforms for the buildables in the current scheme is empty.
{
"dependencies" : [
],
"manifest_display_name" : "Swifter",
"name" : "Swifter",
"path" : "/Users/admin/builder/spi-builder-workspace",
"platforms" : [
{
"name" : "macos",
"version" : "10.10"
},
{
"name" : "ios",
"version" : "10.0"
}
],
"products" : [
{
"name" : "Swifter",
"targets" : [
"Swifter"
],
"type" : {
"library" : [
"automatic"
]
}
}
],
"targets" : [
{
"c99name" : "Swifter",
"module_type" : "SwiftTarget",
"name" : "Swifter",
"path" : "Sources",
"product_memberships" : [
"Swifter"
],
"sources" : [
"Data++.swift",
"Dictionary++.swift",
"HMAC.swift",
"Int++.swift",
"JSON.swift",
"Operator++.swift",
"SHA1.swift",
"Scanner++.swift",
"String++.swift",
"Swifter.swift",
"SwifterAccountsClient.swift",
"SwifterAppOnlyClient.swift",
"SwifterAuth.swift",
"SwifterClientProtocol.swift",
"SwifterCredential.swift",
"SwifterError.swift",
"SwifterFavorites.swift",
"SwifterFollowers.swift",
"SwifterHTTPRequest.swift",
"SwifterHelp.swift",
"SwifterLists.swift",
"SwifterMedia.swift",
"SwifterMessages.swift",
"SwifterOAuthClient.swift",
"SwifterPlaces.swift",
"SwifterSavedSearches.swift",
"SwifterSearch.swift",
"SwifterSpam.swift",
"SwifterSuggested.swift",
"SwifterTag.swift",
"SwifterTimelines.swift",
"SwifterTrends.swift",
"SwifterTweets.swift",
"SwifterUsers.swift",
"URL++.swift",
"Utils.swift"
],
"type" : "library"
}
],
"tools_version" : "5.0"
}
{
"workspace" : {
"name" : "Swifter",
"schemes" : [
"Swifter"
]
}
}
2026-09-17 07:22:21.222 xcodebuild[811:5006] [MT] IDERunDestination: Supported platforms for the buildables in the current scheme is empty.
Running build ...
env DEVELOPER_DIR=/Applications/Xcode-27.0.0-Release.Candidate.app xcrun xcodebuild -IDEClonedSourcePackagesDirPathOverride=$PWD/.dependencies -skipMacroValidation -skipPackagePluginValidation -derivedDataPath $PWD/.derivedData build -scheme Swifter -destination generic/platform=watchOS
Command line invocation:
/Applications/Xcode-27.0.0-Release.Candidate.app/Contents/Developer/usr/bin/xcodebuild -IDEClonedSourcePackagesDirPathOverride=/Users/admin/builder/spi-builder-workspace/.dependencies -skipMacroValidation -skipPackagePluginValidation -derivedDataPath /Users/admin/builder/spi-builder-workspace/.derivedData build -scheme Swifter -destination generic/platform=watchOS
Resolve Package Graph
Resolved source packages:
Swifter: /Users/admin/builder/spi-builder-workspace
ComputePackagePrebuildTargetDependencyGraph
Prepare packages
CreateBuildRequest
SendProjectDescription
CreateBuildOperation
ComputeTargetDependencyGraph
note: Building targets in dependency order
note: Target dependency graph (2 targets)
Target 'Swifter-product' in project 'Swifter'
➜ Explicit dependency on target 'Swifter' in project 'Swifter'
Target 'Swifter' in project 'Swifter' (no dependencies)
GatherProvisioningInputs
CreateBuildDescription
ClangStatCache /Applications/Xcode-27.0.0-Release.Candidate.app/Contents/Developer/Toolchains/XcodeDefault.xctoolchain/usr/bin/clang-stat-cache /Applications/Xcode-27.0.0-Release.Candidate.app/Contents/Developer/Platforms/WatchOS.platform/Developer/SDKs/WatchOS27.0.sdk /Users/admin/builder/spi-builder-workspace/.derivedData/SDKStatCaches.noindex/watchos27.0-24R360-e829b21a6f8c9b70876ba0858053c04477534ef55a1706bf4c1112bbb242f0a2.sdkstatcache
cd /Users/admin/builder/spi-builder-workspace/.swiftpm/xcode
/Applications/Xcode-27.0.0-Release.Candidate.app/Contents/Developer/Toolchains/XcodeDefault.xctoolchain/usr/bin/clang-stat-cache /Applications/Xcode-27.0.0-Release.Candidate.app/Contents/Developer/Platforms/WatchOS.platform/Developer/SDKs/WatchOS27.0.sdk -o /Users/admin/builder/spi-builder-workspace/.derivedData/SDKStatCaches.noindex/watchos27.0-24R360-e829b21a6f8c9b70876ba0858053c04477534ef55a1706bf4c1112bbb242f0a2.sdkstatcache
SwiftDriver Swifter normal arm64 com.apple.xcode.tools.swift.compiler (in target 'Swifter' from project 'Swifter')
cd /Users/admin/builder/spi-builder-workspace/.swiftpm/xcode
builtin-SwiftDriver -- /Applications/Xcode-27.0.0-Release.Candidate.app/Contents/Developer/Toolchains/XcodeDefault.xctoolchain/usr/bin/swiftc -parse-as-library -module-name Swifter -Onone @/Users/admin/builder/spi-builder-workspace/.derivedData/Build/Intermediates.noindex/Swifter.build/Debug-watchos/Swifter-t.build/Objects-normal/arm64/Swifter.SwiftFileList -DSWIFT_PACKAGE -DDEBUG -DSWIFT_MODULE_RESOURCE_BUNDLE_UNAVAILABLE -DXcode -plugin-path /Applications/Xcode-27.0.0-Release.Candidate.app/Contents/Developer/Toolchains/XcodeDefault.xctoolchain/usr/lib/swift/host/plugins/testing -enable-experimental-feature DebugDescriptionMacro -sdk /Applications/Xcode-27.0.0-Release.Candidate.app/Contents/Developer/Platforms/WatchOS.platform/Developer/SDKs/WatchOS27.0.sdk -target arm64-apple-watchos9.0 -g -module-cache-path /Users/admin/builder/spi-builder-workspace/.derivedData/ModuleCache.noindex -Xfrontend -serialize-debugging-options -enable-testing -index-store-path /Users/admin/builder/spi-builder-workspace/.derivedData/Index.noindex/DataStore -Xcc -D_LIBCPP_HARDENING_MODE\=_LIBCPP_HARDENING_MODE_DEBUG -swift-version 5 -I /Users/admin/builder/spi-builder-workspace/.derivedData/Build/Products/Debug-watchos -Isystem /Applications/Xcode-27.0.0-Release.Candidate.app/Contents/Developer/Platforms/WatchOS.platform/Developer/usr/lib -F /Users/admin/builder/spi-builder-workspace/.derivedData/Build/Products/Debug-watchos -F /Applications/Xcode-27.0.0-Release.Candidate.app/Contents/Developer/Platforms/WatchOS.platform/Developer/Library/Frameworks -F /Applications/Xcode-27.0.0-Release.Candidate.app/Contents/Developer/Platforms/WatchOS.platform/Developer/SDKs/WatchOS27.0.sdk/Developer/Library/Frameworks -c -j10 -enable-batch-mode -incremental -Xcc -ivfsstatcache -Xcc /Users/admin/builder/spi-builder-workspace/.derivedData/SDKStatCaches.noindex/watchos27.0-24R360-e829b21a6f8c9b70876ba0858053c04477534ef55a1706bf4c1112bbb242f0a2.sdkstatcache -output-file-map /Users/admin/builder/spi-builder-workspace/.derivedData/Build/Intermediates.noindex/Swifter.build/Debug-watchos/Swifter-t.build/Objects-normal/arm64/Swifter-OutputFileMap.json -save-temps -no-color-diagnostics -explicit-module-build -module-cache-path /Users/admin/builder/spi-builder-workspace/.derivedData/Build/Intermediates.noindex/SwiftExplicitPrecompiledModules -clang-scanner-module-cache-path /Users/admin/builder/spi-builder-workspace/.derivedData/ModuleCache.noindex -sdk-module-cache-path /Users/admin/builder/spi-builder-workspace/.derivedData/SDKExplicitPrecompiledModules -emit-dependencies -emit-module -emit-module-path /Users/admin/builder/spi-builder-workspace/.derivedData/Build/Intermediates.noindex/Swifter.build/Debug-watchos/Swifter-t.build/Objects-normal/arm64/Swifter.swiftmodule -serialize-diagnostics -dependency-scan-serialize-diagnostics-path /Users/admin/builder/spi-builder-workspace/.derivedData/Build/Intermediates.noindex/Swifter.build/Debug-watchos/Swifter-t.build/Objects-normal/arm64/Swifter-dependency-scan.dia -validate-clang-modules-once -clang-build-session-file /Users/admin/builder/spi-builder-workspace/.derivedData/ModuleCache.noindex/Session.modulevalidation -Xcc -fmodules-prune-interval\=86400 -Xcc -fmodules-prune-after\=345600 -emit-const-values -const-gather-protocols-list /Users/admin/builder/spi-builder-workspace/.derivedData/Build/Intermediates.noindex/Swifter.build/Debug-watchos/Swifter-t.build/Objects-normal/arm64/Swifter_const_extract_protocols.json -Xcc -I/Users/admin/builder/spi-builder-workspace/.derivedData/Build/Products/Debug-watchos/include -Xcc -I/Users/admin/builder/spi-builder-workspace/.derivedData/Build/Intermediates.noindex/Swifter.build/Debug-watchos/Swifter-t.build/DerivedSources-normal/arm64 -Xcc -I/Users/admin/builder/spi-builder-workspace/.derivedData/Build/Intermediates.noindex/Swifter.build/Debug-watchos/Swifter-t.build/DerivedSources/arm64 -Xcc -I/Users/admin/builder/spi-builder-workspace/.derivedData/Build/Intermediates.noindex/Swifter.build/Debug-watchos/Swifter-t.build/DerivedSources -Xcc -DSWIFT_PACKAGE -Xcc -DDEBUG\=1 -emit-objc-header -emit-objc-header-path /Users/admin/builder/spi-builder-workspace/.derivedData/Build/Intermediates.noindex/Swifter.build/Debug-watchos/Swifter-t.build/Objects-normal/arm64/Swifter-Swift.h -working-directory /Users/admin/builder/spi-builder-workspace/.swiftpm/xcode -experimental-emit-module-separately -disable-cmo
SwiftDriver Swifter normal arm64_32 com.apple.xcode.tools.swift.compiler (in target 'Swifter' from project 'Swifter')
cd /Users/admin/builder/spi-builder-workspace/.swiftpm/xcode
builtin-SwiftDriver -- /Applications/Xcode-27.0.0-Release.Candidate.app/Contents/Developer/Toolchains/XcodeDefault.xctoolchain/usr/bin/swiftc -parse-as-library -module-name Swifter -Onone @/Users/admin/builder/spi-builder-workspace/.derivedData/Build/Intermediates.noindex/Swifter.build/Debug-watchos/Swifter-t.build/Objects-normal/arm64_32/Swifter.SwiftFileList -DSWIFT_PACKAGE -DDEBUG -DSWIFT_MODULE_RESOURCE_BUNDLE_UNAVAILABLE -DXcode -plugin-path /Applications/Xcode-27.0.0-Release.Candidate.app/Contents/Developer/Toolchains/XcodeDefault.xctoolchain/usr/lib/swift/host/plugins/testing -enable-experimental-feature DebugDescriptionMacro -sdk /Applications/Xcode-27.0.0-Release.Candidate.app/Contents/Developer/Platforms/WatchOS.platform/Developer/SDKs/WatchOS27.0.sdk -target arm64_32-apple-watchos9.0 -g -module-cache-path /Users/admin/builder/spi-builder-workspace/.derivedData/ModuleCache.noindex -Xfrontend -serialize-debugging-options -enable-testing -index-store-path /Users/admin/builder/spi-builder-workspace/.derivedData/Index.noindex/DataStore -Xcc -D_LIBCPP_HARDENING_MODE\=_LIBCPP_HARDENING_MODE_DEBUG -swift-version 5 -I /Users/admin/builder/spi-builder-workspace/.derivedData/Build/Products/Debug-watchos -Isystem /Applications/Xcode-27.0.0-Release.Candidate.app/Contents/Developer/Platforms/WatchOS.platform/Developer/usr/lib -F /Users/admin/builder/spi-builder-workspace/.derivedData/Build/Products/Debug-watchos -F /Applications/Xcode-27.0.0-Release.Candidate.app/Contents/Developer/Platforms/WatchOS.platform/Developer/Library/Frameworks -F /Applications/Xcode-27.0.0-Release.Candidate.app/Contents/Developer/Platforms/WatchOS.platform/Developer/SDKs/WatchOS27.0.sdk/Developer/Library/Frameworks -c -j10 -enable-batch-mode -incremental -Xcc -ivfsstatcache -Xcc /Users/admin/builder/spi-builder-workspace/.derivedData/SDKStatCaches.noindex/watchos27.0-24R360-e829b21a6f8c9b70876ba0858053c04477534ef55a1706bf4c1112bbb242f0a2.sdkstatcache -output-file-map /Users/admin/builder/spi-builder-workspace/.derivedData/Build/Intermediates.noindex/Swifter.build/Debug-watchos/Swifter-t.build/Objects-normal/arm64_32/Swifter-OutputFileMap.json -save-temps -no-color-diagnostics -explicit-module-build -module-cache-path /Users/admin/builder/spi-builder-workspace/.derivedData/Build/Intermediates.noindex/SwiftExplicitPrecompiledModules -clang-scanner-module-cache-path /Users/admin/builder/spi-builder-workspace/.derivedData/ModuleCache.noindex -sdk-module-cache-path /Users/admin/builder/spi-builder-workspace/.derivedData/SDKExplicitPrecompiledModules -emit-dependencies -emit-module -emit-module-path /Users/admin/builder/spi-builder-workspace/.derivedData/Build/Intermediates.noindex/Swifter.build/Debug-watchos/Swifter-t.build/Objects-normal/arm64_32/Swifter.swiftmodule -serialize-diagnostics -dependency-scan-serialize-diagnostics-path /Users/admin/builder/spi-builder-workspace/.derivedData/Build/Intermediates.noindex/Swifter.build/Debug-watchos/Swifter-t.build/Objects-normal/arm64_32/Swifter-dependency-scan.dia -validate-clang-modules-once -clang-build-session-file /Users/admin/builder/spi-builder-workspace/.derivedData/ModuleCache.noindex/Session.modulevalidation -Xcc -fmodules-prune-interval\=86400 -Xcc -fmodules-prune-after\=345600 -emit-const-values -const-gather-protocols-list /Users/admin/builder/spi-builder-workspace/.derivedData/Build/Intermediates.noindex/Swifter.build/Debug-watchos/Swifter-t.build/Objects-normal/arm64_32/Swifter_const_extract_protocols.json -Xcc -I/Users/admin/builder/spi-builder-workspace/.derivedData/Build/Products/Debug-watchos/include -Xcc -I/Users/admin/builder/spi-builder-workspace/.derivedData/Build/Intermediates.noindex/Swifter.build/Debug-watchos/Swifter-t.build/DerivedSources-normal/arm64_32 -Xcc -I/Users/admin/builder/spi-builder-workspace/.derivedData/Build/Intermediates.noindex/Swifter.build/Debug-watchos/Swifter-t.build/DerivedSources/arm64_32 -Xcc -I/Users/admin/builder/spi-builder-workspace/.derivedData/Build/Intermediates.noindex/Swifter.build/Debug-watchos/Swifter-t.build/DerivedSources -Xcc -DSWIFT_PACKAGE -Xcc -DDEBUG\=1 -emit-objc-header -emit-objc-header-path /Users/admin/builder/spi-builder-workspace/.derivedData/Build/Intermediates.noindex/Swifter.build/Debug-watchos/Swifter-t.build/Objects-normal/arm64_32/Swifter-Swift.h -working-directory /Users/admin/builder/spi-builder-workspace/.swiftpm/xcode -experimental-emit-module-separately -disable-cmo
SwiftCompile normal arm64_32 Compiling\ SwifterAccountsClient.swift,\ SwifterAppOnlyClient.swift /Users/admin/builder/spi-builder-workspace/Sources/SwifterAccountsClient.swift /Users/admin/builder/spi-builder-workspace/Sources/SwifterAppOnlyClient.swift (in target 'Swifter' from project 'Swifter')
SwiftCompile normal arm64_32 /Users/admin/builder/spi-builder-workspace/Sources/SwifterAccountsClient.swift (in target 'Swifter' from project 'Swifter')
cd /Users/admin/builder/spi-builder-workspace/.swiftpm/xcode
builtin-SwiftPerFileCompile SwifterAccountsClient.swift
SwiftCompile normal arm64_32 /Users/admin/builder/spi-builder-workspace/Sources/SwifterAppOnlyClient.swift (in target 'Swifter' from project 'Swifter')
cd /Users/admin/builder/spi-builder-workspace/.swiftpm/xcode
builtin-SwiftPerFileCompile SwifterAppOnlyClient.swift
SwiftCompile normal arm64_32 Compiling\ SwifterCredential.swift,\ SwifterError.swift /Users/admin/builder/spi-builder-workspace/Sources/SwifterCredential.swift /Users/admin/builder/spi-builder-workspace/Sources/SwifterError.swift (in target 'Swifter' from project 'Swifter')
SwiftCompile normal arm64_32 /Users/admin/builder/spi-builder-workspace/Sources/SwifterCredential.swift (in target 'Swifter' from project 'Swifter')
cd /Users/admin/builder/spi-builder-workspace/.swiftpm/xcode
builtin-SwiftPerFileCompile SwifterCredential.swift
SwiftCompile normal arm64_32 /Users/admin/builder/spi-builder-workspace/Sources/SwifterError.swift (in target 'Swifter' from project 'Swifter')
cd /Users/admin/builder/spi-builder-workspace/.swiftpm/xcode
builtin-SwiftPerFileCompile SwifterError.swift
SwiftCompile normal arm64_32 Compiling\ SwifterHTTPRequest.swift,\ SwifterHelp.swift /Users/admin/builder/spi-builder-workspace/Sources/SwifterHTTPRequest.swift /Users/admin/builder/spi-builder-workspace/Sources/SwifterHelp.swift (in target 'Swifter' from project 'Swifter')
SwiftCompile normal arm64_32 /Users/admin/builder/spi-builder-workspace/Sources/SwifterHTTPRequest.swift (in target 'Swifter' from project 'Swifter')
cd /Users/admin/builder/spi-builder-workspace/.swiftpm/xcode
builtin-SwiftPerFileCompile SwifterHTTPRequest.swift
SwiftCompile normal arm64_32 /Users/admin/builder/spi-builder-workspace/Sources/SwifterHelp.swift (in target 'Swifter' from project 'Swifter')
cd /Users/admin/builder/spi-builder-workspace/.swiftpm/xcode
builtin-SwiftPerFileCompile SwifterHelp.swift
SwiftCompile normal arm64_32 Compiling\ String++.swift,\ Swifter.swift /Users/admin/builder/spi-builder-workspace/Sources/String++.swift /Users/admin/builder/spi-builder-workspace/Sources/Swifter.swift (in target 'Swifter' from project 'Swifter')
/Users/admin/builder/spi-builder-workspace/Sources/String++.swift:65:35: error: extraneous argument label 'string:' in call
63 | while !scanner.isAtEnd {
64 | key = scanner.scanUpToString("=")
65 | _ = scanner.scanString(string: "=")
| `- error: extraneous argument label 'string:' in call
66 |
67 | value = scanner.scanUpToString("&")
/Users/admin/builder/spi-builder-workspace/Sources/String++.swift:68:35: error: extraneous argument label 'string:' in call
66 |
67 | value = scanner.scanUpToString("&")
68 | _ = scanner.scanString(string: "&")
| `- error: extraneous argument label 'string:' in call
69 |
70 | if let key = key, let value = value {
Failed frontend command:
/Applications/Xcode-27.0.0-Release.Candidate.app/Contents/Developer/Toolchains/XcodeDefault.xctoolchain/usr/bin/swift-frontend -frontend -c /Users/admin/builder/spi-builder-workspace/Sources/Data++.swift /Users/admin/builder/spi-builder-workspace/Sources/Dictionary++.swift /Users/admin/builder/spi-builder-workspace/Sources/HMAC.swift /Users/admin/builder/spi-builder-workspace/Sources/Int++.swift /Users/admin/builder/spi-builder-workspace/Sources/JSON.swift /Users/admin/builder/spi-builder-workspace/Sources/Operator++.swift /Users/admin/builder/spi-builder-workspace/Sources/SHA1.swift /Users/admin/builder/spi-builder-workspace/Sources/Scanner++.swift -primary-file /Users/admin/builder/spi-builder-workspace/Sources/String++.swift -primary-file /Users/admin/builder/spi-builder-workspace/Sources/Swifter.swift /Users/admin/builder/spi-builder-workspace/Sources/SwifterAccountsClient.swift /Users/admin/builder/spi-builder-workspace/Sources/SwifterAppOnlyClient.swift /Users/admin/builder/spi-builder-workspace/Sources/SwifterAuth.swift /Users/admin/builder/spi-builder-workspace/Sources/SwifterClientProtocol.swift /Users/admin/builder/spi-builder-workspace/Sources/SwifterCredential.swift /Users/admin/builder/spi-builder-workspace/Sources/SwifterError.swift /Users/admin/builder/spi-builder-workspace/Sources/SwifterFavorites.swift /Users/admin/builder/spi-builder-workspace/Sources/SwifterFollowers.swift /Users/admin/builder/spi-builder-workspace/Sources/SwifterHTTPRequest.swift /Users/admin/builder/spi-builder-workspace/Sources/SwifterHelp.swift /Users/admin/builder/spi-builder-workspace/Sources/SwifterLists.swift /Users/admin/builder/spi-builder-workspace/Sources/SwifterMedia.swift /Users/admin/builder/spi-builder-workspace/Sources/SwifterMessages.swift /Users/admin/builder/spi-builder-workspace/Sources/SwifterOAuthClient.swift /Users/admin/builder/spi-builder-workspace/Sources/SwifterPlaces.swift /Users/admin/builder/spi-builder-workspace/Sources/SwifterSavedSearches.swift /Users/admin/builder/spi-builder-workspace/Sources/SwifterSearch.swift /Users/admin/builder/spi-builder-workspace/Sources/SwifterSpam.swift /Users/admin/builder/spi-builder-workspace/Sources/SwifterSuggested.swift /Users/admin/builder/spi-builder-workspace/Sources/SwifterTag.swift /Users/admin/builder/spi-builder-workspace/Sources/SwifterTimelines.swift /Users/admin/builder/spi-builder-workspace/Sources/SwifterTrends.swift /Users/admin/builder/spi-builder-workspace/Sources/SwifterTweets.swift /Users/admin/builder/spi-builder-workspace/Sources/SwifterUsers.swift /Users/admin/builder/spi-builder-workspace/Sources/URL++.swift /Users/admin/builder/spi-builder-workspace/Sources/Utils.swift -emit-dependencies-path /Users/admin/builder/spi-builder-workspace/.derivedData/Build/Intermediates.noindex/Swifter.build/Debug-watchos/Swifter-t.build/Objects-normal/arm64_32/String++.d -emit-const-values-path /Users/admin/builder/spi-builder-workspace/.derivedData/Build/Intermediates.noindex/Swifter.build/Debug-watchos/Swifter-t.build/Objects-normal/arm64_32/String++.swiftconstvalues -emit-reference-dependencies-path /Users/admin/builder/spi-builder-workspace/.derivedData/Build/Intermediates.noindex/Swifter.build/Debug-watchos/Swifter-t.build/Objects-normal/arm64_32/String++.swiftdeps -serialize-diagnostics-path /Users/admin/builder/spi-builder-workspace/.derivedData/Build/Intermediates.noindex/Swifter.build/Debug-watchos/Swifter-t.build/Objects-normal/arm64_32/String++.dia -emit-dependencies-path /Users/admin/builder/spi-builder-workspace/.derivedData/Build/Intermediates.noindex/Swifter.build/Debug-watchos/Swifter-t.build/Objects-normal/arm64_32/Swifter.d -emit-const-values-path /Users/admin/builder/spi-builder-workspace/.derivedData/Build/Intermediates.noindex/Swifter.build/Debug-watchos/Swifter-t.build/Objects-normal/arm64_32/Swifter.swiftconstvalues -emit-reference-dependencies-path /Users/admin/builder/spi-builder-workspace/.derivedData/Build/Intermediates.noindex/Swifter.build/Debug-watchos/Swifter-t.build/Objects-normal/arm64_32/Swifter.swiftdeps -serialize-diagnostics-path /Users/admin/builder/spi-builder-workspace/.derivedData/Build/Intermediates.noindex/Swifter.build/Debug-watchos/Swifter-t.build/Objects-normal/arm64_32/Swifter.dia -target arm64_32-apple-watchos9.0 -disable-cross-import-overlay-search -swift-module-cross-import AuthenticationServices /Applications/Xcode-27.0.0-Release.Candidate.app/Contents/Developer/Platforms/WatchOS.platform/Developer/SDKs/WatchOS.sdk/System/Library/Frameworks/AuthenticationServices.framework/Modules/AuthenticationServices.swiftcrossimport/SwiftUI.swiftoverlay -swift-module-cross-import AuthenticationServices /Applications/Xcode-27.0.0-Release.Candidate.app/Contents/Developer/Platforms/WatchOS.platform/Developer/SDKs/WatchOS27.0.sdk/System/Library/Frameworks/AuthenticationServices.framework/Modules/AuthenticationServices.swiftcrossimport/SwiftUI.swiftoverlay -load-resolved-plugin /Applications/Xcode-27.0.0-Release.Candidate.app/Contents/Developer/Platforms/WatchOS.platform/Developer/usr/lib/swift/host/plugins/libFoundationMacros.dylib\#/Applications/Xcode-27.0.0-Release.Candidate.app/Contents/Developer/Platforms/WatchOS.platform/Developer/usr/bin/swift-plugin-server\#FoundationMacros -load-resolved-plugin /Applications/Xcode-27.0.0-Release.Candidate.app/Contents/Developer/Platforms/WatchOS.platform/Developer/usr/lib/swift/host/plugins/libObservationMacros.dylib\#/Applications/Xcode-27.0.0-Release.Candidate.app/Contents/Developer/Platforms/WatchOS.platform/Developer/usr/bin/swift-plugin-server\#ObservationMacros -load-resolved-plugin /Applications/Xcode-27.0.0-Release.Candidate.app/Contents/Developer/Platforms/WatchOS.platform/Developer/usr/lib/swift/host/plugins/libSwiftMacros.dylib\#/Applications/Xcode-27.0.0-Release.Candidate.app/Contents/Developer/Platforms/WatchOS.platform/Developer/usr/bin/swift-plugin-server\#SwiftMacros -load-resolved-plugin /Applications/Xcode-27.0.0-Release.Candidate.app/Contents/Developer/Platforms/WatchOS.platform/Developer/usr/lib/swift/host/plugins/libSwiftUIMacros.dylib\#/Applications/Xcode-27.0.0-Release.Candidate.app/Contents/Developer/Platforms/WatchOS.platform/Developer/usr/bin/swift-plugin-server\#SwiftUIMacros -disable-implicit-swift-modules -Xcc -fno-implicit-modules -Xcc -fno-implicit-module-maps -explicit-swift-module-map-file /Users/admin/builder/spi-builder-workspace/.derivedData/Build/Intermediates.noindex/Swifter.build/Debug-watchos/Swifter-t.build/Objects-normal/arm64_32/Swifter-dependencies-1.json -enable-objc-interop -sdk /Applications/Xcode-27.0.0-Release.Candidate.app/Contents/Developer/Platforms/WatchOS.platform/Developer/SDKs/WatchOS27.0.sdk -I /Users/admin/builder/spi-builder-workspace/.derivedData/Build/Products/Debug-watchos -Isystem /Applications/Xcode-27.0.0-Release.Candidate.app/Contents/Developer/Platforms/WatchOS.platform/Developer/usr/lib -F /Users/admin/builder/spi-builder-workspace/.derivedData/Build/Products/Debug-watchos -F /Applications/Xcode-27.0.0-Release.Candidate.app/Contents/Developer/Platforms/WatchOS.platform/Developer/Library/Frameworks -F /Applications/Xcode-27.0.0-Release.Candidate.app/Contents/Developer/Platforms/WatchOS.platform/Developer/SDKs/WatchOS27.0.sdk/Developer/Library/Frameworks -module-cache-path /Users/admin/builder/spi-builder-workspace/.derivedData/Build/Intermediates.noindex/SwiftExplicitPrecompiledModules -no-color-diagnostics -Xcc -fno-color-diagnostics -enable-testing -g -debug-info-format\=dwarf -dwarf-version\=4 -swift-version 5 -Onone -D SWIFT_PACKAGE -D DEBUG -D SWIFT_MODULE_RESOURCE_BUNDLE_UNAVAILABLE -D Xcode -serialize-debugging-options -enable-experimental-feature DebugDescriptionMacro -empty-abi-descriptor -validate-clang-modules-once -clang-build-session-file /Users/admin/builder/spi-builder-workspace/.derivedData/ModuleCache.noindex/Session.modulevalidation -Xcc -working-directory -Xcc /Users/admin/builder/spi-builder-workspace/.swiftpm/xcode -enable-anonymous-context-mangled-names -file-compilation-dir /Users/admin/builder/spi-builder-workspace/.swiftpm/xcode -Xcc -D_LIBCPP_HARDENING_MODE\=_LIBCPP_HARDENING_MODE_DEBUG -Xcc -ivfsstatcache -Xcc /Users/admin/builder/spi-builder-workspace/.derivedData/SDKStatCaches.noindex/watchos27.0-24R360-e829b21a6f8c9b70876ba0858053c04477534ef55a1706bf4c1112bbb242f0a2.sdkstatcache -Xcc -fmodules-prune-interval\=86400 -Xcc -fmodules-prune-after\=345600 -Xcc -I/Users/admin/builder/spi-builder-workspace/.derivedData/Build/Products/Debug-watchos/include -Xcc -I/Users/admin/builder/spi-builder-workspace/.derivedData/Build/Intermediates.noindex/Swifter.build/Debug-watchos/Swifter-t.build/DerivedSources-normal/arm64_32 -Xcc -I/Users/admin/builder/spi-builder-workspace/.derivedData/Build/Intermediates.noindex/Swifter.build/Debug-watchos/Swifter-t.build/DerivedSources/arm64_32 -Xcc -I/Users/admin/builder/spi-builder-workspace/.derivedData/Build/Intermediates.noindex/Swifter.build/Debug-watchos/Swifter-t.build/DerivedSources -Xcc -DSWIFT_PACKAGE -Xcc -DDEBUG\=1 -no-auto-bridging-header-chaining -module-name Swifter -const-gather-protocols-file /Users/admin/builder/spi-builder-workspace/.derivedData/Build/Intermediates.noindex/Swifter.build/Debug-watchos/Swifter-t.build/Objects-normal/arm64_32/Swifter_const_extract_protocols.json -disable-clang-spi -clang-target arm64_32-apple-watchos27.0 -target-sdk-version 27.0 -target-sdk-name watchos27.0 -in-process-plugin-server-path /Applications/Xcode-27.0.0-Release.Candidate.app/Contents/Developer/Toolchains/XcodeDefault.xctoolchain/usr/lib/swift/host/libSwiftInProcPluginServer.dylib -parse-as-library -o /Users/admin/builder/spi-builder-workspace/.derivedData/Build/Intermediates.noindex/Swifter.build/Debug-watchos/Swifter-t.build/Objects-normal/arm64_32/String++.o -o /Users/admin/builder/spi-builder-workspace/.derivedData/Build/Intermediates.noindex/Swifter.build/Debug-watchos/Swifter-t.build/Objects-normal/arm64_32/Swifter.o -debug-module-path /Users/admin/builder/spi-builder-workspace/.derivedData/Build/Intermediates.noindex/Swifter.build/Debug-watchos/Swifter-t.build/Objects-normal/arm64_32/Swifter.swiftmodule -index-unit-output-path /Swifter.build/Debug-watchos/Swifter-t.build/Objects-normal/arm64_32/String++.o -index-unit-output-path /Swifter.build/Debug-watchos/Swifter-t.build/Objects-normal/arm64_32/Swifter.o -index-store-path /Users/admin/builder/spi-builder-workspace/.derivedData/Index.noindex/DataStore -index-system-modules
SwiftCompile normal arm64_32 /Users/admin/builder/spi-builder-workspace/Sources/String++.swift (in target 'Swifter' from project 'Swifter')
cd /Users/admin/builder/spi-builder-workspace/.swiftpm/xcode
builtin-SwiftPerFileCompile String++.swift
SwiftCompile normal arm64_32 /Users/admin/builder/spi-builder-workspace/Sources/Swifter.swift (in target 'Swifter' from project 'Swifter')
cd /Users/admin/builder/spi-builder-workspace/.swiftpm/xcode
builtin-SwiftPerFileCompile Swifter.swift
SwiftEmitModule normal arm64_32 Emitting\ module\ for\ Swifter (in target 'Swifter' from project 'Swifter')
SwiftCompile normal arm64_32 (in target 'Swifter' from project 'Swifter')
cd /Users/admin/builder/spi-builder-workspace/.swiftpm/xcode
SwiftCompile normal arm64_32 Compiling\ SwifterUsers.swift,\ URL++.swift /Users/admin/builder/spi-builder-workspace/Sources/SwifterUsers.swift /Users/admin/builder/spi-builder-workspace/Sources/URL++.swift (in target 'Swifter' from project 'Swifter')
SwiftCompile normal arm64_32 /Users/admin/builder/spi-builder-workspace/Sources/SwifterUsers.swift (in target 'Swifter' from project 'Swifter')
cd /Users/admin/builder/spi-builder-workspace/.swiftpm/xcode
builtin-SwiftPerFileCompile SwifterUsers.swift
SwiftCompile normal arm64_32 /Users/admin/builder/spi-builder-workspace/Sources/URL++.swift (in target 'Swifter' from project 'Swifter')
cd /Users/admin/builder/spi-builder-workspace/.swiftpm/xcode
builtin-SwiftPerFileCompile URL++.swift
SwiftCompile normal arm64_32 Compiling\ Utils.swift /Users/admin/builder/spi-builder-workspace/Sources/Utils.swift (in target 'Swifter' from project 'Swifter')
SwiftCompile normal arm64_32 /Users/admin/builder/spi-builder-workspace/Sources/Utils.swift (in target 'Swifter' from project 'Swifter')
cd /Users/admin/builder/spi-builder-workspace/.swiftpm/xcode
builtin-SwiftPerFileCompile Utils.swift
SwiftCompile normal arm64_32 Compiling\ SwifterFavorites.swift,\ SwifterFollowers.swift /Users/admin/builder/spi-builder-workspace/Sources/SwifterFavorites.swift /Users/admin/builder/spi-builder-workspace/Sources/SwifterFollowers.swift (in target 'Swifter' from project 'Swifter')
SwiftCompile normal arm64_32 /Users/admin/builder/spi-builder-workspace/Sources/SwifterFavorites.swift (in target 'Swifter' from project 'Swifter')
cd /Users/admin/builder/spi-builder-workspace/.swiftpm/xcode
builtin-SwiftPerFileCompile SwifterFavorites.swift
SwiftCompile normal arm64_32 /Users/admin/builder/spi-builder-workspace/Sources/SwifterFollowers.swift (in target 'Swifter' from project 'Swifter')
cd /Users/admin/builder/spi-builder-workspace/.swiftpm/xcode
builtin-SwiftPerFileCompile SwifterFollowers.swift
SwiftCompile normal arm64_32 Compiling\ SwifterMessages.swift,\ SwifterOAuthClient.swift /Users/admin/builder/spi-builder-workspace/Sources/SwifterMessages.swift /Users/admin/builder/spi-builder-workspace/Sources/SwifterOAuthClient.swift (in target 'Swifter' from project 'Swifter')
SwiftCompile normal arm64_32 /Users/admin/builder/spi-builder-workspace/Sources/SwifterMessages.swift (in target 'Swifter' from project 'Swifter')
cd /Users/admin/builder/spi-builder-workspace/.swiftpm/xcode
builtin-SwiftPerFileCompile SwifterMessages.swift
SwiftCompile normal arm64_32 /Users/admin/builder/spi-builder-workspace/Sources/SwifterOAuthClient.swift (in target 'Swifter' from project 'Swifter')
cd /Users/admin/builder/spi-builder-workspace/.swiftpm/xcode
builtin-SwiftPerFileCompile SwifterOAuthClient.swift
SwiftCompile normal arm64_32 Compiling\ SwifterAuth.swift,\ SwifterClientProtocol.swift /Users/admin/builder/spi-builder-workspace/Sources/SwifterAuth.swift /Users/admin/builder/spi-builder-workspace/Sources/SwifterClientProtocol.swift (in target 'Swifter' from project 'Swifter')
SwiftCompile normal arm64_32 /Users/admin/builder/spi-builder-workspace/Sources/SwifterAuth.swift (in target 'Swifter' from project 'Swifter')
cd /Users/admin/builder/spi-builder-workspace/.swiftpm/xcode
builtin-SwiftPerFileCompile SwifterAuth.swift
SwiftCompile normal arm64_32 /Users/admin/builder/spi-builder-workspace/Sources/SwifterClientProtocol.swift (in target 'Swifter' from project 'Swifter')
cd /Users/admin/builder/spi-builder-workspace/.swiftpm/xcode
builtin-SwiftPerFileCompile SwifterClientProtocol.swift
SwiftEmitModule normal arm64 Emitting\ module\ for\ Swifter (in target 'Swifter' from project 'Swifter')
SwiftCompile normal arm64 (in target 'Swifter' from project 'Swifter')
cd /Users/admin/builder/spi-builder-workspace/.swiftpm/xcode
SwiftDriverJobDiscovery normal arm64_32 Compiling SwifterCredential.swift, SwifterError.swift (in target 'Swifter' from project 'Swifter')
SwiftCompile normal arm64 Compiling\ Swifter.swift /Users/admin/builder/spi-builder-workspace/Sources/Swifter.swift (in target 'Swifter' from project 'Swifter')
SwiftCompile normal arm64 /Users/admin/builder/spi-builder-workspace/Sources/Swifter.swift (in target 'Swifter' from project 'Swifter')
cd /Users/admin/builder/spi-builder-workspace/.swiftpm/xcode
builtin-SwiftPerFileCompile Swifter.swift
SwiftDriverJobDiscovery normal arm64_32 Compiling SwifterFavorites.swift, SwifterFollowers.swift (in target 'Swifter' from project 'Swifter')
SwiftCompile normal arm64 Compiling\ SwifterAuth.swift /Users/admin/builder/spi-builder-workspace/Sources/SwifterAuth.swift (in target 'Swifter' from project 'Swifter')
SwiftCompile normal arm64 /Users/admin/builder/spi-builder-workspace/Sources/SwifterAuth.swift (in target 'Swifter' from project 'Swifter')
cd /Users/admin/builder/spi-builder-workspace/.swiftpm/xcode
builtin-SwiftPerFileCompile SwifterAuth.swift
SwiftDriverJobDiscovery normal arm64_32 Compiling SwifterAccountsClient.swift, SwifterAppOnlyClient.swift (in target 'Swifter' from project 'Swifter')
SwiftCompile normal arm64_32 Compiling\ SwifterPlaces.swift /Users/admin/builder/spi-builder-workspace/Sources/SwifterPlaces.swift (in target 'Swifter' from project 'Swifter')
SwiftCompile normal arm64_32 /Users/admin/builder/spi-builder-workspace/Sources/SwifterPlaces.swift (in target 'Swifter' from project 'Swifter')
cd /Users/admin/builder/spi-builder-workspace/.swiftpm/xcode
builtin-SwiftPerFileCompile SwifterPlaces.swift
SwiftDriverJobDiscovery normal arm64_32 Compiling Utils.swift (in target 'Swifter' from project 'Swifter')
SwiftCompile normal arm64 Compiling\ SwifterAppOnlyClient.swift /Users/admin/builder/spi-builder-workspace/Sources/SwifterAppOnlyClient.swift (in target 'Swifter' from project 'Swifter')
SwiftCompile normal arm64 /Users/admin/builder/spi-builder-workspace/Sources/SwifterAppOnlyClient.swift (in target 'Swifter' from project 'Swifter')
cd /Users/admin/builder/spi-builder-workspace/.swiftpm/xcode
builtin-SwiftPerFileCompile SwifterAppOnlyClient.swift
PruneExplicitPrecompiledModules /Users/admin/builder/spi-builder-workspace/.derivedData/Build/Intermediates.noindex/ExplicitPrecompiledModules
PruneExplicitPrecompiledModules /Users/admin/builder/spi-builder-workspace/.derivedData/Build/Intermediates.noindex/SwiftExplicitPrecompiledModules
PruneExplicitPrecompiledModules /Users/admin/builder/spi-builder-workspace/.derivedData/SDKExplicitPrecompiledModules
2026-09-17 07:22:22.201 xcodebuild[812:5030] [MT] IDERunDestination: Supported platforms for the buildables in the current scheme is empty.
** BUILD FAILED **
The following build commands failed:
SwiftCompile normal arm64_32 Compiling\ String++.swift,\ Swifter.swift /Users/admin/builder/spi-builder-workspace/Sources/String++.swift /Users/admin/builder/spi-builder-workspace/Sources/Swifter.swift (in target 'Swifter' from project 'Swifter')
SwiftCompile normal arm64_32 /Users/admin/builder/spi-builder-workspace/Sources/String++.swift (in target 'Swifter' from project 'Swifter')
Building workspace Swifter with scheme Swifter
(3 failures)
BUILD FAILURE 6.4 watchOS