Build Information
Failed to build SearchKit, reference 0.2.0 (131341), with Swift 6.2 for Linux on 18 Jul 2026 18:59:18 UTC.
Build Command
bash -c docker run --pull=always --rm -v "checkouts-54344849-1":/host -w "$PWD" -e JAVA_HOME="/root/.sdkman/candidates/java/current" -e SPI_BUILD="1" -e SPI_PROCESSING="1" registry.gitlab.com/saguaro1/spi-images:basic-6.2-latest swift build --triple x86_64-unknown-linux-gnu 2>&1Build Log
========================================
RunAll
========================================
Builder version: 333316120c8b89ed7d21f1b34865290794301d91
Interrupt handler set up.
========================================
Checkout
========================================
Clone URL: https://github.com/carlosypunto/SearchKit.git
Reference: 0.2.0
Initialized empty Git repository in /host/spi-builder-workspace/.git/
hint: Using 'master' as the name for the initial branch. This default branch name
hint: is subject to change. To configure the initial branch name to use in all
hint: of your new repositories, which will suppress this warning, call:
hint:
hint: git config --global init.defaultBranch <name>
hint:
hint: Names commonly chosen instead of 'master' are 'main', 'trunk' and
hint: 'development'. The just-created branch can be renamed via this command:
hint:
hint: git branch -m <name>
From https://github.com/carlosypunto/SearchKit
* tag 0.2.0 -> FETCH_HEAD
HEAD is now at 131341f Prepare 0.2.0 release
Cloned https://github.com/carlosypunto/SearchKit.git
Revision (git rev-parse @):
131341f810ddc7e6fe208f6c133bfff6bcf5c3ad
SPI manifest file found: $PWD/.spi.yml
SUCCESS checkout https://github.com/carlosypunto/SearchKit.git at 0.2.0
========================================
Build
========================================
Selected platform: linux
Swift version: 6.2
Building package at path: $PWD
https://github.com/carlosypunto/SearchKit.git
Running build ...
bash -c docker run --pull=always --rm -v "checkouts-54344849-1":/host -w "$PWD" -e JAVA_HOME="/root/.sdkman/candidates/java/current" -e SPI_BUILD="1" -e SPI_PROCESSING="1" registry.gitlab.com/saguaro1/spi-images:basic-6.2-latest swift build --triple x86_64-unknown-linux-gnu 2>&1
basic-6.2-latest: Pulling from saguaro1/spi-images
Digest: sha256:146297aca0eb7f3e338453cbf4c0aa72424647d7d0d3f35fda2f7ef7698dd3aa
Status: Image is up to date for registry.gitlab.com/saguaro1/spi-images:basic-6.2-latest
Fetching https://github.com/carlosypunto/SQLiteVecKit
[1/109] Fetching sqliteveckit
Fetched https://github.com/carlosypunto/SQLiteVecKit from cache (0.37s)
Computing version for https://github.com/carlosypunto/SQLiteVecKit
Computed https://github.com/carlosypunto/SQLiteVecKit at 0.1.1 (0.51s)
Creating working copy for https://github.com/carlosypunto/SQLiteVecKit
Working copy of https://github.com/carlosypunto/SQLiteVecKit resolved at 0.1.1
Building for debugging...
[0/5] Write sources
[2/5] Compiling CSQLiteVec SQLiteVecBootstrap.c
[3/5] Write swift-version-24593BA9C3E375BF.txt
[4/5] Compiling CSQLiteVec SQLiteVecShim.c
[6/19] Compiling SQLiteVecStore SearchResult.swift
[7/20] Compiling SQLiteVecStore VectorEntry.swift
[8/20] Emitting module SQLiteVecStore
[9/20] Compiling SQLiteVecStore VectorStore+Insert.swift
[10/20] Compiling SQLiteVecStore VectorStore+Mutations.swift
[11/20] Compiling SQLiteVecStore SQLValue.swift
[12/20] Compiling SQLiteVecStore SQLiteError.swift
[13/20] Compiling SQLiteVecStore DBHandle.swift
[14/20] Compiling SQLiteVecStore VectorStore+Helpers.swift
[15/20] Compiling SQLiteVecStore VectorStore.swift
[16/20] Compiling SQLiteVecStore DistanceMetric.swift
[17/20] Compiling SQLiteVecStore VectorStore+RawSQL.swift
[18/20] Compiling SQLiteVecStore VectorStore+Search.swift
[19/20] Compiling SQLiteVecStore HybridSearchResult.swift
[20/20] Compiling SQLiteVecStore MetadataJSON.swift
[22/41] Compiling SearchKit BundleCatalogRepository.swift
/host/spi-builder-workspace/Sources/SearchKit/Chunking/ChunkingService.swift:2:17: error: no such module 'NaturalLanguage'
1 | import Foundation
2 | internal import NaturalLanguage
| `- error: no such module 'NaturalLanguage'
3 |
4 | /// Sliding-window parameters for ``ChunkingService``. Part of the persisted
[23/41] Compiling SearchKit CatalogRepository.swift
/host/spi-builder-workspace/Sources/SearchKit/Chunking/ChunkingService.swift:2:17: error: no such module 'NaturalLanguage'
1 | import Foundation
2 | internal import NaturalLanguage
| `- error: no such module 'NaturalLanguage'
3 |
4 | /// Sliding-window parameters for ``ChunkingService``. Part of the persisted
[24/41] Compiling SearchKit FrontMatterParser.swift
/host/spi-builder-workspace/Sources/SearchKit/Chunking/ChunkingService.swift:2:17: error: no such module 'NaturalLanguage'
1 | import Foundation
2 | internal import NaturalLanguage
| `- error: no such module 'NaturalLanguage'
3 |
4 | /// Sliding-window parameters for ``ChunkingService``. Part of the persisted
[25/41] Compiling SearchKit EmbeddingPipeline.swift
/host/spi-builder-workspace/Sources/SearchKit/Chunking/ChunkingService.swift:2:17: error: no such module 'NaturalLanguage'
1 | import Foundation
2 | internal import NaturalLanguage
| `- error: no such module 'NaturalLanguage'
3 |
4 | /// Sliding-window parameters for ``ChunkingService``. Part of the persisted
[26/41] Compiling SearchKit TextEmbeddingProvider.swift
/host/spi-builder-workspace/Sources/SearchKit/Chunking/ChunkingService.swift:2:17: error: no such module 'NaturalLanguage'
1 | import Foundation
2 | internal import NaturalLanguage
| `- error: no such module 'NaturalLanguage'
3 |
4 | /// Sliding-window parameters for ``ChunkingService``. Part of the persisted
[27/41] Compiling SearchKit VectorTransform.swift
/host/spi-builder-workspace/Sources/SearchKit/Chunking/ChunkingService.swift:2:17: error: no such module 'NaturalLanguage'
1 | import Foundation
2 | internal import NaturalLanguage
| `- error: no such module 'NaturalLanguage'
3 |
4 | /// Sliding-window parameters for ``ChunkingService``. Part of the persisted
[28/43] Compiling SearchKit SearchCandidate.swift
/host/spi-builder-workspace/Sources/SearchKit/Chunking/ChunkingService.swift:2:17: error: no such module 'NaturalLanguage'
1 | import Foundation
2 | internal import NaturalLanguage
| `- error: no such module 'NaturalLanguage'
3 |
4 | /// Sliding-window parameters for ``ChunkingService``. Part of the persisted
[29/43] Compiling SearchKit SearchChunk.swift
/host/spi-builder-workspace/Sources/SearchKit/Chunking/ChunkingService.swift:2:17: error: no such module 'NaturalLanguage'
1 | import Foundation
2 | internal import NaturalLanguage
| `- error: no such module 'NaturalLanguage'
3 |
4 | /// Sliding-window parameters for ``ChunkingService``. Part of the persisted
[30/43] Compiling SearchKit SearchDocument.swift
/host/spi-builder-workspace/Sources/SearchKit/Chunking/ChunkingService.swift:2:17: error: no such module 'NaturalLanguage'
1 | import Foundation
2 | internal import NaturalLanguage
| `- error: no such module 'NaturalLanguage'
3 |
4 | /// Sliding-window parameters for ``ChunkingService``. Part of the persisted
[31/43] Compiling SearchKit ChunkingService.swift
/host/spi-builder-workspace/Sources/SearchKit/Chunking/ChunkingService.swift:2:17: error: no such module 'NaturalLanguage'
1 | import Foundation
2 | internal import NaturalLanguage
| `- error: no such module 'NaturalLanguage'
3 |
4 | /// Sliding-window parameters for ``ChunkingService``. Part of the persisted
[32/43] Compiling SearchKit EmbeddingSpaceManifest.swift
/host/spi-builder-workspace/Sources/SearchKit/Chunking/ChunkingService.swift:2:17: error: no such module 'NaturalLanguage'
1 | import Foundation
2 | internal import NaturalLanguage
| `- error: no such module 'NaturalLanguage'
3 |
4 | /// Sliding-window parameters for ``ChunkingService``. Part of the persisted
[33/43] Compiling SearchKit IndexDistanceMetric.swift
/host/spi-builder-workspace/Sources/SearchKit/Chunking/ChunkingService.swift:2:17: error: no such module 'NaturalLanguage'
1 | import Foundation
2 | internal import NaturalLanguage
| `- error: no such module 'NaturalLanguage'
3 |
4 | /// Sliding-window parameters for ``ChunkingService``. Part of the persisted
error: emit-module command failed with exit code 1 (use -v to see invocation)
[34/43] Emitting module SearchKit
/host/spi-builder-workspace/Sources/SearchKit/Chunking/ChunkingService.swift:2:17: error: no such module 'NaturalLanguage'
1 | import Foundation
2 | internal import NaturalLanguage
| `- error: no such module 'NaturalLanguage'
3 |
4 | /// Sliding-window parameters for ``ChunkingService``. Part of the persisted
[35/43] Compiling SearchKit SearchIndexStore.swift
/host/spi-builder-workspace/Sources/SearchKit/Chunking/ChunkingService.swift:2:17: error: no such module 'NaturalLanguage'
1 | import Foundation
2 | internal import NaturalLanguage
| `- error: no such module 'NaturalLanguage'
3 |
4 | /// Sliding-window parameters for ``ChunkingService``. Part of the persisted
[36/43] Compiling SearchKit DeterministicRecallPolicy.swift
/host/spi-builder-workspace/Sources/SearchKit/Chunking/ChunkingService.swift:2:17: error: no such module 'NaturalLanguage'
1 | import Foundation
2 | internal import NaturalLanguage
| `- error: no such module 'NaturalLanguage'
3 |
4 | /// Sliding-window parameters for ``ChunkingService``. Part of the persisted
[37/43] Compiling SearchKit Reranker.swift
/host/spi-builder-workspace/Sources/SearchKit/Chunking/ChunkingService.swift:2:17: error: no such module 'NaturalLanguage'
1 | import Foundation
2 | internal import NaturalLanguage
| `- error: no such module 'NaturalLanguage'
3 |
4 | /// Sliding-window parameters for ``ChunkingService``. Part of the persisted
[38/43] Compiling SearchKit SearchService.swift
/host/spi-builder-workspace/Sources/SearchKit/Chunking/ChunkingService.swift:2:17: error: no such module 'NaturalLanguage'
1 | import Foundation
2 | internal import NaturalLanguage
| `- error: no such module 'NaturalLanguage'
3 |
4 | /// Sliding-window parameters for ``ChunkingService``. Part of the persisted
[39/43] Compiling SearchKit FTSQuerySanitizer.swift
/host/spi-builder-workspace/Sources/SearchKit/Chunking/ChunkingService.swift:2:17: error: no such module 'NaturalLanguage'
1 | import Foundation
2 | internal import NaturalLanguage
| `- error: no such module 'NaturalLanguage'
3 |
4 | /// Sliding-window parameters for ``ChunkingService``. Part of the persisted
[40/43] Compiling SearchKit PromptBuilder.swift
/host/spi-builder-workspace/Sources/SearchKit/Chunking/ChunkingService.swift:2:17: error: no such module 'NaturalLanguage'
1 | import Foundation
2 | internal import NaturalLanguage
| `- error: no such module 'NaturalLanguage'
3 |
4 | /// Sliding-window parameters for ``ChunkingService``. Part of the persisted
[41/43] Compiling SearchKit SearchOptions.swift
/host/spi-builder-workspace/Sources/SearchKit/Chunking/ChunkingService.swift:2:17: error: no such module 'NaturalLanguage'
1 | import Foundation
2 | internal import NaturalLanguage
| `- error: no such module 'NaturalLanguage'
3 |
4 | /// Sliding-window parameters for ``ChunkingService``. Part of the persisted
[42/43] Compiling SearchKit SearchSystemError.swift
/host/spi-builder-workspace/Sources/SearchKit/Chunking/ChunkingService.swift:2:17: error: no such module 'NaturalLanguage'
1 | import Foundation
2 | internal import NaturalLanguage
| `- error: no such module 'NaturalLanguage'
3 |
4 | /// Sliding-window parameters for ``ChunkingService``. Part of the persisted
[43/43] Compiling SearchKit ContextualEmbeddingProvider.swift
/host/spi-builder-workspace/Sources/SearchKit/Chunking/ChunkingService.swift:2:17: error: no such module 'NaturalLanguage'
1 | import Foundation
2 | internal import NaturalLanguage
| `- error: no such module 'NaturalLanguage'
3 |
4 | /// Sliding-window parameters for ``ChunkingService``. Part of the persisted
BUILD FAILURE 6.2 linux