The Swift Package Index logo.Swift Package Index

Build Information

Failed to build CodableDatastore, reference main (b29c3c), with Swift 6.1 for watchOS using Xcode 16.3 on 14 Sep 2026 18:45:01 UTC.

Build Command

env DEVELOPER_DIR=/Applications/Xcode-16.3.0.app xcrun xcodebuild -IDEClonedSourcePackagesDirPathOverride=$PWD/.dependencies -skipMacroValidation -skipPackagePluginValidation -derivedDataPath $PWD/.derivedData build -scheme CodableDatastore -destination generic/platform=watchOS

Build Log

1.	Apple Swift version 6.1 (swiftlang-6.1.0.110.21 clang-1700.0.13.3)
2.	Compiling with the current language version
3.	While evaluating request IRGenRequest(IR Generation for file "/Users/admin/builder/spi-builder-workspace/.dependencies/checkouts/AsyncSequenceReader/Sources/AsyncSequenceReader/AsyncReadUpToElementsSequence.swift")
4.	While emitting IR SIL function "@$sScI19AsyncSequenceReaderSQ7ElementRpzs5NeverO7FailureRtzrlE7collect9isolation13upToIncluding12throwsIfOverSayACGSgScA_pSgYi_ACSitYaAA0abC5ErrorVYKF".
 for 'collect(isolation:upToIncluding:throwsIfOver:)' (at /Users/admin/builder/spi-builder-workspace/.dependencies/checkouts/AsyncSequenceReader/Sources/AsyncSequenceReader/AsyncReadUpToElementsSequence.swift:203:21)
Stack dump without symbol names (ensure you have llvm-symbolizer in your PATH or set the environment var `LLVM_SYMBOLIZER_PATH` to point to it):
0  swift-frontend           0x000000010877ec28 llvm::sys::PrintStackTrace(llvm::raw_ostream&, int) + 56
1  swift-frontend           0x000000010877ca60 llvm::sys::RunSignalHandlers() + 112
2  swift-frontend           0x000000010877f264 SignalHandler(int) + 360
3  libsystem_platform.dylib 0x0000000183627624 _sigtramp + 56
4  swift-frontend           0x0000000102a0b9d0 (anonymous namespace)::AsyncCallEmission::setFromCallee() + 728
5  swift-frontend           0x0000000102a0b9d0 (anonymous namespace)::AsyncCallEmission::setFromCallee() + 728
6  swift-frontend           0x00000001029f13c0 swift::irgen::getCallEmission(swift::irgen::IRGenFunction&, llvm::Value*, swift::irgen::Callee&&) + 888
7  swift-frontend           0x0000000102c6b888 (anonymous namespace)::IRGenSILFunction::visitFullApplySite(swift::FullApplySite) + 3268
8  swift-frontend           0x0000000102c3c4e4 (anonymous namespace)::IRGenSILFunction::visitSILBasicBlock(swift::SILBasicBlock*) + 2636
9  swift-frontend           0x0000000102c3a38c (anonymous namespace)::IRGenSILFunction::emitSILFunction() + 15860
10 swift-frontend           0x0000000102c360e0 swift::irgen::IRGenModule::emitSILFunction(swift::SILFunction*) + 2788
11 swift-frontend           0x0000000102a59560 swift::irgen::IRGenerator::emitGlobalTopLevel(std::__1::vector<std::__1::basic_string<char, std::__1::char_traits<char>, std::__1::allocator<char>>, std::__1::allocator<std::__1::basic_string<char, std::__1::char_traits<char>, std::__1::allocator<char>>>> const&) + 2044
12 swift-frontend           0x0000000102be79fc swift::IRGenRequest::evaluate(swift::Evaluator&, swift::IRGenDescriptor) const + 4296
13 swift-frontend           0x0000000102c3533c swift::SimpleRequest<swift::IRGenRequest, swift::GeneratedModule (swift::IRGenDescriptor), (swift::RequestFlags)17>::evaluateRequest(swift::IRGenRequest const&, swift::Evaluator&) + 180
14 swift-frontend           0x0000000102bf0f28 swift::IRGenRequest::OutputType swift::Evaluator::getResultUncached<swift::IRGenRequest, swift::IRGenRequest::OutputType swift::evaluateOrFatal<swift::IRGenRequest>(swift::Evaluator&, swift::IRGenRequest)::'lambda'()>(swift::IRGenRequest const&, swift::IRGenRequest::OutputType swift::evaluateOrFatal<swift::IRGenRequest>(swift::Evaluator&, swift::IRGenRequest)::'lambda'()) + 812
15 swift-frontend           0x0000000102bea688 swift::performIRGeneration(swift::FileUnit*, swift::IRGenOptions const&, swift::TBDGenOptions const&, std::__1::unique_ptr<swift::SILModule, std::__1::default_delete<swift::SILModule>>, llvm::StringRef, swift::PrimarySpecificPaths const&, llvm::StringRef, llvm::GlobalVariable**) + 176
16 swift-frontend           0x00000001025d5af0 generateIR(swift::IRGenOptions const&, swift::TBDGenOptions const&, std::__1::unique_ptr<swift::SILModule, std::__1::default_delete<swift::SILModule>>, swift::PrimarySpecificPaths const&, llvm::StringRef, llvm::PointerUnion<swift::ModuleDecl*, swift::SourceFile*>, llvm::GlobalVariable*&, llvm::ArrayRef<std::__1::basic_string<char, std::__1::char_traits<char>, std::__1::allocator<char>>>) + 156
17 swift-frontend           0x00000001025d107c performCompileStepsPostSILGen(swift::CompilerInstance&, std::__1::unique_ptr<swift::SILModule, std::__1::default_delete<swift::SILModule>>, llvm::PointerUnion<swift::ModuleDecl*, swift::SourceFile*>, swift::PrimarySpecificPaths const&, int&, swift::FrontendObserver*) + 2108
18 swift-frontend           0x00000001025d00a8 swift::performCompileStepsPostSema(swift::CompilerInstance&, int&, swift::FrontendObserver*) + 1036
19 swift-frontend           0x00000001025d3654 performCompile(swift::CompilerInstance&, int&, swift::FrontendObserver*) + 1764
20 swift-frontend           0x00000001025d1fd8 swift::performFrontend(llvm::ArrayRef<char const*>, char const*, void*, swift::FrontendObserver*) + 3716
21 swift-frontend           0x00000001025560bc swift::mainEntry(int, char const**) + 5428
22 dyld                     0x000000018324eb4c start + 6000
Failed frontend command:
/Applications/Xcode-16.3.0.app/Contents/Developer/Toolchains/XcodeDefault.xctoolchain/usr/bin/swift-frontend -frontend -c /Users/admin/builder/spi-builder-workspace/.dependencies/checkouts/AsyncSequenceReader/Sources/AsyncSequenceReader/AnyReadableSequence.swift /Users/admin/builder/spi-builder-workspace/.dependencies/checkouts/AsyncSequenceReader/Sources/AsyncSequenceReader/AsyncBufferedIterator.swift /Users/admin/builder/spi-builder-workspace/.dependencies/checkouts/AsyncSequenceReader/Sources/AsyncSequenceReader/AsyncIteratorMapSequence.swift /Users/admin/builder/spi-builder-workspace/.dependencies/checkouts/AsyncSequenceReader/Sources/AsyncSequenceReader/AsyncIteratorProtocol+Isolated.swift /Users/admin/builder/spi-builder-workspace/.dependencies/checkouts/AsyncSequenceReader/Sources/AsyncSequenceReader/AsyncReadSequence.swift /Users/admin/builder/spi-builder-workspace/.dependencies/checkouts/AsyncSequenceReader/Sources/AsyncSequenceReader/AsyncReadUpToCountSequence.swift -primary-file /Users/admin/builder/spi-builder-workspace/.dependencies/checkouts/AsyncSequenceReader/Sources/AsyncSequenceReader/AsyncReadUpToElementsSequence.swift /Users/admin/builder/spi-builder-workspace/.dependencies/checkouts/AsyncSequenceReader/Sources/AsyncSequenceReader/AsyncSequenceReader.swift /Users/admin/builder/spi-builder-workspace/.dependencies/checkouts/AsyncSequenceReader/Sources/AsyncSequenceReader/AsyncSequenceReaderError.swift -emit-dependencies-path /Users/admin/builder/spi-builder-workspace/.derivedData/Build/Intermediates.noindex/AsyncSequenceReader.build/Debug-watchos/AsyncSequenceReader.build/Objects-normal/arm64_32/AsyncReadUpToElementsSequence.d -emit-const-values-path /Users/admin/builder/spi-builder-workspace/.derivedData/Build/Intermediates.noindex/AsyncSequenceReader.build/Debug-watchos/AsyncSequenceReader.build/Objects-normal/arm64_32/AsyncReadUpToElementsSequence.swiftconstvalues -emit-reference-dependencies-path /Users/admin/builder/spi-builder-workspace/.derivedData/Build/Intermediates.noindex/AsyncSequenceReader.build/Debug-watchos/AsyncSequenceReader.build/Objects-normal/arm64_32/AsyncReadUpToElementsSequence.swiftdeps -serialize-diagnostics-path /Users/admin/builder/spi-builder-workspace/.derivedData/Build/Intermediates.noindex/AsyncSequenceReader.build/Debug-watchos/AsyncSequenceReader.build/Objects-normal/arm64_32/AsyncReadUpToElementsSequence.dia -target arm64_32-apple-watchos6.0 -enable-objc-interop -sdk /Applications/Xcode-16.3.0.app/Contents/Developer/Platforms/WatchOS.platform/Developer/SDKs/WatchOS11.4.sdk -I /Users/admin/builder/spi-builder-workspace/.derivedData/Build/Products/Debug-watchos -I /Applications/Xcode-16.3.0.app/Contents/Developer/Platforms/WatchOS.platform/Developer/usr/lib -F /Users/admin/builder/spi-builder-workspace/.derivedData/Build/Products/Debug-watchos -F /Applications/Xcode-16.3.0.app/Contents/Developer/Platforms/WatchOS.platform/Developer/Library/Frameworks -F /Applications/Xcode-16.3.0.app/Contents/Developer/Platforms/WatchOS.platform/Developer/SDKs/WatchOS11.4.sdk/Developer/Library/Frameworks -no-color-diagnostics -enable-testing -g -debug-info-format\=dwarf -dwarf-version\=4 -module-cache-path /Users/admin/builder/spi-builder-workspace/.derivedData/ModuleCache.noindex -suppress-warnings -profile-generate -profile-coverage-mapping -swift-version 6 -enforce-exclusivity\=checked -stats-output-dir /Users/admin/builder/spi-builder-workspace/.swiftpm/xcode/.stats -Onone -D SWIFT_PACKAGE -D DEBUG -serialize-debugging-options -const-gather-protocols-file /Users/admin/builder/spi-builder-workspace/.derivedData/Build/Intermediates.noindex/AsyncSequenceReader.build/Debug-watchos/AsyncSequenceReader.build/Objects-normal/arm64_32/AsyncSequenceReader_const_extract_protocols.json -enable-experimental-feature DebugDescriptionMacro -empty-abi-descriptor -plugin-path /Applications/Xcode-16.3.0.app/Contents/Developer/Toolchains/XcodeDefault.xctoolchain/usr/lib/swift/host/plugins/testing -user-module-version 0.5.0 -validate-clang-modules-once -clang-build-session-file /Users/admin/builder/spi-builder-workspace/.derivedData/ModuleCache.noindex/Session.modulevalidation -Xcc -working-directory -Xcc /Users/admin/builder/spi-builder-workspace/.swiftpm/xcode -resource-dir /Applications/Xcode-16.3.0.app/Contents/Developer/Toolchains/XcodeDefault.xctoolchain/usr/lib/swift -enable-anonymous-context-mangled-names -file-compilation-dir /Users/admin/builder/spi-builder-workspace/.swiftpm/xcode -Xcc -ivfsstatcache -Xcc /Users/admin/builder/spi-builder-workspace/.derivedData/SDKStatCaches.noindex/watchos11.4-22T246-43efb940ff07ba2497b70ec94253f576.sdkstatcache -Xcc -I/Users/admin/builder/spi-builder-workspace/.derivedData/Build/Intermediates.noindex/AsyncSequenceReader.build/Debug-watchos/AsyncSequenceReader.build/swift-overrides.hmap -Xcc -I/Users/admin/builder/spi-builder-workspace/.derivedData/Build/Products/Debug-watchos/include -Xcc -I/Users/admin/builder/spi-builder-workspace/.derivedData/Build/Intermediates.noindex/AsyncSequenceReader.build/Debug-watchos/AsyncSequenceReader.build/DerivedSources-normal/arm64_32 -Xcc -I/Users/admin/builder/spi-builder-workspace/.derivedData/Build/Intermediates.noindex/AsyncSequenceReader.build/Debug-watchos/AsyncSequenceReader.build/DerivedSources/arm64_32 -Xcc -I/Users/admin/builder/spi-builder-workspace/.derivedData/Build/Intermediates.noindex/AsyncSequenceReader.build/Debug-watchos/AsyncSequenceReader.build/DerivedSources -Xcc -DSWIFT_PACKAGE -Xcc -DDEBUG\=1 -module-name AsyncSequenceReader -package-name asyncsequencereader -frontend-parseable-output -disable-clang-spi -target-sdk-version 11.4 -target-sdk-name watchos11.4 -external-plugin-path /Applications/Xcode-16.3.0.app/Contents/Developer/Platforms/WatchOS.platform/Developer/usr/lib/swift/host/plugins\#/Applications/Xcode-16.3.0.app/Contents/Developer/Platforms/WatchOS.platform/Developer/usr/bin/swift-plugin-server -external-plugin-path /Applications/Xcode-16.3.0.app/Contents/Developer/Platforms/WatchOS.platform/Developer/usr/local/lib/swift/host/plugins\#/Applications/Xcode-16.3.0.app/Contents/Developer/Platforms/WatchOS.platform/Developer/usr/bin/swift-plugin-server -in-process-plugin-server-path /Applications/Xcode-16.3.0.app/Contents/Developer/Toolchains/XcodeDefault.xctoolchain/usr/lib/swift/host/libSwiftInProcPluginServer.dylib -plugin-path /Applications/Xcode-16.3.0.app/Contents/Developer/Toolchains/XcodeDefault.xctoolchain/usr/lib/swift/host/plugins -plugin-path /Applications/Xcode-16.3.0.app/Contents/Developer/Toolchains/XcodeDefault.xctoolchain/usr/local/lib/swift/host/plugins -o /Users/admin/builder/spi-builder-workspace/.derivedData/Build/Intermediates.noindex/AsyncSequenceReader.build/Debug-watchos/AsyncSequenceReader.build/Objects-normal/arm64_32/AsyncReadUpToElementsSequence.o -index-unit-output-path /AsyncSequenceReader.build/Debug-watchos/AsyncSequenceReader.build/Objects-normal/arm64_32/AsyncReadUpToElementsSequence.o -index-store-path /Users/admin/builder/spi-builder-workspace/.derivedData/Index.noindex/DataStore -index-system-modules
Command SwiftCompile failed with a nonzero exit code
SwiftCompile normal arm64_32 /Users/admin/builder/spi-builder-workspace/.dependencies/checkouts/AsyncSequenceReader/Sources/AsyncSequenceReader/AsyncReadUpToElementsSequence.swift (in target 'AsyncSequenceReader' from project 'AsyncSequenceReader')
    cd /Users/admin/builder/spi-builder-workspace/.swiftpm/xcode

SwiftDriverJobDiscovery normal armv7k Compiling BytesError.swift (in target 'Bytes' from project 'Bytes')
SwiftCompile normal arm64_32 Compiling\ AsyncSequenceReader.swift /Users/admin/builder/spi-builder-workspace/.dependencies/checkouts/AsyncSequenceReader/Sources/AsyncSequenceReader/AsyncSequenceReader.swift (in target 'AsyncSequenceReader' from project 'AsyncSequenceReader')
SwiftCompile normal arm64_32 /Users/admin/builder/spi-builder-workspace/.dependencies/checkouts/AsyncSequenceReader/Sources/AsyncSequenceReader/AsyncSequenceReader.swift (in target 'AsyncSequenceReader' from project 'AsyncSequenceReader')
    cd /Users/admin/builder/spi-builder-workspace/.swiftpm/xcode

SwiftDriverJobDiscovery normal arm64 Compiling BytesError.swift (in target 'Bytes' from project 'Bytes')
SwiftCompile normal arm64_32 Compiling\ AsyncIteratorMapSequence.swift /Users/admin/builder/spi-builder-workspace/.dependencies/checkouts/AsyncSequenceReader/Sources/AsyncSequenceReader/AsyncIteratorMapSequence.swift (in target 'AsyncSequenceReader' from project 'AsyncSequenceReader')
SwiftCompile normal arm64_32 /Users/admin/builder/spi-builder-workspace/.dependencies/checkouts/AsyncSequenceReader/Sources/AsyncSequenceReader/AsyncIteratorMapSequence.swift (in target 'AsyncSequenceReader' from project 'AsyncSequenceReader')
    cd /Users/admin/builder/spi-builder-workspace/.swiftpm/xcode

SwiftDriverJobDiscovery normal armv7k Compiling String.swift (in target 'Bytes' from project 'Bytes')
SwiftCompile normal arm64_32 Compiling\ AsyncReadUpToCountSequence.swift /Users/admin/builder/spi-builder-workspace/.dependencies/checkouts/AsyncSequenceReader/Sources/AsyncSequenceReader/AsyncReadUpToCountSequence.swift (in target 'AsyncSequenceReader' from project 'AsyncSequenceReader')
SwiftDriverJobDiscovery normal arm64_32 Compiling Colletion+Casting.swift (in target 'Bytes' from project 'Bytes')
SwiftCompile normal arm64 Compiling\ AsyncIteratorProtocol+Isolated.swift /Users/admin/builder/spi-builder-workspace/.dependencies/checkouts/AsyncSequenceReader/Sources/AsyncSequenceReader/AsyncIteratorProtocol+Isolated.swift (in target 'AsyncSequenceReader' from project 'AsyncSequenceReader')
SwiftDriverJobDiscovery normal arm64 Compiling Colletion+Casting.swift (in target 'Bytes' from project 'Bytes')
SwiftCompile normal arm64 Compiling\ AsyncBufferedIterator.swift /Users/admin/builder/spi-builder-workspace/.dependencies/checkouts/AsyncSequenceReader/Sources/AsyncSequenceReader/AsyncBufferedIterator.swift (in target 'AsyncSequenceReader' from project 'AsyncSequenceReader')
Command SwiftCompile failed with a nonzero exit code
** BUILD FAILED **
The following build commands failed:
	SwiftCompile normal arm64_32 Compiling\ AsyncReadUpToElementsSequence.swift /Users/admin/builder/spi-builder-workspace/.dependencies/checkouts/AsyncSequenceReader/Sources/AsyncSequenceReader/AsyncReadUpToElementsSequence.swift (in target 'AsyncSequenceReader' from project 'AsyncSequenceReader')
	SwiftCompile normal arm64 Compiling\ AsyncBufferedIterator.swift /Users/admin/builder/spi-builder-workspace/.dependencies/checkouts/AsyncSequenceReader/Sources/AsyncSequenceReader/AsyncBufferedIterator.swift (in target 'AsyncSequenceReader' from project 'AsyncSequenceReader')
	Building workspace spi-builder-workspace with scheme CodableDatastore
(3 failures)
Command line invocation:
    /Applications/Xcode-16.3.0.app/Contents/Developer/usr/bin/xcodebuild -IDEClonedSourcePackagesDirPathOverride=/Users/admin/builder/spi-builder-workspace/.dependencies -resolvePackageDependencies
Resolve Package Graph
Resolved source packages:
  CodableDatastore: /Users/admin/builder/spi-builder-workspace
  swift-questionable-concurrency: https://github.com/mochidev/swift-questionable-concurrency @ 0.2.2
  Bytes: https://github.com/mochidev/Bytes.git @ 0.6.2
  AsyncSequenceReader: https://github.com/mochidev/AsyncSequenceReader.git @ 0.5.0
resolved source packages: CodableDatastore, swift-questionable-concurrency, Bytes, AsyncSequenceReader
{
  "dependencies" : [
    {
      "identity" : "asyncsequencereader",
      "requirement" : {
        "range" : [
          {
            "lower_bound" : "0.5.0",
            "upper_bound" : "0.6.0"
          }
        ]
      },
      "type" : "sourceControl",
      "url" : "https://github.com/mochidev/AsyncSequenceReader.git"
    },
    {
      "identity" : "bytes",
      "requirement" : {
        "range" : [
          {
            "lower_bound" : "0.6.2",
            "upper_bound" : "0.7.0"
          }
        ]
      },
      "type" : "sourceControl",
      "url" : "https://github.com/mochidev/Bytes.git"
    },
    {
      "identity" : "swift-questionable-concurrency",
      "requirement" : {
        "range" : [
          {
            "lower_bound" : "0.2.2",
            "upper_bound" : "0.3.0"
          }
        ]
      },
      "type" : "sourceControl",
      "url" : "https://github.com/mochidev/swift-questionable-concurrency"
    }
  ],
  "manifest_display_name" : "CodableDatastore",
  "name" : "CodableDatastore",
  "path" : "/Users/admin/builder/spi-builder-workspace",
  "platforms" : [
    {
      "name" : "macos",
      "version" : "10.15"
    },
    {
      "name" : "ios",
      "version" : "13.0"
    },
    {
      "name" : "tvos",
      "version" : "13.0"
    },
    {
      "name" : "watchos",
      "version" : "6.0"
    }
  ],
  "products" : [
    {
      "name" : "CodableDatastore",
      "targets" : [
        "CodableDatastore"
      ],
      "type" : {
        "library" : [
          "automatic"
        ]
      }
    }
  ],
  "targets" : [
    {
      "c99name" : "CodableDatastoreTests",
      "module_type" : "SwiftTarget",
      "name" : "CodableDatastoreTests",
      "path" : "Tests/CodableDatastoreTests",
      "product_dependencies" : [
        "AsyncSequenceReader",
        "Bytes",
        "QuestionableConcurrency"
      ],
      "sources" : [
        "AsyncThrowingBackpressureStreamTests.swift",
        "DatastoreDescriptorTests.swift",
        "DatastoreFormatTests.swift",
        "DatastorePageEntryTests.swift",
        "DatedIdentifierTests.swift",
        "DiskPersistenceDatastoreIndexTests.swift",
        "DiskPersistenceDatastoreTests.swift",
        "DiskPersistenceTests.swift",
        "DiskTransactionTests.swift",
        "IndexRangeExpressionTests.swift",
        "MultiplePersistenceTests.swift",
        "OptionalTests.swift",
        "SnapshotIterationTests.swift",
        "SnapshotTests.swift",
        "Task+Unresolved.swift",
        "TransactionOptionsTests.swift",
        "TypedIdentifierTests.swift",
        "UUIDTests.swift"
      ],
      "target_dependencies" : [
        "CodableDatastore"
      ],
      "type" : "test"
    },
    {
      "c99name" : "CodableDatastore",
      "module_type" : "SwiftTarget",
      "name" : "CodableDatastore",
      "path" : "Sources/CodableDatastore",
      "product_dependencies" : [
        "AsyncSequenceReader",
        "Bytes",
        "QuestionableConcurrency"
      ],
      "product_memberships" : [
        "CodableDatastore"
      ],
      "sources" : [
        "Datastore/AsyncInstances.swift",
        "Datastore/Configuration.swift",
        "Datastore/Datastore.swift",
        "Datastore/DatastoreDescriptor.swift",
        "Datastore/DatastoreError.swift",
        "Datastore/DatastoreFormat.swift",
        "Datastore/DatastoreKey.swift",
        "Datastore/Dictionary+RawRepresentable.swift",
        "Datastore/ObservedEvent.swift",
        "Datastore/Progress.swift",
        "Datastore/RawRepresentable+Codable.swift",
        "Debug/GlobalTimer.swift",
        "Helpers/AsyncFileReader.swift",
        "Helpers/Swift6.1+Compatibility.swift",
        "Indexes/GeneratedIndexRepresentation.swift",
        "Indexes/IndexName.swift",
        "Indexes/IndexRangeExpression.swift",
        "Indexes/IndexRepresentation.swift",
        "Indexes/IndexStorage.swift",
        "Indexes/IndexType.swift",
        "Indexes/Indexable.swift",
        "Indexes/UUID+Comparable.swift",
        "Persistence/AccessMode.swift",
        "Persistence/Cursor.swift",
        "Persistence/DatastoreInterfaceError.swift",
        "Persistence/DatastoreInterfaceProtocol.swift",
        "Persistence/Disk Persistence/AsyncThrowingBackpressureStream.swift",
        "Persistence/Disk Persistence/Datastore/DatastoreIndex.swift",
        "Persistence/Disk Persistence/Datastore/DatastoreIndexManifest.swift",
        "Persistence/Disk Persistence/Datastore/DatastorePage.swift",
        "Persistence/Disk Persistence/Datastore/DatastorePageEntry.swift",
        "Persistence/Disk Persistence/Datastore/DatastorePageEntryBlock.swift",
        "Persistence/Disk Persistence/Datastore/DatastoreRoot.swift",
        "Persistence/Disk Persistence/Datastore/DatastoreRootManifest.swift",
        "Persistence/Disk Persistence/Datastore/PersistenceDatastore.swift",
        "Persistence/Disk Persistence/DatedIdentifier.swift",
        "Persistence/Disk Persistence/DiskPersistence.swift",
        "Persistence/Disk Persistence/DiskPersistenceError.swift",
        "Persistence/Disk Persistence/FileNotFoundError.swift",
        "Persistence/Disk Persistence/ISO8601DateFormatter+Milliseconds.swift",
        "Persistence/Disk Persistence/JSONCoder.swift",
        "Persistence/Disk Persistence/LazyTask.swift",
        "Persistence/Disk Persistence/Snapshot/Snapshot.swift",
        "Persistence/Disk Persistence/Snapshot/SnapshotIteration.swift",
        "Persistence/Disk Persistence/Snapshot/SnapshotManifest.swift",
        "Persistence/Disk Persistence/SortOrder.swift",
        "Persistence/Disk Persistence/StoreInfo/StoreInfo.swift",
        "Persistence/Disk Persistence/Transaction/DiskCursor.swift",
        "Persistence/Disk Persistence/Transaction/Transaction.swift",
        "Persistence/Disk Persistence/TypedIdentifier.swift",
        "Persistence/Memory Persistence/MemoryPersistence.swift",
        "Persistence/Persistence.swift",
        "Persistence/TransactionOptions.swift"
      ],
      "type" : "library"
    }
  ],
  "tools_version" : "6.0"
}
{
  "workspace" : {
    "name" : "spi-builder-workspace",
    "schemes" : [
      "Bytes",
      "CodableDatastore"
    ]
  }
}
{
  "workspace" : {
    "name" : "spi-builder-workspace",
    "schemes" : [
      "Bytes",
      "CodableDatastore"
    ]
  }
}
Running build ...
env DEVELOPER_DIR=/Applications/Xcode-16.3.0.app xcrun xcodebuild -IDEClonedSourcePackagesDirPathOverride=$PWD/.dependencies -skipMacroValidation -skipPackagePluginValidation -derivedDataPath $PWD/.derivedData build -scheme CodableDatastore -destination generic/platform=watchOS
Command line invocation:
    /Applications/Xcode-16.3.0.app/Contents/Developer/usr/bin/xcodebuild -IDEClonedSourcePackagesDirPathOverride=/Users/admin/builder/spi-builder-workspace/.dependencies -skipMacroValidation -skipPackagePluginValidation -derivedDataPath /Users/admin/builder/spi-builder-workspace/.derivedData build -scheme CodableDatastore -destination generic/platform=watchOS
Resolve Package Graph
Resolved source packages:
  Bytes: https://github.com/mochidev/Bytes.git @ 0.6.2
  AsyncSequenceReader: https://github.com/mochidev/AsyncSequenceReader.git @ 0.5.0
  swift-questionable-concurrency: https://github.com/mochidev/swift-questionable-concurrency @ 0.2.2
  CodableDatastore: /Users/admin/builder/spi-builder-workspace
ComputePackagePrebuildTargetDependencyGraph
Prepare packages
CreateBuildRequest
SendProjectDescription
CreateBuildOperation
ComputeTargetDependencyGraph
note: Building targets in dependency order
note: Target dependency graph (8 targets)
    Target 'CodableDatastore' in project 'CodableDatastore'
        ➜ Explicit dependency on target 'CodableDatastore' in project 'CodableDatastore'
        ➜ Explicit dependency on target 'AsyncSequenceReader' in project 'AsyncSequenceReader'
        ➜ Explicit dependency on target 'Bytes' in project 'Bytes'
        ➜ Explicit dependency on target 'QuestionableConcurrency' in project 'swift-questionable-concurrency'
    Target 'CodableDatastore' in project 'CodableDatastore'
        ➜ Explicit dependency on target 'AsyncSequenceReader' in project 'AsyncSequenceReader'
        ➜ Explicit dependency on target 'Bytes' in project 'Bytes'
        ➜ Explicit dependency on target 'QuestionableConcurrency' in project 'swift-questionable-concurrency'
    Target 'QuestionableConcurrency' in project 'swift-questionable-concurrency'
        ➜ Explicit dependency on target 'QuestionableConcurrency' in project 'swift-questionable-concurrency'
    Target 'QuestionableConcurrency' in project 'swift-questionable-concurrency' (no dependencies)
    Target 'Bytes' in project 'Bytes'
        ➜ Explicit dependency on target 'Bytes' in project 'Bytes'
    Target 'Bytes' in project 'Bytes' (no dependencies)
    Target 'AsyncSequenceReader' in project 'AsyncSequenceReader'
        ➜ Explicit dependency on target 'AsyncSequenceReader' in project 'AsyncSequenceReader'
    Target 'AsyncSequenceReader' in project 'AsyncSequenceReader' (no dependencies)
GatherProvisioningInputs
CreateBuildDescription
ExecuteExternalTool /Applications/Xcode-16.3.0.app/Contents/Developer/Toolchains/XcodeDefault.xctoolchain/usr/bin/swiftc --version
ExecuteExternalTool /Applications/Xcode-16.3.0.app/Contents/Developer/Toolchains/XcodeDefault.xctoolchain/usr/bin/clang -v -E -dM -isysroot /Applications/Xcode-16.3.0.app/Contents/Developer/Platforms/WatchOS.platform/Developer/SDKs/WatchOS11.4.sdk -x c -c /dev/null
ExecuteExternalTool /Applications/Xcode-16.3.0.app/Contents/Developer/Toolchains/XcodeDefault.xctoolchain/usr/bin/ld -version_details
ReadFileContents /Applications/Xcode-16.3.0.app/Contents/Developer/Toolchains/XcodeDefault.xctoolchain/usr/share/docc/features.json
Build description signature: 51eed1cb69cf36aebce1f228ef563e8d
Build description path: /Users/admin/builder/spi-builder-workspace/.derivedData/Build/Intermediates.noindex/XCBuildData/51eed1cb69cf36aebce1f228ef563e8d.xcbuilddata
ClangStatCache /Applications/Xcode-16.3.0.app/Contents/Developer/Toolchains/XcodeDefault.xctoolchain/usr/bin/clang-stat-cache /Applications/Xcode-16.3.0.app/Contents/Developer/Platforms/WatchOS.platform/Developer/SDKs/WatchOS11.4.sdk /Users/admin/builder/spi-builder-workspace/.derivedData/SDKStatCaches.noindex/watchos11.4-22T246-43efb940ff07ba2497b70ec94253f576.sdkstatcache
    cd /Users/admin/builder/spi-builder-workspace/.swiftpm/xcode
    /Applications/Xcode-16.3.0.app/Contents/Developer/Toolchains/XcodeDefault.xctoolchain/usr/bin/clang-stat-cache /Applications/Xcode-16.3.0.app/Contents/Developer/Platforms/WatchOS.platform/Developer/SDKs/WatchOS11.4.sdk -o /Users/admin/builder/spi-builder-workspace/.derivedData/SDKStatCaches.noindex/watchos11.4-22T246-43efb940ff07ba2497b70ec94253f576.sdkstatcache
SwiftDriver AsyncSequenceReader normal arm64_32 com.apple.xcode.tools.swift.compiler (in target 'AsyncSequenceReader' from project 'AsyncSequenceReader')
    cd /Users/admin/builder/spi-builder-workspace/.swiftpm/xcode
    builtin-SwiftDriver -- /Applications/Xcode-16.3.0.app/Contents/Developer/Toolchains/XcodeDefault.xctoolchain/usr/bin/swiftc -module-name AsyncSequenceReader -Onone -enforce-exclusivity\=checked @/Users/admin/builder/spi-builder-workspace/.derivedData/Build/Intermediates.noindex/AsyncSequenceReader.build/Debug-watchos/AsyncSequenceReader.build/Objects-normal/arm64_32/AsyncSequenceReader.SwiftFileList -DSWIFT_PACKAGE -DDEBUG -DXcode -enable-upcoming-feature ExistentialAny -enable-upcoming-feature InternalImportsByDefault -enable-upcoming-feature MemberImportVisibility -enable-upcoming-feature InferIsolatedConformances -enable-upcoming-feature NonisolatedNonsendingByDefault -enable-upcoming-feature ImmutableWeakCaptures -plugin-path /Applications/Xcode-16.3.0.app/Contents/Developer/Toolchains/XcodeDefault.xctoolchain/usr/lib/swift/host/plugins/testing -enable-experimental-feature DebugDescriptionMacro -sdk /Applications/Xcode-16.3.0.app/Contents/Developer/Platforms/WatchOS.platform/Developer/SDKs/WatchOS11.4.sdk -target arm64_32-apple-watchos6.0 -g -module-cache-path /Users/admin/builder/spi-builder-workspace/.derivedData/ModuleCache.noindex -Xfrontend -serialize-debugging-options -profile-coverage-mapping -profile-generate -enable-testing -suppress-warnings -index-store-path /Users/admin/builder/spi-builder-workspace/.derivedData/Index.noindex/DataStore -swift-version 6 -I /Users/admin/builder/spi-builder-workspace/.derivedData/Build/Products/Debug-watchos -I /Applications/Xcode-16.3.0.app/Contents/Developer/Platforms/WatchOS.platform/Developer/usr/lib -F /Users/admin/builder/spi-builder-workspace/.derivedData/Build/Products/Debug-watchos -F /Applications/Xcode-16.3.0.app/Contents/Developer/Platforms/WatchOS.platform/Developer/Library/Frameworks -F /Applications/Xcode-16.3.0.app/Contents/Developer/Platforms/WatchOS.platform/Developer/SDKs/WatchOS11.4.sdk/Developer/Library/Frameworks -c -j10 -enable-batch-mode -incremental -Xcc -ivfsstatcache -Xcc /Users/admin/builder/spi-builder-workspace/.derivedData/SDKStatCaches.noindex/watchos11.4-22T246-43efb940ff07ba2497b70ec94253f576.sdkstatcache -output-file-map /Users/admin/builder/spi-builder-workspace/.derivedData/Build/Intermediates.noindex/AsyncSequenceReader.build/Debug-watchos/AsyncSequenceReader.build/Objects-normal/arm64_32/AsyncSequenceReader-OutputFileMap.json -use-frontend-parseable-output -save-temps -no-color-diagnostics -serialize-diagnostics -emit-dependencies -emit-module -emit-module-path /Users/admin/builder/spi-builder-workspace/.derivedData/Build/Intermediates.noindex/AsyncSequenceReader.build/Debug-watchos/AsyncSequenceReader.build/Objects-normal/arm64_32/AsyncSequenceReader.swiftmodule -user-module-version 0.5.0 -validate-clang-modules-once -clang-build-session-file /Users/admin/builder/spi-builder-workspace/.derivedData/ModuleCache.noindex/Session.modulevalidation -package-name asyncsequencereader -Xcc -I/Users/admin/builder/spi-builder-workspace/.derivedData/Build/Intermediates.noindex/AsyncSequenceReader.build/Debug-watchos/AsyncSequenceReader.build/swift-overrides.hmap -emit-const-values -Xfrontend -const-gather-protocols-file -Xfrontend /Users/admin/builder/spi-builder-workspace/.derivedData/Build/Intermediates.noindex/AsyncSequenceReader.build/Debug-watchos/AsyncSequenceReader.build/Objects-normal/arm64_32/AsyncSequenceReader_const_extract_protocols.json -Xcc -I/Users/admin/builder/spi-builder-workspace/.derivedData/Build/Products/Debug-watchos/include -Xcc -I/Users/admin/builder/spi-builder-workspace/.derivedData/Build/Intermediates.noindex/AsyncSequenceReader.build/Debug-watchos/AsyncSequenceReader.build/DerivedSources-normal/arm64_32 -Xcc -I/Users/admin/builder/spi-builder-workspace/.derivedData/Build/Intermediates.noindex/AsyncSequenceReader.build/Debug-watchos/AsyncSequenceReader.build/DerivedSources/arm64_32 -Xcc -I/Users/admin/builder/spi-builder-workspace/.derivedData/Build/Intermediates.noindex/AsyncSequenceReader.build/Debug-watchos/AsyncSequenceReader.build/DerivedSources -Xcc -DSWIFT_PACKAGE -Xcc -DDEBUG\=1 -emit-objc-header -emit-objc-header-path /Users/admin/builder/spi-builder-workspace/.derivedData/Build/Intermediates.noindex/AsyncSequenceReader.build/Debug-watchos/AsyncSequenceReader.build/Objects-normal/arm64_32/AsyncSequenceReader-Swift.h -working-directory /Users/admin/builder/spi-builder-workspace/.swiftpm/xcode -experimental-emit-module-separately -disable-cmo
SwiftDriver AsyncSequenceReader normal armv7k com.apple.xcode.tools.swift.compiler (in target 'AsyncSequenceReader' from project 'AsyncSequenceReader')
    cd /Users/admin/builder/spi-builder-workspace/.swiftpm/xcode
    builtin-SwiftDriver -- /Applications/Xcode-16.3.0.app/Contents/Developer/Toolchains/XcodeDefault.xctoolchain/usr/bin/swiftc -module-name AsyncSequenceReader -Onone -enforce-exclusivity\=checked @/Users/admin/builder/spi-builder-workspace/.derivedData/Build/Intermediates.noindex/AsyncSequenceReader.build/Debug-watchos/AsyncSequenceReader.build/Objects-normal/armv7k/AsyncSequenceReader.SwiftFileList -DSWIFT_PACKAGE -DDEBUG -DXcode -enable-upcoming-feature ExistentialAny -enable-upcoming-feature InternalImportsByDefault -enable-upcoming-feature MemberImportVisibility -enable-upcoming-feature InferIsolatedConformances -enable-upcoming-feature NonisolatedNonsendingByDefault -enable-upcoming-feature ImmutableWeakCaptures -plugin-path /Applications/Xcode-16.3.0.app/Contents/Developer/Toolchains/XcodeDefault.xctoolchain/usr/lib/swift/host/plugins/testing -enable-experimental-feature DebugDescriptionMacro -sdk /Applications/Xcode-16.3.0.app/Contents/Developer/Platforms/WatchOS.platform/Developer/SDKs/WatchOS11.4.sdk -target armv7k-apple-watchos6.0 -g -module-cache-path /Users/admin/builder/spi-builder-workspace/.derivedData/ModuleCache.noindex -Xfrontend -serialize-debugging-options -profile-coverage-mapping -profile-generate -enable-testing -suppress-warnings -index-store-path /Users/admin/builder/spi-builder-workspace/.derivedData/Index.noindex/DataStore -swift-version 6 -I /Users/admin/builder/spi-builder-workspace/.derivedData/Build/Products/Debug-watchos -I /Applications/Xcode-16.3.0.app/Contents/Developer/Platforms/WatchOS.platform/Developer/usr/lib -F /Users/admin/builder/spi-builder-workspace/.derivedData/Build/Products/Debug-watchos -F /Applications/Xcode-16.3.0.app/Contents/Developer/Platforms/WatchOS.platform/Developer/Library/Frameworks -F /Applications/Xcode-16.3.0.app/Contents/Developer/Platforms/WatchOS.platform/Developer/SDKs/WatchOS11.4.sdk/Developer/Library/Frameworks -c -j10 -enable-batch-mode -incremental -Xcc -ivfsstatcache -Xcc /Users/admin/builder/spi-builder-workspace/.derivedData/SDKStatCaches.noindex/watchos11.4-22T246-43efb940ff07ba2497b70ec94253f576.sdkstatcache -output-file-map /Users/admin/builder/spi-builder-workspace/.derivedData/Build/Intermediates.noindex/AsyncSequenceReader.build/Debug-watchos/AsyncSequenceReader.build/Objects-normal/armv7k/AsyncSequenceReader-OutputFileMap.json -use-frontend-parseable-output -save-temps -no-color-diagnostics -serialize-diagnostics -emit-dependencies -emit-module -emit-module-path /Users/admin/builder/spi-builder-workspace/.derivedData/Build/Intermediates.noindex/AsyncSequenceReader.build/Debug-watchos/AsyncSequenceReader.build/Objects-normal/armv7k/AsyncSequenceReader.swiftmodule -user-module-version 0.5.0 -validate-clang-modules-once -clang-build-session-file /Users/admin/builder/spi-builder-workspace/.derivedData/ModuleCache.noindex/Session.modulevalidation -package-name asyncsequencereader -Xcc -I/Users/admin/builder/spi-builder-workspace/.derivedData/Build/Intermediates.noindex/AsyncSequenceReader.build/Debug-watchos/AsyncSequenceReader.build/swift-overrides.hmap -emit-const-values -Xfrontend -const-gather-protocols-file -Xfrontend /Users/admin/builder/spi-builder-workspace/.derivedData/Build/Intermediates.noindex/AsyncSequenceReader.build/Debug-watchos/AsyncSequenceReader.build/Objects-normal/armv7k/AsyncSequenceReader_const_extract_protocols.json -Xcc -I/Users/admin/builder/spi-builder-workspace/.derivedData/Build/Products/Debug-watchos/include -Xcc -I/Users/admin/builder/spi-builder-workspace/.derivedData/Build/Intermediates.noindex/AsyncSequenceReader.build/Debug-watchos/AsyncSequenceReader.build/DerivedSources-normal/armv7k -Xcc -I/Users/admin/builder/spi-builder-workspace/.derivedData/Build/Intermediates.noindex/AsyncSequenceReader.build/Debug-watchos/AsyncSequenceReader.build/DerivedSources/armv7k -Xcc -I/Users/admin/builder/spi-builder-workspace/.derivedData/Build/Intermediates.noindex/AsyncSequenceReader.build/Debug-watchos/AsyncSequenceReader.build/DerivedSources -Xcc -DSWIFT_PACKAGE -Xcc -DDEBUG\=1 -emit-objc-header -emit-objc-header-path /Users/admin/builder/spi-builder-workspace/.derivedData/Build/Intermediates.noindex/AsyncSequenceReader.build/Debug-watchos/AsyncSequenceReader.build/Objects-normal/armv7k/AsyncSequenceReader-Swift.h -working-directory /Users/admin/builder/spi-builder-workspace/.swiftpm/xcode -experimental-emit-module-separately -disable-cmo
SwiftDriver AsyncSequenceReader normal arm64 com.apple.xcode.tools.swift.compiler (in target 'AsyncSequenceReader' from project 'AsyncSequenceReader')
    cd /Users/admin/builder/spi-builder-workspace/.swiftpm/xcode
    builtin-SwiftDriver -- /Applications/Xcode-16.3.0.app/Contents/Developer/Toolchains/XcodeDefault.xctoolchain/usr/bin/swiftc -module-name AsyncSequenceReader -Onone -enforce-exclusivity\=checked @/Users/admin/builder/spi-builder-workspace/.derivedData/Build/Intermediates.noindex/AsyncSequenceReader.build/Debug-watchos/AsyncSequenceReader.build/Objects-normal/arm64/AsyncSequenceReader.SwiftFileList -DSWIFT_PACKAGE -DDEBUG -DXcode -enable-upcoming-feature ExistentialAny -enable-upcoming-feature InternalImportsByDefault -enable-upcoming-feature MemberImportVisibility -enable-upcoming-feature InferIsolatedConformances -enable-upcoming-feature NonisolatedNonsendingByDefault -enable-upcoming-feature ImmutableWeakCaptures -plugin-path /Applications/Xcode-16.3.0.app/Contents/Developer/Toolchains/XcodeDefault.xctoolchain/usr/lib/swift/host/plugins/testing -enable-experimental-feature DebugDescriptionMacro -sdk /Applications/Xcode-16.3.0.app/Contents/Developer/Platforms/WatchOS.platform/Developer/SDKs/WatchOS11.4.sdk -target arm64-apple-watchos6.0 -g -module-cache-path /Users/admin/builder/spi-builder-workspace/.derivedData/ModuleCache.noindex -Xfrontend -serialize-debugging-options -profile-coverage-mapping -profile-generate -enable-testing -suppress-warnings -index-store-path /Users/admin/builder/spi-builder-workspace/.derivedData/Index.noindex/DataStore -swift-version 6 -I /Users/admin/builder/spi-builder-workspace/.derivedData/Build/Products/Debug-watchos -I /Applications/Xcode-16.3.0.app/Contents/Developer/Platforms/WatchOS.platform/Developer/usr/lib -F /Users/admin/builder/spi-builder-workspace/.derivedData/Build/Products/Debug-watchos -F /Applications/Xcode-16.3.0.app/Contents/Developer/Platforms/WatchOS.platform/Developer/Library/Frameworks -F /Applications/Xcode-16.3.0.app/Contents/Developer/Platforms/WatchOS.platform/Developer/SDKs/WatchOS11.4.sdk/Developer/Library/Frameworks -c -j10 -enable-batch-mode -incremental -Xcc -ivfsstatcache -Xcc /Users/admin/builder/spi-builder-workspace/.derivedData/SDKStatCaches.noindex/watchos11.4-22T246-43efb940ff07ba2497b70ec94253f576.sdkstatcache -output-file-map /Users/admin/builder/spi-builder-workspace/.derivedData/Build/Intermediates.noindex/AsyncSequenceReader.build/Debug-watchos/AsyncSequenceReader.build/Objects-normal/arm64/AsyncSequenceReader-OutputFileMap.json -use-frontend-parseable-output -save-temps -no-color-diagnostics -serialize-diagnostics -emit-dependencies -emit-module -emit-module-path /Users/admin/builder/spi-builder-workspace/.derivedData/Build/Intermediates.noindex/AsyncSequenceReader.build/Debug-watchos/AsyncSequenceReader.build/Objects-normal/arm64/AsyncSequenceReader.swiftmodule -user-module-version 0.5.0 -validate-clang-modules-once -clang-build-session-file /Users/admin/builder/spi-builder-workspace/.derivedData/ModuleCache.noindex/Session.modulevalidation -package-name asyncsequencereader -Xcc -I/Users/admin/builder/spi-builder-workspace/.derivedData/Build/Intermediates.noindex/AsyncSequenceReader.build/Debug-watchos/AsyncSequenceReader.build/swift-overrides.hmap -emit-const-values -Xfrontend -const-gather-protocols-file -Xfrontend /Users/admin/builder/spi-builder-workspace/.derivedData/Build/Intermediates.noindex/AsyncSequenceReader.build/Debug-watchos/AsyncSequenceReader.build/Objects-normal/arm64/AsyncSequenceReader_const_extract_protocols.json -Xcc -I/Users/admin/builder/spi-builder-workspace/.derivedData/Build/Products/Debug-watchos/include -Xcc -I/Users/admin/builder/spi-builder-workspace/.derivedData/Build/Intermediates.noindex/AsyncSequenceReader.build/Debug-watchos/AsyncSequenceReader.build/DerivedSources-normal/arm64 -Xcc -I/Users/admin/builder/spi-builder-workspace/.derivedData/Build/Intermediates.noindex/AsyncSequenceReader.build/Debug-watchos/AsyncSequenceReader.build/DerivedSources/arm64 -Xcc -I/Users/admin/builder/spi-builder-workspace/.derivedData/Build/Intermediates.noindex/AsyncSequenceReader.build/Debug-watchos/AsyncSequenceReader.build/DerivedSources -Xcc -DSWIFT_PACKAGE -Xcc -DDEBUG\=1 -emit-objc-header -emit-objc-header-path /Users/admin/builder/spi-builder-workspace/.derivedData/Build/Intermediates.noindex/AsyncSequenceReader.build/Debug-watchos/AsyncSequenceReader.build/Objects-normal/arm64/AsyncSequenceReader-Swift.h -working-directory /Users/admin/builder/spi-builder-workspace/.swiftpm/xcode -experimental-emit-module-separately -disable-cmo
SwiftDriver Bytes normal armv7k com.apple.xcode.tools.swift.compiler (in target 'Bytes' from project 'Bytes')
    cd /Users/admin/builder/spi-builder-workspace/.swiftpm/xcode
    builtin-SwiftDriver -- /Applications/Xcode-16.3.0.app/Contents/Developer/Toolchains/XcodeDefault.xctoolchain/usr/bin/swiftc -module-name Bytes -Onone -enforce-exclusivity\=checked @/Users/admin/builder/spi-builder-workspace/.derivedData/Build/Intermediates.noindex/Bytes.build/Debug-watchos/Bytes.build/Objects-normal/armv7k/Bytes.SwiftFileList -DSWIFT_PACKAGE -DDEBUG -DXcode -enable-upcoming-feature ExistentialAny -enable-upcoming-feature InternalImportsByDefault -enable-upcoming-feature MemberImportVisibility -enable-upcoming-feature InferIsolatedConformances -enable-upcoming-feature NonisolatedNonsendingByDefault -enable-upcoming-feature ImmutableWeakCaptures -plugin-path /Applications/Xcode-16.3.0.app/Contents/Developer/Toolchains/XcodeDefault.xctoolchain/usr/lib/swift/host/plugins/testing -enable-experimental-feature DebugDescriptionMacro -sdk /Applications/Xcode-16.3.0.app/Contents/Developer/Platforms/WatchOS.platform/Developer/SDKs/WatchOS11.4.sdk -target armv7k-apple-watchos5.0 -g -module-cache-path /Users/admin/builder/spi-builder-workspace/.derivedData/ModuleCache.noindex -Xfrontend -serialize-debugging-options -profile-coverage-mapping -profile-generate -enable-testing -suppress-warnings -index-store-path /Users/admin/builder/spi-builder-workspace/.derivedData/Index.noindex/DataStore -swift-version 6 -I /Users/admin/builder/spi-builder-workspace/.derivedData/Build/Products/Debug-watchos -I /Applications/Xcode-16.3.0.app/Contents/Developer/Platforms/WatchOS.platform/Developer/usr/lib -F /Users/admin/builder/spi-builder-workspace/.derivedData/Build/Products/Debug-watchos -F /Applications/Xcode-16.3.0.app/Contents/Developer/Platforms/WatchOS.platform/Developer/Library/Frameworks -F /Applications/Xcode-16.3.0.app/Contents/Developer/Platforms/WatchOS.platform/Developer/SDKs/WatchOS11.4.sdk/Developer/Library/Frameworks -c -j10 -enable-batch-mode -incremental -Xcc -ivfsstatcache -Xcc /Users/admin/builder/spi-builder-workspace/.derivedData/SDKStatCaches.noindex/watchos11.4-22T246-43efb940ff07ba2497b70ec94253f576.sdkstatcache -output-file-map /Users/admin/builder/spi-builder-workspace/.derivedData/Build/Intermediates.noindex/Bytes.build/Debug-watchos/Bytes.build/Objects-normal/armv7k/Bytes-OutputFileMap.json -use-frontend-parseable-output -save-temps -no-color-diagnostics -serialize-diagnostics -emit-dependencies -emit-module -emit-module-path /Users/admin/builder/spi-builder-workspace/.derivedData/Build/Intermediates.noindex/Bytes.build/Debug-watchos/Bytes.build/Objects-normal/armv7k/Bytes.swiftmodule -user-module-version 0.6.2 -validate-clang-modules-once -clang-build-session-file /Users/admin/builder/spi-builder-workspace/.derivedData/ModuleCache.noindex/Session.modulevalidation -package-name bytes -Xcc -I/Users/admin/builder/spi-builder-workspace/.derivedData/Build/Intermediates.noindex/Bytes.build/Debug-watchos/Bytes.build/swift-overrides.hmap -emit-const-values -Xfrontend -const-gather-protocols-file -Xfrontend /Users/admin/builder/spi-builder-workspace/.derivedData/Build/Intermediates.noindex/Bytes.build/Debug-watchos/Bytes.build/Objects-normal/armv7k/Bytes_const_extract_protocols.json -Xcc -I/Users/admin/builder/spi-builder-workspace/.derivedData/Build/Products/Debug-watchos/include -Xcc -I/Users/admin/builder/spi-builder-workspace/.derivedData/Build/Intermediates.noindex/Bytes.build/Debug-watchos/Bytes.build/DerivedSources-normal/armv7k -Xcc -I/Users/admin/builder/spi-builder-workspace/.derivedData/Build/Intermediates.noindex/Bytes.build/Debug-watchos/Bytes.build/DerivedSources/armv7k -Xcc -I/Users/admin/builder/spi-builder-workspace/.derivedData/Build/Intermediates.noindex/Bytes.build/Debug-watchos/Bytes.build/DerivedSources -Xcc -DSWIFT_PACKAGE -Xcc -DDEBUG\=1 -emit-objc-header -emit-objc-header-path /Users/admin/builder/spi-builder-workspace/.derivedData/Build/Intermediates.noindex/Bytes.build/Debug-watchos/Bytes.build/Objects-normal/armv7k/Bytes-Swift.h -working-directory /Users/admin/builder/spi-builder-workspace/.swiftpm/xcode -experimental-emit-module-separately -disable-cmo
SwiftDriver QuestionableConcurrency normal arm64_32 com.apple.xcode.tools.swift.compiler (in target 'QuestionableConcurrency' from project 'swift-questionable-concurrency')
    cd /Users/admin/builder/spi-builder-workspace/.swiftpm/xcode
    builtin-SwiftDriver -- /Applications/Xcode-16.3.0.app/Contents/Developer/Toolchains/XcodeDefault.xctoolchain/usr/bin/swiftc -module-name QuestionableConcurrency -Onone -enforce-exclusivity\=checked @/Users/admin/builder/spi-builder-workspace/.derivedData/Build/Intermediates.noindex/swift-questionable-concurrency.build/Debug-watchos/QuestionableConcurrency.build/Objects-normal/arm64_32/QuestionableConcurrency.SwiftFileList -DSWIFT_PACKAGE -DDEBUG -DXcode -enable-upcoming-feature ExistentialAny -enable-upcoming-feature InternalImportsByDefault -enable-upcoming-feature MemberImportVisibility -enable-upcoming-feature InferIsolatedConformances -enable-upcoming-feature NonisolatedNonsendingByDefault -enable-upcoming-feature ImmutableWeakCaptures -plugin-path /Applications/Xcode-16.3.0.app/Contents/Developer/Toolchains/XcodeDefault.xctoolchain/usr/lib/swift/host/plugins/testing -enable-experimental-feature DebugDescriptionMacro -sdk /Applications/Xcode-16.3.0.app/Contents/Developer/Platforms/WatchOS.platform/Developer/SDKs/WatchOS11.4.sdk -target arm64_32-apple-watchos6.0 -g -module-cache-path /Users/admin/builder/spi-builder-workspace/.derivedData/ModuleCache.noindex -Xfrontend -serialize-debugging-options -profile-coverage-mapping -profile-generate -enable-testing -suppress-warnings -index-store-path /Users/admin/builder/spi-builder-workspace/.derivedData/Index.noindex/DataStore -swift-version 6 -I /Users/admin/builder/spi-builder-workspace/.derivedData/Build/Products/Debug-watchos -I /Applications/Xcode-16.3.0.app/Contents/Developer/Platforms/WatchOS.platform/Developer/usr/lib -F /Users/admin/builder/spi-builder-workspace/.derivedData/Build/Products/Debug-watchos -F /Applications/Xcode-16.3.0.app/Contents/Developer/Platforms/WatchOS.platform/Developer/Library/Frameworks -F /Applications/Xcode-16.3.0.app/Contents/Developer/Platforms/WatchOS.platform/Developer/SDKs/WatchOS11.4.sdk/Developer/Library/Frameworks -c -j10 -enable-batch-mode -incremental -Xcc -ivfsstatcache -Xcc /Users/admin/builder/spi-builder-workspace/.derivedData/SDKStatCaches.noindex/watchos11.4-22T246-43efb940ff07ba2497b70ec94253f576.sdkstatcache -output-file-map /Users/admin/builder/spi-builder-workspace/.derivedData/Build/Intermediates.noindex/swift-questionable-concurrency.build/Debug-watchos/QuestionableConcurrency.build/Objects-normal/arm64_32/QuestionableConcurrency-OutputFileMap.json -use-frontend-parseable-output -save-temps -no-color-diagnostics -serialize-diagnostics -emit-dependencies -emit-module -emit-module-path /Users/admin/builder/spi-builder-workspace/.derivedData/Build/Intermediates.noindex/swift-questionable-concurrency.build/Debug-watchos/QuestionableConcurrency.build/Objects-normal/arm64_32/QuestionableConcurrency.swiftmodule -user-module-version 0.2.2 -validate-clang-modules-once -clang-build-session-file /Users/admin/builder/spi-builder-workspace/.derivedData/ModuleCache.noindex/Session.modulevalidation -package-name swift_questionable_concurrency -Xcc -I/Users/admin/builder/spi-builder-workspace/.derivedData/Build/Intermediates.noindex/swift-questionable-concurrency.build/Debug-watchos/QuestionableConcurrency.build/swift-overrides.hmap -emit-const-values -Xfrontend -const-gather-protocols-file -Xfrontend /Users/admin/builder/spi-builder-workspace/.derivedData/Build/Intermediates.noindex/swift-questionable-concurrency.build/Debug-watchos/QuestionableConcurrency.build/Objects-normal/arm64_32/QuestionableConcurrency_const_extract_protocols.json -Xcc -I/Users/admin/builder/spi-builder-workspace/.derivedData/Build/Products/Debug-watchos/include -Xcc -I/Users/admin/builder/spi-builder-workspace/.derivedData/Build/Intermediates.noindex/swift-questionable-concurrency.build/Debug-watchos/QuestionableConcurrency.build/DerivedSources-normal/arm64_32 -Xcc -I/Users/admin/builder/spi-builder-workspace/.derivedData/Build/Intermediates.noindex/swift-questionable-concurrency.build/Debug-watchos/QuestionableConcurrency.build/DerivedSources/arm64_32 -Xcc -I/Users/admin/builder/spi-builder-workspace/.derivedData/Build/Intermediates.noindex/swift-questionable-concurrency.build/Debug-watchos/QuestionableConcurrency.build/DerivedSources -Xcc -DSWIFT_PACKAGE -Xcc -DDEBUG\=1 -emit-objc-header -emit-objc-header-path /Users/admin/builder/spi-builder-workspace/.derivedData/Build/Intermediates.noindex/swift-questionable-concurrency.build/Debug-watchos/QuestionableConcurrency.build/Objects-normal/arm64_32/QuestionableConcurrency-Swift.h -working-directory /Users/admin/builder/spi-builder-workspace/.swiftpm/xcode -experimental-emit-module-separately -disable-cmo
SwiftDriver Bytes normal arm64 com.apple.xcode.tools.swift.compiler (in target 'Bytes' from project 'Bytes')
    cd /Users/admin/builder/spi-builder-workspace/.swiftpm/xcode
    builtin-SwiftDriver -- /Applications/Xcode-16.3.0.app/Contents/Developer/Toolchains/XcodeDefault.xctoolchain/usr/bin/swiftc -module-name Bytes -Onone -enforce-exclusivity\=checked @/Users/admin/builder/spi-builder-workspace/.derivedData/Build/Intermediates.noindex/Bytes.build/Debug-watchos/Bytes.build/Objects-normal/arm64/Bytes.SwiftFileList -DSWIFT_PACKAGE -DDEBUG -DXcode -enable-upcoming-feature ExistentialAny -enable-upcoming-feature InternalImportsByDefault -enable-upcoming-feature MemberImportVisibility -enable-upcoming-feature InferIsolatedConformances -enable-upcoming-feature NonisolatedNonsendingByDefault -enable-upcoming-feature ImmutableWeakCaptures -plugin-path /Applications/Xcode-16.3.0.app/Contents/Developer/Toolchains/XcodeDefault.xctoolchain/usr/lib/swift/host/plugins/testing -enable-experimental-feature DebugDescriptionMacro -sdk /Applications/Xcode-16.3.0.app/Contents/Developer/Platforms/WatchOS.platform/Developer/SDKs/WatchOS11.4.sdk -target arm64-apple-watchos5.0 -g -module-cache-path /Users/admin/builder/spi-builder-workspace/.derivedData/ModuleCache.noindex -Xfrontend -serialize-debugging-options -profile-coverage-mapping -profile-generate -enable-testing -suppress-warnings -index-store-path /Users/admin/builder/spi-builder-workspace/.derivedData/Index.noindex/DataStore -swift-version 6 -I /Users/admin/builder/spi-builder-workspace/.derivedData/Build/Products/Debug-watchos -I /Applications/Xcode-16.3.0.app/Contents/Developer/Platforms/WatchOS.platform/Developer/usr/lib -F /Users/admin/builder/spi-builder-workspace/.derivedData/Build/Products/Debug-watchos -F /Applications/Xcode-16.3.0.app/Contents/Developer/Platforms/WatchOS.platform/Developer/Library/Frameworks -F /Applications/Xcode-16.3.0.app/Contents/Developer/Platforms/WatchOS.platform/Developer/SDKs/WatchOS11.4.sdk/Developer/Library/Frameworks -c -j10 -enable-batch-mode -incremental -Xcc -ivfsstatcache -Xcc /Users/admin/builder/spi-builder-workspace/.derivedData/SDKStatCaches.noindex/watchos11.4-22T246-43efb940ff07ba2497b70ec94253f576.sdkstatcache -output-file-map /Users/admin/builder/spi-builder-workspace/.derivedData/Build/Intermediates.noindex/Bytes.build/Debug-watchos/Bytes.build/Objects-normal/arm64/Bytes-OutputFileMap.json -use-frontend-parseable-output -save-temps -no-color-diagnostics -serialize-diagnostics -emit-dependencies -emit-module -emit-module-path /Users/admin/builder/spi-builder-workspace/.derivedData/Build/Intermediates.noindex/Bytes.build/Debug-watchos/Bytes.build/Objects-normal/arm64/Bytes.swiftmodule -user-module-version 0.6.2 -validate-clang-modules-once -clang-build-session-file /Users/admin/builder/spi-builder-workspace/.derivedData/ModuleCache.noindex/Session.modulevalidation -package-name bytes -Xcc -I/Users/admin/builder/spi-builder-workspace/.derivedData/Build/Intermediates.noindex/Bytes.build/Debug-watchos/Bytes.build/swift-overrides.hmap -emit-const-values -Xfrontend -const-gather-protocols-file -Xfrontend /Users/admin/builder/spi-builder-workspace/.derivedData/Build/Intermediates.noindex/Bytes.build/Debug-watchos/Bytes.build/Objects-normal/arm64/Bytes_const_extract_protocols.json -Xcc -I/Users/admin/builder/spi-builder-workspace/.derivedData/Build/Products/Debug-watchos/include -Xcc -I/Users/admin/builder/spi-builder-workspace/.derivedData/Build/Intermediates.noindex/Bytes.build/Debug-watchos/Bytes.build/DerivedSources-normal/arm64 -Xcc -I/Users/admin/builder/spi-builder-workspace/.derivedData/Build/Intermediates.noindex/Bytes.build/Debug-watchos/Bytes.build/DerivedSources/arm64 -Xcc -I/Users/admin/builder/spi-builder-workspace/.derivedData/Build/Intermediates.noindex/Bytes.build/Debug-watchos/Bytes.build/DerivedSources -Xcc -DSWIFT_PACKAGE -Xcc -DDEBUG\=1 -emit-objc-header -emit-objc-header-path /Users/admin/builder/spi-builder-workspace/.derivedData/Build/Intermediates.noindex/Bytes.build/Debug-watchos/Bytes.build/Objects-normal/arm64/Bytes-Swift.h -working-directory /Users/admin/builder/spi-builder-workspace/.swiftpm/xcode -experimental-emit-module-separately -disable-cmo
SwiftDriver QuestionableConcurrency normal armv7k com.apple.xcode.tools.swift.compiler (in target 'QuestionableConcurrency' from project 'swift-questionable-concurrency')
    cd /Users/admin/builder/spi-builder-workspace/.swiftpm/xcode
    builtin-SwiftDriver -- /Applications/Xcode-16.3.0.app/Contents/Developer/Toolchains/XcodeDefault.xctoolchain/usr/bin/swiftc -module-name QuestionableConcurrency -Onone -enforce-exclusivity\=checked @/Users/admin/builder/spi-builder-workspace/.derivedData/Build/Intermediates.noindex/swift-questionable-concurrency.build/Debug-watchos/QuestionableConcurrency.build/Objects-normal/armv7k/QuestionableConcurrency.SwiftFileList -DSWIFT_PACKAGE -DDEBUG -DXcode -enable-upcoming-feature ExistentialAny -enable-upcoming-feature InternalImportsByDefault -enable-upcoming-feature MemberImportVisibility -enable-upcoming-feature InferIsolatedConformances -enable-upcoming-feature NonisolatedNonsendingByDefault -enable-upcoming-feature ImmutableWeakCaptures -plugin-path /Applications/Xcode-16.3.0.app/Contents/Developer/Toolchains/XcodeDefault.xctoolchain/usr/lib/swift/host/plugins/testing -enable-experimental-feature DebugDescriptionMacro -sdk /Applications/Xcode-16.3.0.app/Contents/Developer/Platforms/WatchOS.platform/Developer/SDKs/WatchOS11.4.sdk -target armv7k-apple-watchos6.0 -g -module-cache-path /Users/admin/builder/spi-builder-workspace/.derivedData/ModuleCache.noindex -Xfrontend -serialize-debugging-options -profile-coverage-mapping -profile-generate -enable-testing -suppress-warnings -index-store-path /Users/admin/builder/spi-builder-workspace/.derivedData/Index.noindex/DataStore -swift-version 6 -I /Users/admin/builder/spi-builder-workspace/.derivedData/Build/Products/Debug-watchos -I /Applications/Xcode-16.3.0.app/Contents/Developer/Platforms/WatchOS.platform/Developer/usr/lib -F /Users/admin/builder/spi-builder-workspace/.derivedData/Build/Products/Debug-watchos -F /Applications/Xcode-16.3.0.app/Contents/Developer/Platforms/WatchOS.platform/Developer/Library/Frameworks -F /Applications/Xcode-16.3.0.app/Contents/Developer/Platforms/WatchOS.platform/Developer/SDKs/WatchOS11.4.sdk/Developer/Library/Frameworks -c -j10 -enable-batch-mode -incremental -Xcc -ivfsstatcache -Xcc /Users/admin/builder/spi-builder-workspace/.derivedData/SDKStatCaches.noindex/watchos11.4-22T246-43efb940ff07ba2497b70ec94253f576.sdkstatcache -output-file-map /Users/admin/builder/spi-builder-workspace/.derivedData/Build/Intermediates.noindex/swift-questionable-concurrency.build/Debug-watchos/QuestionableConcurrency.build/Objects-normal/armv7k/QuestionableConcurrency-OutputFileMap.json -use-frontend-parseable-output -save-temps -no-color-diagnostics -serialize-diagnostics -emit-dependencies -emit-module -emit-module-path /Users/admin/builder/spi-builder-workspace/.derivedData/Build/Intermediates.noindex/swift-questionable-concurrency.build/Debug-watchos/QuestionableConcurrency.build/Objects-normal/armv7k/QuestionableConcurrency.swiftmodule -user-module-version 0.2.2 -validate-clang-modules-once -clang-build-session-file /Users/admin/builder/spi-builder-workspace/.derivedData/ModuleCache.noindex/Session.modulevalidation -package-name swift_questionable_concurrency -Xcc -I/Users/admin/builder/spi-builder-workspace/.derivedData/Build/Intermediates.noindex/swift-questionable-concurrency.build/Debug-watchos/QuestionableConcurrency.build/swift-overrides.hmap -emit-const-values -Xfrontend -const-gather-protocols-file -Xfrontend /Users/admin/builder/spi-builder-workspace/.derivedData/Build/Intermediates.noindex/swift-questionable-concurrency.build/Debug-watchos/QuestionableConcurrency.build/Objects-normal/armv7k/QuestionableConcurrency_const_extract_protocols.json -Xcc -I/Users/admin/builder/spi-builder-workspace/.derivedData/Build/Products/Debug-watchos/include -Xcc -I/Users/admin/builder/spi-builder-workspace/.derivedData/Build/Intermediates.noindex/swift-questionable-concurrency.build/Debug-watchos/QuestionableConcurrency.build/DerivedSources-normal/armv7k -Xcc -I/Users/admin/builder/spi-builder-workspace/.derivedData/Build/Intermediates.noindex/swift-questionable-concurrency.build/Debug-watchos/QuestionableConcurrency.build/DerivedSources/armv7k -Xcc -I/Users/admin/builder/spi-builder-workspace/.derivedData/Build/Intermediates.noindex/swift-questionable-concurrency.build/Debug-watchos/QuestionableConcurrency.build/DerivedSources -Xcc -DSWIFT_PACKAGE -Xcc -DDEBUG\=1 -emit-objc-header -emit-objc-header-path /Users/admin/builder/spi-builder-workspace/.derivedData/Build/Intermediates.noindex/swift-questionable-concurrency.build/Debug-watchos/QuestionableConcurrency.build/Objects-normal/armv7k/QuestionableConcurrency-Swift.h -working-directory /Users/admin/builder/spi-builder-workspace/.swiftpm/xcode -experimental-emit-module-separately -disable-cmo
SwiftDriver QuestionableConcurrency normal arm64 com.apple.xcode.tools.swift.compiler (in target 'QuestionableConcurrency' from project 'swift-questionable-concurrency')
    cd /Users/admin/builder/spi-builder-workspace/.swiftpm/xcode
    builtin-SwiftDriver -- /Applications/Xcode-16.3.0.app/Contents/Developer/Toolchains/XcodeDefault.xctoolchain/usr/bin/swiftc -module-name QuestionableConcurrency -Onone -enforce-exclusivity\=checked @/Users/admin/builder/spi-builder-workspace/.derivedData/Build/Intermediates.noindex/swift-questionable-concurrency.build/Debug-watchos/QuestionableConcurrency.build/Objects-normal/arm64/QuestionableConcurrency.SwiftFileList -DSWIFT_PACKAGE -DDEBUG -DXcode -enable-upcoming-feature ExistentialAny -enable-upcoming-feature InternalImportsByDefault -enable-upcoming-feature MemberImportVisibility -enable-upcoming-feature InferIsolatedConformances -enable-upcoming-feature NonisolatedNonsendingByDefault -enable-upcoming-feature ImmutableWeakCaptures -plugin-path /Applications/Xcode-16.3.0.app/Contents/Developer/Toolchains/XcodeDefault.xctoolchain/usr/lib/swift/host/plugins/testing -enable-experimental-feature DebugDescriptionMacro -sdk /Applications/Xcode-16.3.0.app/Contents/Developer/Platforms/WatchOS.platform/Developer/SDKs/WatchOS11.4.sdk -target arm64-apple-watchos6.0 -g -module-cache-path /Users/admin/builder/spi-builder-workspace/.derivedData/ModuleCache.noindex -Xfrontend -serialize-debugging-options -profile-coverage-mapping -profile-generate -enable-testing -suppress-warnings -index-store-path /Users/admin/builder/spi-builder-workspace/.derivedData/Index.noindex/DataStore -swift-version 6 -I /Users/admin/builder/spi-builder-workspace/.derivedData/Build/Products/Debug-watchos -I /Applications/Xcode-16.3.0.app/Contents/Developer/Platforms/WatchOS.platform/Developer/usr/lib -F /Users/admin/builder/spi-builder-workspace/.derivedData/Build/Products/Debug-watchos -F /Applications/Xcode-16.3.0.app/Contents/Developer/Platforms/WatchOS.platform/Developer/Library/Frameworks -F /Applications/Xcode-16.3.0.app/Contents/Developer/Platforms/WatchOS.platform/Developer/SDKs/WatchOS11.4.sdk/Developer/Library/Frameworks -c -j10 -enable-batch-mode -incremental -Xcc -ivfsstatcache -Xcc /Users/admin/builder/spi-builder-workspace/.derivedData/SDKStatCaches.noindex/watchos11.4-22T246-43efb940ff07ba2497b70ec94253f576.sdkstatcache -output-file-map /Users/admin/builder/spi-builder-workspace/.derivedData/Build/Intermediates.noindex/swift-questionable-concurrency.build/Debug-watchos/QuestionableConcurrency.build/Objects-normal/arm64/QuestionableConcurrency-OutputFileMap.json -use-frontend-parseable-output -save-temps -no-color-diagnostics -serialize-diagnostics -emit-dependencies -emit-module -emit-module-path /Users/admin/builder/spi-builder-workspace/.derivedData/Build/Intermediates.noindex/swift-questionable-concurrency.build/Debug-watchos/QuestionableConcurrency.build/Objects-normal/arm64/QuestionableConcurrency.swiftmodule -user-module-version 0.2.2 -validate-clang-modules-once -clang-build-session-file /Users/admin/builder/spi-builder-workspace/.derivedData/ModuleCache.noindex/Session.modulevalidation -package-name swift_questionable_concurrency -Xcc -I/Users/admin/builder/spi-builder-workspace/.derivedData/Build/Intermediates.noindex/swift-questionable-concurrency.build/Debug-watchos/QuestionableConcurrency.build/swift-overrides.hmap -emit-const-values -Xfrontend -const-gather-protocols-file -Xfrontend /Users/admin/builder/spi-builder-workspace/.derivedData/Build/Intermediates.noindex/swift-questionable-concurrency.build/Debug-watchos/QuestionableConcurrency.build/Objects-normal/arm64/QuestionableConcurrency_const_extract_protocols.json -Xcc -I/Users/admin/builder/spi-builder-workspace/.derivedData/Build/Products/Debug-watchos/include -Xcc -I/Users/admin/builder/spi-builder-workspace/.derivedData/Build/Intermediates.noindex/swift-questionable-concurrency.build/Debug-watchos/QuestionableConcurrency.build/DerivedSources-normal/arm64 -Xcc -I/Users/admin/builder/spi-builder-workspace/.derivedData/Build/Intermediates.noindex/swift-questionable-concurrency.build/Debug-watchos/QuestionableConcurrency.build/DerivedSources/arm64 -Xcc -I/Users/admin/builder/spi-builder-workspace/.derivedData/Build/Intermediates.noindex/swift-questionable-concurrency.build/Debug-watchos/QuestionableConcurrency.build/DerivedSources -Xcc -DSWIFT_PACKAGE -Xcc -DDEBUG\=1 -emit-objc-header -emit-objc-header-path /Users/admin/builder/spi-builder-workspace/.derivedData/Build/Intermediates.noindex/swift-questionable-concurrency.build/Debug-watchos/QuestionableConcurrency.build/Objects-normal/arm64/QuestionableConcurrency-Swift.h -working-directory /Users/admin/builder/spi-builder-workspace/.swiftpm/xcode -experimental-emit-module-separately -disable-cmo
SwiftDriver Bytes normal arm64_32 com.apple.xcode.tools.swift.compiler (in target 'Bytes' from project 'Bytes')
    cd /Users/admin/builder/spi-builder-workspace/.swiftpm/xcode
    builtin-SwiftDriver -- /Applications/Xcode-16.3.0.app/Contents/Developer/Toolchains/XcodeDefault.xctoolchain/usr/bin/swiftc -module-name Bytes -Onone -enforce-exclusivity\=checked @/Users/admin/builder/spi-builder-workspace/.derivedData/Build/Intermediates.noindex/Bytes.build/Debug-watchos/Bytes.build/Objects-normal/arm64_32/Bytes.SwiftFileList -DSWIFT_PACKAGE -DDEBUG -DXcode -enable-upcoming-feature ExistentialAny -enable-upcoming-feature InternalImportsByDefault -enable-upcoming-feature MemberImportVisibility -enable-upcoming-feature InferIsolatedConformances -enable-upcoming-feature NonisolatedNonsendingByDefault -enable-upcoming-feature ImmutableWeakCaptures -plugin-path /Applications/Xcode-16.3.0.app/Contents/Developer/Toolchains/XcodeDefault.xctoolchain/usr/lib/swift/host/plugins/testing -enable-experimental-feature DebugDescriptionMacro -sdk /Applications/Xcode-16.3.0.app/Contents/Developer/Platforms/WatchOS.platform/Developer/SDKs/WatchOS11.4.sdk -target arm64_32-apple-watchos5.0 -g -module-cache-path /Users/admin/builder/spi-builder-workspace/.derivedData/ModuleCache.noindex -Xfrontend -serialize-debugging-options -profile-coverage-mapping -profile-generate -enable-testing -suppress-warnings -index-store-path /Users/admin/builder/spi-builder-workspace/.derivedData/Index.noindex/DataStore -swift-version 6 -I /Users/admin/builder/spi-builder-workspace/.derivedData/Build/Products/Debug-watchos -I /Applications/Xcode-16.3.0.app/Contents/Developer/Platforms/WatchOS.platform/Developer/usr/lib -F /Users/admin/builder/spi-builder-workspace/.derivedData/Build/Products/Debug-watchos -F /Applications/Xcode-16.3.0.app/Contents/Developer/Platforms/WatchOS.platform/Developer/Library/Frameworks -F /Applications/Xcode-16.3.0.app/Contents/Developer/Platforms/WatchOS.platform/Developer/SDKs/WatchOS11.4.sdk/Developer/Library/Frameworks -c -j10 -enable-batch-mode -incremental -Xcc -ivfsstatcache -Xcc /Users/admin/builder/spi-builder-workspace/.derivedData/SDKStatCaches.noindex/watchos11.4-22T246-43efb940ff07ba2497b70ec94253f576.sdkstatcache -output-file-map /Users/admin/builder/spi-builder-workspace/.derivedData/Build/Intermediates.noindex/Bytes.build/Debug-watchos/Bytes.build/Objects-normal/arm64_32/Bytes-OutputFileMap.json -use-frontend-parseable-output -save-temps -no-color-diagnostics -serialize-diagnostics -emit-dependencies -emit-module -emit-module-path /Users/admin/builder/spi-builder-workspace/.derivedData/Build/Intermediates.noindex/Bytes.build/Debug-watchos/Bytes.build/Objects-normal/arm64_32/Bytes.swiftmodule -user-module-version 0.6.2 -validate-clang-modules-once -clang-build-session-file /Users/admin/builder/spi-builder-workspace/.derivedData/ModuleCache.noindex/Session.modulevalidation -package-name bytes -Xcc -I/Users/admin/builder/spi-builder-workspace/.derivedData/Build/Intermediates.noindex/Bytes.build/Debug-watchos/Bytes.build/swift-overrides.hmap -emit-const-values -Xfrontend -const-gather-protocols-file -Xfrontend /Users/admin/builder/spi-builder-workspace/.derivedData/Build/Intermediates.noindex/Bytes.build/Debug-watchos/Bytes.build/Objects-normal/arm64_32/Bytes_const_extract_protocols.json -Xcc -I/Users/admin/builder/spi-builder-workspace/.derivedData/Build/Products/Debug-watchos/include -Xcc -I/Users/admin/builder/spi-builder-workspace/.derivedData/Build/Intermediates.noindex/Bytes.build/Debug-watchos/Bytes.build/DerivedSources-normal/arm64_32 -Xcc -I/Users/admin/builder/spi-builder-workspace/.derivedData/Build/Intermediates.noindex/Bytes.build/Debug-watchos/Bytes.build/DerivedSources/arm64_32 -Xcc -I/Users/admin/builder/spi-builder-workspace/.derivedData/Build/Intermediates.noindex/Bytes.build/Debug-watchos/Bytes.build/DerivedSources -Xcc -DSWIFT_PACKAGE -Xcc -DDEBUG\=1 -emit-objc-header -emit-objc-header-path /Users/admin/builder/spi-builder-workspace/.derivedData/Build/Intermediates.noindex/Bytes.build/Debug-watchos/Bytes.build/Objects-normal/arm64_32/Bytes-Swift.h -working-directory /Users/admin/builder/spi-builder-workspace/.swiftpm/xcode -experimental-emit-module-separately -disable-cmo
SwiftCompile normal arm64_32 Compiling\ DeferredContinuation.swift /Users/admin/builder/spi-builder-workspace/.dependencies/checkouts/swift-questionable-concurrency/Sources/QuestionableConcurrency/DeferredContinuation.swift (in target 'QuestionableConcurrency' from project 'swift-questionable-concurrency')
SwiftCompile normal arm64_32 /Users/admin/builder/spi-builder-workspace/.dependencies/checkouts/swift-questionable-concurrency/Sources/QuestionableConcurrency/DeferredContinuation.swift (in target 'QuestionableConcurrency' from project 'swift-questionable-concurrency')
    cd /Users/admin/builder/spi-builder-workspace/.swiftpm/xcode

SwiftEmitModule normal arm64_32 Emitting\ module\ for\ QuestionableConcurrency (in target 'QuestionableConcurrency' from project 'swift-questionable-concurrency')
EmitSwiftModule normal arm64_32 (in target 'QuestionableConcurrency' from project 'swift-questionable-concurrency')
    cd /Users/admin/builder/spi-builder-workspace/.swiftpm/xcode

SwiftCompile normal arm64_32 Compiling\ AsyncResult.swift /Users/admin/builder/spi-builder-workspace/.dependencies/checkouts/swift-questionable-concurrency/Sources/QuestionableConcurrency/AsyncResult.swift (in target 'QuestionableConcurrency' from project 'swift-questionable-concurrency')
SwiftCompile normal arm64_32 /Users/admin/builder/spi-builder-workspace/.dependencies/checkouts/swift-questionable-concurrency/Sources/QuestionableConcurrency/AsyncResult.swift (in target 'QuestionableConcurrency' from project 'swift-questionable-concurrency')
    cd /Users/admin/builder/spi-builder-workspace/.swiftpm/xcode

SwiftCompile normal arm64_32 Compiling\ Promise.swift /Users/admin/builder/spi-builder-workspace/.dependencies/checkouts/swift-questionable-concurrency/Sources/QuestionableConcurrency/Promise.swift (in target 'QuestionableConcurrency' from project 'swift-questionable-concurrency')
SwiftCompile normal arm64_32 /Users/admin/builder/spi-builder-workspace/.dependencies/checkouts/swift-questionable-concurrency/Sources/QuestionableConcurrency/Promise.swift (in target 'QuestionableConcurrency' from project 'swift-questionable-concurrency')
    cd /Users/admin/builder/spi-builder-workspace/.swiftpm/xcode

SwiftEmitModule normal armv7k Emitting\ module\ for\ QuestionableConcurrency (in target 'QuestionableConcurrency' from project 'swift-questionable-concurrency')
EmitSwiftModule normal armv7k (in target 'QuestionableConcurrency' from project 'swift-questionable-concurrency')
    cd /Users/admin/builder/spi-builder-workspace/.swiftpm/xcode

SwiftEmitModule normal arm64 Emitting\ module\ for\ QuestionableConcurrency (in target 'QuestionableConcurrency' from project 'swift-questionable-concurrency')
EmitSwiftModule normal arm64 (in target 'QuestionableConcurrency' from project 'swift-questionable-concurrency')
    cd /Users/admin/builder/spi-builder-workspace/.swiftpm/xcode

SwiftCompile normal armv7k Compiling\ Future.swift /Users/admin/builder/spi-builder-workspace/.dependencies/checkouts/swift-questionable-concurrency/Sources/QuestionableConcurrency/Future.swift (in target 'QuestionableConcurrency' from project 'swift-questionable-concurrency')
SwiftCompile normal armv7k /Users/admin/builder/spi-builder-workspace/.dependencies/checkouts/swift-questionable-concurrency/Sources/QuestionableConcurrency/Future.swift (in target 'QuestionableConcurrency' from project 'swift-questionable-concurrency')
    cd /Users/admin/builder/spi-builder-workspace/.swiftpm/xcode

SwiftEmitModule normal arm64_32 Emitting\ module\ for\ AsyncSequenceReader (in target 'AsyncSequenceReader' from project 'AsyncSequenceReader')
EmitSwiftModule normal arm64_32 (in target 'AsyncSequenceReader' from project 'AsyncSequenceReader')
    cd /Users/admin/builder/spi-builder-workspace/.swiftpm/xcode

SwiftEmitModule normal arm64 Emitting\ module\ for\ Bytes (in target 'Bytes' from project 'Bytes')
EmitSwiftModule normal arm64 (in target 'Bytes' from project 'Bytes')
    cd /Users/admin/builder/spi-builder-workspace/.swiftpm/xcode

SwiftEmitModule normal arm64 Emitting\ module\ for\ AsyncSequenceReader (in target 'AsyncSequenceReader' from project 'AsyncSequenceReader')
EmitSwiftModule normal arm64 (in target 'AsyncSequenceReader' from project 'AsyncSequenceReader')
    cd /Users/admin/builder/spi-builder-workspace/.swiftpm/xcode

SwiftEmitModule normal armv7k Emitting\ module\ for\ Bytes (in target 'Bytes' from project 'Bytes')
EmitSwiftModule normal armv7k (in target 'Bytes' from project 'Bytes')
    cd /Users/admin/builder/spi-builder-workspace/.swiftpm/xcode

SwiftEmitModule normal arm64_32 Emitting\ module\ for\ Bytes (in target 'Bytes' from project 'Bytes')
EmitSwiftModule normal arm64_32 (in target 'Bytes' from project 'Bytes')
    cd /Users/admin/builder/spi-builder-workspace/.swiftpm/xcode

SwiftDriverJobDiscovery normal armv7k Compiling Future.swift (in target 'QuestionableConcurrency' from project 'swift-questionable-concurrency')
SwiftDriverJobDiscovery normal arm64_32 Emitting module for QuestionableConcurrency (in target 'QuestionableConcurrency' from project 'swift-questionable-concurrency')
SwiftDriver\ Compilation\ Requirements QuestionableConcurrency normal arm64_32 com.apple.xcode.tools.swift.compiler (in target 'QuestionableConcurrency' from project 'swift-questionable-concurrency')
    cd /Users/admin/builder/spi-builder-workspace/.swiftpm/xcode
    builtin-Swift-Compilation-Requirements -- /Applications/Xcode-16.3.0.app/Contents/Developer/Toolchains/XcodeDefault.xctoolchain/usr/bin/swiftc -module-name QuestionableConcurrency -Onone -enforce-exclusivity\=checked @/Users/admin/builder/spi-builder-workspace/.derivedData/Build/Intermediates.noindex/swift-questionable-concurrency.build/Debug-watchos/QuestionableConcurrency.build/Objects-normal/arm64_32/QuestionableConcurrency.SwiftFileList -DSWIFT_PACKAGE -DDEBUG -DXcode -enable-upcoming-feature ExistentialAny -enable-upcoming-feature InternalImportsByDefault -enable-upcoming-feature MemberImportVisibility -enable-upcoming-feature InferIsolatedConformances -enable-upcoming-feature NonisolatedNonsendingByDefault -enable-upcoming-feature ImmutableWeakCaptures -plugin-path /Applications/Xcode-16.3.0.app/Contents/Developer/Toolchains/XcodeDefault.xctoolchain/usr/lib/swift/host/plugins/testing -enable-experimental-feature DebugDescriptionMacro -sdk /Applications/Xcode-16.3.0.app/Contents/Developer/Platforms/WatchOS.platform/Developer/SDKs/WatchOS11.4.sdk -target arm64_32-apple-watchos6.0 -g -module-cache-path /Users/admin/builder/spi-builder-workspace/.derivedData/ModuleCache.noindex -Xfrontend -serialize-debugging-options -profile-coverage-mapping -profile-generate -enable-testing -suppress-warnings -index-store-path /Users/admin/builder/spi-builder-workspace/.derivedData/Index.noindex/DataStore -swift-version 6 -I /Users/admin/builder/spi-builder-workspace/.derivedData/Build/Products/Debug-watchos -I /Applications/Xcode-16.3.0.app/Contents/Developer/Platforms/WatchOS.platform/Developer/usr/lib -F /Users/admin/builder/spi-builder-workspace/.derivedData/Build/Products/Debug-watchos -F /Applications/Xcode-16.3.0.app/Contents/Developer/Platforms/WatchOS.platform/Developer/Library/Frameworks -F /Applications/Xcode-16.3.0.app/Contents/Developer/Platforms/WatchOS.platform/Developer/SDKs/WatchOS11.4.sdk/Developer/Library/Frameworks -c -j10 -enable-batch-mode -incremental -Xcc -ivfsstatcache -Xcc /Users/admin/builder/spi-builder-workspace/.derivedData/SDKStatCaches.noindex/watchos11.4-22T246-43efb940ff07ba2497b70ec94253f576.sdkstatcache -output-file-map /Users/admin/builder/spi-builder-workspace/.derivedData/Build/Intermediates.noindex/swift-questionable-concurrency.build/Debug-watchos/QuestionableConcurrency.build/Objects-normal/arm64_32/QuestionableConcurrency-OutputFileMap.json -use-frontend-parseable-output -save-temps -no-color-diagnostics -serialize-diagnostics -emit-dependencies -emit-module -emit-module-path /Users/admin/builder/spi-builder-workspace/.derivedData/Build/Intermediates.noindex/swift-questionable-concurrency.build/Debug-watchos/QuestionableConcurrency.build/Objects-normal/arm64_32/QuestionableConcurrency.swiftmodule -user-module-version 0.2.2 -validate-clang-modules-once -clang-build-session-file /Users/admin/builder/spi-builder-workspace/.derivedData/ModuleCache.noindex/Session.modulevalidation -package-name swift_questionable_concurrency -Xcc -I/Users/admin/builder/spi-builder-workspace/.derivedData/Build/Intermediates.noindex/swift-questionable-concurrency.build/Debug-watchos/QuestionableConcurrency.build/swift-overrides.hmap -emit-const-values -Xfrontend -const-gather-protocols-file -Xfrontend /Users/admin/builder/spi-builder-workspace/.derivedData/Build/Intermediates.noindex/swift-questionable-concurrency.build/Debug-watchos/QuestionableConcurrency.build/Objects-normal/arm64_32/QuestionableConcurrency_const_extract_protocols.json -Xcc -I/Users/admin/builder/spi-builder-workspace/.derivedData/Build/Products/Debug-watchos/include -Xcc -I/Users/admin/builder/spi-builder-workspace/.derivedData/Build/Intermediates.noindex/swift-questionable-concurrency.build/Debug-watchos/QuestionableConcurrency.build/DerivedSources-normal/arm64_32 -Xcc -I/Users/admin/builder/spi-builder-workspace/.derivedData/Build/Intermediates.noindex/swift-questionable-concurrency.build/Debug-watchos/QuestionableConcurrency.build/DerivedSources/arm64_32 -Xcc -I/Users/admin/builder/spi-builder-workspace/.derivedData/Build/Intermediates.noindex/swift-questionable-concurrency.build/Debug-watchos/QuestionableConcurrency.build/DerivedSources -Xcc -DSWIFT_PACKAGE -Xcc -DDEBUG\=1 -emit-objc-header -emit-objc-header-path /Users/admin/builder/spi-builder-workspace/.derivedData/Build/Intermediates.noindex/swift-questionable-concurrency.build/Debug-watchos/QuestionableConcurrency.build/Objects-normal/arm64_32/QuestionableConcurrency-Swift.h -working-directory /Users/admin/builder/spi-builder-workspace/.swiftpm/xcode -experimental-emit-module-separately -disable-cmo
SwiftDriverJobDiscovery normal arm64_32 Compiling Promise.swift (in target 'QuestionableConcurrency' from project 'swift-questionable-concurrency')
SwiftEmitModule normal armv7k Emitting\ module\ for\ AsyncSequenceReader (in target 'AsyncSequenceReader' from project 'AsyncSequenceReader')
EmitSwiftModule normal armv7k (in target 'AsyncSequenceReader' from project 'AsyncSequenceReader')
    cd /Users/admin/builder/spi-builder-workspace/.swiftpm/xcode

Copy /Users/admin/builder/spi-builder-workspace/.derivedData/Build/Products/Debug-watchos/QuestionableConcurrency.swiftmodule/arm64_32-apple-watchos.swiftmodule /Users/admin/builder/spi-builder-workspace/.derivedData/Build/Intermediates.noindex/swift-questionable-concurrency.build/Debug-watchos/QuestionableConcurrency.build/Objects-normal/arm64_32/QuestionableConcurrency.swiftmodule (in target 'QuestionableConcurrency' from project 'swift-questionable-concurrency')
    cd /Users/admin/builder/spi-builder-workspace/.dependencies/checkouts/swift-questionable-concurrency
    builtin-copy -exclude .DS_Store -exclude CVS -exclude .svn -exclude .git -exclude .hg -resolve-src-symlinks -rename /Users/admin/builder/spi-builder-workspace/.derivedData/Build/Intermediates.noindex/swift-questionable-concurrency.build/Debug-watchos/QuestionableConcurrency.build/Objects-normal/arm64_32/QuestionableConcurrency.swiftmodule /Users/admin/builder/spi-builder-workspace/.derivedData/Build/Products/Debug-watchos/QuestionableConcurrency.swiftmodule/arm64_32-apple-watchos.swiftmodule
SwiftDriverJobDiscovery normal armv7k Emitting module for QuestionableConcurrency (in target 'QuestionableConcurrency' from project 'swift-questionable-concurrency')
SwiftDriver\ Compilation\ Requirements QuestionableConcurrency normal armv7k com.apple.xcode.tools.swift.compiler (in target 'QuestionableConcurrency' from project 'swift-questionable-concurrency')
    cd /Users/admin/builder/spi-builder-workspace/.swiftpm/xcode
    builtin-Swift-Compilation-Requirements -- /Applications/Xcode-16.3.0.app/Contents/Developer/Toolchains/XcodeDefault.xctoolchain/usr/bin/swiftc -module-name QuestionableConcurrency -Onone -enforce-exclusivity\=checked @/Users/admin/builder/spi-builder-workspace/.derivedData/Build/Intermediates.noindex/swift-questionable-concurrency.build/Debug-watchos/QuestionableConcurrency.build/Objects-normal/armv7k/QuestionableConcurrency.SwiftFileList -DSWIFT_PACKAGE -DDEBUG -DXcode -enable-upcoming-feature ExistentialAny -enable-upcoming-feature InternalImportsByDefault -enable-upcoming-feature MemberImportVisibility -enable-upcoming-feature InferIsolatedConformances -enable-upcoming-feature NonisolatedNonsendingByDefault -enable-upcoming-feature ImmutableWeakCaptures -plugin-path /Applications/Xcode-16.3.0.app/Contents/Developer/Toolchains/XcodeDefault.xctoolchain/usr/lib/swift/host/plugins/testing -enable-experimental-feature DebugDescriptionMacro -sdk /Applications/Xcode-16.3.0.app/Contents/Developer/Platforms/WatchOS.platform/Developer/SDKs/WatchOS11.4.sdk -target armv7k-apple-watchos6.0 -g -module-cache-path /Users/admin/builder/spi-builder-workspace/.derivedData/ModuleCache.noindex -Xfrontend -serialize-debugging-options -profile-coverage-mapping -profile-generate -enable-testing -suppress-warnings -index-store-path /Users/admin/builder/spi-builder-workspace/.derivedData/Index.noindex/DataStore -swift-version 6 -I /Users/admin/builder/spi-builder-workspace/.derivedData/Build/Products/Debug-watchos -I /Applications/Xcode-16.3.0.app/Contents/Developer/Platforms/WatchOS.platform/Developer/usr/lib -F /Users/admin/builder/spi-builder-workspace/.derivedData/Build/Products/Debug-watchos -F /Applications/Xcode-16.3.0.app/Contents/Developer/Platforms/WatchOS.platform/Developer/Library/Frameworks -F /Applications/Xcode-16.3.0.app/Contents/Developer/Platforms/WatchOS.platform/Developer/SDKs/WatchOS11.4.sdk/Developer/Library/Frameworks -c -j10 -enable-batch-mode -incremental -Xcc -ivfsstatcache -Xcc /Users/admin/builder/spi-builder-workspace/.derivedData/SDKStatCaches.noindex/watchos11.4-22T246-43efb940ff07ba2497b70ec94253f576.sdkstatcache -output-file-map /Users/admin/builder/spi-builder-workspace/.derivedData/Build/Intermediates.noindex/swift-questionable-concurrency.build/Debug-watchos/QuestionableConcurrency.build/Objects-normal/armv7k/QuestionableConcurrency-OutputFileMap.json -use-frontend-parseable-output -save-temps -no-color-diagnostics -serialize-diagnostics -emit-dependencies -emit-module -emit-module-path /Users/admin/builder/spi-builder-workspace/.derivedData/Build/Intermediates.noindex/swift-questionable-concurrency.build/Debug-watchos/QuestionableConcurrency.build/Objects-normal/armv7k/QuestionableConcurrency.swiftmodule -user-module-version 0.2.2 -validate-clang-modules-once -clang-build-session-file /Users/admin/builder/spi-builder-workspace/.derivedData/ModuleCache.noindex/Session.modulevalidation -package-name swift_questionable_concurrency -Xcc -I/Users/admin/builder/spi-builder-workspace/.derivedData/Build/Intermediates.noindex/swift-questionable-concurrency.build/Debug-watchos/QuestionableConcurrency.build/swift-overrides.hmap -emit-const-values -Xfrontend -const-gather-protocols-file -Xfrontend /Users/admin/builder/spi-builder-workspace/.derivedData/Build/Intermediates.noindex/swift-questionable-concurrency.build/Debug-watchos/QuestionableConcurrency.build/Objects-normal/armv7k/QuestionableConcurrency_const_extract_protocols.json -Xcc -I/Users/admin/builder/spi-builder-workspace/.derivedData/Build/Products/Debug-watchos/include -Xcc -I/Users/admin/builder/spi-builder-workspace/.derivedData/Build/Intermediates.noindex/swift-questionable-concurrency.build/Debug-watchos/QuestionableConcurrency.build/DerivedSources-normal/armv7k -Xcc -I/Users/admin/builder/spi-builder-workspace/.derivedData/Build/Intermediates.noindex/swift-questionable-concurrency.build/Debug-watchos/QuestionableConcurrency.build/DerivedSources/armv7k -Xcc -I/Users/admin/builder/spi-builder-workspace/.derivedData/Build/Intermediates.noindex/swift-questionable-concurrency.build/Debug-watchos/QuestionableConcurrency.build/DerivedSources -Xcc -DSWIFT_PACKAGE -Xcc -DDEBUG\=1 -emit-objc-header -emit-objc-header-path /Users/admin/builder/spi-builder-workspace/.derivedData/Build/Intermediates.noindex/swift-questionable-concurrency.build/Debug-watchos/QuestionableConcurrency.build/Objects-normal/armv7k/QuestionableConcurrency-Swift.h -working-directory /Users/admin/builder/spi-builder-workspace/.swiftpm/xcode -experimental-emit-module-separately -disable-cmo
Copy /Users/admin/builder/spi-builder-workspace/.derivedData/Build/Products/Debug-watchos/QuestionableConcurrency.swiftmodule/arm64_32-apple-watchos.abi.json /Users/admin/builder/spi-builder-workspace/.derivedData/Build/Intermediates.noindex/swift-questionable-concurrency.build/Debug-watchos/QuestionableConcurrency.build/Objects-normal/arm64_32/QuestionableConcurrency.abi.json (in target 'QuestionableConcurrency' from project 'swift-questionable-concurrency')
    cd /Users/admin/builder/spi-builder-workspace/.dependencies/checkouts/swift-questionable-concurrency
    builtin-copy -exclude .DS_Store -exclude CVS -exclude .svn -exclude .git -exclude .hg -resolve-src-symlinks -rename /Users/admin/builder/spi-builder-workspace/.derivedData/Build/Intermediates.noindex/swift-questionable-concurrency.build/Debug-watchos/QuestionableConcurrency.build/Objects-normal/arm64_32/QuestionableConcurrency.abi.json /Users/admin/builder/spi-builder-workspace/.derivedData/Build/Products/Debug-watchos/QuestionableConcurrency.swiftmodule/arm64_32-apple-watchos.abi.json
Copy /Users/admin/builder/spi-builder-workspace/.derivedData/Build/Products/Debug-watchos/QuestionableConcurrency.swiftmodule/armv7k-apple-watchos.swiftmodule /Users/admin/builder/spi-builder-workspace/.derivedData/Build/Intermediates.noindex/swift-questionable-concurrency.build/Debug-watchos/QuestionableConcurrency.build/Objects-normal/armv7k/QuestionableConcurrency.swiftmodule (in target 'QuestionableConcurrency' from project 'swift-questionable-concurrency')
    cd /Users/admin/builder/spi-builder-workspace/.dependencies/checkouts/swift-questionable-concurrency
    builtin-copy -exclude .DS_Store -exclude CVS -exclude .svn -exclude .git -exclude .hg -resolve-src-symlinks -rename /Users/admin/builder/spi-builder-workspace/.derivedData/Build/Intermediates.noindex/swift-questionable-concurrency.build/Debug-watchos/QuestionableConcurrency.build/Objects-normal/armv7k/QuestionableConcurrency.swiftmodule /Users/admin/builder/spi-builder-workspace/.derivedData/Build/Products/Debug-watchos/QuestionableConcurrency.swiftmodule/armv7k-apple-watchos.swiftmodule
Copy /Users/admin/builder/spi-builder-workspace/.derivedData/Build/Products/Debug-watchos/QuestionableConcurrency.swiftmodule/armv7k-apple-watchos.abi.json /Users/admin/builder/spi-builder-workspace/.derivedData/Build/Intermediates.noindex/swift-questionable-concurrency.build/Debug-watchos/QuestionableConcurrency.build/Objects-normal/armv7k/QuestionableConcurrency.abi.json (in target 'QuestionableConcurrency' from project 'swift-questionable-concurrency')
    cd /Users/admin/builder/spi-builder-workspace/.dependencies/checkouts/swift-questionable-concurrency
    builtin-copy -exclude .DS_Store -exclude CVS -exclude .svn -exclude .git -exclude .hg -resolve-src-symlinks -rename /Users/admin/builder/spi-builder-workspace/.derivedData/Build/Intermediates.noindex/swift-questionable-concurrency.build/Debug-watchos/QuestionableConcurrency.build/Objects-normal/armv7k/QuestionableConcurrency.abi.json /Users/admin/builder/spi-builder-workspace/.derivedData/Build/Products/Debug-watchos/QuestionableConcurrency.swiftmodule/armv7k-apple-watchos.abi.json
SwiftCompile normal arm64 Compiling\ DeferredContinuation.swift /Users/admin/builder/spi-builder-workspace/.dependencies/checkouts/swift-questionable-concurrency/Sources/QuestionableConcurrency/DeferredContinuation.swift (in target 'QuestionableConcurrency' from project 'swift-questionable-concurrency')
SwiftCompile normal arm64 /Users/admin/builder/spi-builder-workspace/.dependencies/checkouts/swift-questionable-concurrency/Sources/QuestionableConcurrency/DeferredContinuation.swift (in target 'QuestionableConcurrency' from project 'swift-questionable-concurrency')
    cd /Users/admin/builder/spi-builder-workspace/.swiftpm/xcode

SwiftDriverJobDiscovery normal arm64 Emitting module for QuestionableConcurrency (in target 'QuestionableConcurrency' from project 'swift-questionable-concurrency')
SwiftCompile normal armv7k Compiling\ AsyncResult.swift /Users/admin/builder/spi-builder-workspace/.dependencies/checkouts/swift-questionable-concurrency/Sources/QuestionableConcurrency/AsyncResult.swift (in target 'QuestionableConcurrency' from project 'swift-questionable-concurrency')
SwiftCompile normal armv7k /Users/admin/builder/spi-builder-workspace/.dependencies/checkouts/swift-questionable-concurrency/Sources/QuestionableConcurrency/AsyncResult.swift (in target 'QuestionableConcurrency' from project 'swift-questionable-concurrency')
    cd /Users/admin/builder/spi-builder-workspace/.swiftpm/xcode

SwiftDriver\ Compilation\ Requirements QuestionableConcurrency normal arm64 com.apple.xcode.tools.swift.compiler (in target 'QuestionableConcurrency' from project 'swift-questionable-concurrency')
    cd /Users/admin/builder/spi-builder-workspace/.swiftpm/xcode
    builtin-Swift-Compilation-Requirements -- /Applications/Xcode-16.3.0.app/Contents/Developer/Toolchains/XcodeDefault.xctoolchain/usr/bin/swiftc -module-name QuestionableConcurrency -Onone -enforce-exclusivity\=checked @/Users/admin/builder/spi-builder-workspace/.derivedData/Build/Intermediates.noindex/swift-questionable-concurrency.build/Debug-watchos/QuestionableConcurrency.build/Objects-normal/arm64/QuestionableConcurrency.SwiftFileList -DSWIFT_PACKAGE -DDEBUG -DXcode -enable-upcoming-feature ExistentialAny -enable-upcoming-feature InternalImportsByDefault -enable-upcoming-feature MemberImportVisibility -enable-upcoming-feature InferIsolatedConformances -enable-upcoming-feature NonisolatedNonsendingByDefault -enable-upcoming-feature ImmutableWeakCaptures -plugin-path /Applications/Xcode-16.3.0.app/Contents/Developer/Toolchains/XcodeDefault.xctoolchain/usr/lib/swift/host/plugins/testing -enable-experimental-feature DebugDescriptionMacro -sdk /Applications/Xcode-16.3.0.app/Contents/Developer/Platforms/WatchOS.platform/Developer/SDKs/WatchOS11.4.sdk -target arm64-apple-watchos6.0 -g -module-cache-path /Users/admin/builder/spi-builder-workspace/.derivedData/ModuleCache.noindex -Xfrontend -serialize-debugging-options -profile-coverage-mapping -profile-generate -enable-testing -suppress-warnings -index-store-path /Users/admin/builder/spi-builder-workspace/.derivedData/Index.noindex/DataStore -swift-version 6 -I /Users/admin/builder/spi-builder-workspace/.derivedData/Build/Products/Debug-watchos -I /Applications/Xcode-16.3.0.app/Contents/Developer/Platforms/WatchOS.platform/Developer/usr/lib -F /Users/admin/builder/spi-builder-workspace/.derivedData/Build/Products/Debug-watchos -F /Applications/Xcode-16.3.0.app/Contents/Developer/Platforms/WatchOS.platform/Developer/Library/Frameworks -F /Applications/Xcode-16.3.0.app/Contents/Developer/Platforms/WatchOS.platform/Developer/SDKs/WatchOS11.4.sdk/Developer/Library/Frameworks -c -j10 -enable-batch-mode -incremental -Xcc -ivfsstatcache -Xcc /Users/admin/builder/spi-builder-workspace/.derivedData/SDKStatCaches.noindex/watchos11.4-22T246-43efb940ff07ba2497b70ec94253f576.sdkstatcache -output-file-map /Users/admin/builder/spi-builder-workspace/.derivedData/Build/Intermediates.noindex/swift-questionable-concurrency.build/Debug-watchos/QuestionableConcurrency.build/Objects-normal/arm64/QuestionableConcurrency-OutputFileMap.json -use-frontend-parseable-output -save-temps -no-color-diagnostics -serialize-diagnostics -emit-dependencies -emit-module -emit-module-path /Users/admin/builder/spi-builder-workspace/.derivedData/Build/Intermediates.noindex/swift-questionable-concurrency.build/Debug-watchos/QuestionableConcurrency.build/Objects-normal/arm64/QuestionableConcurrency.swiftmodule -user-module-version 0.2.2 -validate-clang-modules-once -clang-build-session-file /Users/admin/builder/spi-builder-workspace/.derivedData/ModuleCache.noindex/Session.modulevalidation -package-name swift_questionable_concurrency -Xcc -I/Users/admin/builder/spi-builder-workspace/.derivedData/Build/Intermediates.noindex/swift-questionable-concurrency.build/Debug-watchos/QuestionableConcurrency.build/swift-overrides.hmap -emit-const-values -Xfrontend -const-gather-protocols-file -Xfrontend /Users/admin/builder/spi-builder-workspace/.derivedData/Build/Intermediates.noindex/swift-questionable-concurrency.build/Debug-watchos/QuestionableConcurrency.build/Objects-normal/arm64/QuestionableConcurrency_const_extract_protocols.json -Xcc -I/Users/admin/builder/spi-builder-workspace/.derivedData/Build/Products/Debug-watchos/include -Xcc -I/Users/admin/builder/spi-builder-workspace/.derivedData/Build/Intermediates.noindex/swift-questionable-concurrency.build/Debug-watchos/QuestionableConcurrency.build/DerivedSources-normal/arm64 -Xcc -I/Users/admin/builder/spi-builder-workspace/.derivedData/Build/Intermediates.noindex/swift-questionable-concurrency.build/Debug-watchos/QuestionableConcurrency.build/DerivedSources/arm64 -Xcc -I/Users/admin/builder/spi-builder-workspace/.derivedData/Build/Intermediates.noindex/swift-questionable-concurrency.build/Debug-watchos/QuestionableConcurrency.build/DerivedSources -Xcc -DSWIFT_PACKAGE -Xcc -DDEBUG\=1 -emit-objc-header -emit-objc-header-path /Users/admin/builder/spi-builder-workspace/.derivedData/Build/Intermediates.noindex/swift-questionable-concurrency.build/Debug-watchos/QuestionableConcurrency.build/Objects-normal/arm64/QuestionableConcurrency-Swift.h -working-directory /Users/admin/builder/spi-builder-workspace/.swiftpm/xcode -experimental-emit-module-separately -disable-cmo
SwiftDriverJobDiscovery normal arm64_32 Compiling DeferredContinuation.swift (in target 'QuestionableConcurrency' from project 'swift-questionable-concurrency')
SwiftCompile normal arm64 Compiling\ UnfairLock.swift /Users/admin/builder/spi-builder-workspace/.dependencies/checkouts/swift-questionable-concurrency/Sources/QuestionableConcurrency/UnfairLock.swift (in target 'QuestionableConcurrency' from project 'swift-questionable-concurrency')
SwiftCompile normal arm64 /Users/admin/builder/spi-builder-workspace/.dependencies/checkouts/swift-questionable-concurrency/Sources/QuestionableConcurrency/UnfairLock.swift (in target 'QuestionableConcurrency' from project 'swift-questionable-concurrency')
    cd /Users/admin/builder/spi-builder-workspace/.swiftpm/xcode

Copy /Users/admin/builder/spi-builder-workspace/.derivedData/Build/Products/Debug-watchos/QuestionableConcurrency.swiftmodule/arm64-apple-watchos.swiftmodule /Users/admin/builder/spi-builder-workspace/.derivedData/Build/Intermediates.noindex/swift-questionable-concurrency.build/Debug-watchos/QuestionableConcurrency.build/Objects-normal/arm64/QuestionableConcurrency.swiftmodule (in target 'QuestionableConcurrency' from project 'swift-questionable-concurrency')
    cd /Users/admin/builder/spi-builder-workspace/.dependencies/checkouts/swift-questionable-concurrency
    builtin-copy -exclude .DS_Store -exclude CVS -exclude .svn -exclude .git -exclude .hg -resolve-src-symlinks -rename /Users/admin/builder/spi-builder-workspace/.derivedData/Build/Intermediates.noindex/swift-questionable-concurrency.build/Debug-watchos/QuestionableConcurrency.build/Objects-normal/arm64/QuestionableConcurrency.swiftmodule /Users/admin/builder/spi-builder-workspace/.derivedData/Build/Products/Debug-watchos/QuestionableConcurrency.swiftmodule/arm64-apple-watchos.swiftmodule
SwiftDriverJobDiscovery normal arm64_32 Compiling AsyncResult.swift (in target 'QuestionableConcurrency' from project 'swift-questionable-concurrency')
Copy /Users/admin/builder/spi-builder-workspace/.derivedData/Build/Products/Debug-watchos/QuestionableConcurrency.swiftmodule/arm64-apple-watchos.abi.json /Users/admin/builder/spi-builder-workspace/.derivedData/Build/Intermediates.noindex/swift-questionable-concurrency.build/Debug-watchos/QuestionableConcurrency.build/Objects-normal/arm64/QuestionableConcurrency.abi.json (in target 'QuestionableConcurrency' from project 'swift-questionable-concurrency')
    cd /Users/admin/builder/spi-builder-workspace/.dependencies/checkouts/swift-questionable-concurrency
    builtin-copy -exclude .DS_Store -exclude CVS -exclude .svn -exclude .git -exclude .hg -resolve-src-symlinks -rename /Users/admin/builder/spi-builder-workspace/.derivedData/Build/Intermediates.noindex/swift-questionable-concurrency.build/Debug-watchos/QuestionableConcurrency.build/Objects-normal/arm64/QuestionableConcurrency.abi.json /Users/admin/builder/spi-builder-workspace/.derivedData/Build/Products/Debug-watchos/QuestionableConcurrency.swiftmodule/arm64-apple-watchos.abi.json
SwiftDriverJobDiscovery normal arm64_32 Emitting module for AsyncSequenceReader (in target 'AsyncSequenceReader' from project 'AsyncSequenceReader')
SwiftDriver\ Compilation\ Requirements AsyncSequenceReader normal arm64_32 com.apple.xcode.tools.swift.compiler (in target 'AsyncSequenceReader' from project 'AsyncSequenceReader')
    cd /Users/admin/builder/spi-builder-workspace/.swiftpm/xcode
    builtin-Swift-Compilation-Requirements -- /Applications/Xcode-16.3.0.app/Contents/Developer/Toolchains/XcodeDefault.xctoolchain/usr/bin/swiftc -module-name AsyncSequenceReader -Onone -enforce-exclusivity\=checked @/Users/admin/builder/spi-builder-workspace/.derivedData/Build/Intermediates.noindex/AsyncSequenceReader.build/Debug-watchos/AsyncSequenceReader.build/Objects-normal/arm64_32/AsyncSequenceReader.SwiftFileList -DSWIFT_PACKAGE -DDEBUG -DXcode -enable-upcoming-feature ExistentialAny -enable-upcoming-feature InternalImportsByDefault -enable-upcoming-feature MemberImportVisibility -enable-upcoming-feature InferIsolatedConformances -enable-upcoming-feature NonisolatedNonsendingByDefault -enable-upcoming-feature ImmutableWeakCaptures -plugin-path /Applications/Xcode-16.3.0.app/Contents/Developer/Toolchains/XcodeDefault.xctoolchain/usr/lib/swift/host/plugins/testing -enable-experimental-feature DebugDescriptionMacro -sdk /Applications/Xcode-16.3.0.app/Contents/Developer/Platforms/WatchOS.platform/Developer/SDKs/WatchOS11.4.sdk -target arm64_32-apple-watchos6.0 -g -module-cache-path /Users/admin/builder/spi-builder-workspace/.derivedData/ModuleCache.noindex -Xfrontend -serialize-debugging-options -profile-coverage-mapping -profile-generate -enable-testing -suppress-warnings -index-store-path /Users/admin/builder/spi-builder-workspace/.derivedData/Index.noindex/DataStore -swift-version 6 -I /Users/admin/builder/spi-builder-workspace/.derivedData/Build/Products/Debug-watchos -I /Applications/Xcode-16.3.0.app/Contents/Developer/Platforms/WatchOS.platform/Developer/usr/lib -F /Users/admin/builder/spi-builder-workspace/.derivedData/Build/Products/Debug-watchos -F /Applications/Xcode-16.3.0.app/Contents/Developer/Platforms/WatchOS.platform/Developer/Library/Frameworks -F /Applications/Xcode-16.3.0.app/Contents/Developer/Platforms/WatchOS.platform/Developer/SDKs/WatchOS11.4.sdk/Developer/Library/Frameworks -c -j10 -enable-batch-mode -incremental -Xcc -ivfsstatcache -Xcc /Users/admin/builder/spi-builder-workspace/.derivedData/SDKStatCaches.noindex/watchos11.4-22T246-43efb940ff07ba2497b70ec94253f576.sdkstatcache -output-file-map /Users/admin/builder/spi-builder-workspace/.derivedData/Build/Intermediates.noindex/AsyncSequenceReader.build/Debug-watchos/AsyncSequenceReader.build/Objects-normal/arm64_32/AsyncSequenceReader-OutputFileMap.json -use-frontend-parseable-output -save-temps -no-color-diagnostics -serialize-diagnostics -emit-dependencies -emit-module -emit-module-path /Users/admin/builder/spi-builder-workspace/.derivedData/Build/Intermediates.noindex/AsyncSequenceReader.build/Debug-watchos/AsyncSequenceReader.build/Objects-normal/arm64_32/AsyncSequenceReader.swiftmodule -user-module-version 0.5.0 -validate-clang-modules-once -clang-build-session-file /Users/admin/builder/spi-builder-workspace/.derivedData/ModuleCache.noindex/Session.modulevalidation -package-name asyncsequencereader -Xcc -I/Users/admin/builder/spi-builder-workspace/.derivedData/Build/Intermediates.noindex/AsyncSequenceReader.build/Debug-watchos/AsyncSequenceReader.build/swift-overrides.hmap -emit-const-values -Xfrontend -const-gather-protocols-file -Xfrontend /Users/admin/builder/spi-builder-workspace/.derivedData/Build/Intermediates.noindex/AsyncSequenceReader.build/Debug-watchos/AsyncSequenceReader.build/Objects-normal/arm64_32/AsyncSequenceReader_const_extract_protocols.json -Xcc -I/Users/admin/builder/spi-builder-workspace/.derivedData/Build/Products/Debug-watchos/include -Xcc -I/Users/admin/builder/spi-builder-workspace/.derivedData/Build/Intermediates.noindex/AsyncSequenceReader.build/Debug-watchos/AsyncSequenceReader.build/DerivedSources-normal/arm64_32 -Xcc -I/Users/admin/builder/spi-builder-workspace/.derivedData/Build/Intermediates.noindex/AsyncSequenceReader.build/Debug-watchos/AsyncSequenceReader.build/DerivedSources/arm64_32 -Xcc -I/Users/admin/builder/spi-builder-workspace/.derivedData/Build/Intermediates.noindex/AsyncSequenceReader.build/Debug-watchos/AsyncSequenceReader.build/DerivedSources -Xcc -DSWIFT_PACKAGE -Xcc -DDEBUG\=1 -emit-objc-header -emit-objc-header-path /Users/admin/builder/spi-builder-workspace/.derivedData/Build/Intermediates.noindex/AsyncSequenceReader.build/Debug-watchos/AsyncSequenceReader.build/Objects-normal/arm64_32/AsyncSequenceReader-Swift.h -working-directory /Users/admin/builder/spi-builder-workspace/.swiftpm/xcode -experimental-emit-module-separately -disable-cmo
SwiftCompile normal arm64 Compiling\ AsyncResult.swift /Users/admin/builder/spi-builder-workspace/.dependencies/checkouts/swift-questionable-concurrency/Sources/QuestionableConcurrency/AsyncResult.swift (in target 'QuestionableConcurrency' from project 'swift-questionable-concurrency')
SwiftCompile normal arm64 /Users/admin/builder/spi-builder-workspace/.dependencies/checkouts/swift-questionable-concurrency/Sources/QuestionableConcurrency/AsyncResult.swift (in target 'QuestionableConcurrency' from project 'swift-questionable-concurrency')
    cd /Users/admin/builder/spi-builder-workspace/.swiftpm/xcode

SwiftCompile normal armv7k Compiling\ Promise.swift /Users/admin/builder/spi-builder-workspace/.dependencies/checkouts/swift-questionable-concurrency/Sources/QuestionableConcurrency/Promise.swift (in target 'QuestionableConcurrency' from project 'swift-questionable-concurrency')
SwiftCompile normal armv7k /Users/admin/builder/spi-builder-workspace/.dependencies/checkouts/swift-questionable-concurrency/Sources/QuestionableConcurrency/Promise.swift (in target 'QuestionableConcurrency' from project 'swift-questionable-concurrency')
    cd /Users/admin/builder/spi-builder-workspace/.swiftpm/xcode

SwiftDriverJobDiscovery normal arm64 Emitting module for AsyncSequenceReader (in target 'AsyncSequenceReader' from project 'AsyncSequenceReader')
SwiftCompile normal arm64 Compiling\ TransactionStream.swift /Users/admin/builder/spi-builder-workspace/.dependencies/checkouts/swift-questionable-concurrency/Sources/QuestionableConcurrency/TransactionStream.swift (in target 'QuestionableConcurrency' from project 'swift-questionable-concurrency')
SwiftCompile normal arm64 /Users/admin/builder/spi-builder-workspace/.dependencies/checkouts/swift-questionable-concurrency/Sources/QuestionableConcurrency/TransactionStream.swift (in target 'QuestionableConcurrency' from project 'swift-questionable-concurrency')
    cd /Users/admin/builder/spi-builder-workspace/.swiftpm/xcode

SwiftDriver\ Compilation\ Requirements AsyncSequenceReader normal arm64 com.apple.xcode.tools.swift.compiler (in target 'AsyncSequenceReader' from project 'AsyncSequenceReader')
    cd /Users/admin/builder/spi-builder-workspace/.swiftpm/xcode
    builtin-Swift-Compilation-Requirements -- /Applications/Xcode-16.3.0.app/Contents/Developer/Toolchains/XcodeDefault.xctoolchain/usr/bin/swiftc -module-name AsyncSequenceReader -Onone -enforce-exclusivity\=checked @/Users/admin/builder/spi-builder-workspace/.derivedData/Build/Intermediates.noindex/AsyncSequenceReader.build/Debug-watchos/AsyncSequenceReader.build/Objects-normal/arm64/AsyncSequenceReader.SwiftFileList -DSWIFT_PACKAGE -DDEBUG -DXcode -enable-upcoming-feature ExistentialAny -enable-upcoming-feature InternalImportsByDefault -enable-upcoming-feature MemberImportVisibility -enable-upcoming-feature InferIsolatedConformances -enable-upcoming-feature NonisolatedNonsendingByDefault -enable-upcoming-feature ImmutableWeakCaptures -plugin-path /Applications/Xcode-16.3.0.app/Contents/Developer/Toolchains/XcodeDefault.xctoolchain/usr/lib/swift/host/plugins/testing -enable-experimental-feature DebugDescriptionMacro -sdk /Applications/Xcode-16.3.0.app/Contents/Developer/Platforms/WatchOS.platform/Developer/SDKs/WatchOS11.4.sdk -target arm64-apple-watchos6.0 -g -module-cache-path /Users/admin/builder/spi-builder-workspace/.derivedData/ModuleCache.noindex -Xfrontend -serialize-debugging-options -profile-coverage-mapping -profile-generate -enable-testing -suppress-warnings -index-store-path /Users/admin/builder/spi-builder-workspace/.derivedData/Index.noindex/DataStore -swift-version 6 -I /Users/admin/builder/spi-builder-workspace/.derivedData/Build/Products/Debug-watchos -I /Applications/Xcode-16.3.0.app/Contents/Developer/Platforms/WatchOS.platform/Developer/usr/lib -F /Users/admin/builder/spi-builder-workspace/.derivedData/Build/Products/Debug-watchos -F /Applications/Xcode-16.3.0.app/Contents/Developer/Platforms/WatchOS.platform/Developer/Library/Frameworks -F /Applications/Xcode-16.3.0.app/Contents/Developer/Platforms/WatchOS.platform/Developer/SDKs/WatchOS11.4.sdk/Developer/Library/Frameworks -c -j10 -enable-batch-mode -incremental -Xcc -ivfsstatcache -Xcc /Users/admin/builder/spi-builder-workspace/.derivedData/SDKStatCaches.noindex/watchos11.4-22T246-43efb940ff07ba2497b70ec94253f576.sdkstatcache -output-file-map /Users/admin/builder/spi-builder-workspace/.derivedData/Build/Intermediates.noindex/AsyncSequenceReader.build/Debug-watchos/AsyncSequenceReader.build/Objects-normal/arm64/AsyncSequenceReader-OutputFileMap.json -use-frontend-parseable-output -save-temps -no-color-diagnostics -serialize-diagnostics -emit-dependencies -emit-module -emit-module-path /Users/admin/builder/spi-builder-workspace/.derivedData/Build/Intermediates.noindex/AsyncSequenceReader.build/Debug-watchos/AsyncSequenceReader.build/Objects-normal/arm64/AsyncSequenceReader.swiftmodule -user-module-version 0.5.0 -validate-clang-modules-once -clang-build-session-file /Users/admin/builder/spi-builder-workspace/.derivedData/ModuleCache.noindex/Session.modulevalidation -package-name asyncsequencereader -Xcc -I/Users/admin/builder/spi-builder-workspace/.derivedData/Build/Intermediates.noindex/AsyncSequenceReader.build/Debug-watchos/AsyncSequenceReader.build/swift-overrides.hmap -emit-const-values -Xfrontend -const-gather-protocols-file -Xfrontend /Users/admin/builder/spi-builder-workspace/.derivedData/Build/Intermediates.noindex/AsyncSequenceReader.build/Debug-watchos/AsyncSequenceReader.build/Objects-normal/arm64/AsyncSequenceReader_const_extract_protocols.json -Xcc -I/Users/admin/builder/spi-builder-workspace/.derivedData/Build/Products/Debug-watchos/include -Xcc -I/Users/admin/builder/spi-builder-workspace/.derivedData/Build/Intermediates.noindex/AsyncSequenceReader.build/Debug-watchos/AsyncSequenceReader.build/DerivedSources-normal/arm64 -Xcc -I/Users/admin/builder/spi-builder-workspace/.derivedData/Build/Intermediates.noindex/AsyncSequenceReader.build/Debug-watchos/AsyncSequenceReader.build/DerivedSources/arm64 -Xcc -I/Users/admin/builder/spi-builder-workspace/.derivedData/Build/Intermediates.noindex/AsyncSequenceReader.build/Debug-watchos/AsyncSequenceReader.build/DerivedSources -Xcc -DSWIFT_PACKAGE -Xcc -DDEBUG\=1 -emit-objc-header -emit-objc-header-path /Users/admin/builder/spi-builder-workspace/.derivedData/Build/Intermediates.noindex/AsyncSequenceReader.build/Debug-watchos/AsyncSequenceReader.build/Objects-normal/arm64/AsyncSequenceReader-Swift.h -working-directory /Users/admin/builder/spi-builder-workspace/.swiftpm/xcode -experimental-emit-module-separately -disable-cmo
SwiftDriverJobDiscovery normal arm64 Compiling UnfairLock.swift (in target 'QuestionableConcurrency' from project 'swift-questionable-concurrency')
Copy /Users/admin/builder/spi-builder-workspace/.derivedData/Build/Products/Debug-watchos/AsyncSequenceReader.swiftmodule/arm64_32-apple-watchos.abi.json /Users/admin/builder/spi-builder-workspace/.derivedData/Build/Intermediates.noindex/AsyncSequenceReader.build/Debug-watchos/AsyncSequenceReader.build/Objects-normal/arm64_32/AsyncSequenceReader.abi.json (in target 'AsyncSequenceReader' from project 'AsyncSequenceReader')
    cd /Users/admin/builder/spi-builder-workspace/.dependencies/checkouts/AsyncSequenceReader
    builtin-copy -exclude .DS_Store -exclude CVS -exclude .svn -exclude .git -exclude .hg -resolve-src-symlinks -rename /Users/admin/builder/spi-builder-workspace/.derivedData/Build/Intermediates.noindex/AsyncSequenceReader.build/Debug-watchos/AsyncSequenceReader.build/Objects-normal/arm64_32/AsyncSequenceReader.abi.json /Users/admin/builder/spi-builder-workspace/.derivedData/Build/Products/Debug-watchos/AsyncSequenceReader.swiftmodule/arm64_32-apple-watchos.abi.json
Copy /Users/admin/builder/spi-builder-workspace/.derivedData/Build/Products/Debug-watchos/AsyncSequenceReader.swiftmodule/arm64-apple-watchos.abi.json /Users/admin/builder/spi-builder-workspace/.derivedData/Build/Intermediates.noindex/AsyncSequenceReader.build/Debug-watchos/AsyncSequenceReader.build/Objects-normal/arm64/AsyncSequenceReader.abi.json (in target 'AsyncSequenceReader' from project 'AsyncSequenceReader')
    cd /Users/admin/builder/spi-builder-workspace/.dependencies/checkouts/AsyncSequenceReader
    builtin-copy -exclude .DS_Store -exclude CVS -exclude .svn -exclude .git -exclude .hg -resolve-src-symlinks -rename /Users/admin/builder/spi-builder-workspace/.derivedData/Build/Intermediates.noindex/AsyncSequenceReader.build/Debug-watchos/AsyncSequenceReader.build/Objects-normal/arm64/AsyncSequenceReader.abi.json /Users/admin/builder/spi-builder-workspace/.derivedData/Build/Products/Debug-watchos/AsyncSequenceReader.swiftmodule/arm64-apple-watchos.abi.json
SwiftCompile normal armv7k Compiling\ DeferredContinuation.swift /Users/admin/builder/spi-builder-workspace/.dependencies/checkouts/swift-questionable-concurrency/Sources/QuestionableConcurrency/DeferredContinuation.swift (in target 'QuestionableConcurrency' from project 'swift-questionable-concurrency')
SwiftCompile normal armv7k /Users/admin/builder/spi-builder-workspace/.dependencies/checkouts/swift-questionable-concurrency/Sources/QuestionableConcurrency/DeferredContinuation.swift (in target 'QuestionableConcurrency' from project 'swift-questionable-concurrency')
    cd /Users/admin/builder/spi-builder-workspace/.swiftpm/xcode

SwiftCompile normal arm64_32 Compiling\ UnfairLock.swift /Users/admin/builder/spi-builder-workspace/.dependencies/checkouts/swift-questionable-concurrency/Sources/QuestionableConcurrency/UnfairLock.swift (in target 'QuestionableConcurrency' from project 'swift-questionable-concurrency')
SwiftCompile normal arm64_32 /Users/admin/builder/spi-builder-workspace/.dependencies/checkouts/swift-questionable-concurrency/Sources/QuestionableConcurrency/UnfairLock.swift (in target 'QuestionableConcurrency' from project 'swift-questionable-concurrency')
    cd /Users/admin/builder/spi-builder-workspace/.swiftpm/xcode

SwiftDriverJobDiscovery normal armv7k Emitting module for AsyncSequenceReader (in target 'AsyncSequenceReader' from project 'AsyncSequenceReader')
SwiftDriver\ Compilation\ Requirements AsyncSequenceReader normal armv7k com.apple.xcode.tools.swift.compiler (in target 'AsyncSequenceReader' from project 'AsyncSequenceReader')
    cd /Users/admin/builder/spi-builder-workspace/.swiftpm/xcode
    builtin-Swift-Compilation-Requirements -- /Applications/Xcode-16.3.0.app/Contents/Developer/Toolchains/XcodeDefault.xctoolchain/usr/bin/swiftc -module-name AsyncSequenceReader -Onone -enforce-exclusivity\=checked @/Users/admin/builder/spi-builder-workspace/.derivedData/Build/Intermediates.noindex/AsyncSequenceReader.build/Debug-watchos/AsyncSequenceReader.build/Objects-normal/armv7k/AsyncSequenceReader.SwiftFileList -DSWIFT_PACKAGE -DDEBUG -DXcode -enable-upcoming-feature ExistentialAny -enable-upcoming-feature InternalImportsByDefault -enable-upcoming-feature MemberImportVisibility -enable-upcoming-feature InferIsolatedConformances -enable-upcoming-feature NonisolatedNonsendingByDefault -enable-upcoming-feature ImmutableWeakCaptures -plugin-path /Applications/Xcode-16.3.0.app/Contents/Developer/Toolchains/XcodeDefault.xctoolchain/usr/lib/swift/host/plugins/testing -enable-experimental-feature DebugDescriptionMacro -sdk /Applications/Xcode-16.3.0.app/Contents/Developer/Platforms/WatchOS.platform/Developer/SDKs/WatchOS11.4.sdk -target armv7k-apple-watchos6.0 -g -module-cache-path /Users/admin/builder/spi-builder-workspace/.derivedData/ModuleCache.noindex -Xfrontend -serialize-debugging-options -profile-coverage-mapping -profile-generate -enable-testing -suppress-warnings -index-store-path /Users/admin/builder/spi-builder-workspace/.derivedData/Index.noindex/DataStore -swift-version 6 -I /Users/admin/builder/spi-builder-workspace/.derivedData/Build/Products/Debug-watchos -I /Applications/Xcode-16.3.0.app/Contents/Developer/Platforms/WatchOS.platform/Developer/usr/lib -F /Users/admin/builder/spi-builder-workspace/.derivedData/Build/Products/Debug-watchos -F /Applications/Xcode-16.3.0.app/Contents/Developer/Platforms/WatchOS.platform/Developer/Library/Frameworks -F /Applications/Xcode-16.3.0.app/Contents/Developer/Platforms/WatchOS.platform/Developer/SDKs/WatchOS11.4.sdk/Developer/Library/Frameworks -c -j10 -enable-batch-mode -incremental -Xcc -ivfsstatcache -Xcc /Users/admin/builder/spi-builder-workspace/.derivedData/SDKStatCaches.noindex/watchos11.4-22T246-43efb940ff07ba2497b70ec94253f576.sdkstatcache -output-file-map /Users/admin/builder/spi-builder-workspace/.derivedData/Build/Intermediates.noindex/AsyncSequenceReader.build/Debug-watchos/AsyncSequenceReader.build/Objects-normal/armv7k/AsyncSequenceReader-OutputFileMap.json -use-frontend-parseable-output -save-temps -no-color-diagnostics -serialize-diagnostics -emit-dependencies -emit-module -emit-module-path /Users/admin/builder/spi-builder-workspace/.derivedData/Build/Intermediates.noindex/AsyncSequenceReader.build/Debug-watchos/AsyncSequenceReader.build/Objects-normal/armv7k/AsyncSequenceReader.swiftmodule -user-module-version 0.5.0 -validate-clang-modules-once -clang-build-session-file /Users/admin/builder/spi-builder-workspace/.derivedData/ModuleCache.noindex/Session.modulevalidation -package-name asyncsequencereader -Xcc -I/Users/admin/builder/spi-builder-workspace/.derivedData/Build/Intermediates.noindex/AsyncSequenceReader.build/Debug-watchos/AsyncSequenceReader.build/swift-overrides.hmap -emit-const-values -Xfrontend -const-gather-protocols-file -Xfrontend /Users/admin/builder/spi-builder-workspace/.derivedData/Build/Intermediates.noindex/AsyncSequenceReader.build/Debug-watchos/AsyncSequenceReader.build/Objects-normal/armv7k/AsyncSequenceReader_const_extract_protocols.json -Xcc -I/Users/admin/builder/spi-builder-workspace/.derivedData/Build/Products/Debug-watchos/include -Xcc -I/Users/admin/builder/spi-builder-workspace/.derivedData/Build/Intermediates.noindex/AsyncSequenceReader.build/Debug-watchos/AsyncSequenceReader.build/DerivedSources-normal/armv7k -Xcc -I/Users/admin/builder/spi-builder-workspace/.derivedData/Build/Intermediates.noindex/AsyncSequenceReader.build/Debug-watchos/AsyncSequenceReader.build/DerivedSources/armv7k -Xcc -I/Users/admin/builder/spi-builder-workspace/.derivedData/Build/Intermediates.noindex/AsyncSequenceReader.build/Debug-watchos/AsyncSequenceReader.build/DerivedSources -Xcc -DSWIFT_PACKAGE -Xcc -DDEBUG\=1 -emit-objc-header -emit-objc-header-path /Users/admin/builder/spi-builder-workspace/.derivedData/Build/Intermediates.noindex/AsyncSequenceReader.build/Debug-watchos/AsyncSequenceReader.build/Objects-normal/armv7k/AsyncSequenceReader-Swift.h -working-directory /Users/admin/builder/spi-builder-workspace/.swiftpm/xcode -experimental-emit-module-separately -disable-cmo
SwiftDriverJobDiscovery normal arm64 Compiling DeferredContinuation.swift (in target 'QuestionableConcurrency' from project 'swift-questionable-concurrency')
SwiftCompile normal arm64_32 Compiling\ TransactionStream.swift /Users/admin/builder/spi-builder-workspace/.dependencies/checkouts/swift-questionable-concurrency/Sources/QuestionableConcurrency/TransactionStream.swift (in target 'QuestionableConcurrency' from project 'swift-questionable-concurrency')
SwiftCompile normal arm64_32 /Users/admin/builder/spi-builder-workspace/.dependencies/checkouts/swift-questionable-concurrency/Sources/QuestionableConcurrency/TransactionStream.swift (in target 'QuestionableConcurrency' from project 'swift-questionable-concurrency')
    cd /Users/admin/builder/spi-builder-workspace/.swiftpm/xcode

Copy /Users/admin/builder/spi-builder-workspace/.derivedData/Build/Products/Debug-watchos/AsyncSequenceReader.swiftmodule/armv7k-apple-watchos.abi.json /Users/admin/builder/spi-builder-workspace/.derivedData/Build/Intermediates.noindex/AsyncSequenceReader.build/Debug-watchos/AsyncSequenceReader.build/Objects-normal/armv7k/AsyncSequenceReader.abi.json (in target 'AsyncSequenceReader' from project 'AsyncSequenceReader')
    cd /Users/admin/builder/spi-builder-workspace/.dependencies/checkouts/AsyncSequenceReader
    builtin-copy -exclude .DS_Store -exclude CVS -exclude .svn -exclude .git -exclude .hg -resolve-src-symlinks -rename /Users/admin/builder/spi-builder-workspace/.derivedData/Build/Intermediates.noindex/AsyncSequenceReader.build/Debug-watchos/AsyncSequenceReader.build/Objects-normal/armv7k/AsyncSequenceReader.abi.json /Users/admin/builder/spi-builder-workspace/.derivedData/Build/Products/Debug-watchos/AsyncSequenceReader.swiftmodule/armv7k-apple-watchos.abi.json
SwiftDriverJobDiscovery normal arm64 Compiling TransactionStream.swift (in target 'QuestionableConcurrency' from project 'swift-questionable-concurrency')
SwiftCompile normal arm64_32 Compiling\ Future.swift /Users/admin/builder/spi-builder-workspace/.dependencies/checkouts/swift-questionable-concurrency/Sources/QuestionableConcurrency/Future.swift (in target 'QuestionableConcurrency' from project 'swift-questionable-concurrency')
SwiftCompile normal arm64_32 /Users/admin/builder/spi-builder-workspace/.dependencies/checkouts/swift-questionable-concurrency/Sources/QuestionableConcurrency/Future.swift (in target 'QuestionableConcurrency' from project 'swift-questionable-concurrency')
    cd /Users/admin/builder/spi-builder-workspace/.swiftpm/xcode

SwiftCompile normal armv7k Compiling\ TransactionStream.swift /Users/admin/builder/spi-builder-workspace/.dependencies/checkouts/swift-questionable-concurrency/Sources/QuestionableConcurrency/TransactionStream.swift (in target 'QuestionableConcurrency' from project 'swift-questionable-concurrency')
SwiftCompile normal armv7k /Users/admin/builder/spi-builder-workspace/.dependencies/checkouts/swift-questionable-concurrency/Sources/QuestionableConcurrency/TransactionStream.swift (in target 'QuestionableConcurrency' from project 'swift-questionable-concurrency')
    cd /Users/admin/builder/spi-builder-workspace/.swiftpm/xcode

SwiftDriverJobDiscovery normal armv7k Compiling Promise.swift (in target 'QuestionableConcurrency' from project 'swift-questionable-concurrency')
SwiftCompile normal armv7k Compiling\ UnfairLock.swift /Users/admin/builder/spi-builder-workspace/.dependencies/checkouts/swift-questionable-concurrency/Sources/QuestionableConcurrency/UnfairLock.swift (in target 'QuestionableConcurrency' from project 'swift-questionable-concurrency')
SwiftCompile normal armv7k /Users/admin/builder/spi-builder-workspace/.dependencies/checkouts/swift-questionable-concurrency/Sources/QuestionableConcurrency/UnfairLock.swift (in target 'QuestionableConcurrency' from project 'swift-questionable-concurrency')
    cd /Users/admin/builder/spi-builder-workspace/.swiftpm/xcode

SwiftDriverJobDiscovery normal armv7k Compiling AsyncResult.swift (in target 'QuestionableConcurrency' from project 'swift-questionable-concurrency')
SwiftCompile normal arm64 Compiling\ Future.swift /Users/admin/builder/spi-builder-workspace/.dependencies/checkouts/swift-questionable-concurrency/Sources/QuestionableConcurrency/Future.swift (in target 'QuestionableConcurrency' from project 'swift-questionable-concurrency')
SwiftCompile normal arm64 /Users/admin/builder/spi-builder-workspace/.dependencies/checkouts/swift-questionable-concurrency/Sources/QuestionableConcurrency/Future.swift (in target 'QuestionableConcurrency' from project 'swift-questionable-concurrency')
    cd /Users/admin/builder/spi-builder-workspace/.swiftpm/xcode

SwiftDriverJobDiscovery normal arm64 Compiling AsyncResult.swift (in target 'QuestionableConcurrency' from project 'swift-questionable-concurrency')
SwiftCompile normal arm64 Compiling\ Promise.swift /Users/admin/builder/spi-builder-workspace/.dependencies/checkouts/swift-questionable-concurrency/Sources/QuestionableConcurrency/Promise.swift (in target 'QuestionableConcurrency' from project 'swift-questionable-concurrency')
SwiftCompile normal arm64 /Users/admin/builder/spi-builder-workspace/.dependencies/checkouts/swift-questionable-concurrency/Sources/QuestionableConcurrency/Promise.swift (in target 'QuestionableConcurrency' from project 'swift-questionable-concurrency')
    cd /Users/admin/builder/spi-builder-workspace/.swiftpm/xcode

SwiftDriverJobDiscovery normal arm64_32 Compiling UnfairLock.swift (in target 'QuestionableConcurrency' from project 'swift-questionable-concurrency')
SwiftCompile normal arm64_32 Compiling\ RawRepresentable.swift /Users/admin/builder/spi-builder-workspace/.dependencies/checkouts/Bytes/Sources/Bytes/RawRepresentable.swift (in target 'Bytes' from project 'Bytes')
SwiftCompile normal arm64_32 /Users/admin/builder/spi-builder-workspace/.dependencies/checkouts/Bytes/Sources/Bytes/RawRepresentable.swift (in target 'Bytes' from project 'Bytes')
    cd /Users/admin/builder/spi-builder-workspace/.swiftpm/xcode

SwiftDriverJobDiscovery normal arm64_32 Compiling Future.swift (in target 'QuestionableConcurrency' from project 'swift-questionable-concurrency')
SwiftCompile normal arm64_32 Compiling\ UUID.swift /Users/admin/builder/spi-builder-workspace/.dependencies/checkouts/Bytes/Sources/Bytes/UUID.swift (in target 'Bytes' from project 'Bytes')
SwiftCompile normal arm64_32 /Users/admin/builder/spi-builder-workspace/.dependencies/checkouts/Bytes/Sources/Bytes/UUID.swift (in target 'Bytes' from project 'Bytes')
    cd /Users/admin/builder/spi-builder-workspace/.swiftpm/xcode

SwiftDriverJobDiscovery normal arm64_32 Compiling TransactionStream.swift (in target 'QuestionableConcurrency' from project 'swift-questionable-concurrency')
SwiftDriver\ Compilation QuestionableConcurrency normal arm64_32 com.apple.xcode.tools.swift.compiler (in target 'QuestionableConcurrency' from project 'swift-questionable-concurrency')
    cd /Users/admin/builder/spi-builder-workspace/.swiftpm/xcode
    builtin-Swift-Compilation -- /Applications/Xcode-16.3.0.app/Contents/Developer/Toolchains/XcodeDefault.xctoolchain/usr/bin/swiftc -module-name QuestionableConcurrency -Onone -enforce-exclusivity\=checked @/Users/admin/builder/spi-builder-workspace/.derivedData/Build/Intermediates.noindex/swift-questionable-concurrency.build/Debug-watchos/QuestionableConcurrency.build/Objects-normal/arm64_32/QuestionableConcurrency.SwiftFileList -DSWIFT_PACKAGE -DDEBUG -DXcode -enable-upcoming-feature ExistentialAny -enable-upcoming-feature InternalImportsByDefault -enable-upcoming-feature MemberImportVisibility -enable-upcoming-feature InferIsolatedConformances -enable-upcoming-feature NonisolatedNonsendingByDefault -enable-upcoming-feature ImmutableWeakCaptures -plugin-path /Applications/Xcode-16.3.0.app/Contents/Developer/Toolchains/XcodeDefault.xctoolchain/usr/lib/swift/host/plugins/testing -enable-experimental-feature DebugDescriptionMacro -sdk /Applications/Xcode-16.3.0.app/Contents/Developer/Platforms/WatchOS.platform/Developer/SDKs/WatchOS11.4.sdk -target arm64_32-apple-watchos6.0 -g -module-cache-path /Users/admin/builder/spi-builder-workspace/.derivedData/ModuleCache.noindex -Xfrontend -serialize-debugging-options -profile-coverage-mapping -profile-generate -enable-testing -suppress-warnings -index-store-path /Users/admin/builder/spi-builder-workspace/.derivedData/Index.noindex/DataStore -swift-version 6 -I /Users/admin/builder/spi-builder-workspace/.derivedData/Build/Products/Debug-watchos -I /Applications/Xcode-16.3.0.app/Contents/Developer/Platforms/WatchOS.platform/Developer/usr/lib -F /Users/admin/builder/spi-builder-workspace/.derivedData/Build/Products/Debug-watchos -F /Applications/Xcode-16.3.0.app/Contents/Developer/Platforms/WatchOS.platform/Developer/Library/Frameworks -F /Applications/Xcode-16.3.0.app/Contents/Developer/Platforms/WatchOS.platform/Developer/SDKs/WatchOS11.4.sdk/Developer/Library/Frameworks -c -j10 -enable-batch-mode -incremental -Xcc -ivfsstatcache -Xcc /Users/admin/builder/spi-builder-workspace/.derivedData/SDKStatCaches.noindex/watchos11.4-22T246-43efb940ff07ba2497b70ec94253f576.sdkstatcache -output-file-map /Users/admin/builder/spi-builder-workspace/.derivedData/Build/Intermediates.noindex/swift-questionable-concurrency.build/Debug-watchos/QuestionableConcurrency.build/Objects-normal/arm64_32/QuestionableConcurrency-OutputFileMap.json -use-frontend-parseable-output -save-temps -no-color-diagnostics -serialize-diagnostics -emit-dependencies -emit-module -emit-module-path /Users/admin/builder/spi-builder-workspace/.derivedData/Build/Intermediates.noindex/swift-questionable-concurrency.build/Debug-watchos/QuestionableConcurrency.build/Objects-normal/arm64_32/QuestionableConcurrency.swiftmodule -user-module-version 0.2.2 -validate-clang-modules-once -clang-build-session-file /Users/admin/builder/spi-builder-workspace/.derivedData/ModuleCache.noindex/Session.modulevalidation -package-name swift_questionable_concurrency -Xcc -I/Users/admin/builder/spi-builder-workspace/.derivedData/Build/Intermediates.noindex/swift-questionable-concurrency.build/Debug-watchos/QuestionableConcurrency.build/swift-overrides.hmap -emit-const-values -Xfrontend -const-gather-protocols-file -Xfrontend /Users/admin/builder/spi-builder-workspace/.derivedData/Build/Intermediates.noindex/swift-questionable-concurrency.build/Debug-watchos/QuestionableConcurrency.build/Objects-normal/arm64_32/QuestionableConcurrency_const_extract_protocols.json -Xcc -I/Users/admin/builder/spi-builder-workspace/.derivedData/Build/Products/Debug-watchos/include -Xcc -I/Users/admin/builder/spi-builder-workspace/.derivedData/Build/Intermediates.noindex/swift-questionable-concurrency.build/Debug-watchos/QuestionableConcurrency.build/DerivedSources-normal/arm64_32 -Xcc -I/Users/admin/builder/spi-builder-workspace/.derivedData/Build/Intermediates.noindex/swift-questionable-concurrency.build/Debug-watchos/QuestionableConcurrency.build/DerivedSources/arm64_32 -Xcc -I/Users/admin/builder/spi-builder-workspace/.derivedData/Build/Intermediates.noindex/swift-questionable-concurrency.build/Debug-watchos/QuestionableConcurrency.build/DerivedSources -Xcc -DSWIFT_PACKAGE -Xcc -DDEBUG\=1 -emit-objc-header -emit-objc-header-path /Users/admin/builder/spi-builder-workspace/.derivedData/Build/Intermediates.noindex/swift-questionable-concurrency.build/Debug-watchos/QuestionableConcurrency.build/Objects-normal/arm64_32/QuestionableConcurrency-Swift.h -working-directory /Users/admin/builder/spi-builder-workspace/.swiftpm/xcode -experimental-emit-module-separately -disable-cmo
SwiftDriverJobDiscovery normal armv7k Compiling DeferredContinuation.swift (in target 'QuestionableConcurrency' from project 'swift-questionable-concurrency')
SwiftCompile normal armv7k Compiling\ Colletion+Casting.swift /Users/admin/builder/spi-builder-workspace/.dependencies/checkouts/Bytes/Sources/Bytes/Colletion+Casting.swift (in target 'Bytes' from project 'Bytes')
SwiftCompile normal armv7k /Users/admin/builder/spi-builder-workspace/.dependencies/checkouts/Bytes/Sources/Bytes/Colletion+Casting.swift (in target 'Bytes' from project 'Bytes')
    cd /Users/admin/builder/spi-builder-workspace/.swiftpm/xcode

SwiftCompile normal armv7k Compiling\ ByteIterator.swift /Users/admin/builder/spi-builder-workspace/.dependencies/checkouts/Bytes/Sources/Bytes/ByteIterator.swift (in target 'Bytes' from project 'Bytes')
SwiftCompile normal armv7k /Users/admin/builder/spi-builder-workspace/.dependencies/checkouts/Bytes/Sources/Bytes/ByteIterator.swift (in target 'Bytes' from project 'Bytes')
    cd /Users/admin/builder/spi-builder-workspace/.swiftpm/xcode

SwiftDriverJobDiscovery normal armv7k Compiling UnfairLock.swift (in target 'QuestionableConcurrency' from project 'swift-questionable-concurrency')
SwiftCompile normal arm64_32 Compiling\ ByteIterator.swift /Users/admin/builder/spi-builder-workspace/.dependencies/checkouts/Bytes/Sources/Bytes/ByteIterator.swift (in target 'Bytes' from project 'Bytes')
SwiftCompile normal arm64_32 /Users/admin/builder/spi-builder-workspace/.dependencies/checkouts/Bytes/Sources/Bytes/ByteIterator.swift (in target 'Bytes' from project 'Bytes')
    cd /Users/admin/builder/spi-builder-workspace/.swiftpm/xcode

SwiftDriverJobDiscovery normal armv7k Compiling TransactionStream.swift (in target 'QuestionableConcurrency' from project 'swift-questionable-concurrency')
SwiftDriver\ Compilation QuestionableConcurrency normal armv7k com.apple.xcode.tools.swift.compiler (in target 'QuestionableConcurrency' from project 'swift-questionable-concurrency')
    cd /Users/admin/builder/spi-builder-workspace/.swiftpm/xcode
    builtin-Swift-Compilation -- /Applications/Xcode-16.3.0.app/Contents/Developer/Toolchains/XcodeDefault.xctoolchain/usr/bin/swiftc -module-name QuestionableConcurrency -Onone -enforce-exclusivity\=checked @/Users/admin/builder/spi-builder-workspace/.derivedData/Build/Intermediates.noindex/swift-questionable-concurrency.build/Debug-watchos/QuestionableConcurrency.build/Objects-normal/armv7k/QuestionableConcurrency.SwiftFileList -DSWIFT_PACKAGE -DDEBUG -DXcode -enable-upcoming-feature ExistentialAny -enable-upcoming-feature InternalImportsByDefault -enable-upcoming-feature MemberImportVisibility -enable-upcoming-feature InferIsolatedConformances -enable-upcoming-feature NonisolatedNonsendingByDefault -enable-upcoming-feature ImmutableWeakCaptures -plugin-path /Applications/Xcode-16.3.0.app/Contents/Developer/Toolchains/XcodeDefault.xctoolchain/usr/lib/swift/host/plugins/testing -enable-experimental-feature DebugDescriptionMacro -sdk /Applications/Xcode-16.3.0.app/Contents/Developer/Platforms/WatchOS.platform/Developer/SDKs/WatchOS11.4.sdk -target armv7k-apple-watchos6.0 -g -module-cache-path /Users/admin/builder/spi-builder-workspace/.derivedData/ModuleCache.noindex -Xfrontend -serialize-debugging-options -profile-coverage-mapping -profile-generate -enable-testing -suppress-warnings -index-store-path /Users/admin/builder/spi-builder-workspace/.derivedData/Index.noindex/DataStore -swift-version 6 -I /Users/admin/builder/spi-builder-workspace/.derivedData/Build/Products/Debug-watchos -I /Applications/Xcode-16.3.0.app/Contents/Developer/Platforms/WatchOS.platform/Developer/usr/lib -F /Users/admin/builder/spi-builder-workspace/.derivedData/Build/Products/Debug-watchos -F /Applications/Xcode-16.3.0.app/Contents/Developer/Platforms/WatchOS.platform/Developer/Library/Frameworks -F /Applications/Xcode-16.3.0.app/Contents/Developer/Platforms/WatchOS.platform/Developer/SDKs/WatchOS11.4.sdk/Developer/Library/Frameworks -c -j10 -enable-batch-mode -incremental -Xcc -ivfsstatcache -Xcc /Users/admin/builder/spi-builder-workspace/.derivedData/SDKStatCaches.noindex/watchos11.4-22T246-43efb940ff07ba2497b70ec94253f576.sdkstatcache -output-file-map /Users/admin/builder/spi-builder-workspace/.derivedData/Build/Intermediates.noindex/swift-questionable-concurrency.build/Debug-watchos/QuestionableConcurrency.build/Objects-normal/armv7k/QuestionableConcurrency-OutputFileMap.json -use-frontend-parseable-output -save-temps -no-color-diagnostics -serialize-diagnostics -emit-dependencies -emit-module -emit-module-path /Users/admin/builder/spi-builder-workspace/.derivedData/Build/Intermediates.noindex/swift-questionable-concurrency.build/Debug-watchos/QuestionableConcurrency.build/Objects-normal/armv7k/QuestionableConcurrency.swiftmodule -user-module-version 0.2.2 -validate-clang-modules-once -clang-build-session-file /Users/admin/builder/spi-builder-workspace/.derivedData/ModuleCache.noindex/Session.modulevalidation -package-name swift_questionable_concurrency -Xcc -I/Users/admin/builder/spi-builder-workspace/.derivedData/Build/Intermediates.noindex/swift-questionable-concurrency.build/Debug-watchos/QuestionableConcurrency.build/swift-overrides.hmap -emit-const-values -Xfrontend -const-gather-protocols-file -Xfrontend /Users/admin/builder/spi-builder-workspace/.derivedData/Build/Intermediates.noindex/swift-questionable-concurrency.build/Debug-watchos/QuestionableConcurrency.build/Objects-normal/armv7k/QuestionableConcurrency_const_extract_protocols.json -Xcc -I/Users/admin/builder/spi-builder-workspace/.derivedData/Build/Products/Debug-watchos/include -Xcc -I/Users/admin/builder/spi-builder-workspace/.derivedData/Build/Intermediates.noindex/swift-questionable-concurrency.build/Debug-watchos/QuestionableConcurrency.build/DerivedSources-normal/armv7k -Xcc -I/Users/admin/builder/spi-builder-workspace/.derivedData/Build/Intermediates.noindex/swift-questionable-concurrency.build/Debug-watchos/QuestionableConcurrency.build/DerivedSources/armv7k -Xcc -I/Users/admin/builder/spi-builder-workspace/.derivedData/Build/Intermediates.noindex/swift-questionable-concurrency.build/Debug-watchos/QuestionableConcurrency.build/DerivedSources -Xcc -DSWIFT_PACKAGE -Xcc -DDEBUG\=1 -emit-objc-header -emit-objc-header-path /Users/admin/builder/spi-builder-workspace/.derivedData/Build/Intermediates.noindex/swift-questionable-concurrency.build/Debug-watchos/QuestionableConcurrency.build/Objects-normal/armv7k/QuestionableConcurrency-Swift.h -working-directory /Users/admin/builder/spi-builder-workspace/.swiftpm/xcode -experimental-emit-module-separately -disable-cmo
SwiftDriverJobDiscovery normal arm64 Compiling Future.swift (in target 'QuestionableConcurrency' from project 'swift-questionable-concurrency')
SwiftCompile normal arm64 Compiling\ RawRepresentable.swift /Users/admin/builder/spi-builder-workspace/.dependencies/checkouts/Bytes/Sources/Bytes/RawRepresentable.swift (in target 'Bytes' from project 'Bytes')
SwiftCompile normal arm64 /Users/admin/builder/spi-builder-workspace/.dependencies/checkouts/Bytes/Sources/Bytes/RawRepresentable.swift (in target 'Bytes' from project 'Bytes')
    cd /Users/admin/builder/spi-builder-workspace/.swiftpm/xcode

SwiftCompile normal arm64_32 Compiling\ Colletion+Casting.swift /Users/admin/builder/spi-builder-workspace/.dependencies/checkouts/Bytes/Sources/Bytes/Colletion+Casting.swift (in target 'Bytes' from project 'Bytes')
SwiftCompile normal arm64_32 /Users/admin/builder/spi-builder-workspace/.dependencies/checkouts/Bytes/Sources/Bytes/Colletion+Casting.swift (in target 'Bytes' from project 'Bytes')
    cd /Users/admin/builder/spi-builder-workspace/.swiftpm/xcode

SwiftDriverJobDiscovery normal arm64 Compiling Promise.swift (in target 'QuestionableConcurrency' from project 'swift-questionable-concurrency')
SwiftDriver\ Compilation QuestionableConcurrency normal arm64 com.apple.xcode.tools.swift.compiler (in target 'QuestionableConcurrency' from project 'swift-questionable-concurrency')
    cd /Users/admin/builder/spi-builder-workspace/.swiftpm/xcode
    builtin-Swift-Compilation -- /Applications/Xcode-16.3.0.app/Contents/Developer/Toolchains/XcodeDefault.xctoolchain/usr/bin/swiftc -module-name QuestionableConcurrency -Onone -enforce-exclusivity\=checked @/Users/admin/builder/spi-builder-workspace/.derivedData/Build/Intermediates.noindex/swift-questionable-concurrency.build/Debug-watchos/QuestionableConcurrency.build/Objects-normal/arm64/QuestionableConcurrency.SwiftFileList -DSWIFT_PACKAGE -DDEBUG -DXcode -enable-upcoming-feature ExistentialAny -enable-upcoming-feature InternalImportsByDefault -enable-upcoming-feature MemberImportVisibility -enable-upcoming-feature InferIsolatedConformances -enable-upcoming-feature NonisolatedNonsendingByDefault -enable-upcoming-feature ImmutableWeakCaptures -plugin-path /Applications/Xcode-16.3.0.app/Contents/Developer/Toolchains/XcodeDefault.xctoolchain/usr/lib/swift/host/plugins/testing -enable-experimental-feature DebugDescriptionMacro -sdk /Applications/Xcode-16.3.0.app/Contents/Developer/Platforms/WatchOS.platform/Developer/SDKs/WatchOS11.4.sdk -target arm64-apple-watchos6.0 -g -module-cache-path /Users/admin/builder/spi-builder-workspace/.derivedData/ModuleCache.noindex -Xfrontend -serialize-debugging-options -profile-coverage-mapping -profile-generate -enable-testing -suppress-warnings -index-store-path /Users/admin/builder/spi-builder-workspace/.derivedData/Index.noindex/DataStore -swift-version 6 -I /Users/admin/builder/spi-builder-workspace/.derivedData/Build/Products/Debug-watchos -I /Applications/Xcode-16.3.0.app/Contents/Developer/Platforms/WatchOS.platform/Developer/usr/lib -F /Users/admin/builder/spi-builder-workspace/.derivedData/Build/Products/Debug-watchos -F /Applications/Xcode-16.3.0.app/Contents/Developer/Platforms/WatchOS.platform/Developer/Library/Frameworks -F /Applications/Xcode-16.3.0.app/Contents/Developer/Platforms/WatchOS.platform/Developer/SDKs/WatchOS11.4.sdk/Developer/Library/Frameworks -c -j10 -enable-batch-mode -incremental -Xcc -ivfsstatcache -Xcc /Users/admin/builder/spi-builder-workspace/.derivedData/SDKStatCaches.noindex/watchos11.4-22T246-43efb940ff07ba2497b70ec94253f576.sdkstatcache -output-file-map /Users/admin/builder/spi-builder-workspace/.derivedData/Build/Intermediates.noindex/swift-questionable-concurrency.build/Debug-watchos/QuestionableConcurrency.build/Objects-normal/arm64/QuestionableConcurrency-OutputFileMap.json -use-frontend-parseable-output -save-temps -no-color-diagnostics -serialize-diagnostics -emit-dependencies -emit-module -emit-module-path /Users/admin/builder/spi-builder-workspace/.derivedData/Build/Intermediates.noindex/swift-questionable-concurrency.build/Debug-watchos/QuestionableConcurrency.build/Objects-normal/arm64/QuestionableConcurrency.swiftmodule -user-module-version 0.2.2 -validate-clang-modules-once -clang-build-session-file /Users/admin/builder/spi-builder-workspace/.derivedData/ModuleCache.noindex/Session.modulevalidation -package-name swift_questionable_concurrency -Xcc -I/Users/admin/builder/spi-builder-workspace/.derivedData/Build/Intermediates.noindex/swift-questionable-concurrency.build/Debug-watchos/QuestionableConcurrency.build/swift-overrides.hmap -emit-const-values -Xfrontend -const-gather-protocols-file -Xfrontend /Users/admin/builder/spi-builder-workspace/.derivedData/Build/Intermediates.noindex/swift-questionable-concurrency.build/Debug-watchos/QuestionableConcurrency.build/Objects-normal/arm64/QuestionableConcurrency_const_extract_protocols.json -Xcc -I/Users/admin/builder/spi-builder-workspace/.derivedData/Build/Products/Debug-watchos/include -Xcc -I/Users/admin/builder/spi-builder-workspace/.derivedData/Build/Intermediates.noindex/swift-questionable-concurrency.build/Debug-watchos/QuestionableConcurrency.build/DerivedSources-normal/arm64 -Xcc -I/Users/admin/builder/spi-builder-workspace/.derivedData/Build/Intermediates.noindex/swift-questionable-concurrency.build/Debug-watchos/QuestionableConcurrency.build/DerivedSources/arm64 -Xcc -I/Users/admin/builder/spi-builder-workspace/.derivedData/Build/Intermediates.noindex/swift-questionable-concurrency.build/Debug-watchos/QuestionableConcurrency.build/DerivedSources -Xcc -DSWIFT_PACKAGE -Xcc -DDEBUG\=1 -emit-objc-header -emit-objc-header-path /Users/admin/builder/spi-builder-workspace/.derivedData/Build/Intermediates.noindex/swift-questionable-concurrency.build/Debug-watchos/QuestionableConcurrency.build/Objects-normal/arm64/QuestionableConcurrency-Swift.h -working-directory /Users/admin/builder/spi-builder-workspace/.swiftpm/xcode -experimental-emit-module-separately -disable-cmo
SwiftDriverJobDiscovery normal armv7k Compiling ByteIterator.swift (in target 'Bytes' from project 'Bytes')
SwiftCompile normal arm64 Compiling\ ByteIterator.swift /Users/admin/builder/spi-builder-workspace/.dependencies/checkouts/Bytes/Sources/Bytes/ByteIterator.swift (in target 'Bytes' from project 'Bytes')
SwiftCompile normal arm64 /Users/admin/builder/spi-builder-workspace/.dependencies/checkouts/Bytes/Sources/Bytes/ByteIterator.swift (in target 'Bytes' from project 'Bytes')
    cd /Users/admin/builder/spi-builder-workspace/.swiftpm/xcode

SwiftCompile normal arm64 Compiling\ Integer.swift /Users/admin/builder/spi-builder-workspace/.dependencies/checkouts/Bytes/Sources/Bytes/Integer.swift (in target 'Bytes' from project 'Bytes')
SwiftCompile normal arm64 /Users/admin/builder/spi-builder-workspace/.dependencies/checkouts/Bytes/Sources/Bytes/Integer.swift (in target 'Bytes' from project 'Bytes')
    cd /Users/admin/builder/spi-builder-workspace/.swiftpm/xcode

SwiftDriverJobDiscovery normal arm64 Emitting module for Bytes (in target 'Bytes' from project 'Bytes')
SwiftDriver\ Compilation\ Requirements Bytes normal arm64 com.apple.xcode.tools.swift.compiler (in target 'Bytes' from project 'Bytes')
    cd /Users/admin/builder/spi-builder-workspace/.swiftpm/xcode
    builtin-Swift-Compilation-Requirements -- /Applications/Xcode-16.3.0.app/Contents/Developer/Toolchains/XcodeDefault.xctoolchain/usr/bin/swiftc -module-name Bytes -Onone -enforce-exclusivity\=checked @/Users/admin/builder/spi-builder-workspace/.derivedData/Build/Intermediates.noindex/Bytes.build/Debug-watchos/Bytes.build/Objects-normal/arm64/Bytes.SwiftFileList -DSWIFT_PACKAGE -DDEBUG -DXcode -enable-upcoming-feature ExistentialAny -enable-upcoming-feature InternalImportsByDefault -enable-upcoming-feature MemberImportVisibility -enable-upcoming-feature InferIsolatedConformances -enable-upcoming-feature NonisolatedNonsendingByDefault -enable-upcoming-feature ImmutableWeakCaptures -plugin-path /Applications/Xcode-16.3.0.app/Contents/Developer/Toolchains/XcodeDefault.xctoolchain/usr/lib/swift/host/plugins/testing -enable-experimental-feature DebugDescriptionMacro -sdk /Applications/Xcode-16.3.0.app/Contents/Developer/Platforms/WatchOS.platform/Developer/SDKs/WatchOS11.4.sdk -target arm64-apple-watchos5.0 -g -module-cache-path /Users/admin/builder/spi-builder-workspace/.derivedData/ModuleCache.noindex -Xfrontend -serialize-debugging-options -profile-coverage-mapping -profile-generate -enable-testing -suppress-warnings -index-store-path /Users/admin/builder/spi-builder-workspace/.derivedData/Index.noindex/DataStore -swift-version 6 -I /Users/admin/builder/spi-builder-workspace/.derivedData/Build/Products/Debug-watchos -I /Applications/Xcode-16.3.0.app/Contents/Developer/Platforms/WatchOS.platform/Developer/usr/lib -F /Users/admin/builder/spi-builder-workspace/.derivedData/Build/Products/Debug-watchos -F /Applications/Xcode-16.3.0.app/Contents/Developer/Platforms/WatchOS.platform/Developer/Library/Frameworks -F /Applications/Xcode-16.3.0.app/Contents/Developer/Platforms/WatchOS.platform/Developer/SDKs/WatchOS11.4.sdk/Developer/Library/Frameworks -c -j10 -enable-batch-mode -incremental -Xcc -ivfsstatcache -Xcc /Users/admin/builder/spi-builder-workspace/.derivedData/SDKStatCaches.noindex/watchos11.4-22T246-43efb940ff07ba2497b70ec94253f576.sdkstatcache -output-file-map /Users/admin/builder/spi-builder-workspace/.derivedData/Build/Intermediates.noindex/Bytes.build/Debug-watchos/Bytes.build/Objects-normal/arm64/Bytes-OutputFileMap.json -use-frontend-parseable-output -save-temps -no-color-diagnostics -serialize-diagnostics -emit-dependencies -emit-module -emit-module-path /Users/admin/builder/spi-builder-workspace/.derivedData/Build/Intermediates.noindex/Bytes.build/Debug-watchos/Bytes.build/Objects-normal/arm64/Bytes.swiftmodule -user-module-version 0.6.2 -validate-clang-modules-once -clang-build-session-file /Users/admin/builder/spi-builder-workspace/.derivedData/ModuleCache.noindex/Session.modulevalidation -package-name bytes -Xcc -I/Users/admin/builder/spi-builder-workspace/.derivedData/Build/Intermediates.noindex/Bytes.build/Debug-watchos/Bytes.build/swift-overrides.hmap -emit-const-values -Xfrontend -const-gather-protocols-file -Xfrontend /Users/admin/builder/spi-builder-workspace/.derivedData/Build/Intermediates.noindex/Bytes.build/Debug-watchos/Bytes.build/Objects-normal/arm64/Bytes_const_extract_protocols.json -Xcc -I/Users/admin/builder/spi-builder-workspace/.derivedData/Build/Products/Debug-watchos/include -Xcc -I/Users/admin/builder/spi-builder-workspace/.derivedData/Build/Intermediates.noindex/Bytes.build/Debug-watchos/Bytes.build/DerivedSources-normal/arm64 -Xcc -I/Users/admin/builder/spi-builder-workspace/.derivedData/Build/Intermediates.noindex/Bytes.build/Debug-watchos/Bytes.build/DerivedSources/arm64 -Xcc -I/Users/admin/builder/spi-builder-workspace/.derivedData/Build/Intermediates.noindex/Bytes.build/Debug-watchos/Bytes.build/DerivedSources -Xcc -DSWIFT_PACKAGE -Xcc -DDEBUG\=1 -emit-objc-header -emit-objc-header-path /Users/admin/builder/spi-builder-workspace/.derivedData/Build/Intermediates.noindex/Bytes.build/Debug-watchos/Bytes.build/Objects-normal/arm64/Bytes-Swift.h -working-directory /Users/admin/builder/spi-builder-workspace/.swiftpm/xcode -experimental-emit-module-separately -disable-cmo
SwiftDriverJobDiscovery normal arm64_32 Compiling ByteIterator.swift (in target 'Bytes' from project 'Bytes')
SwiftCompile normal arm64 Compiling\ AsyncByteIterator.swift /Users/admin/builder/spi-builder-workspace/.dependencies/checkouts/Bytes/Sources/Bytes/AsyncByteIterator.swift (in target 'Bytes' from project 'Bytes')
SwiftCompile normal arm64 /Users/admin/builder/spi-builder-workspace/.dependencies/checkouts/Bytes/Sources/Bytes/AsyncByteIterator.swift (in target 'Bytes' from project 'Bytes')
    cd /Users/admin/builder/spi-builder-workspace/.swiftpm/xcode

Copy /Users/admin/builder/spi-builder-workspace/.derivedData/Build/Products/Debug-watchos/Bytes.swiftmodule/arm64-apple-watchos.swiftmodule /Users/admin/builder/spi-builder-workspace/.derivedData/Build/Intermediates.noindex/Bytes.build/Debug-watchos/Bytes.build/Objects-normal/arm64/Bytes.swiftmodule (in target 'Bytes' from project 'Bytes')
    cd /Users/admin/builder/spi-builder-workspace/.dependencies/checkouts/Bytes
    builtin-copy -exclude .DS_Store -exclude CVS -exclude .svn -exclude .git -exclude .hg -resolve-src-symlinks -rename /Users/admin/builder/spi-builder-workspace/.derivedData/Build/Intermediates.noindex/Bytes.build/Debug-watchos/Bytes.build/Objects-normal/arm64/Bytes.swiftmodule /Users/admin/builder/spi-builder-workspace/.derivedData/Build/Products/Debug-watchos/Bytes.swiftmodule/arm64-apple-watchos.swiftmodule
SwiftDriverJobDiscovery normal armv7k Compiling Colletion+Casting.swift (in target 'Bytes' from project 'Bytes')
Copy /Users/admin/builder/spi-builder-workspace/.derivedData/Build/Products/Debug-watchos/Bytes.swiftmodule/arm64-apple-watchos.abi.json /Users/admin/builder/spi-builder-workspace/.derivedData/Build/Intermediates.noindex/Bytes.build/Debug-watchos/Bytes.build/Objects-normal/arm64/Bytes.abi.json (in target 'Bytes' from project 'Bytes')
    cd /Users/admin/builder/spi-builder-workspace/.dependencies/checkouts/Bytes
    builtin-copy -exclude .DS_Store -exclude CVS -exclude .svn -exclude .git -exclude .hg -resolve-src-symlinks -rename /Users/admin/builder/spi-builder-workspace/.derivedData/Build/Intermediates.noindex/Bytes.build/Debug-watchos/Bytes.build/Objects-normal/arm64/Bytes.abi.json /Users/admin/builder/spi-builder-workspace/.derivedData/Build/Products/Debug-watchos/Bytes.swiftmodule/arm64-apple-watchos.abi.json
SwiftCompile normal arm64_32 Compiling\ BytesError.swift /Users/admin/builder/spi-builder-workspace/.dependencies/checkouts/Bytes/Sources/Bytes/BytesError.swift (in target 'Bytes' from project 'Bytes')
SwiftCompile normal arm64_32 /Users/admin/builder/spi-builder-workspace/.dependencies/checkouts/Bytes/Sources/Bytes/BytesError.swift (in target 'Bytes' from project 'Bytes')
    cd /Users/admin/builder/spi-builder-workspace/.swiftpm/xcode

SwiftCompile normal armv7k Compiling\ RawRepresentable.swift /Users/admin/builder/spi-builder-workspace/.dependencies/checkouts/Bytes/Sources/Bytes/RawRepresentable.swift (in target 'Bytes' from project 'Bytes')
SwiftCompile normal armv7k /Users/admin/builder/spi-builder-workspace/.dependencies/checkouts/Bytes/Sources/Bytes/RawRepresentable.swift (in target 'Bytes' from project 'Bytes')
    cd /Users/admin/builder/spi-builder-workspace/.swiftpm/xcode

SwiftDriverJobDiscovery normal armv7k Emitting module for Bytes (in target 'Bytes' from project 'Bytes')
SwiftDriver\ Compilation\ Requirements Bytes normal armv7k com.apple.xcode.tools.swift.compiler (in target 'Bytes' from project 'Bytes')
    cd /Users/admin/builder/spi-builder-workspace/.swiftpm/xcode
    builtin-Swift-Compilation-Requirements -- /Applications/Xcode-16.3.0.app/Contents/Developer/Toolchains/XcodeDefault.xctoolchain/usr/bin/swiftc -module-name Bytes -Onone -enforce-exclusivity\=checked @/Users/admin/builder/spi-builder-workspace/.derivedData/Build/Intermediates.noindex/Bytes.build/Debug-watchos/Bytes.build/Objects-normal/armv7k/Bytes.SwiftFileList -DSWIFT_PACKAGE -DDEBUG -DXcode -enable-upcoming-feature ExistentialAny -enable-upcoming-feature InternalImportsByDefault -enable-upcoming-feature MemberImportVisibility -enable-upcoming-feature InferIsolatedConformances -enable-upcoming-feature NonisolatedNonsendingByDefault -enable-upcoming-feature ImmutableWeakCaptures -plugin-path /Applications/Xcode-16.3.0.app/Contents/Developer/Toolchains/XcodeDefault.xctoolchain/usr/lib/swift/host/plugins/testing -enable-experimental-feature DebugDescriptionMacro -sdk /Applications/Xcode-16.3.0.app/Contents/Developer/Platforms/WatchOS.platform/Developer/SDKs/WatchOS11.4.sdk -target armv7k-apple-watchos5.0 -g -module-cache-path /Users/admin/builder/spi-builder-workspace/.derivedData/ModuleCache.noindex -Xfrontend -serialize-debugging-options -profile-coverage-mapping -profile-generate -enable-testing -suppress-warnings -index-store-path /Users/admin/builder/spi-builder-workspace/.derivedData/Index.noindex/DataStore -swift-version 6 -I /Users/admin/builder/spi-builder-workspace/.derivedData/Build/Products/Debug-watchos -I /Applications/Xcode-16.3.0.app/Contents/Developer/Platforms/WatchOS.platform/Developer/usr/lib -F /Users/admin/builder/spi-builder-workspace/.derivedData/Build/Products/Debug-watchos -F /Applications/Xcode-16.3.0.app/Contents/Developer/Platforms/WatchOS.platform/Developer/Library/Frameworks -F /Applications/Xcode-16.3.0.app/Contents/Developer/Platforms/WatchOS.platform/Developer/SDKs/WatchOS11.4.sdk/Developer/Library/Frameworks -c -j10 -enable-batch-mode -incremental -Xcc -ivfsstatcache -Xcc /Users/admin/builder/spi-builder-workspace/.derivedData/SDKStatCaches.noindex/watchos11.4-22T246-43efb940ff07ba2497b70ec94253f576.sdkstatcache -output-file-map /Users/admin/builder/spi-builder-workspace/.derivedData/Build/Intermediates.noindex/Bytes.build/Debug-watchos/Bytes.build/Objects-normal/armv7k/Bytes-OutputFileMap.json -use-frontend-parseable-output -save-temps -no-color-diagnostics -serialize-diagnostics -emit-dependencies -emit-module -emit-module-path /Users/admin/builder/spi-builder-workspace/.derivedData/Build/Intermediates.noindex/Bytes.build/Debug-watchos/Bytes.build/Objects-normal/armv7k/Bytes.swiftmodule -user-module-version 0.6.2 -validate-clang-modules-once -clang-build-session-file /Users/admin/builder/spi-builder-workspace/.derivedData/ModuleCache.noindex/Session.modulevalidation -package-name bytes -Xcc -I/Users/admin/builder/spi-builder-workspace/.derivedData/Build/Intermediates.noindex/Bytes.build/Debug-watchos/Bytes.build/swift-overrides.hmap -emit-const-values -Xfrontend -const-gather-protocols-file -Xfrontend /Users/admin/builder/spi-builder-workspace/.derivedData/Build/Intermediates.noindex/Bytes.build/Debug-watchos/Bytes.build/Objects-normal/armv7k/Bytes_const_extract_protocols.json -Xcc -I/Users/admin/builder/spi-builder-workspace/.derivedData/Build/Products/Debug-watchos/include -Xcc -I/Users/admin/builder/spi-builder-workspace/.derivedData/Build/Intermediates.noindex/Bytes.build/Debug-watchos/Bytes.build/DerivedSources-normal/armv7k -Xcc -I/Users/admin/builder/spi-builder-workspace/.derivedData/Build/Intermediates.noindex/Bytes.build/Debug-watchos/Bytes.build/DerivedSources/armv7k -Xcc -I/Users/admin/builder/spi-builder-workspace/.derivedData/Build/Intermediates.noindex/Bytes.build/Debug-watchos/Bytes.build/DerivedSources -Xcc -DSWIFT_PACKAGE -Xcc -DDEBUG\=1 -emit-objc-header -emit-objc-header-path /Users/admin/builder/spi-builder-workspace/.derivedData/Build/Intermediates.noindex/Bytes.build/Debug-watchos/Bytes.build/Objects-normal/armv7k/Bytes-Swift.h -working-directory /Users/admin/builder/spi-builder-workspace/.swiftpm/xcode -experimental-emit-module-separately -disable-cmo
SwiftDriverJobDiscovery normal arm64_32 Emitting module for Bytes (in target 'Bytes' from project 'Bytes')
SwiftCompile normal armv7k Compiling\ AsyncByteIterator.swift /Users/admin/builder/spi-builder-workspace/.dependencies/checkouts/Bytes/Sources/Bytes/AsyncByteIterator.swift (in target 'Bytes' from project 'Bytes')
SwiftCompile normal armv7k /Users/admin/builder/spi-builder-workspace/.dependencies/checkouts/Bytes/Sources/Bytes/AsyncByteIterator.swift (in target 'Bytes' from project 'Bytes')
    cd /Users/admin/builder/spi-builder-workspace/.swiftpm/xcode

SwiftDriver\ Compilation\ Requirements Bytes normal arm64_32 com.apple.xcode.tools.swift.compiler (in target 'Bytes' from project 'Bytes')
    cd /Users/admin/builder/spi-builder-workspace/.swiftpm/xcode
    builtin-Swift-Compilation-Requirements -- /Applications/Xcode-16.3.0.app/Contents/Developer/Toolchains/XcodeDefault.xctoolchain/usr/bin/swiftc -module-name Bytes -Onone -enforce-exclusivity\=checked @/Users/admin/builder/spi-builder-workspace/.derivedData/Build/Intermediates.noindex/Bytes.build/Debug-watchos/Bytes.build/Objects-normal/arm64_32/Bytes.SwiftFileList -DSWIFT_PACKAGE -DDEBUG -DXcode -enable-upcoming-feature ExistentialAny -enable-upcoming-feature InternalImportsByDefault -enable-upcoming-feature MemberImportVisibility -enable-upcoming-feature InferIsolatedConformances -enable-upcoming-feature NonisolatedNonsendingByDefault -enable-upcoming-feature ImmutableWeakCaptures -plugin-path /Applications/Xcode-16.3.0.app/Contents/Developer/Toolchains/XcodeDefault.xctoolchain/usr/lib/swift/host/plugins/testing -enable-experimental-feature DebugDescriptionMacro -sdk /Applications/Xcode-16.3.0.app/Contents/Developer/Platforms/WatchOS.platform/Developer/SDKs/WatchOS11.4.sdk -target arm64_32-apple-watchos5.0 -g -module-cache-path /Users/admin/builder/spi-builder-workspace/.derivedData/ModuleCache.noindex -Xfrontend -serialize-debugging-options -profile-coverage-mapping -profile-generate -enable-testing -suppress-warnings -index-store-path /Users/admin/builder/spi-builder-workspace/.derivedData/Index.noindex/DataStore -swift-version 6 -I /Users/admin/builder/spi-builder-workspace/.derivedData/Build/Products/Debug-watchos -I /Applications/Xcode-16.3.0.app/Contents/Developer/Platforms/WatchOS.platform/Developer/usr/lib -F /Users/admin/builder/spi-builder-workspace/.derivedData/Build/Products/Debug-watchos -F /Applications/Xcode-16.3.0.app/Contents/Developer/Platforms/WatchOS.platform/Developer/Library/Frameworks -F /Applications/Xcode-16.3.0.app/Contents/Developer/Platforms/WatchOS.platform/Developer/SDKs/WatchOS11.4.sdk/Developer/Library/Frameworks -c -j10 -enable-batch-mode -incremental -Xcc -ivfsstatcache -Xcc /Users/admin/builder/spi-builder-workspace/.derivedData/SDKStatCaches.noindex/watchos11.4-22T246-43efb940ff07ba2497b70ec94253f576.sdkstatcache -output-file-map /Users/admin/builder/spi-builder-workspace/.derivedData/Build/Intermediates.noindex/Bytes.build/Debug-watchos/Bytes.build/Objects-normal/arm64_32/Bytes-OutputFileMap.json -use-frontend-parseable-output -save-temps -no-color-diagnostics -serialize-diagnostics -emit-dependencies -emit-module -emit-module-path /Users/admin/builder/spi-builder-workspace/.derivedData/Build/Intermediates.noindex/Bytes.build/Debug-watchos/Bytes.build/Objects-normal/arm64_32/Bytes.swiftmodule -user-module-version 0.6.2 -validate-clang-modules-once -clang-build-session-file /Users/admin/builder/spi-builder-workspace/.derivedData/ModuleCache.noindex/Session.modulevalidation -package-name bytes -Xcc -I/Users/admin/builder/spi-builder-workspace/.derivedData/Build/Intermediates.noindex/Bytes.build/Debug-watchos/Bytes.build/swift-overrides.hmap -emit-const-values -Xfrontend -const-gather-protocols-file -Xfrontend /Users/admin/builder/spi-builder-workspace/.derivedData/Build/Intermediates.noindex/Bytes.build/Debug-watchos/Bytes.build/Objects-normal/arm64_32/Bytes_const_extract_protocols.json -Xcc -I/Users/admin/builder/spi-builder-workspace/.derivedData/Build/Products/Debug-watchos/include -Xcc -I/Users/admin/builder/spi-builder-workspace/.derivedData/Build/Intermediates.noindex/Bytes.build/Debug-watchos/Bytes.build/DerivedSources-normal/arm64_32 -Xcc -I/Users/admin/builder/spi-builder-workspace/.derivedData/Build/Intermediates.noindex/Bytes.build/Debug-watchos/Bytes.build/DerivedSources/arm64_32 -Xcc -I/Users/admin/builder/spi-builder-workspace/.derivedData/Build/Intermediates.noindex/Bytes.build/Debug-watchos/Bytes.build/DerivedSources -Xcc -DSWIFT_PACKAGE -Xcc -DDEBUG\=1 -emit-objc-header -emit-objc-header-path /Users/admin/builder/spi-builder-workspace/.derivedData/Build/Intermediates.noindex/Bytes.build/Debug-watchos/Bytes.build/Objects-normal/arm64_32/Bytes-Swift.h -working-directory /Users/admin/builder/spi-builder-workspace/.swiftpm/xcode -experimental-emit-module-separately -disable-cmo
SwiftDriverJobDiscovery normal arm64_32 Compiling UUID.swift (in target 'Bytes' from project 'Bytes')
Copy /Users/admin/builder/spi-builder-workspace/.derivedData/Build/Products/Debug-watchos/Bytes.swiftmodule/armv7k-apple-watchos.swiftmodule /Users/admin/builder/spi-builder-workspace/.derivedData/Build/Intermediates.noindex/Bytes.build/Debug-watchos/Bytes.build/Objects-normal/armv7k/Bytes.swiftmodule (in target 'Bytes' from project 'Bytes')
    cd /Users/admin/builder/spi-builder-workspace/.dependencies/checkouts/Bytes
    builtin-copy -exclude .DS_Store -exclude CVS -exclude .svn -exclude .git -exclude .hg -resolve-src-symlinks -rename /Users/admin/builder/spi-builder-workspace/.derivedData/Build/Intermediates.noindex/Bytes.build/Debug-watchos/Bytes.build/Objects-normal/armv7k/Bytes.swiftmodule /Users/admin/builder/spi-builder-workspace/.derivedData/Build/Products/Debug-watchos/Bytes.swiftmodule/armv7k-apple-watchos.swiftmodule
Copy /Users/admin/builder/spi-builder-workspace/.derivedData/Build/Products/Debug-watchos/Bytes.swiftmodule/armv7k-apple-watchos.abi.json /Users/admin/builder/spi-builder-workspace/.derivedData/Build/Intermediates.noindex/Bytes.build/Debug-watchos/Bytes.build/Objects-normal/armv7k/Bytes.abi.json (in target 'Bytes' from project 'Bytes')
    cd /Users/admin/builder/spi-builder-workspace/.dependencies/checkouts/Bytes
    builtin-copy -exclude .DS_Store -exclude CVS -exclude .svn -exclude .git -exclude .hg -resolve-src-symlinks -rename /Users/admin/builder/spi-builder-workspace/.derivedData/Build/Intermediates.noindex/Bytes.build/Debug-watchos/Bytes.build/Objects-normal/armv7k/Bytes.abi.json /Users/admin/builder/spi-builder-workspace/.derivedData/Build/Products/Debug-watchos/Bytes.swiftmodule/armv7k-apple-watchos.abi.json
Copy /Users/admin/builder/spi-builder-workspace/.derivedData/Build/Products/Debug-watchos/Bytes.swiftmodule/arm64_32-apple-watchos.swiftmodule /Users/admin/builder/spi-builder-workspace/.derivedData/Build/Intermediates.noindex/Bytes.build/Debug-watchos/Bytes.build/Objects-normal/arm64_32/Bytes.swiftmodule (in target 'Bytes' from project 'Bytes')
    cd /Users/admin/builder/spi-builder-workspace/.dependencies/checkouts/Bytes
    builtin-copy -exclude .DS_Store -exclude CVS -exclude .svn -exclude .git -exclude .hg -resolve-src-symlinks -rename /Users/admin/builder/spi-builder-workspace/.derivedData/Build/Intermediates.noindex/Bytes.build/Debug-watchos/Bytes.build/Objects-normal/arm64_32/Bytes.swiftmodule /Users/admin/builder/spi-builder-workspace/.derivedData/Build/Products/Debug-watchos/Bytes.swiftmodule/arm64_32-apple-watchos.swiftmodule
Copy /Users/admin/builder/spi-builder-workspace/.derivedData/Build/Products/Debug-watchos/Bytes.swiftmodule/arm64_32-apple-watchos.abi.json /Users/admin/builder/spi-builder-workspace/.derivedData/Build/Intermediates.noindex/Bytes.build/Debug-watchos/Bytes.build/Objects-normal/arm64_32/Bytes.abi.json (in target 'Bytes' from project 'Bytes')
    cd /Users/admin/builder/spi-builder-workspace/.dependencies/checkouts/Bytes
    builtin-copy -exclude .DS_Store -exclude CVS -exclude .svn -exclude .git -exclude .hg -resolve-src-symlinks -rename /Users/admin/builder/spi-builder-workspace/.derivedData/Build/Intermediates.noindex/Bytes.build/Debug-watchos/Bytes.build/Objects-normal/arm64_32/Bytes.abi.json /Users/admin/builder/spi-builder-workspace/.derivedData/Build/Products/Debug-watchos/Bytes.swiftmodule/arm64_32-apple-watchos.abi.json
SwiftCompile normal armv7k Compiling\ AsyncChunkedBytes.swift /Users/admin/builder/spi-builder-workspace/.dependencies/checkouts/Bytes/Sources/Bytes/AsyncChunkedBytes.swift (in target 'Bytes' from project 'Bytes')
SwiftCompile normal armv7k /Users/admin/builder/spi-builder-workspace/.dependencies/checkouts/Bytes/Sources/Bytes/AsyncChunkedBytes.swift (in target 'Bytes' from project 'Bytes')
    cd /Users/admin/builder/spi-builder-workspace/.swiftpm/xcode

SwiftCompile normal armv7k Compiling\ BytesError.swift /Users/admin/builder/spi-builder-workspace/.dependencies/checkouts/Bytes/Sources/Bytes/BytesError.swift (in target 'Bytes' from project 'Bytes')
SwiftCompile normal armv7k /Users/admin/builder/spi-builder-workspace/.dependencies/checkouts/Bytes/Sources/Bytes/BytesError.swift (in target 'Bytes' from project 'Bytes')
    cd /Users/admin/builder/spi-builder-workspace/.swiftpm/xcode

SwiftDriverJobDiscovery normal arm64_32 Compiling Colletion+Casting.swift (in target 'Bytes' from project 'Bytes')
SwiftCompile normal arm64_32 Compiling\ Integer.swift /Users/admin/builder/spi-builder-workspace/.dependencies/checkouts/Bytes/Sources/Bytes/Integer.swift (in target 'Bytes' from project 'Bytes')
SwiftCompile normal arm64_32 /Users/admin/builder/spi-builder-workspace/.dependencies/checkouts/Bytes/Sources/Bytes/Integer.swift (in target 'Bytes' from project 'Bytes')
    cd /Users/admin/builder/spi-builder-workspace/.swiftpm/xcode

SwiftDriverJobDiscovery normal arm64_32 Compiling RawRepresentable.swift (in target 'Bytes' from project 'Bytes')
SwiftCompile normal arm64 Compiling\ String.swift /Users/admin/builder/spi-builder-workspace/.dependencies/checkouts/Bytes/Sources/Bytes/String.swift (in target 'Bytes' from project 'Bytes')
SwiftCompile normal arm64 /Users/admin/builder/spi-builder-workspace/.dependencies/checkouts/Bytes/Sources/Bytes/String.swift (in target 'Bytes' from project 'Bytes')
    cd /Users/admin/builder/spi-builder-workspace/.swiftpm/xcode

SwiftDriverJobDiscovery normal arm64 Compiling ByteIterator.swift (in target 'Bytes' from project 'Bytes')
SwiftCompile normal arm64 Compiling\ BytesError.swift /Users/admin/builder/spi-builder-workspace/.dependencies/checkouts/Bytes/Sources/Bytes/BytesError.swift (in target 'Bytes' from project 'Bytes')
SwiftCompile normal arm64 /Users/admin/builder/spi-builder-workspace/.dependencies/checkouts/Bytes/Sources/Bytes/BytesError.swift (in target 'Bytes' from project 'Bytes')
    cd /Users/admin/builder/spi-builder-workspace/.swiftpm/xcode

SwiftDriverJobDiscovery normal arm64_32 Compiling BytesError.swift (in target 'Bytes' from project 'Bytes')
SwiftCompile normal arm64_32 Compiling\ AsyncByteIterator.swift /Users/admin/builder/spi-builder-workspace/.dependencies/checkouts/Bytes/Sources/Bytes/AsyncByteIterator.swift (in target 'Bytes' from project 'Bytes')
SwiftCompile normal arm64_32 /Users/admin/builder/spi-builder-workspace/.dependencies/checkouts/Bytes/Sources/Bytes/AsyncByteIterator.swift (in target 'Bytes' from project 'Bytes')
    cd /Users/admin/builder/spi-builder-workspace/.swiftpm/xcode

SwiftDriverJobDiscovery normal armv7k Compiling AsyncChunkedBytes.swift (in target 'Bytes' from project 'Bytes')
SwiftCompile normal armv7k Compiling\ UUID.swift /Users/admin/builder/spi-builder-workspace/.dependencies/checkouts/Bytes/Sources/Bytes/UUID.swift (in target 'Bytes' from project 'Bytes')
SwiftCompile normal armv7k /Users/admin/builder/spi-builder-workspace/.dependencies/checkouts/Bytes/Sources/Bytes/UUID.swift (in target 'Bytes' from project 'Bytes')
    cd /Users/admin/builder/spi-builder-workspace/.swiftpm/xcode

SwiftDriverJobDiscovery normal arm64 Compiling AsyncByteIterator.swift (in target 'Bytes' from project 'Bytes')
SwiftCompile normal arm64 Compiling\ UUID.swift /Users/admin/builder/spi-builder-workspace/.dependencies/checkouts/Bytes/Sources/Bytes/UUID.swift (in target 'Bytes' from project 'Bytes')
SwiftCompile normal arm64 /Users/admin/builder/spi-builder-workspace/.dependencies/checkouts/Bytes/Sources/Bytes/UUID.swift (in target 'Bytes' from project 'Bytes')
    cd /Users/admin/builder/spi-builder-workspace/.swiftpm/xcode

SwiftDriverJobDiscovery normal armv7k Compiling BytesError.swift (in target 'Bytes' from project 'Bytes')
SwiftCompile normal arm64_32 Compiling\ AsyncChunkedBytes.swift /Users/admin/builder/spi-builder-workspace/.dependencies/checkouts/Bytes/Sources/Bytes/AsyncChunkedBytes.swift (in target 'Bytes' from project 'Bytes')
SwiftCompile normal arm64_32 /Users/admin/builder/spi-builder-workspace/.dependencies/checkouts/Bytes/Sources/Bytes/AsyncChunkedBytes.swift (in target 'Bytes' from project 'Bytes')
    cd /Users/admin/builder/spi-builder-workspace/.swiftpm/xcode

SwiftDriverJobDiscovery normal arm64 Compiling Integer.swift (in target 'Bytes' from project 'Bytes')
SwiftCompile normal arm64 Compiling\ AsyncChunkedBytes.swift /Users/admin/builder/spi-builder-workspace/.dependencies/checkouts/Bytes/Sources/Bytes/AsyncChunkedBytes.swift (in target 'Bytes' from project 'Bytes')
SwiftCompile normal arm64 /Users/admin/builder/spi-builder-workspace/.dependencies/checkouts/Bytes/Sources/Bytes/AsyncChunkedBytes.swift (in target 'Bytes' from project 'Bytes')
    cd /Users/admin/builder/spi-builder-workspace/.swiftpm/xcode

SwiftDriverJobDiscovery normal armv7k Compiling AsyncByteIterator.swift (in target 'Bytes' from project 'Bytes')
SwiftCompile normal arm64 Compiling\ Colletion+Casting.swift /Users/admin/builder/spi-builder-workspace/.dependencies/checkouts/Bytes/Sources/Bytes/Colletion+Casting.swift (in target 'Bytes' from project 'Bytes')
SwiftCompile normal arm64 /Users/admin/builder/spi-builder-workspace/.dependencies/checkouts/Bytes/Sources/Bytes/Colletion+Casting.swift (in target 'Bytes' from project 'Bytes')
    cd /Users/admin/builder/spi-builder-workspace/.swiftpm/xcode

SwiftDriverJobDiscovery normal arm64 Compiling RawRepresentable.swift (in target 'Bytes' from project 'Bytes')
SwiftCompile normal arm64 Compiling\ Bytes.swift /Users/admin/builder/spi-builder-workspace/.dependencies/checkouts/Bytes/Sources/Bytes/Bytes.swift (in target 'Bytes' from project 'Bytes')
SwiftCompile normal arm64 /Users/admin/builder/spi-builder-workspace/.dependencies/checkouts/Bytes/Sources/Bytes/Bytes.swift (in target 'Bytes' from project 'Bytes')
    cd /Users/admin/builder/spi-builder-workspace/.swiftpm/xcode

SwiftDriverJobDiscovery normal arm64 Compiling BytesError.swift (in target 'Bytes' from project 'Bytes')
SwiftCompile normal armv7k Compiling\ String.swift /Users/admin/builder/spi-builder-workspace/.dependencies/checkouts/Bytes/Sources/Bytes/String.swift (in target 'Bytes' from project 'Bytes')
SwiftCompile normal armv7k /Users/admin/builder/spi-builder-workspace/.dependencies/checkouts/Bytes/Sources/Bytes/String.swift (in target 'Bytes' from project 'Bytes')
    cd /Users/admin/builder/spi-builder-workspace/.swiftpm/xcode

SwiftDriverJobDiscovery normal arm64_32 Compiling AsyncChunkedBytes.swift (in target 'Bytes' from project 'Bytes')
SwiftCompile normal arm64_32 Compiling\ String.swift /Users/admin/builder/spi-builder-workspace/.dependencies/checkouts/Bytes/Sources/Bytes/String.swift (in target 'Bytes' from project 'Bytes')
SwiftCompile normal arm64_32 /Users/admin/builder/spi-builder-workspace/.dependencies/checkouts/Bytes/Sources/Bytes/String.swift (in target 'Bytes' from project 'Bytes')
    cd /Users/admin/builder/spi-builder-workspace/.swiftpm/xcode

SwiftDriverJobDiscovery normal arm64 Compiling AsyncChunkedBytes.swift (in target 'Bytes' from project 'Bytes')
SwiftCompile normal armv7k Compiling\ Integer.swift /Users/admin/builder/spi-builder-workspace/.dependencies/checkouts/Bytes/Sources/Bytes/Integer.swift (in target 'Bytes' from project 'Bytes')
SwiftCompile normal armv7k /Users/admin/builder/spi-builder-workspace/.dependencies/checkouts/Bytes/Sources/Bytes/Integer.swift (in target 'Bytes' from project 'Bytes')
    cd /Users/admin/builder/spi-builder-workspace/.swiftpm/xcode

SwiftDriverJobDiscovery normal arm64 Compiling String.swift (in target 'Bytes' from project 'Bytes')
SwiftCompile normal arm64_32 Compiling\ Bytes.swift /Users/admin/builder/spi-builder-workspace/.dependencies/checkouts/Bytes/Sources/Bytes/Bytes.swift (in target 'Bytes' from project 'Bytes')
SwiftCompile normal arm64_32 /Users/admin/builder/spi-builder-workspace/.dependencies/checkouts/Bytes/Sources/Bytes/Bytes.swift (in target 'Bytes' from project 'Bytes')
    cd /Users/admin/builder/spi-builder-workspace/.swiftpm/xcode

SwiftDriverJobDiscovery normal armv7k Compiling RawRepresentable.swift (in target 'Bytes' from project 'Bytes')
SwiftCompile normal armv7k Compiling\ Bytes.swift /Users/admin/builder/spi-builder-workspace/.dependencies/checkouts/Bytes/Sources/Bytes/Bytes.swift (in target 'Bytes' from project 'Bytes')
SwiftCompile normal armv7k /Users/admin/builder/spi-builder-workspace/.dependencies/checkouts/Bytes/Sources/Bytes/Bytes.swift (in target 'Bytes' from project 'Bytes')
    cd /Users/admin/builder/spi-builder-workspace/.swiftpm/xcode

SwiftDriverJobDiscovery normal arm64_32 Compiling Integer.swift (in target 'Bytes' from project 'Bytes')
SwiftCompile normal arm64 Compiling\ AsyncReadUpToElementsSequence.swift /Users/admin/builder/spi-builder-workspace/.dependencies/checkouts/AsyncSequenceReader/Sources/AsyncSequenceReader/AsyncReadUpToElementsSequence.swift (in target 'AsyncSequenceReader' from project 'AsyncSequenceReader')
Please submit a bug report (https://swift.org/contributing/#reporting-bugs) and include the crash backtrace.
Stack dump:
0.	Program arguments: /Applications/Xcode-16.3.0.app/Contents/Developer/Toolchains/XcodeDefault.xctoolchain/usr/bin/swift-frontend -frontend -c /Users/admin/builder/spi-builder-workspace/.dependencies/checkouts/AsyncSequenceReader/Sources/AsyncSequenceReader/AnyReadableSequence.swift /Users/admin/builder/spi-builder-workspace/.dependencies/checkouts/AsyncSequenceReader/Sources/AsyncSequenceReader/AsyncBufferedIterator.swift /Users/admin/builder/spi-builder-workspace/.dependencies/checkouts/AsyncSequenceReader/Sources/AsyncSequenceReader/AsyncIteratorMapSequence.swift /Users/admin/builder/spi-builder-workspace/.dependencies/checkouts/AsyncSequenceReader/Sources/AsyncSequenceReader/AsyncIteratorProtocol+Isolated.swift /Users/admin/builder/spi-builder-workspace/.dependencies/checkouts/AsyncSequenceReader/Sources/AsyncSequenceReader/AsyncReadSequence.swift /Users/admin/builder/spi-builder-workspace/.dependencies/checkouts/AsyncSequenceReader/Sources/AsyncSequenceReader/AsyncReadUpToCountSequence.swift -primary-file /Users/admin/builder/spi-builder-workspace/.dependencies/checkouts/AsyncSequenceReader/Sources/AsyncSequenceReader/AsyncReadUpToElementsSequence.swift /Users/admin/builder/spi-builder-workspace/.dependencies/checkouts/AsyncSequenceReader/Sources/AsyncSequenceReader/AsyncSequenceReader.swift /Users/admin/builder/spi-builder-workspace/.dependencies/checkouts/AsyncSequenceReader/Sources/AsyncSequenceReader/AsyncSequenceReaderError.swift -emit-dependencies-path /Users/admin/builder/spi-builder-workspace/.derivedData/Build/Intermediates.noindex/AsyncSequenceReader.build/Debug-watchos/AsyncSequenceReader.build/Objects-normal/arm64/AsyncReadUpToElementsSequence.d -emit-const-values-path /Users/admin/builder/spi-builder-workspace/.derivedData/Build/Intermediates.noindex/AsyncSequenceReader.build/Debug-watchos/AsyncSequenceReader.build/Objects-normal/arm64/AsyncReadUpToElementsSequence.swiftconstvalues -emit-reference-dependencies-path /Users/admin/builder/spi-builder-workspace/.derivedData/Build/Intermediates.noindex/AsyncSequenceReader.build/Debug-watchos/AsyncSequenceReader.build/Objects-normal/arm64/AsyncReadUpToElementsSequence.swiftdeps -serialize-diagnostics-path /Users/admin/builder/spi-builder-workspace/.derivedData/Build/Intermediates.noindex/AsyncSequenceReader.build/Debug-watchos/AsyncSequenceReader.build/Objects-normal/arm64/AsyncReadUpToElementsSequence.dia -target arm64-apple-watchos6.0 -Xllvm -aarch64-use-tbi -enable-objc-interop -stack-check -sdk /Applications/Xcode-16.3.0.app/Contents/Developer/Platforms/WatchOS.platform/Developer/SDKs/WatchOS11.4.sdk -I /Users/admin/builder/spi-builder-workspace/.derivedData/Build/Products/Debug-watchos -I /Applications/Xcode-16.3.0.app/Contents/Developer/Platforms/WatchOS.platform/Developer/usr/lib -F /Users/admin/builder/spi-builder-workspace/.derivedData/Build/Products/Debug-watchos -F /Applications/Xcode-16.3.0.app/Contents/Developer/Platforms/WatchOS.platform/Developer/Library/Frameworks -F /Applications/Xcode-16.3.0.app/Contents/Developer/Platforms/WatchOS.platform/Developer/SDKs/WatchOS11.4.sdk/Developer/Library/Frameworks -no-color-diagnostics -enable-testing -g -debug-info-format=dwarf -dwarf-version=4 -module-cache-path /Users/admin/builder/spi-builder-workspace/.derivedData/ModuleCache.noindex -suppress-warnings -profile-generate -profile-coverage-mapping -swift-version 6 -enforce-exclusivity=checked -Onone -D SWIFT_PACKAGE -D DEBUG -D Xcode -serialize-debugging-options -const-gather-protocols-file /Users/admin/builder/spi-builder-workspace/.derivedData/Build/Intermediates.noindex/AsyncSequenceReader.build/Debug-watchos/AsyncSequenceReader.build/Objects-normal/arm64/AsyncSequenceReader_const_extract_protocols.json -enable-upcoming-feature ExistentialAny -enable-upcoming-feature InternalImportsByDefault -enable-upcoming-feature MemberImportVisibility -enable-upcoming-feature InferIsolatedConformances -enable-upcoming-feature NonisolatedNonsendingByDefault -enable-upcoming-feature ImmutableWeakCaptures -enable-experimental-feature DebugDescriptionMacro -empty-abi-descriptor -plugin-path /Applications/Xcode-16.3.0.app/Contents/Developer/Toolchains/XcodeDefault.xctoolchain/usr/lib/swift/host/plugins/testing -user-module-version 0.5.0 -validate-clang-modules-once -clang-build-session-file /Users/admin/builder/spi-builder-workspace/.derivedData/ModuleCache.noindex/Session.modulevalidation -Xcc -working-directory -Xcc /Users/admin/builder/spi-builder-workspace/.swiftpm/xcode -resource-dir /Applications/Xcode-16.3.0.app/Contents/Developer/Toolchains/XcodeDefault.xctoolchain/usr/lib/swift -enable-anonymous-context-mangled-names -file-compilation-dir /Users/admin/builder/spi-builder-workspace/.swiftpm/xcode -Xcc -ivfsstatcache -Xcc /Users/admin/builder/spi-builder-workspace/.derivedData/SDKStatCaches.noindex/watchos11.4-22T246-43efb940ff07ba2497b70ec94253f576.sdkstatcache -Xcc -I/Users/admin/builder/spi-builder-workspace/.derivedData/Build/Intermediates.noindex/AsyncSequenceReader.build/Debug-watchos/AsyncSequenceReader.build/swift-overrides.hmap -Xcc -I/Users/admin/builder/spi-builder-workspace/.derivedData/Build/Products/Debug-watchos/include -Xcc -I/Users/admin/builder/spi-builder-workspace/.derivedData/Build/Intermediates.noindex/AsyncSequenceReader.build/Debug-watchos/AsyncSequenceReader.build/DerivedSources-normal/arm64 -Xcc -I/Users/admin/builder/spi-builder-workspace/.derivedData/Build/Intermediates.noindex/AsyncSequenceReader.build/Debug-watchos/AsyncSequenceReader.build/DerivedSources/arm64 -Xcc -I/Users/admin/builder/spi-builder-workspace/.derivedData/Build/Intermediates.noindex/AsyncSequenceReader.build/Debug-watchos/AsyncSequenceReader.build/DerivedSources -Xcc -DSWIFT_PACKAGE -Xcc -DDEBUG=1 -module-name AsyncSequenceReader -package-name asyncsequencereader -frontend-parseable-output -disable-clang-spi -target-sdk-version 11.4 -target-sdk-name watchos11.4 -external-plugin-path /Applications/Xcode-16.3.0.app/Contents/Developer/Platforms/WatchOS.platform/Developer/usr/lib/swift/host/plugins#/Applications/Xcode-16.3.0.app/Contents/Developer/Platforms/WatchOS.platform/Developer/usr/bin/swift-plugin-server -external-plugin-path /Applications/Xcode-16.3.0.app/Contents/Developer/Platforms/WatchOS.platform/Developer/usr/local/lib/swift/host/plugins#/Applications/Xcode-16.3.0.app/Contents/Developer/Platforms/WatchOS.platform/Developer/usr/bin/swift-plugin-server -in-process-plugin-server-path /Applications/Xcode-16.3.0.app/Contents/Developer/Toolchains/XcodeDefault.xctoolchain/usr/lib/swift/host/libSwiftInProcPluginServer.dylib -plugin-path /Applications/Xcode-16.3.0.app/Contents/Developer/Toolchains/XcodeDefault.xctoolchain/usr/lib/swift/host/plugins -plugin-path /Applications/Xcode-16.3.0.app/Contents/Developer/Toolchains/XcodeDefault.xctoolchain/usr/local/lib/swift/host/plugins -o /Users/admin/builder/spi-builder-workspace/.derivedData/Build/Intermediates.noindex/AsyncSequenceReader.build/Debug-watchos/AsyncSequenceReader.build/Objects-normal/arm64/AsyncReadUpToElementsSequence.o -index-unit-output-path /AsyncSequenceReader.build/Debug-watchos/AsyncSequenceReader.build/Objects-normal/arm64/AsyncReadUpToElementsSequence.o -index-store-path /Users/admin/builder/spi-builder-workspace/.derivedData/Index.noindex/DataStore -index-system-modules
1.	Apple Swift version 6.1 (swiftlang-6.1.0.110.21 clang-1700.0.13.3)
2.	Compiling with the current language version
3.	While evaluating request IRGenRequest(IR Generation for file "/Users/admin/builder/spi-builder-workspace/.dependencies/checkouts/AsyncSequenceReader/Sources/AsyncSequenceReader/AsyncReadUpToElementsSequence.swift")
4.	While emitting IR SIL function "@$sScI19AsyncSequenceReaderSQ7ElementRpzs5NeverO7FailureRtzrlE7collect9isolation13upToIncluding12throwsIfOverSayACGSgScA_pSgYi_ACSitYaAA0abC5ErrorVYKF".
 for 'collect(isolation:upToIncluding:throwsIfOver:)' (at /Users/admin/builder/spi-builder-workspace/.dependencies/checkouts/AsyncSequenceReader/Sources/AsyncSequenceReader/AsyncReadUpToElementsSequence.swift:203:21)
Stack dump without symbol names (ensure you have llvm-symbolizer in your PATH or set the environment var `LLVM_SYMBOLIZER_PATH` to point to it):
0  swift-frontend           0x000000010adc2c28 llvm::sys::PrintStackTrace(llvm::raw_ostream&, int) + 56
1  swift-frontend           0x000000010adc0a60 llvm::sys::RunSignalHandlers() + 112
2  swift-frontend           0x000000010adc3264 SignalHandler(int) + 360
3  libsystem_platform.dylib 0x0000000183627624 _sigtramp + 56
4  swift-frontend           0x000000010504f9d0 (anonymous namespace)::AsyncCallEmission::setFromCallee() + 728
5  swift-frontend           0x000000010504f9d0 (anonymous namespace)::AsyncCallEmission::setFromCallee() + 728
6  swift-frontend           0x00000001050353c0 swift::irgen::getCallEmission(swift::irgen::IRGenFunction&, llvm::Value*, swift::irgen::Callee&&) + 888
7  swift-frontend           0x00000001052af888 (anonymous namespace)::IRGenSILFunction::visitFullApplySite(swift::FullApplySite) + 3268
8  swift-frontend           0x00000001052804e4 (anonymous namespace)::IRGenSILFunction::visitSILBasicBlock(swift::SILBasicBlock*) + 2636
9  swift-frontend           0x000000010527e38c (anonymous namespace)::IRGenSILFunction::emitSILFunction() + 15860
10 swift-frontend           0x000000010527a0e0 swift::irgen::IRGenModule::emitSILFunction(swift::SILFunction*) + 2788
11 swift-frontend           0x000000010509d560 swift::irgen::IRGenerator::emitGlobalTopLevel(std::__1::vector<std::__1::basic_string<char, std::__1::char_traits<char>, std::__1::allocator<char>>, std::__1::allocator<std::__1::basic_string<char, std::__1::char_traits<char>, std::__1::allocator<char>>>> const&) + 2044
12 swift-frontend           0x000000010522b9fc swift::IRGenRequest::evaluate(swift::Evaluator&, swift::IRGenDescriptor) const + 4296
13 swift-frontend           0x000000010527933c swift::SimpleRequest<swift::IRGenRequest, swift::GeneratedModule (swift::IRGenDescriptor), (swift::RequestFlags)17>::evaluateRequest(swift::IRGenRequest const&, swift::Evaluator&) + 180
14 swift-frontend           0x0000000105234f28 swift::IRGenRequest::OutputType swift::Evaluator::getResultUncached<swift::IRGenRequest, swift::IRGenRequest::OutputType swift::evaluateOrFatal<swift::IRGenRequest>(swift::Evaluator&, swift::IRGenRequest)::'lambda'()>(swift::IRGenRequest const&, swift::IRGenRequest::OutputType swift::evaluateOrFatal<swift::IRGenRequest>(swift::Evaluator&, swift::IRGenRequest)::'lambda'()) + 812
15 swift-frontend           0x000000010522e688 swift::performIRGeneration(swift::FileUnit*, swift::IRGenOptions const&, swift::TBDGenOptions const&, std::__1::unique_ptr<swift::SILModule, std::__1::default_delete<swift::SILModule>>, llvm::StringRef, swift::PrimarySpecificPaths const&, llvm::StringRef, llvm::GlobalVariable**) + 176
16 swift-frontend           0x0000000104c19af0 generateIR(swift::IRGenOptions const&, swift::TBDGenOptions const&, std::__1::unique_ptr<swift::SILModule, std::__1::default_delete<swift::SILModule>>, swift::PrimarySpecificPaths const&, llvm::StringRef, llvm::PointerUnion<swift::ModuleDecl*, swift::SourceFile*>, llvm::GlobalVariable*&, llvm::ArrayRef<std::__1::basic_string<char, std::__1::char_traits<char>, std::__1::allocator<char>>>) + 156
17 swift-frontend           0x0000000104c1507c performCompileStepsPostSILGen(swift::CompilerInstance&, std::__1::unique_ptr<swift::SILModule, std::__1::default_delete<swift::SILModule>>, llvm::PointerUnion<swift::ModuleDecl*, swift::SourceFile*>, swift::PrimarySpecificPaths const&, int&, swift::FrontendObserver*) + 2108
18 swift-frontend           0x0000000104c140a8 swift::performCompileStepsPostSema(swift::CompilerInstance&, int&, swift::FrontendObserver*) + 1036
19 swift-frontend           0x0000000104c17654 performCompile(swift::CompilerInstance&, int&, swift::FrontendObserver*) + 1764
20 swift-frontend           0x0000000104c15fd8 swift::performFrontend(llvm::ArrayRef<char const*>, char const*, void*, swift::FrontendObserver*) + 3716
21 swift-frontend           0x0000000104b9a0bc swift::mainEntry(int, char const**) + 5428
22 dyld                     0x000000018324eb4c start + 6000
Failed frontend command:
/Applications/Xcode-16.3.0.app/Contents/Developer/Toolchains/XcodeDefault.xctoolchain/usr/bin/swift-frontend -frontend -c /Users/admin/builder/spi-builder-workspace/.dependencies/checkouts/AsyncSequenceReader/Sources/AsyncSequenceReader/AnyReadableSequence.swift /Users/admin/builder/spi-builder-workspace/.dependencies/checkouts/AsyncSequenceReader/Sources/AsyncSequenceReader/AsyncBufferedIterator.swift /Users/admin/builder/spi-builder-workspace/.dependencies/checkouts/AsyncSequenceReader/Sources/AsyncSequenceReader/AsyncIteratorMapSequence.swift /Users/admin/builder/spi-builder-workspace/.dependencies/checkouts/AsyncSequenceReader/Sources/AsyncSequenceReader/AsyncIteratorProtocol+Isolated.swift /Users/admin/builder/spi-builder-workspace/.dependencies/checkouts/AsyncSequenceReader/Sources/AsyncSequenceReader/AsyncReadSequence.swift /Users/admin/builder/spi-builder-workspace/.dependencies/checkouts/AsyncSequenceReader/Sources/AsyncSequenceReader/AsyncReadUpToCountSequence.swift -primary-file /Users/admin/builder/spi-builder-workspace/.dependencies/checkouts/AsyncSequenceReader/Sources/AsyncSequenceReader/AsyncReadUpToElementsSequence.swift /Users/admin/builder/spi-builder-workspace/.dependencies/checkouts/AsyncSequenceReader/Sources/AsyncSequenceReader/AsyncSequenceReader.swift /Users/admin/builder/spi-builder-workspace/.dependencies/checkouts/AsyncSequenceReader/Sources/AsyncSequenceReader/AsyncSequenceReaderError.swift -emit-dependencies-path /Users/admin/builder/spi-builder-workspace/.derivedData/Build/Intermediates.noindex/AsyncSequenceReader.build/Debug-watchos/AsyncSequenceReader.build/Objects-normal/arm64/AsyncReadUpToElementsSequence.d -emit-const-values-path /Users/admin/builder/spi-builder-workspace/.derivedData/Build/Intermediates.noindex/AsyncSequenceReader.build/Debug-watchos/AsyncSequenceReader.build/Objects-normal/arm64/AsyncReadUpToElementsSequence.swiftconstvalues -emit-reference-dependencies-path /Users/admin/builder/spi-builder-workspace/.derivedData/Build/Intermediates.noindex/AsyncSequenceReader.build/Debug-watchos/AsyncSequenceReader.build/Objects-normal/arm64/AsyncReadUpToElementsSequence.swiftdeps -serialize-diagnostics-path /Users/admin/builder/spi-builder-workspace/.derivedData/Build/Intermediates.noindex/AsyncSequenceReader.build/Debug-watchos/AsyncSequenceReader.build/Objects-normal/arm64/AsyncReadUpToElementsSequence.dia -target arm64-apple-watchos6.0 -Xllvm -aarch64-use-tbi -enable-objc-interop -stack-check -sdk /Applications/Xcode-16.3.0.app/Contents/Developer/Platforms/WatchOS.platform/Developer/SDKs/WatchOS11.4.sdk -I /Users/admin/builder/spi-builder-workspace/.derivedData/Build/Products/Debug-watchos -I /Applications/Xcode-16.3.0.app/Contents/Developer/Platforms/WatchOS.platform/Developer/usr/lib -F /Users/admin/builder/spi-builder-workspace/.derivedData/Build/Products/Debug-watchos -F /Applications/Xcode-16.3.0.app/Contents/Developer/Platforms/WatchOS.platform/Developer/Library/Frameworks -F /Applications/Xcode-16.3.0.app/Contents/Developer/Platforms/WatchOS.platform/Developer/SDKs/WatchOS11.4.sdk/Developer/Library/Frameworks -no-color-diagnostics -enable-testing -g -debug-info-format\=dwarf -dwarf-version\=4 -module-cache-path /Users/admin/builder/spi-builder-workspace/.derivedData/ModuleCache.noindex -suppress-warnings -profile-generate -profile-coverage-mapping -swift-version 6 -enforce-exclusivity\=checked -Onone -D SWIFT_PACKAGE -D DEBUG -D Xcode -serialize-debugging-options -const-gather-protocols-file /Users/admin/builder/spi-builder-workspace/.derivedData/Build/Intermediates.noindex/AsyncSequenceReader.build/Debug-watchos/AsyncSequenceReader.build/Objects-normal/arm64/AsyncSequenceReader_const_extract_protocols.json -enable-upcoming-feature ExistentialAny -enable-upcoming-feature InternalImportsByDefault -enable-upcoming-feature MemberImportVisibility -enable-upcoming-feature InferIsolatedConformances -enable-upcoming-feature NonisolatedNonsendingByDefault -enable-upcoming-feature ImmutableWeakCaptures -enable-experimental-feature DebugDescriptionMacro -empty-abi-descriptor -plugin-path /Applications/Xcode-16.3.0.app/Contents/Developer/Toolchains/XcodeDefault.xctoolchain/usr/lib/swift/host/plugins/testing -user-module-version 0.5.0 -validate-clang-modules-once -clang-build-session-file /Users/admin/builder/spi-builder-workspace/.derivedData/ModuleCache.noindex/Session.modulevalidation -Xcc -working-directory -Xcc /Users/admin/builder/spi-builder-workspace/.swiftpm/xcode -resource-dir /Applications/Xcode-16.3.0.app/Contents/Developer/Toolchains/XcodeDefault.xctoolchain/usr/lib/swift -enable-anonymous-context-mangled-names -file-compilation-dir /Users/admin/builder/spi-builder-workspace/.swiftpm/xcode -Xcc -ivfsstatcache -Xcc /Users/admin/builder/spi-builder-workspace/.derivedData/SDKStatCaches.noindex/watchos11.4-22T246-43efb940ff07ba2497b70ec94253f576.sdkstatcache -Xcc -I/Users/admin/builder/spi-builder-workspace/.derivedData/Build/Intermediates.noindex/AsyncSequenceReader.build/Debug-watchos/AsyncSequenceReader.build/swift-overrides.hmap -Xcc -I/Users/admin/builder/spi-builder-workspace/.derivedData/Build/Products/Debug-watchos/include -Xcc -I/Users/admin/builder/spi-builder-workspace/.derivedData/Build/Intermediates.noindex/AsyncSequenceReader.build/Debug-watchos/AsyncSequenceReader.build/DerivedSources-normal/arm64 -Xcc -I/Users/admin/builder/spi-builder-workspace/.derivedData/Build/Intermediates.noindex/AsyncSequenceReader.build/Debug-watchos/AsyncSequenceReader.build/DerivedSources/arm64 -Xcc -I/Users/admin/builder/spi-builder-workspace/.derivedData/Build/Intermediates.noindex/AsyncSequenceReader.build/Debug-watchos/AsyncSequenceReader.build/DerivedSources -Xcc -DSWIFT_PACKAGE -Xcc -DDEBUG\=1 -module-name AsyncSequenceReader -package-name asyncsequencereader -frontend-parseable-output -disable-clang-spi -target-sdk-version 11.4 -target-sdk-name watchos11.4 -external-plugin-path /Applications/Xcode-16.3.0.app/Contents/Developer/Platforms/WatchOS.platform/Developer/usr/lib/swift/host/plugins\#/Applications/Xcode-16.3.0.app/Contents/Developer/Platforms/WatchOS.platform/Developer/usr/bin/swift-plugin-server -external-plugin-path /Applications/Xcode-16.3.0.app/Contents/Developer/Platforms/WatchOS.platform/Developer/usr/local/lib/swift/host/plugins\#/Applications/Xcode-16.3.0.app/Contents/Developer/Platforms/WatchOS.platform/Developer/usr/bin/swift-plugin-server -in-process-plugin-server-path /Applications/Xcode-16.3.0.app/Contents/Developer/Toolchains/XcodeDefault.xctoolchain/usr/lib/swift/host/libSwiftInProcPluginServer.dylib -plugin-path /Applications/Xcode-16.3.0.app/Contents/Developer/Toolchains/XcodeDefault.xctoolchain/usr/lib/swift/host/plugins -plugin-path /Applications/Xcode-16.3.0.app/Contents/Developer/Toolchains/XcodeDefault.xctoolchain/usr/local/lib/swift/host/plugins -o /Users/admin/builder/spi-builder-workspace/.derivedData/Build/Intermediates.noindex/AsyncSequenceReader.build/Debug-watchos/AsyncSequenceReader.build/Objects-normal/arm64/AsyncReadUpToElementsSequence.o -index-unit-output-path /AsyncSequenceReader.build/Debug-watchos/AsyncSequenceReader.build/Objects-normal/arm64/AsyncReadUpToElementsSequence.o -index-store-path /Users/admin/builder/spi-builder-workspace/.derivedData/Index.noindex/DataStore -index-system-modules
Command SwiftCompile failed with a nonzero exit code
SwiftCompile normal arm64 /Users/admin/builder/spi-builder-workspace/.dependencies/checkouts/AsyncSequenceReader/Sources/AsyncSequenceReader/AsyncReadUpToElementsSequence.swift (in target 'AsyncSequenceReader' from project 'AsyncSequenceReader')
    cd /Users/admin/builder/spi-builder-workspace/.swiftpm/xcode

SwiftDriverJobDiscovery normal armv7k Compiling UUID.swift (in target 'Bytes' from project 'Bytes')
SwiftCompile normal armv7k Compiling\ AsyncIteratorProtocol+Isolated.swift /Users/admin/builder/spi-builder-workspace/.dependencies/checkouts/AsyncSequenceReader/Sources/AsyncSequenceReader/AsyncIteratorProtocol+Isolated.swift (in target 'AsyncSequenceReader' from project 'AsyncSequenceReader')
SwiftCompile normal armv7k /Users/admin/builder/spi-builder-workspace/.dependencies/checkouts/AsyncSequenceReader/Sources/AsyncSequenceReader/AsyncIteratorProtocol+Isolated.swift (in target 'AsyncSequenceReader' from project 'AsyncSequenceReader')
    cd /Users/admin/builder/spi-builder-workspace/.swiftpm/xcode

SwiftDriverJobDiscovery normal arm64_32 Compiling AsyncByteIterator.swift (in target 'Bytes' from project 'Bytes')
SwiftCompile normal arm64_32 Compiling\ AsyncIteratorMapSequence.swift /Users/admin/builder/spi-builder-workspace/.dependencies/checkouts/AsyncSequenceReader/Sources/AsyncSequenceReader/AsyncIteratorMapSequence.swift (in target 'AsyncSequenceReader' from project 'AsyncSequenceReader')
SwiftCompile normal arm64_32 /Users/admin/builder/spi-builder-workspace/.dependencies/checkouts/AsyncSequenceReader/Sources/AsyncSequenceReader/AsyncIteratorMapSequence.swift (in target 'AsyncSequenceReader' from project 'AsyncSequenceReader')
    cd /Users/admin/builder/spi-builder-workspace/.swiftpm/xcode

SwiftDriverJobDiscovery normal arm64 Compiling Colletion+Casting.swift (in target 'Bytes' from project 'Bytes')
SwiftCompile normal arm64_32 Compiling\ AsyncSequenceReader.swift /Users/admin/builder/spi-builder-workspace/.dependencies/checkouts/AsyncSequenceReader/Sources/AsyncSequenceReader/AsyncSequenceReader.swift (in target 'AsyncSequenceReader' from project 'AsyncSequenceReader')
SwiftCompile normal arm64_32 /Users/admin/builder/spi-builder-workspace/.dependencies/checkouts/AsyncSequenceReader/Sources/AsyncSequenceReader/AsyncSequenceReader.swift (in target 'AsyncSequenceReader' from project 'AsyncSequenceReader')
    cd /Users/admin/builder/spi-builder-workspace/.swiftpm/xcode

SwiftDriverJobDiscovery normal arm64_32 Compiling Bytes.swift (in target 'Bytes' from project 'Bytes')
SwiftCompile normal arm64_32 Compiling\ AsyncReadUpToElementsSequence.swift /Users/admin/builder/spi-builder-workspace/.dependencies/checkouts/AsyncSequenceReader/Sources/AsyncSequenceReader/AsyncReadUpToElementsSequence.swift (in target 'AsyncSequenceReader' from project 'AsyncSequenceReader')
SwiftCompile normal arm64_32 /Users/admin/builder/spi-builder-workspace/.dependencies/checkouts/AsyncSequenceReader/Sources/AsyncSequenceReader/AsyncReadUpToElementsSequence.swift (in target 'AsyncSequenceReader' from project 'AsyncSequenceReader')
    cd /Users/admin/builder/spi-builder-workspace/.swiftpm/xcode

SwiftDriverJobDiscovery normal armv7k Compiling Bytes.swift (in target 'Bytes' from project 'Bytes')
SwiftCompile normal arm64 Compiling\ AsyncIteratorProtocol+Isolated.swift /Users/admin/builder/spi-builder-workspace/.dependencies/checkouts/AsyncSequenceReader/Sources/AsyncSequenceReader/AsyncIteratorProtocol+Isolated.swift (in target 'AsyncSequenceReader' from project 'AsyncSequenceReader')
SwiftCompile normal arm64 /Users/admin/builder/spi-builder-workspace/.dependencies/checkouts/AsyncSequenceReader/Sources/AsyncSequenceReader/AsyncIteratorProtocol+Isolated.swift (in target 'AsyncSequenceReader' from project 'AsyncSequenceReader')
    cd /Users/admin/builder/spi-builder-workspace/.swiftpm/xcode

SwiftDriverJobDiscovery normal armv7k Compiling AsyncIteratorProtocol+Isolated.swift (in target 'AsyncSequenceReader' from project 'AsyncSequenceReader')
SwiftCompile normal arm64_32 Compiling\ AsyncIteratorProtocol+Isolated.swift /Users/admin/builder/spi-builder-workspace/.dependencies/checkouts/AsyncSequenceReader/Sources/AsyncSequenceReader/AsyncIteratorProtocol+Isolated.swift (in target 'AsyncSequenceReader' from project 'AsyncSequenceReader')
Command SwiftCompile failed with a nonzero exit code
** BUILD FAILED **
The following build commands failed:
	SwiftCompile normal arm64 Compiling\ AsyncReadUpToElementsSequence.swift /Users/admin/builder/spi-builder-workspace/.dependencies/checkouts/AsyncSequenceReader/Sources/AsyncSequenceReader/AsyncReadUpToElementsSequence.swift (in target 'AsyncSequenceReader' from project 'AsyncSequenceReader')
	SwiftCompile normal arm64_32 Compiling\ AsyncIteratorProtocol+Isolated.swift /Users/admin/builder/spi-builder-workspace/.dependencies/checkouts/AsyncSequenceReader/Sources/AsyncSequenceReader/AsyncIteratorProtocol+Isolated.swift (in target 'AsyncSequenceReader' from project 'AsyncSequenceReader')
	Building workspace spi-builder-workspace with scheme CodableDatastore
(3 failures)
BUILD FAILURE 6.1 watchOS