Build Information
Failed to build swift-openapi-request-dl-nio, reference main (10a511), with Swift 6.1 for watchOS using Xcode 16.3 on 26 Sep 2026 11:06:11 UTC.
Build Command
No build command. This typically means the build failed at an early stage where we determine the build command.Build Log
========================================
RunAll
========================================
Builder version: 5.1.0
Interrupt handler set up.
========================================
Checkout
========================================
Clone URL: https://github.com/request-dl/swift-openapi-request-dl-nio.git
Reference: main
Initialized empty Git repository in /Users/admin/builder/spi-builder-workspace/.git/
From https://github.com/request-dl/swift-openapi-request-dl-nio
* branch main -> FETCH_HEAD
* [new branch] main -> origin/main
HEAD is now at 10a5112 Updated packages (#22)
Cloned https://github.com/request-dl/swift-openapi-request-dl-nio.git
Revision (git rev-parse @):
10a5112bd8a4ac246e188944227f55f9acc4cace
SPI manifest file found: $PWD/.spi.yml
SUCCESS checkout https://github.com/request-dl/swift-openapi-request-dl-nio.git at main
========================================
Build
========================================
Selected platform: watchOS
Swift version: 6.1
Building package at path: $PWD
https://github.com/request-dl/swift-openapi-request-dl-nio.git
https://github.com/request-dl/swift-openapi-request-dl-nio.git
error: 'spi-builder-workspace': package 'spi-builder-workspace' is using Swift tools version 6.2.0 but the installed version is 6.1.0
error: fatalError
Command line invocation:
/Applications/Xcode-16.3.0.app/Contents/Developer/usr/bin/xcodebuild -IDEClonedSourcePackagesDirPathOverride=/Users/admin/builder/spi-builder-workspace/.dependencies -resolvePackageDependencies
Resolve Package Graph
package 'spi-builder-workspace' is using Swift tools version 6.2.0 but the installed version is 6.1.0
Resolved source packages:
spi-builder-workspace: (null)
2026-09-26 04:06:10.234 xcodebuild[503:2895] Writing error result bundle to /var/folders/5k/5yc19ymj0jqd5v0zvgfqz0xw0000gn/T/ResultBundle_2026-26-09_04-06-0010.xcresult
xcodebuild: error: Could not resolve package dependencies:
package 'spi-builder-workspace' is using Swift tools version 6.2.0 but the installed version is 6.1.0
Command line invocation:
/Applications/Xcode-16.3.0.app/Contents/Developer/usr/bin/xcodebuild -IDEClonedSourcePackagesDirPathOverride=/Users/admin/builder/spi-builder-workspace/.dependencies -resolvePackageDependencies
Resolve Package Graph
package 'spi-builder-workspace' is using Swift tools version 6.2.0 but the installed version is 6.1.0
Resolved source packages:
spi-builder-workspace: (null)
2026-09-26 04:06:10.963 xcodebuild[512:2980] Writing error result bundle to /var/folders/5k/5yc19ymj0jqd5v0zvgfqz0xw0000gn/T/ResultBundle_2026-26-09_04-06-0010.xcresult
xcodebuild: error: Could not resolve package dependencies:
package 'spi-builder-workspace' is using Swift tools version 6.2.0 but the installed version is 6.1.0
BUILD FAILURE 6.1 watchOS