The Swift Package Index logo.Swift Package Index

Build Information

Failed to build swift-composable-analytics, reference 1.1.0 (bfc652), with Swift 6.4 for visionOS using Xcode 27.0 on 19 Sep 2026 20:39:00 UTC.

Build Command

env DEVELOPER_DIR=/Applications/Xcode-27.0.0-Release.Candidate.app xcrun xcodebuild -IDEClonedSourcePackagesDirPathOverride=$PWD/.dependencies -skipMacroValidation -skipPackagePluginValidation -derivedDataPath $PWD/.derivedData build -scheme swift-composable-analytics -destination generic/platform=xrOS

Build Log

ExtractAppIntentsMetadata (in target 'SwiftNavigation' from project 'swift-navigation')
    cd /Users/admin/builder/spi-builder-workspace/.dependencies/checkouts/swift-navigation
    /Applications/Xcode-27.0.0-Release.Candidate.app/Contents/Developer/Toolchains/XcodeDefault.xctoolchain/usr/bin/appintentsmetadataprocessor --toolchain-dir /var/run/com.apple.security.cryptexd/mnt/com.apple.MobileAsset.MetalToolchain-v27.1.266.1.nsgqyt/Metal.xctoolchain --module-name SwiftNavigation --sdk-root /Applications/Xcode-27.0.0-Release.Candidate.app/Contents/Developer/Platforms/XROS.platform/Developer/SDKs/XROS27.0.sdk --xcode-version 27A266a --platform-family xrOS --deployment-target 1.0 --bundle-identifier swift-navigation.SwiftNavigation --output /Users/admin/builder/spi-builder-workspace/.derivedData/Build/Products/Debug-xros/SwiftNavigation.appintents --target-triple arm64-apple-xros1.0 --binary-file /Users/admin/builder/spi-builder-workspace/.derivedData/Build/Products/Debug-xros/SwiftNavigation.o --dependency-file /Users/admin/builder/spi-builder-workspace/.derivedData/Build/Intermediates.noindex/swift-navigation.build/Debug-xros/SwiftNavigation-t.build/Objects-normal/arm64/SwiftNavigation_dependency_info.dat --stringsdata-file /Users/admin/builder/spi-builder-workspace/.derivedData/Build/Intermediates.noindex/swift-navigation.build/Debug-xros/SwiftNavigation-t.build/Objects-normal/arm64/ExtractedAppShortcutsMetadata.stringsdata --source-file-list /Users/admin/builder/spi-builder-workspace/.derivedData/Build/Intermediates.noindex/swift-navigation.build/Debug-xros/SwiftNavigation-t.build/Objects-normal/arm64/SwiftNavigation.SwiftFileList --metadata-file-list /Users/admin/builder/spi-builder-workspace/.derivedData/Build/Intermediates.noindex/swift-navigation.build/Debug-xros/SwiftNavigation-t.build/SwiftNavigation.DependencyMetadataFileList --static-metadata-file-list /Users/admin/builder/spi-builder-workspace/.derivedData/Build/Intermediates.noindex/swift-navigation.build/Debug-xros/SwiftNavigation-t.build/SwiftNavigation.DependencyStaticMetadataFileList --swift-const-vals-list /Users/admin/builder/spi-builder-workspace/.derivedData/Build/Intermediates.noindex/swift-navigation.build/Debug-xros/SwiftNavigation-t.build/Objects-normal/arm64/SwiftNavigation.SwiftConstValuesFileList --force --compile-time-extraction --deployment-aware-processing --no-app-shortcuts-localization
2026-09-19 16:38:48.128 appintentsmetadataprocessor[2570:13116] Starting appintentsmetadataprocessor export
2026-09-19 16:38:48.193 appintentsmetadataprocessor[2570:13116] Extracted no relevant App Intents symbols, skipping writing output
SwiftCompile normal arm64 Compiling\ Binding.swift,\ ConfirmationDialog+State.swift /Users/admin/builder/spi-builder-workspace/.dependencies/checkouts/swift-navigation/Sources/SwiftUINavigation/Binding.swift /Users/admin/builder/spi-builder-workspace/.dependencies/checkouts/swift-navigation/Sources/SwiftUINavigation/ConfirmationDialog+State.swift (in target 'SwiftUINavigation' from project 'swift-navigation')
SwiftCompile normal arm64 /Users/admin/builder/spi-builder-workspace/.dependencies/checkouts/swift-navigation/Sources/SwiftUINavigation/Binding.swift (in target 'SwiftUINavigation' from project 'swift-navigation')
    cd /Users/admin/builder/spi-builder-workspace/.swiftpm/xcode
    builtin-SwiftPerFileCompile Binding.swift
SwiftCompile normal arm64 /Users/admin/builder/spi-builder-workspace/.dependencies/checkouts/swift-navigation/Sources/SwiftUINavigation/ConfirmationDialog+State.swift (in target 'SwiftUINavigation' from project 'swift-navigation')
    cd /Users/admin/builder/spi-builder-workspace/.swiftpm/xcode
    builtin-SwiftPerFileCompile ConfirmationDialog+State.swift
SwiftCompile normal arm64 Compiling\ Binding+Internal.swift,\ Deprecations.swift /Users/admin/builder/spi-builder-workspace/.dependencies/checkouts/swift-navigation/Sources/SwiftUINavigation/Internal/Binding+Internal.swift /Users/admin/builder/spi-builder-workspace/.dependencies/checkouts/swift-navigation/Sources/SwiftUINavigation/Internal/Deprecations.swift (in target 'SwiftUINavigation' from project 'swift-navigation')
SwiftCompile normal arm64 /Users/admin/builder/spi-builder-workspace/.dependencies/checkouts/swift-navigation/Sources/SwiftUINavigation/Internal/Binding+Internal.swift (in target 'SwiftUINavigation' from project 'swift-navigation')
    cd /Users/admin/builder/spi-builder-workspace/.swiftpm/xcode
    builtin-SwiftPerFileCompile Binding+Internal.swift
SwiftCompile normal arm64 /Users/admin/builder/spi-builder-workspace/.dependencies/checkouts/swift-navigation/Sources/SwiftUINavigation/Internal/Deprecations.swift (in target 'SwiftUINavigation' from project 'swift-navigation')
    cd /Users/admin/builder/spi-builder-workspace/.swiftpm/xcode
    builtin-SwiftPerFileCompile Deprecations.swift
SwiftCompile normal arm64 Compiling\ Exports.swift,\ Identified.swift /Users/admin/builder/spi-builder-workspace/.dependencies/checkouts/swift-navigation/Sources/SwiftUINavigation/Internal/Exports.swift /Users/admin/builder/spi-builder-workspace/.dependencies/checkouts/swift-navigation/Sources/SwiftUINavigation/Internal/Identified.swift (in target 'SwiftUINavigation' from project 'swift-navigation')
SwiftCompile normal arm64 /Users/admin/builder/spi-builder-workspace/.dependencies/checkouts/swift-navigation/Sources/SwiftUINavigation/Internal/Exports.swift (in target 'SwiftUINavigation' from project 'swift-navigation')
    cd /Users/admin/builder/spi-builder-workspace/.swiftpm/xcode
    builtin-SwiftPerFileCompile Exports.swift
SwiftCompile normal arm64 /Users/admin/builder/spi-builder-workspace/.dependencies/checkouts/swift-navigation/Sources/SwiftUINavigation/Internal/Identified.swift (in target 'SwiftUINavigation' from project 'swift-navigation')
    cd /Users/admin/builder/spi-builder-workspace/.swiftpm/xcode
    builtin-SwiftPerFileCompile Identified.swift
SwiftCompile normal arm64 Compiling\ NavigationDestination.swift,\ NavigationLink.swift /Users/admin/builder/spi-builder-workspace/.dependencies/checkouts/swift-navigation/Sources/SwiftUINavigation/NavigationDestination.swift /Users/admin/builder/spi-builder-workspace/.dependencies/checkouts/swift-navigation/Sources/SwiftUINavigation/NavigationLink.swift (in target 'SwiftUINavigation' from project 'swift-navigation')
SwiftCompile normal arm64 /Users/admin/builder/spi-builder-workspace/.dependencies/checkouts/swift-navigation/Sources/SwiftUINavigation/NavigationDestination.swift (in target 'SwiftUINavigation' from project 'swift-navigation')
    cd /Users/admin/builder/spi-builder-workspace/.swiftpm/xcode
    builtin-SwiftPerFileCompile NavigationDestination.swift
SwiftCompile normal arm64 /Users/admin/builder/spi-builder-workspace/.dependencies/checkouts/swift-navigation/Sources/SwiftUINavigation/NavigationLink.swift (in target 'SwiftUINavigation' from project 'swift-navigation')
    cd /Users/admin/builder/spi-builder-workspace/.swiftpm/xcode
    builtin-SwiftPerFileCompile NavigationLink.swift
SwiftCompile normal arm64 Compiling\ CasePaths.swift /Users/admin/builder/spi-builder-workspace/.dependencies/checkouts/swift-navigation/Sources/SwiftUINavigation/Traits/CasePaths.swift (in target 'SwiftUINavigation' from project 'swift-navigation')
SwiftCompile normal arm64 /Users/admin/builder/spi-builder-workspace/.dependencies/checkouts/swift-navigation/Sources/SwiftUINavigation/Traits/CasePaths.swift (in target 'SwiftUINavigation' from project 'swift-navigation')
    cd /Users/admin/builder/spi-builder-workspace/.swiftpm/xcode
    builtin-SwiftPerFileCompile CasePaths.swift
SwiftCompile normal arm64 Compiling\ Alert+State.swift,\ Alert.swift /Users/admin/builder/spi-builder-workspace/.dependencies/checkouts/swift-navigation/Sources/SwiftUINavigation/Alert+State.swift /Users/admin/builder/spi-builder-workspace/.dependencies/checkouts/swift-navigation/Sources/SwiftUINavigation/Alert.swift (in target 'SwiftUINavigation' from project 'swift-navigation')
SwiftCompile normal arm64 /Users/admin/builder/spi-builder-workspace/.dependencies/checkouts/swift-navigation/Sources/SwiftUINavigation/Alert+State.swift (in target 'SwiftUINavigation' from project 'swift-navigation')
    cd /Users/admin/builder/spi-builder-workspace/.swiftpm/xcode
    builtin-SwiftPerFileCompile Alert+State.swift
SwiftCompile normal arm64 /Users/admin/builder/spi-builder-workspace/.dependencies/checkouts/swift-navigation/Sources/SwiftUINavigation/Alert.swift (in target 'SwiftUINavigation' from project 'swift-navigation')
    cd /Users/admin/builder/spi-builder-workspace/.swiftpm/xcode
    builtin-SwiftPerFileCompile Alert.swift
SwiftEmitModule normal arm64 Emitting\ module\ for\ SwiftUINavigation (in target 'SwiftUINavigation' from project 'swift-navigation')
SwiftCompile normal arm64 (in target 'SwiftUINavigation' from project 'swift-navigation')
    cd /Users/admin/builder/spi-builder-workspace/.swiftpm/xcode

SwiftCompile normal arm64 Compiling\ Sheet.swift /Users/admin/builder/spi-builder-workspace/.dependencies/checkouts/swift-navigation/Sources/SwiftUINavigation/Sheet.swift (in target 'SwiftUINavigation' from project 'swift-navigation')
SwiftCompile normal arm64 /Users/admin/builder/spi-builder-workspace/.dependencies/checkouts/swift-navigation/Sources/SwiftUINavigation/Sheet.swift (in target 'SwiftUINavigation' from project 'swift-navigation')
    cd /Users/admin/builder/spi-builder-workspace/.swiftpm/xcode
    builtin-SwiftPerFileCompile Sheet.swift
SwiftCompile normal arm64 Compiling\ WithState.swift /Users/admin/builder/spi-builder-workspace/.dependencies/checkouts/swift-navigation/Sources/SwiftUINavigation/WithState.swift (in target 'SwiftUINavigation' from project 'swift-navigation')
SwiftCompile normal arm64 /Users/admin/builder/spi-builder-workspace/.dependencies/checkouts/swift-navigation/Sources/SwiftUINavigation/WithState.swift (in target 'SwiftUINavigation' from project 'swift-navigation')
    cd /Users/admin/builder/spi-builder-workspace/.swiftpm/xcode
    builtin-SwiftPerFileCompile WithState.swift
SwiftCompile normal arm64 Compiling\ Popover.swift /Users/admin/builder/spi-builder-workspace/.dependencies/checkouts/swift-navigation/Sources/SwiftUINavigation/Popover.swift (in target 'SwiftUINavigation' from project 'swift-navigation')
SwiftCompile normal arm64 /Users/admin/builder/spi-builder-workspace/.dependencies/checkouts/swift-navigation/Sources/SwiftUINavigation/Popover.swift (in target 'SwiftUINavigation' from project 'swift-navigation')
    cd /Users/admin/builder/spi-builder-workspace/.swiftpm/xcode
    builtin-SwiftPerFileCompile Popover.swift
SwiftExplicitDependencyGeneratePcm arm64 /Users/admin/builder/spi-builder-workspace/.derivedData/Build/Intermediates.noindex/SwiftExplicitPrecompiledModules/UIKitNavigationShim-F398VK0UJY7ME79IAAORV3FTD.pcm
SwiftDriverJobDiscovery normal arm64 Compiling Exports.swift, Identified.swift (in target 'SwiftUINavigation' from project 'swift-navigation')
SwiftCompile normal arm64 Compiling\ ConfirmationDialog.swift,\ FullScreenCover.swift /Users/admin/builder/spi-builder-workspace/.dependencies/checkouts/swift-navigation/Sources/SwiftUINavigation/ConfirmationDialog.swift /Users/admin/builder/spi-builder-workspace/.dependencies/checkouts/swift-navigation/Sources/SwiftUINavigation/FullScreenCover.swift (in target 'SwiftUINavigation' from project 'swift-navigation')
SwiftCompile normal arm64 /Users/admin/builder/spi-builder-workspace/.dependencies/checkouts/swift-navigation/Sources/SwiftUINavigation/ConfirmationDialog.swift (in target 'SwiftUINavigation' from project 'swift-navigation')
    cd /Users/admin/builder/spi-builder-workspace/.swiftpm/xcode
    builtin-SwiftPerFileCompile ConfirmationDialog.swift
SwiftCompile normal arm64 /Users/admin/builder/spi-builder-workspace/.dependencies/checkouts/swift-navigation/Sources/SwiftUINavigation/FullScreenCover.swift (in target 'SwiftUINavigation' from project 'swift-navigation')
    cd /Users/admin/builder/spi-builder-workspace/.swiftpm/xcode
    builtin-SwiftPerFileCompile FullScreenCover.swift
SwiftDriverJobDiscovery normal arm64 Compiling Binding+Internal.swift, Deprecations.swift (in target 'SwiftUINavigation' from project 'swift-navigation')
SwiftDriverJobDiscovery normal arm64 Compiling Sheet.swift (in target 'SwiftUINavigation' from project 'swift-navigation')
SwiftDriverJobDiscovery normal arm64 Compiling NavigationDestination.swift, NavigationLink.swift (in target 'SwiftUINavigation' from project 'swift-navigation')
SwiftDriverJobDiscovery normal arm64 Compiling CasePaths.swift (in target 'SwiftUINavigation' from project 'swift-navigation')
SwiftDriverJobDiscovery normal arm64 Compiling Popover.swift (in target 'SwiftUINavigation' from project 'swift-navigation')
SwiftDriverJobDiscovery normal arm64 Compiling WithState.swift (in target 'SwiftUINavigation' from project 'swift-navigation')
SwiftCompile normal arm64 Compiling\ UISlider.swift,\ UIStepper.swift /Users/admin/builder/spi-builder-workspace/.dependencies/checkouts/swift-navigation/Sources/UIKitNavigation/Bindings/UISlider.swift /Users/admin/builder/spi-builder-workspace/.dependencies/checkouts/swift-navigation/Sources/UIKitNavigation/Bindings/UIStepper.swift (in target 'UIKitNavigation' from project 'swift-navigation')
SwiftCompile normal arm64 /Users/admin/builder/spi-builder-workspace/.dependencies/checkouts/swift-navigation/Sources/UIKitNavigation/Bindings/UISlider.swift (in target 'UIKitNavigation' from project 'swift-navigation')
    cd /Users/admin/builder/spi-builder-workspace/.swiftpm/xcode
    builtin-SwiftPerFileCompile UISlider.swift
SwiftCompile normal arm64 /Users/admin/builder/spi-builder-workspace/.dependencies/checkouts/swift-navigation/Sources/UIKitNavigation/Bindings/UIStepper.swift (in target 'UIKitNavigation' from project 'swift-navigation')
    cd /Users/admin/builder/spi-builder-workspace/.swiftpm/xcode
    builtin-SwiftPerFileCompile UIStepper.swift
SwiftCompile normal arm64 Compiling\ UITextField.swift,\ Exports.swift /Users/admin/builder/spi-builder-workspace/.dependencies/checkouts/swift-navigation/Sources/UIKitNavigation/Bindings/UITextField.swift /Users/admin/builder/spi-builder-workspace/.dependencies/checkouts/swift-navigation/Sources/UIKitNavigation/Internal/Exports.swift (in target 'UIKitNavigation' from project 'swift-navigation')
SwiftCompile normal arm64 /Users/admin/builder/spi-builder-workspace/.dependencies/checkouts/swift-navigation/Sources/UIKitNavigation/Bindings/UITextField.swift (in target 'UIKitNavigation' from project 'swift-navigation')
    cd /Users/admin/builder/spi-builder-workspace/.swiftpm/xcode
    builtin-SwiftPerFileCompile UITextField.swift
SwiftCompile normal arm64 /Users/admin/builder/spi-builder-workspace/.dependencies/checkouts/swift-navigation/Sources/UIKitNavigation/Internal/Exports.swift (in target 'UIKitNavigation' from project 'swift-navigation')
    cd /Users/admin/builder/spi-builder-workspace/.swiftpm/xcode
    builtin-SwiftPerFileCompile Exports.swift
SwiftEmitModule normal arm64 Emitting\ module\ for\ UIKitNavigation (in target 'UIKitNavigation' from project 'swift-navigation')
SwiftCompile normal arm64 (in target 'UIKitNavigation' from project 'swift-navigation')
    cd /Users/admin/builder/spi-builder-workspace/.swiftpm/xcode

SwiftCompile normal arm64 Compiling\ PopFromViewController.swift,\ Dismiss.swift /Users/admin/builder/spi-builder-workspace/.dependencies/checkouts/swift-navigation/Sources/UIKitNavigation/Internal/PopFromViewController.swift /Users/admin/builder/spi-builder-workspace/.dependencies/checkouts/swift-navigation/Sources/UIKitNavigation/Navigation/Dismiss.swift (in target 'UIKitNavigation' from project 'swift-navigation')
SwiftCompile normal arm64 /Users/admin/builder/spi-builder-workspace/.dependencies/checkouts/swift-navigation/Sources/UIKitNavigation/Internal/PopFromViewController.swift (in target 'UIKitNavigation' from project 'swift-navigation')
    cd /Users/admin/builder/spi-builder-workspace/.swiftpm/xcode
    builtin-SwiftPerFileCompile PopFromViewController.swift
SwiftCompile normal arm64 /Users/admin/builder/spi-builder-workspace/.dependencies/checkouts/swift-navigation/Sources/UIKitNavigation/Navigation/Dismiss.swift (in target 'UIKitNavigation' from project 'swift-navigation')
    cd /Users/admin/builder/spi-builder-workspace/.swiftpm/xcode
    builtin-SwiftPerFileCompile Dismiss.swift
SwiftCompile normal arm64 Compiling\ UISwitch.swift,\ UITabBarController.swift /Users/admin/builder/spi-builder-workspace/.dependencies/checkouts/swift-navigation/Sources/UIKitNavigation/Bindings/UISwitch.swift /Users/admin/builder/spi-builder-workspace/.dependencies/checkouts/swift-navigation/Sources/UIKitNavigation/Bindings/UITabBarController.swift (in target 'UIKitNavigation' from project 'swift-navigation')
SwiftCompile normal arm64 /Users/admin/builder/spi-builder-workspace/.dependencies/checkouts/swift-navigation/Sources/UIKitNavigation/Bindings/UISwitch.swift (in target 'UIKitNavigation' from project 'swift-navigation')
    cd /Users/admin/builder/spi-builder-workspace/.swiftpm/xcode
    builtin-SwiftPerFileCompile UISwitch.swift
SwiftCompile normal arm64 /Users/admin/builder/spi-builder-workspace/.dependencies/checkouts/swift-navigation/Sources/UIKitNavigation/Bindings/UITabBarController.swift (in target 'UIKitNavigation' from project 'swift-navigation')
    cd /Users/admin/builder/spi-builder-workspace/.swiftpm/xcode
    builtin-SwiftPerFileCompile UITabBarController.swift
SwiftCompile normal arm64 Compiling\ Representable.swift,\ UIBinding.swift /Users/admin/builder/spi-builder-workspace/.dependencies/checkouts/swift-navigation/Sources/UIKitNavigation/SwiftUI/Representable.swift /Users/admin/builder/spi-builder-workspace/.dependencies/checkouts/swift-navigation/Sources/UIKitNavigation/UIBinding.swift (in target 'UIKitNavigation' from project 'swift-navigation')
SwiftCompile normal arm64 /Users/admin/builder/spi-builder-workspace/.dependencies/checkouts/swift-navigation/Sources/UIKitNavigation/SwiftUI/Representable.swift (in target 'UIKitNavigation' from project 'swift-navigation')
    cd /Users/admin/builder/spi-builder-workspace/.swiftpm/xcode
    builtin-SwiftPerFileCompile Representable.swift
SwiftCompile normal arm64 /Users/admin/builder/spi-builder-workspace/.dependencies/checkouts/swift-navigation/Sources/UIKitNavigation/UIBinding.swift (in target 'UIKitNavigation' from project 'swift-navigation')
    cd /Users/admin/builder/spi-builder-workspace/.swiftpm/xcode
    builtin-SwiftPerFileCompile UIBinding.swift
SwiftCompile normal arm64 Compiling\ UIColorWell.swift,\ UIControl.swift,\ UIDatePicker.swift /Users/admin/builder/spi-builder-workspace/.dependencies/checkouts/swift-navigation/Sources/UIKitNavigation/Bindings/UIColorWell.swift /Users/admin/builder/spi-builder-workspace/.dependencies/checkouts/swift-navigation/Sources/UIKitNavigation/Bindings/UIControl.swift /Users/admin/builder/spi-builder-workspace/.dependencies/checkouts/swift-navigation/Sources/UIKitNavigation/Bindings/UIDatePicker.swift (in target 'UIKitNavigation' from project 'swift-navigation')
SwiftCompile normal arm64 /Users/admin/builder/spi-builder-workspace/.dependencies/checkouts/swift-navigation/Sources/UIKitNavigation/Bindings/UIColorWell.swift (in target 'UIKitNavigation' from project 'swift-navigation')
    cd /Users/admin/builder/spi-builder-workspace/.swiftpm/xcode
    builtin-SwiftPerFileCompile UIColorWell.swift
SwiftCompile normal arm64 /Users/admin/builder/spi-builder-workspace/.dependencies/checkouts/swift-navigation/Sources/UIKitNavigation/Bindings/UIControl.swift (in target 'UIKitNavigation' from project 'swift-navigation')
    cd /Users/admin/builder/spi-builder-workspace/.swiftpm/xcode
    builtin-SwiftPerFileCompile UIControl.swift
SwiftCompile normal arm64 /Users/admin/builder/spi-builder-workspace/.dependencies/checkouts/swift-navigation/Sources/UIKitNavigation/Bindings/UIDatePicker.swift (in target 'UIKitNavigation' from project 'swift-navigation')
    cd /Users/admin/builder/spi-builder-workspace/.swiftpm/xcode
    builtin-SwiftPerFileCompile UIDatePicker.swift
SwiftDriverJobDiscovery normal arm64 Emitting module for SwiftUINavigation (in target 'SwiftUINavigation' from project 'swift-navigation')
SwiftDriver\ Compilation\ Requirements SwiftUINavigation normal arm64 com.apple.xcode.tools.swift.compiler (in target 'SwiftUINavigation' from project 'swift-navigation')
    cd /Users/admin/builder/spi-builder-workspace/.swiftpm/xcode
    builtin-Swift-Compilation-Requirements -- /Applications/Xcode-27.0.0-Release.Candidate.app/Contents/Developer/Toolchains/XcodeDefault.xctoolchain/usr/bin/swiftc -parse-as-library -module-name SwiftUINavigation -Onone @/Users/admin/builder/spi-builder-workspace/.derivedData/Build/Intermediates.noindex/swift-navigation.build/Debug-xros/SwiftUINavigation-t.build/Objects-normal/arm64/SwiftUINavigation.SwiftFileList -DSWIFT_PACKAGE -DDEBUG -DSWIFT_MODULE_RESOURCE_BUNDLE_UNAVAILABLE -DCasePaths -DCustomDump -DIssueReporting -DPerception -DXcode -enable-experimental-feature CheckImplementationOnly -enable-upcoming-feature ExistentialAny -enable-upcoming-feature ImmutableWeakCaptures -enable-upcoming-feature InferIsolatedConformances -enable-upcoming-feature InternalImportsByDefault -enable-upcoming-feature MemberImportVisibility -enable-upcoming-feature NonisolatedNonsendingByDefault -plugin-path /Applications/Xcode-27.0.0-Release.Candidate.app/Contents/Developer/Toolchains/XcodeDefault.xctoolchain/usr/lib/swift/host/plugins/testing -enable-experimental-feature DebugDescriptionMacro -sdk /Applications/Xcode-27.0.0-Release.Candidate.app/Contents/Developer/Platforms/XROS.platform/Developer/SDKs/XROS27.0.sdk -target arm64-apple-xros1.0 -g -module-cache-path /Users/admin/builder/spi-builder-workspace/.derivedData/ModuleCache.noindex -Xfrontend -serialize-debugging-options -enable-testing -suppress-warnings -index-store-path /Users/admin/builder/spi-builder-workspace/.derivedData/Index.noindex/DataStore -Xcc -D_LIBCPP_HARDENING_MODE\=_LIBCPP_HARDENING_MODE_DEBUG -swift-version 6 -I /Users/admin/builder/spi-builder-workspace/.derivedData/Build/Products/Debug-xros -Isystem /Applications/Xcode-27.0.0-Release.Candidate.app/Contents/Developer/Platforms/XROS.platform/Developer/usr/lib -F /Users/admin/builder/spi-builder-workspace/.derivedData/Build/Products/Debug-xros/PackageFrameworks -F /Users/admin/builder/spi-builder-workspace/.derivedData/Build/Products/Debug-xros -F /Applications/Xcode-27.0.0-Release.Candidate.app/Contents/Developer/Platforms/XROS.platform/Developer/Library/Frameworks -F /Applications/Xcode-27.0.0-Release.Candidate.app/Contents/Developer/Platforms/XROS.platform/Developer/SDKs/XROS27.0.sdk/Developer/Library/Frameworks -Xfrontend -load-plugin-executable -Xfrontend /Users/admin/builder/spi-builder-workspace/.derivedData/Build/Products/Debug/CasePathsMacros\#CasePathsMacros -Xfrontend -load-plugin-executable -Xfrontend /Users/admin/builder/spi-builder-workspace/.derivedData/Build/Products/Debug/PerceptionMacros\#PerceptionMacros -Xfrontend -load-plugin-executable -Xfrontend /Users/admin/builder/spi-builder-workspace/.derivedData/Build/Products/Debug/SwiftNavigationMacros\#SwiftNavigationMacros -c -j10 -enable-batch-mode -incremental -Xcc -ivfsstatcache -Xcc /Users/admin/builder/spi-builder-workspace/.derivedData/SDKStatCaches.noindex/xros27.0-24M361-e829b21a6f8c9b70876ba0858053c044735bd543db762f57723cac368afd1ce4.sdkstatcache -output-file-map /Users/admin/builder/spi-builder-workspace/.derivedData/Build/Intermediates.noindex/swift-navigation.build/Debug-xros/SwiftUINavigation-t.build/Objects-normal/arm64/SwiftUINavigation-OutputFileMap.json -save-temps -no-color-diagnostics -explicit-module-build -module-cache-path /Users/admin/builder/spi-builder-workspace/.derivedData/Build/Intermediates.noindex/SwiftExplicitPrecompiledModules -clang-scanner-module-cache-path /Users/admin/builder/spi-builder-workspace/.derivedData/ModuleCache.noindex -sdk-module-cache-path /Users/admin/builder/spi-builder-workspace/.derivedData/SDKExplicitPrecompiledModules -emit-dependencies -emit-module -emit-module-path /Users/admin/builder/spi-builder-workspace/.derivedData/Build/Intermediates.noindex/swift-navigation.build/Debug-xros/SwiftUINavigation-t.build/Objects-normal/arm64/SwiftUINavigation.swiftmodule -serialize-diagnostics -dependency-scan-serialize-diagnostics-path /Users/admin/builder/spi-builder-workspace/.derivedData/Build/Intermediates.noindex/swift-navigation.build/Debug-xros/SwiftUINavigation-t.build/Objects-normal/arm64/SwiftUINavigation-dependency-scan.dia -user-module-version 2.11.2 -validate-clang-modules-once -clang-build-session-file /Users/admin/builder/spi-builder-workspace/.derivedData/ModuleCache.noindex/Session.modulevalidation -Xcc -fmodules-prune-interval\=86400 -Xcc -fmodules-prune-after\=345600 -package-name swift_navigation -emit-const-values -const-gather-protocols-list /Users/admin/builder/spi-builder-workspace/.derivedData/Build/Intermediates.noindex/swift-navigation.build/Debug-xros/SwiftUINavigation-t.build/Objects-normal/arm64/SwiftUINavigation_const_extract_protocols.json -Xcc -I/Users/admin/builder/spi-builder-workspace/.derivedData/Build/Products/Debug-xros/include -Xcc -I/Users/admin/builder/spi-builder-workspace/.derivedData/Build/Intermediates.noindex/swift-navigation.build/Debug-xros/SwiftUINavigation-t.build/DerivedSources-normal/arm64 -Xcc -I/Users/admin/builder/spi-builder-workspace/.derivedData/Build/Intermediates.noindex/swift-navigation.build/Debug-xros/SwiftUINavigation-t.build/DerivedSources/arm64 -Xcc -I/Users/admin/builder/spi-builder-workspace/.derivedData/Build/Intermediates.noindex/swift-navigation.build/Debug-xros/SwiftUINavigation-t.build/DerivedSources -Xcc -DSWIFT_PACKAGE -Xcc -DDEBUG\=1 -emit-objc-header -emit-objc-header-path /Users/admin/builder/spi-builder-workspace/.derivedData/Build/Intermediates.noindex/swift-navigation.build/Debug-xros/SwiftUINavigation-t.build/Objects-normal/arm64/SwiftUINavigation-Swift.h -working-directory /Users/admin/builder/spi-builder-workspace/.swiftpm/xcode -experimental-emit-module-separately -disable-cmo
SwiftDriverJobDiscovery normal arm64 Compiling Binding.swift, ConfirmationDialog+State.swift (in target 'SwiftUINavigation' from project 'swift-navigation')
SwiftCompile normal arm64 Compiling\ UIPageControl.swift,\ UISegmentedControl.swift /Users/admin/builder/spi-builder-workspace/.dependencies/checkouts/swift-navigation/Sources/UIKitNavigation/Bindings/UIPageControl.swift /Users/admin/builder/spi-builder-workspace/.dependencies/checkouts/swift-navigation/Sources/UIKitNavigation/Bindings/UISegmentedControl.swift (in target 'UIKitNavigation' from project 'swift-navigation')
SwiftCompile normal arm64 /Users/admin/builder/spi-builder-workspace/.dependencies/checkouts/swift-navigation/Sources/UIKitNavigation/Bindings/UIPageControl.swift (in target 'UIKitNavigation' from project 'swift-navigation')
    cd /Users/admin/builder/spi-builder-workspace/.swiftpm/xcode
    builtin-SwiftPerFileCompile UIPageControl.swift
SwiftCompile normal arm64 /Users/admin/builder/spi-builder-workspace/.dependencies/checkouts/swift-navigation/Sources/UIKitNavigation/Bindings/UISegmentedControl.swift (in target 'UIKitNavigation' from project 'swift-navigation')
    cd /Users/admin/builder/spi-builder-workspace/.swiftpm/xcode
    builtin-SwiftPerFileCompile UISegmentedControl.swift
SwiftCompile normal arm64 Compiling\ NavigationStackController.swift,\ Presentation.swift /Users/admin/builder/spi-builder-workspace/.dependencies/checkouts/swift-navigation/Sources/UIKitNavigation/Navigation/NavigationStackController.swift /Users/admin/builder/spi-builder-workspace/.dependencies/checkouts/swift-navigation/Sources/UIKitNavigation/Navigation/Presentation.swift (in target 'UIKitNavigation' from project 'swift-navigation')
SwiftCompile normal arm64 /Users/admin/builder/spi-builder-workspace/.dependencies/checkouts/swift-navigation/Sources/UIKitNavigation/Navigation/NavigationStackController.swift (in target 'UIKitNavigation' from project 'swift-navigation')
    cd /Users/admin/builder/spi-builder-workspace/.swiftpm/xcode
    builtin-SwiftPerFileCompile NavigationStackController.swift
SwiftCompile normal arm64 /Users/admin/builder/spi-builder-workspace/.dependencies/checkouts/swift-navigation/Sources/UIKitNavigation/Navigation/Presentation.swift (in target 'UIKitNavigation' from project 'swift-navigation')
    cd /Users/admin/builder/spi-builder-workspace/.swiftpm/xcode
    builtin-SwiftPerFileCompile Presentation.swift
SwiftDriverJobDiscovery normal arm64 Compiling Alert+State.swift, Alert.swift (in target 'SwiftUINavigation' from project 'swift-navigation')
SwiftMergeGeneratedHeaders /Users/admin/builder/spi-builder-workspace/.derivedData/Build/Intermediates.noindex/GeneratedModuleMaps-xros/SwiftUINavigation-Swift.h /Users/admin/builder/spi-builder-workspace/.derivedData/Build/Intermediates.noindex/swift-navigation.build/Debug-xros/SwiftUINavigation-t.build/Objects-normal/arm64/SwiftUINavigation-Swift.h (in target 'SwiftUINavigation' from project 'swift-navigation')
    cd /Users/admin/builder/spi-builder-workspace/.dependencies/checkouts/swift-navigation
    builtin-swiftHeaderTool -arch arm64 /Users/admin/builder/spi-builder-workspace/.derivedData/Build/Intermediates.noindex/swift-navigation.build/Debug-xros/SwiftUINavigation-t.build/Objects-normal/arm64/SwiftUINavigation-Swift.h -o /Users/admin/builder/spi-builder-workspace/.derivedData/Build/Intermediates.noindex/GeneratedModuleMaps-xros/SwiftUINavigation-Swift.h
SwiftDriverJobDiscovery normal arm64 Compiling UISlider.swift, UIStepper.swift (in target 'UIKitNavigation' from project 'swift-navigation')
Copy /Users/admin/builder/spi-builder-workspace/.derivedData/Build/Products/Debug-xros/SwiftUINavigation.swiftmodule/arm64-apple-xros.swiftmodule /Users/admin/builder/spi-builder-workspace/.derivedData/Build/Intermediates.noindex/swift-navigation.build/Debug-xros/SwiftUINavigation-t.build/Objects-normal/arm64/SwiftUINavigation.swiftmodule (in target 'SwiftUINavigation' from project 'swift-navigation')
    cd /Users/admin/builder/spi-builder-workspace/.dependencies/checkouts/swift-navigation
    builtin-copy -exclude .DS_Store -exclude CVS -exclude .svn -exclude .git -exclude .hg -resolve-src-symlinks -rename /Users/admin/builder/spi-builder-workspace/.derivedData/Build/Intermediates.noindex/swift-navigation.build/Debug-xros/SwiftUINavigation-t.build/Objects-normal/arm64/SwiftUINavigation.swiftmodule /Users/admin/builder/spi-builder-workspace/.derivedData/Build/Products/Debug-xros/SwiftUINavigation.swiftmodule/arm64-apple-xros.swiftmodule
Copy /Users/admin/builder/spi-builder-workspace/.derivedData/Build/Products/Debug-xros/SwiftUINavigation.swiftmodule/arm64-apple-xros.swiftdoc /Users/admin/builder/spi-builder-workspace/.derivedData/Build/Intermediates.noindex/swift-navigation.build/Debug-xros/SwiftUINavigation-t.build/Objects-normal/arm64/SwiftUINavigation.swiftdoc (in target 'SwiftUINavigation' from project 'swift-navigation')
    cd /Users/admin/builder/spi-builder-workspace/.dependencies/checkouts/swift-navigation
    builtin-copy -exclude .DS_Store -exclude CVS -exclude .svn -exclude .git -exclude .hg -resolve-src-symlinks -rename /Users/admin/builder/spi-builder-workspace/.derivedData/Build/Intermediates.noindex/swift-navigation.build/Debug-xros/SwiftUINavigation-t.build/Objects-normal/arm64/SwiftUINavigation.swiftdoc /Users/admin/builder/spi-builder-workspace/.derivedData/Build/Products/Debug-xros/SwiftUINavigation.swiftmodule/arm64-apple-xros.swiftdoc
Copy /Users/admin/builder/spi-builder-workspace/.derivedData/Build/Products/Debug-xros/SwiftUINavigation.swiftmodule/arm64-apple-xros.abi.json /Users/admin/builder/spi-builder-workspace/.derivedData/Build/Intermediates.noindex/swift-navigation.build/Debug-xros/SwiftUINavigation-t.build/Objects-normal/arm64/SwiftUINavigation.abi.json (in target 'SwiftUINavigation' from project 'swift-navigation')
    cd /Users/admin/builder/spi-builder-workspace/.dependencies/checkouts/swift-navigation
    builtin-copy -exclude .DS_Store -exclude CVS -exclude .svn -exclude .git -exclude .hg -resolve-src-symlinks -rename /Users/admin/builder/spi-builder-workspace/.derivedData/Build/Intermediates.noindex/swift-navigation.build/Debug-xros/SwiftUINavigation-t.build/Objects-normal/arm64/SwiftUINavigation.abi.json /Users/admin/builder/spi-builder-workspace/.derivedData/Build/Products/Debug-xros/SwiftUINavigation.swiftmodule/arm64-apple-xros.abi.json
Copy /Users/admin/builder/spi-builder-workspace/.derivedData/Build/Products/Debug-xros/SwiftUINavigation.swiftmodule/Project/arm64-apple-xros.swiftsourceinfo /Users/admin/builder/spi-builder-workspace/.derivedData/Build/Intermediates.noindex/swift-navigation.build/Debug-xros/SwiftUINavigation-t.build/Objects-normal/arm64/SwiftUINavigation.swiftsourceinfo (in target 'SwiftUINavigation' from project 'swift-navigation')
    cd /Users/admin/builder/spi-builder-workspace/.dependencies/checkouts/swift-navigation
    builtin-copy -exclude .DS_Store -exclude CVS -exclude .svn -exclude .git -exclude .hg -resolve-src-symlinks -rename /Users/admin/builder/spi-builder-workspace/.derivedData/Build/Intermediates.noindex/swift-navigation.build/Debug-xros/SwiftUINavigation-t.build/Objects-normal/arm64/SwiftUINavigation.swiftsourceinfo /Users/admin/builder/spi-builder-workspace/.derivedData/Build/Products/Debug-xros/SwiftUINavigation.swiftmodule/Project/arm64-apple-xros.swiftsourceinfo
SwiftCompile normal arm64 Compiling\ Push.swift,\ UIAlertController.swift /Users/admin/builder/spi-builder-workspace/.dependencies/checkouts/swift-navigation/Sources/UIKitNavigation/Navigation/Push.swift /Users/admin/builder/spi-builder-workspace/.dependencies/checkouts/swift-navigation/Sources/UIKitNavigation/Navigation/UIAlertController.swift (in target 'UIKitNavigation' from project 'swift-navigation')
SwiftCompile normal arm64 /Users/admin/builder/spi-builder-workspace/.dependencies/checkouts/swift-navigation/Sources/UIKitNavigation/Navigation/Push.swift (in target 'UIKitNavigation' from project 'swift-navigation')
    cd /Users/admin/builder/spi-builder-workspace/.swiftpm/xcode
    builtin-SwiftPerFileCompile Push.swift
SwiftCompile normal arm64 /Users/admin/builder/spi-builder-workspace/.dependencies/checkouts/swift-navigation/Sources/UIKitNavigation/Navigation/UIAlertController.swift (in target 'UIKitNavigation' from project 'swift-navigation')
    cd /Users/admin/builder/spi-builder-workspace/.swiftpm/xcode
    builtin-SwiftPerFileCompile UIAlertController.swift
SwiftCompile normal arm64 Compiling\ UIKitAnimation.swift,\ UITransaction.swift /Users/admin/builder/spi-builder-workspace/.dependencies/checkouts/swift-navigation/Sources/UIKitNavigation/UIKitAnimation.swift /Users/admin/builder/spi-builder-workspace/.dependencies/checkouts/swift-navigation/Sources/UIKitNavigation/UITransaction.swift (in target 'UIKitNavigation' from project 'swift-navigation')
SwiftCompile normal arm64 /Users/admin/builder/spi-builder-workspace/.dependencies/checkouts/swift-navigation/Sources/UIKitNavigation/UIKitAnimation.swift (in target 'UIKitNavigation' from project 'swift-navigation')
    cd /Users/admin/builder/spi-builder-workspace/.swiftpm/xcode
    builtin-SwiftPerFileCompile UIKitAnimation.swift
SwiftCompile normal arm64 /Users/admin/builder/spi-builder-workspace/.dependencies/checkouts/swift-navigation/Sources/UIKitNavigation/UITransaction.swift (in target 'UIKitNavigation' from project 'swift-navigation')
    cd /Users/admin/builder/spi-builder-workspace/.swiftpm/xcode
    builtin-SwiftPerFileCompile UITransaction.swift
SwiftDriverJobDiscovery normal arm64 Compiling Representable.swift, UIBinding.swift (in target 'UIKitNavigation' from project 'swift-navigation')
SwiftDriverJobDiscovery normal arm64 Compiling ConfirmationDialog.swift, FullScreenCover.swift (in target 'SwiftUINavigation' from project 'swift-navigation')
SwiftDriverJobDiscovery normal arm64 Compiling PopFromViewController.swift, Dismiss.swift (in target 'UIKitNavigation' from project 'swift-navigation')
SwiftDriver\ Compilation SwiftUINavigation normal arm64 com.apple.xcode.tools.swift.compiler (in target 'SwiftUINavigation' from project 'swift-navigation')
    cd /Users/admin/builder/spi-builder-workspace/.swiftpm/xcode
    builtin-Swift-Compilation -- /Applications/Xcode-27.0.0-Release.Candidate.app/Contents/Developer/Toolchains/XcodeDefault.xctoolchain/usr/bin/swiftc -parse-as-library -module-name SwiftUINavigation -Onone @/Users/admin/builder/spi-builder-workspace/.derivedData/Build/Intermediates.noindex/swift-navigation.build/Debug-xros/SwiftUINavigation-t.build/Objects-normal/arm64/SwiftUINavigation.SwiftFileList -DSWIFT_PACKAGE -DDEBUG -DSWIFT_MODULE_RESOURCE_BUNDLE_UNAVAILABLE -DCasePaths -DCustomDump -DIssueReporting -DPerception -DXcode -enable-experimental-feature CheckImplementationOnly -enable-upcoming-feature ExistentialAny -enable-upcoming-feature ImmutableWeakCaptures -enable-upcoming-feature InferIsolatedConformances -enable-upcoming-feature InternalImportsByDefault -enable-upcoming-feature MemberImportVisibility -enable-upcoming-feature NonisolatedNonsendingByDefault -plugin-path /Applications/Xcode-27.0.0-Release.Candidate.app/Contents/Developer/Toolchains/XcodeDefault.xctoolchain/usr/lib/swift/host/plugins/testing -enable-experimental-feature DebugDescriptionMacro -sdk /Applications/Xcode-27.0.0-Release.Candidate.app/Contents/Developer/Platforms/XROS.platform/Developer/SDKs/XROS27.0.sdk -target arm64-apple-xros1.0 -g -module-cache-path /Users/admin/builder/spi-builder-workspace/.derivedData/ModuleCache.noindex -Xfrontend -serialize-debugging-options -enable-testing -suppress-warnings -index-store-path /Users/admin/builder/spi-builder-workspace/.derivedData/Index.noindex/DataStore -Xcc -D_LIBCPP_HARDENING_MODE\=_LIBCPP_HARDENING_MODE_DEBUG -swift-version 6 -I /Users/admin/builder/spi-builder-workspace/.derivedData/Build/Products/Debug-xros -Isystem /Applications/Xcode-27.0.0-Release.Candidate.app/Contents/Developer/Platforms/XROS.platform/Developer/usr/lib -F /Users/admin/builder/spi-builder-workspace/.derivedData/Build/Products/Debug-xros/PackageFrameworks -F /Users/admin/builder/spi-builder-workspace/.derivedData/Build/Products/Debug-xros -F /Applications/Xcode-27.0.0-Release.Candidate.app/Contents/Developer/Platforms/XROS.platform/Developer/Library/Frameworks -F /Applications/Xcode-27.0.0-Release.Candidate.app/Contents/Developer/Platforms/XROS.platform/Developer/SDKs/XROS27.0.sdk/Developer/Library/Frameworks -Xfrontend -load-plugin-executable -Xfrontend /Users/admin/builder/spi-builder-workspace/.derivedData/Build/Products/Debug/CasePathsMacros\#CasePathsMacros -Xfrontend -load-plugin-executable -Xfrontend /Users/admin/builder/spi-builder-workspace/.derivedData/Build/Products/Debug/PerceptionMacros\#PerceptionMacros -Xfrontend -load-plugin-executable -Xfrontend /Users/admin/builder/spi-builder-workspace/.derivedData/Build/Products/Debug/SwiftNavigationMacros\#SwiftNavigationMacros -c -j10 -enable-batch-mode -incremental -Xcc -ivfsstatcache -Xcc /Users/admin/builder/spi-builder-workspace/.derivedData/SDKStatCaches.noindex/xros27.0-24M361-e829b21a6f8c9b70876ba0858053c044735bd543db762f57723cac368afd1ce4.sdkstatcache -output-file-map /Users/admin/builder/spi-builder-workspace/.derivedData/Build/Intermediates.noindex/swift-navigation.build/Debug-xros/SwiftUINavigation-t.build/Objects-normal/arm64/SwiftUINavigation-OutputFileMap.json -save-temps -no-color-diagnostics -explicit-module-build -module-cache-path /Users/admin/builder/spi-builder-workspace/.derivedData/Build/Intermediates.noindex/SwiftExplicitPrecompiledModules -clang-scanner-module-cache-path /Users/admin/builder/spi-builder-workspace/.derivedData/ModuleCache.noindex -sdk-module-cache-path /Users/admin/builder/spi-builder-workspace/.derivedData/SDKExplicitPrecompiledModules -emit-dependencies -emit-module -emit-module-path /Users/admin/builder/spi-builder-workspace/.derivedData/Build/Intermediates.noindex/swift-navigation.build/Debug-xros/SwiftUINavigation-t.build/Objects-normal/arm64/SwiftUINavigation.swiftmodule -serialize-diagnostics -dependency-scan-serialize-diagnostics-path /Users/admin/builder/spi-builder-workspace/.derivedData/Build/Intermediates.noindex/swift-navigation.build/Debug-xros/SwiftUINavigation-t.build/Objects-normal/arm64/SwiftUINavigation-dependency-scan.dia -user-module-version 2.11.2 -validate-clang-modules-once -clang-build-session-file /Users/admin/builder/spi-builder-workspace/.derivedData/ModuleCache.noindex/Session.modulevalidation -Xcc -fmodules-prune-interval\=86400 -Xcc -fmodules-prune-after\=345600 -package-name swift_navigation -emit-const-values -const-gather-protocols-list /Users/admin/builder/spi-builder-workspace/.derivedData/Build/Intermediates.noindex/swift-navigation.build/Debug-xros/SwiftUINavigation-t.build/Objects-normal/arm64/SwiftUINavigation_const_extract_protocols.json -Xcc -I/Users/admin/builder/spi-builder-workspace/.derivedData/Build/Products/Debug-xros/include -Xcc -I/Users/admin/builder/spi-builder-workspace/.derivedData/Build/Intermediates.noindex/swift-navigation.build/Debug-xros/SwiftUINavigation-t.build/DerivedSources-normal/arm64 -Xcc -I/Users/admin/builder/spi-builder-workspace/.derivedData/Build/Intermediates.noindex/swift-navigation.build/Debug-xros/SwiftUINavigation-t.build/DerivedSources/arm64 -Xcc -I/Users/admin/builder/spi-builder-workspace/.derivedData/Build/Intermediates.noindex/swift-navigation.build/Debug-xros/SwiftUINavigation-t.build/DerivedSources -Xcc -DSWIFT_PACKAGE -Xcc -DDEBUG\=1 -emit-objc-header -emit-objc-header-path /Users/admin/builder/spi-builder-workspace/.derivedData/Build/Intermediates.noindex/swift-navigation.build/Debug-xros/SwiftUINavigation-t.build/Objects-normal/arm64/SwiftUINavigation-Swift.h -working-directory /Users/admin/builder/spi-builder-workspace/.swiftpm/xcode -experimental-emit-module-separately -disable-cmo
Ld /Users/admin/builder/spi-builder-workspace/.derivedData/Build/Products/Debug-xros/SwiftUINavigation.o normal (in target 'SwiftUINavigation' from project 'swift-navigation')
    cd /Users/admin/builder/spi-builder-workspace/.dependencies/checkouts/swift-navigation
    /Applications/Xcode-27.0.0-Release.Candidate.app/Contents/Developer/Toolchains/XcodeDefault.xctoolchain/usr/bin/clang -Xlinker -reproducible -target arm64-apple-xros1.0 -r -isysroot /Applications/Xcode-27.0.0-Release.Candidate.app/Contents/Developer/Platforms/XROS.platform/Developer/SDKs/XROS27.0.sdk -O0 -w -Xlinker -no_warn_duplicate_libraries -F/Users/admin/builder/spi-builder-workspace/.derivedData/Build/Intermediates.noindex/EagerLinkingTBDs/Debug-xros -F/Users/admin/builder/spi-builder-workspace/.derivedData/Build/Products/Debug-xros/PackageFrameworks -F/Users/admin/builder/spi-builder-workspace/.derivedData/Build/Products/Debug-xros -iframework /Applications/Xcode-27.0.0-Release.Candidate.app/Contents/Developer/Platforms/XROS.platform/Developer/Library/Frameworks -iframework /Applications/Xcode-27.0.0-Release.Candidate.app/Contents/Developer/Platforms/XROS.platform/Developer/SDKs/XROS27.0.sdk/Developer/Library/Frameworks -filelist /Users/admin/builder/spi-builder-workspace/.derivedData/Build/Intermediates.noindex/swift-navigation.build/Debug-xros/SwiftUINavigation-t.build/Objects-normal/arm64/SwiftUINavigation.LinkFileList -nostdlib -Xlinker -object_path_lto -Xlinker /Users/admin/builder/spi-builder-workspace/.derivedData/Build/Intermediates.noindex/swift-navigation.build/Debug-xros/SwiftUINavigation-t.build/Objects-normal/arm64/SwiftUINavigation_lto.o -Xlinker -no_deduplicate -Xlinker -dependency_info -Xlinker /Users/admin/builder/spi-builder-workspace/.derivedData/Build/Intermediates.noindex/swift-navigation.build/Debug-xros/SwiftUINavigation-t.build/Objects-normal/arm64/SwiftUINavigation_dependency_info.dat -fobjc-link-runtime -L/Applications/Xcode-27.0.0-Release.Candidate.app/Contents/Developer/Toolchains/XcodeDefault.xctoolchain/usr/lib/swift/xros -L/usr/lib/swift -Xlinker -add_ast_path -Xlinker /Users/admin/builder/spi-builder-workspace/.derivedData/Build/Intermediates.noindex/swift-navigation.build/Debug-xros/SwiftUINavigation-t.build/Objects-normal/arm64/SwiftUINavigation.swiftmodule -o /Users/admin/builder/spi-builder-workspace/.derivedData/Build/Products/Debug-xros/SwiftUINavigation.o
ExtractAppIntentsMetadata (in target 'SwiftUINavigation' from project 'swift-navigation')
    cd /Users/admin/builder/spi-builder-workspace/.dependencies/checkouts/swift-navigation
    /Applications/Xcode-27.0.0-Release.Candidate.app/Contents/Developer/Toolchains/XcodeDefault.xctoolchain/usr/bin/appintentsmetadataprocessor --toolchain-dir /var/run/com.apple.security.cryptexd/mnt/com.apple.MobileAsset.MetalToolchain-v27.1.266.1.nsgqyt/Metal.xctoolchain --module-name SwiftUINavigation --sdk-root /Applications/Xcode-27.0.0-Release.Candidate.app/Contents/Developer/Platforms/XROS.platform/Developer/SDKs/XROS27.0.sdk --xcode-version 27A266a --platform-family xrOS --deployment-target 1.0 --bundle-identifier swift-navigation.SwiftUINavigation --output /Users/admin/builder/spi-builder-workspace/.derivedData/Build/Products/Debug-xros/SwiftUINavigation.appintents --target-triple arm64-apple-xros1.0 --binary-file /Users/admin/builder/spi-builder-workspace/.derivedData/Build/Products/Debug-xros/SwiftUINavigation.o --dependency-file /Users/admin/builder/spi-builder-workspace/.derivedData/Build/Intermediates.noindex/swift-navigation.build/Debug-xros/SwiftUINavigation-t.build/Objects-normal/arm64/SwiftUINavigation_dependency_info.dat --stringsdata-file /Users/admin/builder/spi-builder-workspace/.derivedData/Build/Intermediates.noindex/swift-navigation.build/Debug-xros/SwiftUINavigation-t.build/Objects-normal/arm64/ExtractedAppShortcutsMetadata.stringsdata --source-file-list /Users/admin/builder/spi-builder-workspace/.derivedData/Build/Intermediates.noindex/swift-navigation.build/Debug-xros/SwiftUINavigation-t.build/Objects-normal/arm64/SwiftUINavigation.SwiftFileList --metadata-file-list /Users/admin/builder/spi-builder-workspace/.derivedData/Build/Intermediates.noindex/swift-navigation.build/Debug-xros/SwiftUINavigation-t.build/SwiftUINavigation.DependencyMetadataFileList --static-metadata-file-list /Users/admin/builder/spi-builder-workspace/.derivedData/Build/Intermediates.noindex/swift-navigation.build/Debug-xros/SwiftUINavigation-t.build/SwiftUINavigation.DependencyStaticMetadataFileList --swift-const-vals-list /Users/admin/builder/spi-builder-workspace/.derivedData/Build/Intermediates.noindex/swift-navigation.build/Debug-xros/SwiftUINavigation-t.build/Objects-normal/arm64/SwiftUINavigation.SwiftConstValuesFileList --force --compile-time-extraction --deployment-aware-processing --no-app-shortcuts-localization
2026-09-19 16:38:49.093 appintentsmetadataprocessor[2602:13389] Starting appintentsmetadataprocessor export
2026-09-19 16:38:49.162 appintentsmetadataprocessor[2602:13389] Extracted no relevant App Intents symbols, skipping writing output
SwiftDriverJobDiscovery normal arm64 Compiling UIPageControl.swift, UISegmentedControl.swift (in target 'UIKitNavigation' from project 'swift-navigation')
SwiftDriverJobDiscovery normal arm64 Compiling UISwitch.swift, UITabBarController.swift (in target 'UIKitNavigation' from project 'swift-navigation')
SwiftDriverJobDiscovery normal arm64 Compiling UIColorWell.swift, UIControl.swift, UIDatePicker.swift (in target 'UIKitNavigation' from project 'swift-navigation')
SwiftDriverJobDiscovery normal arm64 Emitting module for UIKitNavigation (in target 'UIKitNavigation' from project 'swift-navigation')
SwiftDriver\ Compilation\ Requirements UIKitNavigation normal arm64 com.apple.xcode.tools.swift.compiler (in target 'UIKitNavigation' from project 'swift-navigation')
    cd /Users/admin/builder/spi-builder-workspace/.swiftpm/xcode
    builtin-Swift-Compilation-Requirements -- /Applications/Xcode-27.0.0-Release.Candidate.app/Contents/Developer/Toolchains/XcodeDefault.xctoolchain/usr/bin/swiftc -parse-as-library -module-name UIKitNavigation -Onone @/Users/admin/builder/spi-builder-workspace/.derivedData/Build/Intermediates.noindex/swift-navigation.build/Debug-xros/UIKitNavigation-t.build/Objects-normal/arm64/UIKitNavigation.SwiftFileList -DSWIFT_PACKAGE -DDEBUG -DSWIFT_MODULE_RESOURCE_BUNDLE_UNAVAILABLE -DCasePaths -DCustomDump -DIssueReporting -DPerception -Xcc -fmodule-map-file\=/Users/admin/builder/spi-builder-workspace/.derivedData/Build/Intermediates.noindex/GeneratedModuleMaps-xros/UIKitNavigationShim.modulemap -DXcode -enable-experimental-feature CheckImplementationOnly -enable-upcoming-feature ExistentialAny -enable-upcoming-feature ImmutableWeakCaptures -enable-upcoming-feature InferIsolatedConformances -enable-upcoming-feature InternalImportsByDefault -enable-upcoming-feature MemberImportVisibility -enable-upcoming-feature NonisolatedNonsendingByDefault -plugin-path /Applications/Xcode-27.0.0-Release.Candidate.app/Contents/Developer/Toolchains/XcodeDefault.xctoolchain/usr/lib/swift/host/plugins/testing -enable-experimental-feature DebugDescriptionMacro -sdk /Applications/Xcode-27.0.0-Release.Candidate.app/Contents/Developer/Platforms/XROS.platform/Developer/SDKs/XROS27.0.sdk -target arm64-apple-xros1.0 -g -module-cache-path /Users/admin/builder/spi-builder-workspace/.derivedData/ModuleCache.noindex -Xfrontend -serialize-debugging-options -enable-testing -suppress-warnings -index-store-path /Users/admin/builder/spi-builder-workspace/.derivedData/Index.noindex/DataStore -Xcc -D_LIBCPP_HARDENING_MODE\=_LIBCPP_HARDENING_MODE_DEBUG -swift-version 6 -I /Users/admin/builder/spi-builder-workspace/.derivedData/Build/Products/Debug-xros -Isystem /Applications/Xcode-27.0.0-Release.Candidate.app/Contents/Developer/Platforms/XROS.platform/Developer/usr/lib -F /Users/admin/builder/spi-builder-workspace/.derivedData/Build/Products/Debug-xros/PackageFrameworks -F /Users/admin/builder/spi-builder-workspace/.derivedData/Build/Products/Debug-xros -F /Applications/Xcode-27.0.0-Release.Candidate.app/Contents/Developer/Platforms/XROS.platform/Developer/Library/Frameworks -F /Applications/Xcode-27.0.0-Release.Candidate.app/Contents/Developer/Platforms/XROS.platform/Developer/SDKs/XROS27.0.sdk/Developer/Library/Frameworks -Xfrontend -load-plugin-executable -Xfrontend /Users/admin/builder/spi-builder-workspace/.derivedData/Build/Products/Debug/CasePathsMacros\#CasePathsMacros -Xfrontend -load-plugin-executable -Xfrontend /Users/admin/builder/spi-builder-workspace/.derivedData/Build/Products/Debug/PerceptionMacros\#PerceptionMacros -Xfrontend -load-plugin-executable -Xfrontend /Users/admin/builder/spi-builder-workspace/.derivedData/Build/Products/Debug/SwiftNavigationMacros\#SwiftNavigationMacros -c -j10 -enable-batch-mode -incremental -Xcc -ivfsstatcache -Xcc /Users/admin/builder/spi-builder-workspace/.derivedData/SDKStatCaches.noindex/xros27.0-24M361-e829b21a6f8c9b70876ba0858053c044735bd543db762f57723cac368afd1ce4.sdkstatcache -output-file-map /Users/admin/builder/spi-builder-workspace/.derivedData/Build/Intermediates.noindex/swift-navigation.build/Debug-xros/UIKitNavigation-t.build/Objects-normal/arm64/UIKitNavigation-OutputFileMap.json -save-temps -no-color-diagnostics -explicit-module-build -module-cache-path /Users/admin/builder/spi-builder-workspace/.derivedData/Build/Intermediates.noindex/SwiftExplicitPrecompiledModules -clang-scanner-module-cache-path /Users/admin/builder/spi-builder-workspace/.derivedData/ModuleCache.noindex -sdk-module-cache-path /Users/admin/builder/spi-builder-workspace/.derivedData/SDKExplicitPrecompiledModules -emit-dependencies -emit-module -emit-module-path /Users/admin/builder/spi-builder-workspace/.derivedData/Build/Intermediates.noindex/swift-navigation.build/Debug-xros/UIKitNavigation-t.build/Objects-normal/arm64/UIKitNavigation.swiftmodule -serialize-diagnostics -dependency-scan-serialize-diagnostics-path /Users/admin/builder/spi-builder-workspace/.derivedData/Build/Intermediates.noindex/swift-navigation.build/Debug-xros/UIKitNavigation-t.build/Objects-normal/arm64/UIKitNavigation-dependency-scan.dia -user-module-version 2.11.2 -validate-clang-modules-once -clang-build-session-file /Users/admin/builder/spi-builder-workspace/.derivedData/ModuleCache.noindex/Session.modulevalidation -Xcc -fmodules-prune-interval\=86400 -Xcc -fmodules-prune-after\=345600 -package-name swift_navigation -emit-const-values -const-gather-protocols-list /Users/admin/builder/spi-builder-workspace/.derivedData/Build/Intermediates.noindex/swift-navigation.build/Debug-xros/UIKitNavigation-t.build/Objects-normal/arm64/UIKitNavigation_const_extract_protocols.json -Xcc -I/Users/admin/builder/spi-builder-workspace/.dependencies/checkouts/swift-navigation/Sources/UIKitNavigationShim/include -Xcc -I/Users/admin/builder/spi-builder-workspace/.derivedData/Build/Products/Debug-xros/include -Xcc -I/Users/admin/builder/spi-builder-workspace/.derivedData/Build/Intermediates.noindex/swift-navigation.build/Debug-xros/UIKitNavigation-t.build/DerivedSources-normal/arm64 -Xcc -I/Users/admin/builder/spi-builder-workspace/.derivedData/Build/Intermediates.noindex/swift-navigation.build/Debug-xros/UIKitNavigation-t.build/DerivedSources/arm64 -Xcc -I/Users/admin/builder/spi-builder-workspace/.derivedData/Build/Intermediates.noindex/swift-navigation.build/Debug-xros/UIKitNavigation-t.build/DerivedSources -Xcc -DSWIFT_PACKAGE -Xcc -DDEBUG\=1 -emit-objc-header -emit-objc-header-path /Users/admin/builder/spi-builder-workspace/.derivedData/Build/Intermediates.noindex/swift-navigation.build/Debug-xros/UIKitNavigation-t.build/Objects-normal/arm64/UIKitNavigation-Swift.h -working-directory /Users/admin/builder/spi-builder-workspace/.swiftpm/xcode -experimental-emit-module-separately -disable-cmo
SwiftMergeGeneratedHeaders /Users/admin/builder/spi-builder-workspace/.derivedData/Build/Intermediates.noindex/GeneratedModuleMaps-xros/UIKitNavigation-Swift.h /Users/admin/builder/spi-builder-workspace/.derivedData/Build/Intermediates.noindex/swift-navigation.build/Debug-xros/UIKitNavigation-t.build/Objects-normal/arm64/UIKitNavigation-Swift.h (in target 'UIKitNavigation' from project 'swift-navigation')
    cd /Users/admin/builder/spi-builder-workspace/.dependencies/checkouts/swift-navigation
    builtin-swiftHeaderTool -arch arm64 /Users/admin/builder/spi-builder-workspace/.derivedData/Build/Intermediates.noindex/swift-navigation.build/Debug-xros/UIKitNavigation-t.build/Objects-normal/arm64/UIKitNavigation-Swift.h -o /Users/admin/builder/spi-builder-workspace/.derivedData/Build/Intermediates.noindex/GeneratedModuleMaps-xros/UIKitNavigation-Swift.h
Copy /Users/admin/builder/spi-builder-workspace/.derivedData/Build/Products/Debug-xros/UIKitNavigation.swiftmodule/arm64-apple-xros.swiftmodule /Users/admin/builder/spi-builder-workspace/.derivedData/Build/Intermediates.noindex/swift-navigation.build/Debug-xros/UIKitNavigation-t.build/Objects-normal/arm64/UIKitNavigation.swiftmodule (in target 'UIKitNavigation' from project 'swift-navigation')
    cd /Users/admin/builder/spi-builder-workspace/.dependencies/checkouts/swift-navigation
    builtin-copy -exclude .DS_Store -exclude CVS -exclude .svn -exclude .git -exclude .hg -resolve-src-symlinks -rename /Users/admin/builder/spi-builder-workspace/.derivedData/Build/Intermediates.noindex/swift-navigation.build/Debug-xros/UIKitNavigation-t.build/Objects-normal/arm64/UIKitNavigation.swiftmodule /Users/admin/builder/spi-builder-workspace/.derivedData/Build/Products/Debug-xros/UIKitNavigation.swiftmodule/arm64-apple-xros.swiftmodule
Copy /Users/admin/builder/spi-builder-workspace/.derivedData/Build/Products/Debug-xros/UIKitNavigation.swiftmodule/arm64-apple-xros.swiftdoc /Users/admin/builder/spi-builder-workspace/.derivedData/Build/Intermediates.noindex/swift-navigation.build/Debug-xros/UIKitNavigation-t.build/Objects-normal/arm64/UIKitNavigation.swiftdoc (in target 'UIKitNavigation' from project 'swift-navigation')
    cd /Users/admin/builder/spi-builder-workspace/.dependencies/checkouts/swift-navigation
    builtin-copy -exclude .DS_Store -exclude CVS -exclude .svn -exclude .git -exclude .hg -resolve-src-symlinks -rename /Users/admin/builder/spi-builder-workspace/.derivedData/Build/Intermediates.noindex/swift-navigation.build/Debug-xros/UIKitNavigation-t.build/Objects-normal/arm64/UIKitNavigation.swiftdoc /Users/admin/builder/spi-builder-workspace/.derivedData/Build/Products/Debug-xros/UIKitNavigation.swiftmodule/arm64-apple-xros.swiftdoc
Copy /Users/admin/builder/spi-builder-workspace/.derivedData/Build/Products/Debug-xros/UIKitNavigation.swiftmodule/arm64-apple-xros.abi.json /Users/admin/builder/spi-builder-workspace/.derivedData/Build/Intermediates.noindex/swift-navigation.build/Debug-xros/UIKitNavigation-t.build/Objects-normal/arm64/UIKitNavigation.abi.json (in target 'UIKitNavigation' from project 'swift-navigation')
    cd /Users/admin/builder/spi-builder-workspace/.dependencies/checkouts/swift-navigation
    builtin-copy -exclude .DS_Store -exclude CVS -exclude .svn -exclude .git -exclude .hg -resolve-src-symlinks -rename /Users/admin/builder/spi-builder-workspace/.derivedData/Build/Intermediates.noindex/swift-navigation.build/Debug-xros/UIKitNavigation-t.build/Objects-normal/arm64/UIKitNavigation.abi.json /Users/admin/builder/spi-builder-workspace/.derivedData/Build/Products/Debug-xros/UIKitNavigation.swiftmodule/arm64-apple-xros.abi.json
Copy /Users/admin/builder/spi-builder-workspace/.derivedData/Build/Products/Debug-xros/UIKitNavigation.swiftmodule/Project/arm64-apple-xros.swiftsourceinfo /Users/admin/builder/spi-builder-workspace/.derivedData/Build/Intermediates.noindex/swift-navigation.build/Debug-xros/UIKitNavigation-t.build/Objects-normal/arm64/UIKitNavigation.swiftsourceinfo (in target 'UIKitNavigation' from project 'swift-navigation')
    cd /Users/admin/builder/spi-builder-workspace/.dependencies/checkouts/swift-navigation
    builtin-copy -exclude .DS_Store -exclude CVS -exclude .svn -exclude .git -exclude .hg -resolve-src-symlinks -rename /Users/admin/builder/spi-builder-workspace/.derivedData/Build/Intermediates.noindex/swift-navigation.build/Debug-xros/UIKitNavigation-t.build/Objects-normal/arm64/UIKitNavigation.swiftsourceinfo /Users/admin/builder/spi-builder-workspace/.derivedData/Build/Products/Debug-xros/UIKitNavigation.swiftmodule/Project/arm64-apple-xros.swiftsourceinfo
SwiftDriver ComposableArchitecture normal arm64 com.apple.xcode.tools.swift.compiler (in target 'ComposableArchitecture' from project 'swift-composable-architecture')
    cd /Users/admin/builder/spi-builder-workspace/.swiftpm/xcode
    builtin-SwiftDriver -- /Applications/Xcode-27.0.0-Release.Candidate.app/Contents/Developer/Toolchains/XcodeDefault.xctoolchain/usr/bin/swiftc -parse-as-library -module-name ComposableArchitecture -Onone @/Users/admin/builder/spi-builder-workspace/.derivedData/Build/Intermediates.noindex/swift-composable-architecture.build/Debug-xros/ComposableArchitecture-t.build/Objects-normal/arm64/ComposableArchitecture.SwiftFileList -DSWIFT_PACKAGE -DDEBUG -DSWIFT_MODULE_RESOURCE_BUNDLE_AVAILABLE -Xcc -fmodule-map-file\=/Users/admin/builder/spi-builder-workspace/.derivedData/Build/Intermediates.noindex/GeneratedModuleMaps-xros/UIKitNavigationShim.modulemap -DXcode -enable-upcoming-feature ExistentialAny -plugin-path /Applications/Xcode-27.0.0-Release.Candidate.app/Contents/Developer/Toolchains/XcodeDefault.xctoolchain/usr/lib/swift/host/plugins/testing -enable-experimental-feature DebugDescriptionMacro -sdk /Applications/Xcode-27.0.0-Release.Candidate.app/Contents/Developer/Platforms/XROS.platform/Developer/SDKs/XROS27.0.sdk -target arm64-apple-xros1.0 -g -module-cache-path /Users/admin/builder/spi-builder-workspace/.derivedData/ModuleCache.noindex -Xfrontend -serialize-debugging-options -enable-testing -suppress-warnings -index-store-path /Users/admin/builder/spi-builder-workspace/.derivedData/Index.noindex/DataStore -Xcc -D_LIBCPP_HARDENING_MODE\=_LIBCPP_HARDENING_MODE_DEBUG -swift-version 6 -I /Users/admin/builder/spi-builder-workspace/.derivedData/Build/Products/Debug-xros -Isystem /Applications/Xcode-27.0.0-Release.Candidate.app/Contents/Developer/Platforms/XROS.platform/Developer/usr/lib -F /Users/admin/builder/spi-builder-workspace/.derivedData/Build/Products/Debug-xros/PackageFrameworks -F /Users/admin/builder/spi-builder-workspace/.derivedData/Build/Products/Debug-xros -F /Applications/Xcode-27.0.0-Release.Candidate.app/Contents/Developer/Platforms/XROS.platform/Developer/Library/Frameworks -F /Applications/Xcode-27.0.0-Release.Candidate.app/Contents/Developer/Platforms/XROS.platform/Developer/SDKs/XROS27.0.sdk/Developer/Library/Frameworks -Xfrontend -load-plugin-executable -Xfrontend /Users/admin/builder/spi-builder-workspace/.derivedData/Build/Products/Debug/CasePathsMacros\#CasePathsMacros -Xfrontend -load-plugin-executable -Xfrontend /Users/admin/builder/spi-builder-workspace/.derivedData/Build/Products/Debug/ComposableArchitectureMacros\#ComposableArchitectureMacros -Xfrontend -load-plugin-executable -Xfrontend /Users/admin/builder/spi-builder-workspace/.derivedData/Build/Products/Debug/DependenciesMacrosPlugin\#DependenciesMacrosPlugin -Xfrontend -load-plugin-executable -Xfrontend /Users/admin/builder/spi-builder-workspace/.derivedData/Build/Products/Debug/PerceptionMacros\#PerceptionMacros -Xfrontend -load-plugin-executable -Xfrontend /Users/admin/builder/spi-builder-workspace/.derivedData/Build/Products/Debug/SwiftNavigationMacros\#SwiftNavigationMacros -c -j10 -enable-batch-mode -incremental -Xcc -ivfsstatcache -Xcc /Users/admin/builder/spi-builder-workspace/.derivedData/SDKStatCaches.noindex/xros27.0-24M361-e829b21a6f8c9b70876ba0858053c044735bd543db762f57723cac368afd1ce4.sdkstatcache -output-file-map /Users/admin/builder/spi-builder-workspace/.derivedData/Build/Intermediates.noindex/swift-composable-architecture.build/Debug-xros/ComposableArchitecture-t.build/Objects-normal/arm64/ComposableArchitecture-OutputFileMap.json -save-temps -no-color-diagnostics -explicit-module-build -module-cache-path /Users/admin/builder/spi-builder-workspace/.derivedData/Build/Intermediates.noindex/SwiftExplicitPrecompiledModules -clang-scanner-module-cache-path /Users/admin/builder/spi-builder-workspace/.derivedData/ModuleCache.noindex -sdk-module-cache-path /Users/admin/builder/spi-builder-workspace/.derivedData/SDKExplicitPrecompiledModules -emit-dependencies -emit-module -emit-module-path /Users/admin/builder/spi-builder-workspace/.derivedData/Build/Intermediates.noindex/swift-composable-architecture.build/Debug-xros/ComposableArchitecture-t.build/Objects-normal/arm64/ComposableArchitecture.swiftmodule -serialize-diagnostics -dependency-scan-serialize-diagnostics-path /Users/admin/builder/spi-builder-workspace/.derivedData/Build/Intermediates.noindex/swift-composable-architecture.build/Debug-xros/ComposableArchitecture-t.build/Objects-normal/arm64/ComposableArchitecture-dependency-scan.dia -user-module-version 1.26.2 -validate-clang-modules-once -clang-build-session-file /Users/admin/builder/spi-builder-workspace/.derivedData/ModuleCache.noindex/Session.modulevalidation -Xcc -fmodules-prune-interval\=86400 -Xcc -fmodules-prune-after\=345600 -package-name swift_composable_architecture -emit-const-values -const-gather-protocols-list /Users/admin/builder/spi-builder-workspace/.derivedData/Build/Intermediates.noindex/swift-composable-architecture.build/Debug-xros/ComposableArchitecture-t.build/Objects-normal/arm64/ComposableArchitecture_const_extract_protocols.json -Xcc -I/Users/admin/builder/spi-builder-workspace/.dependencies/checkouts/swift-navigation/Sources/UIKitNavigationShim/include -Xcc -I/Users/admin/builder/spi-builder-workspace/.derivedData/Build/Products/Debug-xros/include -Xcc -I/Users/admin/builder/spi-builder-workspace/.derivedData/Build/Intermediates.noindex/swift-composable-architecture.build/Debug-xros/ComposableArchitecture-t.build/DerivedSources-normal/arm64 -Xcc -I/Users/admin/builder/spi-builder-workspace/.derivedData/Build/Intermediates.noindex/swift-composable-architecture.build/Debug-xros/ComposableArchitecture-t.build/DerivedSources/arm64 -Xcc -I/Users/admin/builder/spi-builder-workspace/.derivedData/Build/Intermediates.noindex/swift-composable-architecture.build/Debug-xros/ComposableArchitecture-t.build/DerivedSources -Xcc -DSWIFT_PACKAGE -Xcc -DDEBUG\=1 -emit-objc-header -emit-objc-header-path /Users/admin/builder/spi-builder-workspace/.derivedData/Build/Intermediates.noindex/swift-composable-architecture.build/Debug-xros/ComposableArchitecture-t.build/Objects-normal/arm64/ComposableArchitecture-Swift.h -working-directory /Users/admin/builder/spi-builder-workspace/.swiftpm/xcode -experimental-emit-module-separately -disable-cmo
SwiftDriverJobDiscovery normal arm64 Compiling UITextField.swift, Exports.swift (in target 'UIKitNavigation' from project 'swift-navigation')
SwiftDriverJobDiscovery normal arm64 Compiling Push.swift, UIAlertController.swift (in target 'UIKitNavigation' from project 'swift-navigation')
SwiftDriverJobDiscovery normal arm64 Compiling UIKitAnimation.swift, UITransaction.swift (in target 'UIKitNavigation' from project 'swift-navigation')
SwiftDriverJobDiscovery normal arm64 Compiling NavigationStackController.swift, Presentation.swift (in target 'UIKitNavigation' from project 'swift-navigation')
SwiftDriver\ Compilation UIKitNavigation normal arm64 com.apple.xcode.tools.swift.compiler (in target 'UIKitNavigation' from project 'swift-navigation')
    cd /Users/admin/builder/spi-builder-workspace/.swiftpm/xcode
    builtin-Swift-Compilation -- /Applications/Xcode-27.0.0-Release.Candidate.app/Contents/Developer/Toolchains/XcodeDefault.xctoolchain/usr/bin/swiftc -parse-as-library -module-name UIKitNavigation -Onone @/Users/admin/builder/spi-builder-workspace/.derivedData/Build/Intermediates.noindex/swift-navigation.build/Debug-xros/UIKitNavigation-t.build/Objects-normal/arm64/UIKitNavigation.SwiftFileList -DSWIFT_PACKAGE -DDEBUG -DSWIFT_MODULE_RESOURCE_BUNDLE_UNAVAILABLE -DCasePaths -DCustomDump -DIssueReporting -DPerception -Xcc -fmodule-map-file\=/Users/admin/builder/spi-builder-workspace/.derivedData/Build/Intermediates.noindex/GeneratedModuleMaps-xros/UIKitNavigationShim.modulemap -DXcode -enable-experimental-feature CheckImplementationOnly -enable-upcoming-feature ExistentialAny -enable-upcoming-feature ImmutableWeakCaptures -enable-upcoming-feature InferIsolatedConformances -enable-upcoming-feature InternalImportsByDefault -enable-upcoming-feature MemberImportVisibility -enable-upcoming-feature NonisolatedNonsendingByDefault -plugin-path /Applications/Xcode-27.0.0-Release.Candidate.app/Contents/Developer/Toolchains/XcodeDefault.xctoolchain/usr/lib/swift/host/plugins/testing -enable-experimental-feature DebugDescriptionMacro -sdk /Applications/Xcode-27.0.0-Release.Candidate.app/Contents/Developer/Platforms/XROS.platform/Developer/SDKs/XROS27.0.sdk -target arm64-apple-xros1.0 -g -module-cache-path /Users/admin/builder/spi-builder-workspace/.derivedData/ModuleCache.noindex -Xfrontend -serialize-debugging-options -enable-testing -suppress-warnings -index-store-path /Users/admin/builder/spi-builder-workspace/.derivedData/Index.noindex/DataStore -Xcc -D_LIBCPP_HARDENING_MODE\=_LIBCPP_HARDENING_MODE_DEBUG -swift-version 6 -I /Users/admin/builder/spi-builder-workspace/.derivedData/Build/Products/Debug-xros -Isystem /Applications/Xcode-27.0.0-Release.Candidate.app/Contents/Developer/Platforms/XROS.platform/Developer/usr/lib -F /Users/admin/builder/spi-builder-workspace/.derivedData/Build/Products/Debug-xros/PackageFrameworks -F /Users/admin/builder/spi-builder-workspace/.derivedData/Build/Products/Debug-xros -F /Applications/Xcode-27.0.0-Release.Candidate.app/Contents/Developer/Platforms/XROS.platform/Developer/Library/Frameworks -F /Applications/Xcode-27.0.0-Release.Candidate.app/Contents/Developer/Platforms/XROS.platform/Developer/SDKs/XROS27.0.sdk/Developer/Library/Frameworks -Xfrontend -load-plugin-executable -Xfrontend /Users/admin/builder/spi-builder-workspace/.derivedData/Build/Products/Debug/CasePathsMacros\#CasePathsMacros -Xfrontend -load-plugin-executable -Xfrontend /Users/admin/builder/spi-builder-workspace/.derivedData/Build/Products/Debug/PerceptionMacros\#PerceptionMacros -Xfrontend -load-plugin-executable -Xfrontend /Users/admin/builder/spi-builder-workspace/.derivedData/Build/Products/Debug/SwiftNavigationMacros\#SwiftNavigationMacros -c -j10 -enable-batch-mode -incremental -Xcc -ivfsstatcache -Xcc /Users/admin/builder/spi-builder-workspace/.derivedData/SDKStatCaches.noindex/xros27.0-24M361-e829b21a6f8c9b70876ba0858053c044735bd543db762f57723cac368afd1ce4.sdkstatcache -output-file-map /Users/admin/builder/spi-builder-workspace/.derivedData/Build/Intermediates.noindex/swift-navigation.build/Debug-xros/UIKitNavigation-t.build/Objects-normal/arm64/UIKitNavigation-OutputFileMap.json -save-temps -no-color-diagnostics -explicit-module-build -module-cache-path /Users/admin/builder/spi-builder-workspace/.derivedData/Build/Intermediates.noindex/SwiftExplicitPrecompiledModules -clang-scanner-module-cache-path /Users/admin/builder/spi-builder-workspace/.derivedData/ModuleCache.noindex -sdk-module-cache-path /Users/admin/builder/spi-builder-workspace/.derivedData/SDKExplicitPrecompiledModules -emit-dependencies -emit-module -emit-module-path /Users/admin/builder/spi-builder-workspace/.derivedData/Build/Intermediates.noindex/swift-navigation.build/Debug-xros/UIKitNavigation-t.build/Objects-normal/arm64/UIKitNavigation.swiftmodule -serialize-diagnostics -dependency-scan-serialize-diagnostics-path /Users/admin/builder/spi-builder-workspace/.derivedData/Build/Intermediates.noindex/swift-navigation.build/Debug-xros/UIKitNavigation-t.build/Objects-normal/arm64/UIKitNavigation-dependency-scan.dia -user-module-version 2.11.2 -validate-clang-modules-once -clang-build-session-file /Users/admin/builder/spi-builder-workspace/.derivedData/ModuleCache.noindex/Session.modulevalidation -Xcc -fmodules-prune-interval\=86400 -Xcc -fmodules-prune-after\=345600 -package-name swift_navigation -emit-const-values -const-gather-protocols-list /Users/admin/builder/spi-builder-workspace/.derivedData/Build/Intermediates.noindex/swift-navigation.build/Debug-xros/UIKitNavigation-t.build/Objects-normal/arm64/UIKitNavigation_const_extract_protocols.json -Xcc -I/Users/admin/builder/spi-builder-workspace/.dependencies/checkouts/swift-navigation/Sources/UIKitNavigationShim/include -Xcc -I/Users/admin/builder/spi-builder-workspace/.derivedData/Build/Products/Debug-xros/include -Xcc -I/Users/admin/builder/spi-builder-workspace/.derivedData/Build/Intermediates.noindex/swift-navigation.build/Debug-xros/UIKitNavigation-t.build/DerivedSources-normal/arm64 -Xcc -I/Users/admin/builder/spi-builder-workspace/.derivedData/Build/Intermediates.noindex/swift-navigation.build/Debug-xros/UIKitNavigation-t.build/DerivedSources/arm64 -Xcc -I/Users/admin/builder/spi-builder-workspace/.derivedData/Build/Intermediates.noindex/swift-navigation.build/Debug-xros/UIKitNavigation-t.build/DerivedSources -Xcc -DSWIFT_PACKAGE -Xcc -DDEBUG\=1 -emit-objc-header -emit-objc-header-path /Users/admin/builder/spi-builder-workspace/.derivedData/Build/Intermediates.noindex/swift-navigation.build/Debug-xros/UIKitNavigation-t.build/Objects-normal/arm64/UIKitNavigation-Swift.h -working-directory /Users/admin/builder/spi-builder-workspace/.swiftpm/xcode -experimental-emit-module-separately -disable-cmo
Ld /Users/admin/builder/spi-builder-workspace/.derivedData/Build/Products/Debug-xros/UIKitNavigation.o normal (in target 'UIKitNavigation' from project 'swift-navigation')
    cd /Users/admin/builder/spi-builder-workspace/.dependencies/checkouts/swift-navigation
    /Applications/Xcode-27.0.0-Release.Candidate.app/Contents/Developer/Toolchains/XcodeDefault.xctoolchain/usr/bin/clang -Xlinker -reproducible -target arm64-apple-xros1.0 -r -isysroot /Applications/Xcode-27.0.0-Release.Candidate.app/Contents/Developer/Platforms/XROS.platform/Developer/SDKs/XROS27.0.sdk -O0 -w -Xlinker -no_warn_duplicate_libraries -F/Users/admin/builder/spi-builder-workspace/.derivedData/Build/Intermediates.noindex/EagerLinkingTBDs/Debug-xros -F/Users/admin/builder/spi-builder-workspace/.derivedData/Build/Products/Debug-xros/PackageFrameworks -F/Users/admin/builder/spi-builder-workspace/.derivedData/Build/Products/Debug-xros -iframework /Applications/Xcode-27.0.0-Release.Candidate.app/Contents/Developer/Platforms/XROS.platform/Developer/Library/Frameworks -iframework /Applications/Xcode-27.0.0-Release.Candidate.app/Contents/Developer/Platforms/XROS.platform/Developer/SDKs/XROS27.0.sdk/Developer/Library/Frameworks -filelist /Users/admin/builder/spi-builder-workspace/.derivedData/Build/Intermediates.noindex/swift-navigation.build/Debug-xros/UIKitNavigation-t.build/Objects-normal/arm64/UIKitNavigation.LinkFileList -nostdlib -Xlinker -object_path_lto -Xlinker /Users/admin/builder/spi-builder-workspace/.derivedData/Build/Intermediates.noindex/swift-navigation.build/Debug-xros/UIKitNavigation-t.build/Objects-normal/arm64/UIKitNavigation_lto.o -Xlinker -no_deduplicate -Xlinker -dependency_info -Xlinker /Users/admin/builder/spi-builder-workspace/.derivedData/Build/Intermediates.noindex/swift-navigation.build/Debug-xros/UIKitNavigation-t.build/Objects-normal/arm64/UIKitNavigation_dependency_info.dat -fobjc-link-runtime -L/Applications/Xcode-27.0.0-Release.Candidate.app/Contents/Developer/Toolchains/XcodeDefault.xctoolchain/usr/lib/swift/xros -L/usr/lib/swift -Xlinker -add_ast_path -Xlinker /Users/admin/builder/spi-builder-workspace/.derivedData/Build/Intermediates.noindex/swift-navigation.build/Debug-xros/UIKitNavigation-t.build/Objects-normal/arm64/UIKitNavigation.swiftmodule -o /Users/admin/builder/spi-builder-workspace/.derivedData/Build/Products/Debug-xros/UIKitNavigation.o
ExtractAppIntentsMetadata (in target 'UIKitNavigation' from project 'swift-navigation')
    cd /Users/admin/builder/spi-builder-workspace/.dependencies/checkouts/swift-navigation
    /Applications/Xcode-27.0.0-Release.Candidate.app/Contents/Developer/Toolchains/XcodeDefault.xctoolchain/usr/bin/appintentsmetadataprocessor --toolchain-dir /var/run/com.apple.security.cryptexd/mnt/com.apple.MobileAsset.MetalToolchain-v27.1.266.1.nsgqyt/Metal.xctoolchain --module-name UIKitNavigation --sdk-root /Applications/Xcode-27.0.0-Release.Candidate.app/Contents/Developer/Platforms/XROS.platform/Developer/SDKs/XROS27.0.sdk --xcode-version 27A266a --platform-family xrOS --deployment-target 1.0 --bundle-identifier swift-navigation.UIKitNavigation --output /Users/admin/builder/spi-builder-workspace/.derivedData/Build/Products/Debug-xros/UIKitNavigation.appintents --target-triple arm64-apple-xros1.0 --binary-file /Users/admin/builder/spi-builder-workspace/.derivedData/Build/Products/Debug-xros/UIKitNavigation.o --dependency-file /Users/admin/builder/spi-builder-workspace/.derivedData/Build/Intermediates.noindex/swift-navigation.build/Debug-xros/UIKitNavigation-t.build/Objects-normal/arm64/UIKitNavigation_dependency_info.dat --stringsdata-file /Users/admin/builder/spi-builder-workspace/.derivedData/Build/Intermediates.noindex/swift-navigation.build/Debug-xros/UIKitNavigation-t.build/Objects-normal/arm64/ExtractedAppShortcutsMetadata.stringsdata --source-file-list /Users/admin/builder/spi-builder-workspace/.derivedData/Build/Intermediates.noindex/swift-navigation.build/Debug-xros/UIKitNavigation-t.build/Objects-normal/arm64/UIKitNavigation.SwiftFileList --metadata-file-list /Users/admin/builder/spi-builder-workspace/.derivedData/Build/Intermediates.noindex/swift-navigation.build/Debug-xros/UIKitNavigation-t.build/UIKitNavigation.DependencyMetadataFileList --static-metadata-file-list /Users/admin/builder/spi-builder-workspace/.derivedData/Build/Intermediates.noindex/swift-navigation.build/Debug-xros/UIKitNavigation-t.build/UIKitNavigation.DependencyStaticMetadataFileList --swift-const-vals-list /Users/admin/builder/spi-builder-workspace/.derivedData/Build/Intermediates.noindex/swift-navigation.build/Debug-xros/UIKitNavigation-t.build/Objects-normal/arm64/UIKitNavigation.SwiftConstValuesFileList --force --compile-time-extraction --deployment-aware-processing --no-app-shortcuts-localization
2026-09-19 16:38:49.771 appintentsmetadataprocessor[2612:13526] Starting appintentsmetadataprocessor export
2026-09-19 16:38:49.833 appintentsmetadataprocessor[2612:13526] Extracted no relevant App Intents symbols, skipping writing output
SwiftCompile normal arm64 Compiling\ Publisher.swift,\ AreOrderedSetsDuplicates.swift,\ Box.swift,\ Create.swift,\ CurrentValueRelay.swift,\ Debug.swift /Users/admin/builder/spi-builder-workspace/.dependencies/checkouts/swift-composable-architecture/Sources/ComposableArchitecture/Effects/Publisher.swift /Users/admin/builder/spi-builder-workspace/.dependencies/checkouts/swift-composable-architecture/Sources/ComposableArchitecture/Internal/AreOrderedSetsDuplicates.swift /Users/admin/builder/spi-builder-workspace/.dependencies/checkouts/swift-composable-architecture/Sources/ComposableArchitecture/Internal/Box.swift /Users/admin/builder/spi-builder-workspace/.dependencies/checkouts/swift-composable-architecture/Sources/ComposableArchitecture/Internal/Create.swift /Users/admin/builder/spi-builder-workspace/.dependencies/checkouts/swift-composable-architecture/Sources/ComposableArchitecture/Internal/CurrentValueRelay.swift /Users/admin/builder/spi-builder-workspace/.dependencies/checkouts/swift-composable-architecture/Sources/ComposableArchitecture/Internal/Debug.swift (in target 'ComposableArchitecture' from project 'swift-composable-architecture')
SwiftCompile normal arm64 /Users/admin/builder/spi-builder-workspace/.dependencies/checkouts/swift-composable-architecture/Sources/ComposableArchitecture/Effects/Publisher.swift (in target 'ComposableArchitecture' from project 'swift-composable-architecture')
    cd /Users/admin/builder/spi-builder-workspace/.swiftpm/xcode
    builtin-SwiftPerFileCompile Publisher.swift
SwiftCompile normal arm64 /Users/admin/builder/spi-builder-workspace/.dependencies/checkouts/swift-composable-architecture/Sources/ComposableArchitecture/Internal/AreOrderedSetsDuplicates.swift (in target 'ComposableArchitecture' from project 'swift-composable-architecture')
    cd /Users/admin/builder/spi-builder-workspace/.swiftpm/xcode
    builtin-SwiftPerFileCompile AreOrderedSetsDuplicates.swift
SwiftCompile normal arm64 /Users/admin/builder/spi-builder-workspace/.dependencies/checkouts/swift-composable-architecture/Sources/ComposableArchitecture/Internal/Box.swift (in target 'ComposableArchitecture' from project 'swift-composable-architecture')
    cd /Users/admin/builder/spi-builder-workspace/.swiftpm/xcode
    builtin-SwiftPerFileCompile Box.swift
SwiftCompile normal arm64 /Users/admin/builder/spi-builder-workspace/.dependencies/checkouts/swift-composable-architecture/Sources/ComposableArchitecture/Internal/Create.swift (in target 'ComposableArchitecture' from project 'swift-composable-architecture')
    cd /Users/admin/builder/spi-builder-workspace/.swiftpm/xcode
    builtin-SwiftPerFileCompile Create.swift
SwiftCompile normal arm64 /Users/admin/builder/spi-builder-workspace/.dependencies/checkouts/swift-composable-architecture/Sources/ComposableArchitecture/Internal/CurrentValueRelay.swift (in target 'ComposableArchitecture' from project 'swift-composable-architecture')
    cd /Users/admin/builder/spi-builder-workspace/.swiftpm/xcode
    builtin-SwiftPerFileCompile CurrentValueRelay.swift
SwiftCompile normal arm64 /Users/admin/builder/spi-builder-workspace/.dependencies/checkouts/swift-composable-architecture/Sources/ComposableArchitecture/Internal/Debug.swift (in target 'ComposableArchitecture' from project 'swift-composable-architecture')
    cd /Users/admin/builder/spi-builder-workspace/.swiftpm/xcode
    builtin-SwiftPerFileCompile Debug.swift
SwiftCompile normal arm64 Compiling\ DefaultSubscript.swift,\ Deprecations.swift,\ DispatchQueue.swift,\ EffectActions.swift,\ EphemeralState.swift,\ Exports.swift /Users/admin/builder/spi-builder-workspace/.dependencies/checkouts/swift-composable-architecture/Sources/ComposableArchitecture/Internal/DefaultSubscript.swift /Users/admin/builder/spi-builder-workspace/.dependencies/checkouts/swift-composable-architecture/Sources/ComposableArchitecture/Internal/Deprecations.swift /Users/admin/builder/spi-builder-workspace/.dependencies/checkouts/swift-composable-architecture/Sources/ComposableArchitecture/Internal/DispatchQueue.swift /Users/admin/builder/spi-builder-workspace/.dependencies/checkouts/swift-composable-architecture/Sources/ComposableArchitecture/Internal/EffectActions.swift /Users/admin/builder/spi-builder-workspace/.dependencies/checkouts/swift-composable-architecture/Sources/ComposableArchitecture/Internal/EphemeralState.swift /Users/admin/builder/spi-builder-workspace/.dependencies/checkouts/swift-composable-architecture/Sources/ComposableArchitecture/Internal/Exports.swift (in target 'ComposableArchitecture' from project 'swift-composable-architecture')
SwiftCompile normal arm64 /Users/admin/builder/spi-builder-workspace/.dependencies/checkouts/swift-composable-architecture/Sources/ComposableArchitecture/Internal/DefaultSubscript.swift (in target 'ComposableArchitecture' from project 'swift-composable-architecture')
    cd /Users/admin/builder/spi-builder-workspace/.swiftpm/xcode
    builtin-SwiftPerFileCompile DefaultSubscript.swift
SwiftCompile normal arm64 /Users/admin/builder/spi-builder-workspace/.dependencies/checkouts/swift-composable-architecture/Sources/ComposableArchitecture/Internal/Deprecations.swift (in target 'ComposableArchitecture' from project 'swift-composable-architecture')
    cd /Users/admin/builder/spi-builder-workspace/.swiftpm/xcode
    builtin-SwiftPerFileCompile Deprecations.swift
SwiftCompile normal arm64 /Users/admin/builder/spi-builder-workspace/.dependencies/checkouts/swift-composable-architecture/Sources/ComposableArchitecture/Internal/DispatchQueue.swift (in target 'ComposableArchitecture' from project 'swift-composable-architecture')
    cd /Users/admin/builder/spi-builder-workspace/.swiftpm/xcode
    builtin-SwiftPerFileCompile DispatchQueue.swift
SwiftCompile normal arm64 /Users/admin/builder/spi-builder-workspace/.dependencies/checkouts/swift-composable-architecture/Sources/ComposableArchitecture/Internal/EffectActions.swift (in target 'ComposableArchitecture' from project 'swift-composable-architecture')
    cd /Users/admin/builder/spi-builder-workspace/.swiftpm/xcode
    builtin-SwiftPerFileCompile EffectActions.swift
SwiftCompile normal arm64 /Users/admin/builder/spi-builder-workspace/.dependencies/checkouts/swift-composable-architecture/Sources/ComposableArchitecture/Internal/EphemeralState.swift (in target 'ComposableArchitecture' from project 'swift-composable-architecture')
    cd /Users/admin/builder/spi-builder-workspace/.swiftpm/xcode
    builtin-SwiftPerFileCompile EphemeralState.swift
SwiftCompile normal arm64 /Users/admin/builder/spi-builder-workspace/.dependencies/checkouts/swift-composable-architecture/Sources/ComposableArchitecture/Internal/Exports.swift (in target 'ComposableArchitecture' from project 'swift-composable-architecture')
    cd /Users/admin/builder/spi-builder-workspace/.swiftpm/xcode
    builtin-SwiftPerFileCompile Exports.swift
SwiftCompile normal arm64 Compiling\ resource_bundle_accessor.swift,\ CaseReducer.swift,\ Core.swift,\ Dismiss.swift,\ IsPresented.swift,\ Effect.swift,\ Cancellation.swift /Users/admin/builder/spi-builder-workspace/.derivedData/Build/Intermediates.noindex/swift-composable-architecture.build/Debug-xros/ComposableArchitecture-t.build/DerivedSources/resource_bundle_accessor.swift /Users/admin/builder/spi-builder-workspace/.dependencies/checkouts/swift-composable-architecture/Sources/ComposableArchitecture/CaseReducer.swift /Users/admin/builder/spi-builder-workspace/.dependencies/checkouts/swift-composable-architecture/Sources/ComposableArchitecture/Core.swift /Users/admin/builder/spi-builder-workspace/.dependencies/checkouts/swift-composable-architecture/Sources/ComposableArchitecture/Dependencies/Dismiss.swift /Users/admin/builder/spi-builder-workspace/.dependencies/checkouts/swift-composable-architecture/Sources/ComposableArchitecture/Dependencies/IsPresented.swift /Users/admin/builder/spi-builder-workspace/.dependencies/checkouts/swift-composable-architecture/Sources/ComposableArchitecture/Effect.swift /Users/admin/builder/spi-builder-workspace/.dependencies/checkouts/swift-composable-architecture/Sources/ComposableArchitecture/Effects/Cancellation.swift (in target 'ComposableArchitecture' from project 'swift-composable-architecture')
SwiftCompile normal arm64 /Users/admin/builder/spi-builder-workspace/.derivedData/Build/Intermediates.noindex/swift-composable-architecture.build/Debug-xros/ComposableArchitecture-t.build/DerivedSources/resource_bundle_accessor.swift (in target 'ComposableArchitecture' from project 'swift-composable-architecture')
    cd /Users/admin/builder/spi-builder-workspace/.swiftpm/xcode
    builtin-SwiftPerFileCompile resource_bundle_accessor.swift
SwiftCompile normal arm64 /Users/admin/builder/spi-builder-workspace/.dependencies/checkouts/swift-composable-architecture/Sources/ComposableArchitecture/CaseReducer.swift (in target 'ComposableArchitecture' from project 'swift-composable-architecture')
    cd /Users/admin/builder/spi-builder-workspace/.swiftpm/xcode
    builtin-SwiftPerFileCompile CaseReducer.swift
SwiftCompile normal arm64 /Users/admin/builder/spi-builder-workspace/.dependencies/checkouts/swift-composable-architecture/Sources/ComposableArchitecture/Core.swift (in target 'ComposableArchitecture' from project 'swift-composable-architecture')
    cd /Users/admin/builder/spi-builder-workspace/.swiftpm/xcode
    builtin-SwiftPerFileCompile Core.swift
SwiftCompile normal arm64 /Users/admin/builder/spi-builder-workspace/.dependencies/checkouts/swift-composable-architecture/Sources/ComposableArchitecture/Dependencies/Dismiss.swift (in target 'ComposableArchitecture' from project 'swift-composable-architecture')
    cd /Users/admin/builder/spi-builder-workspace/.swiftpm/xcode
    builtin-SwiftPerFileCompile Dismiss.swift
SwiftCompile normal arm64 /Users/admin/builder/spi-builder-workspace/.dependencies/checkouts/swift-composable-architecture/Sources/ComposableArchitecture/Dependencies/IsPresented.swift (in target 'ComposableArchitecture' from project 'swift-composable-architecture')
    cd /Users/admin/builder/spi-builder-workspace/.swiftpm/xcode
    builtin-SwiftPerFileCompile IsPresented.swift
SwiftCompile normal arm64 /Users/admin/builder/spi-builder-workspace/.dependencies/checkouts/swift-composable-architecture/Sources/ComposableArchitecture/Effect.swift (in target 'ComposableArchitecture' from project 'swift-composable-architecture')
    cd /Users/admin/builder/spi-builder-workspace/.swiftpm/xcode
    builtin-SwiftPerFileCompile Effect.swift
SwiftCompile normal arm64 /Users/admin/builder/spi-builder-workspace/.dependencies/checkouts/swift-composable-architecture/Sources/ComposableArchitecture/Effects/Cancellation.swift (in target 'ComposableArchitecture' from project 'swift-composable-architecture')
    cd /Users/admin/builder/spi-builder-workspace/.swiftpm/xcode
    builtin-SwiftPerFileCompile Cancellation.swift
SwiftCompile normal arm64 Compiling\ PresentationID.swift,\ ReturningLastNonNilValue.swift,\ RuntimeWarnings.swift,\ StackIDGenerator.swift,\ Macros.swift,\ Alert+Observation.swift /Users/admin/builder/spi-builder-workspace/.dependencies/checkouts/swift-composable-architecture/Sources/ComposableArchitecture/Internal/PresentationID.swift /Users/admin/builder/spi-builder-workspace/.dependencies/checkouts/swift-composable-architecture/Sources/ComposableArchitecture/Internal/ReturningLastNonNilValue.swift /Users/admin/builder/spi-builder-workspace/.dependencies/checkouts/swift-composable-architecture/Sources/ComposableArchitecture/Internal/RuntimeWarnings.swift /Users/admin/builder/spi-builder-workspace/.dependencies/checkouts/swift-composable-architecture/Sources/ComposableArchitecture/Internal/StackIDGenerator.swift /Users/admin/builder/spi-builder-workspace/.dependencies/checkouts/swift-composable-architecture/Sources/ComposableArchitecture/Macros.swift /Users/admin/builder/spi-builder-workspace/.dependencies/checkouts/swift-composable-architecture/Sources/ComposableArchitecture/Observation/Alert+Observation.swift (in target 'ComposableArchitecture' from project 'swift-composable-architecture')
SwiftCompile normal arm64 /Users/admin/builder/spi-builder-workspace/.dependencies/checkouts/swift-composable-architecture/Sources/ComposableArchitecture/Internal/PresentationID.swift (in target 'ComposableArchitecture' from project 'swift-composable-architecture')
    cd /Users/admin/builder/spi-builder-workspace/.swiftpm/xcode
    builtin-SwiftPerFileCompile PresentationID.swift
SwiftCompile normal arm64 /Users/admin/builder/spi-builder-workspace/.dependencies/checkouts/swift-composable-architecture/Sources/ComposableArchitecture/Internal/ReturningLastNonNilValue.swift (in target 'ComposableArchitecture' from project 'swift-composable-architecture')
    cd /Users/admin/builder/spi-builder-workspace/.swiftpm/xcode
    builtin-SwiftPerFileCompile ReturningLastNonNilValue.swift
SwiftCompile normal arm64 /Users/admin/builder/spi-builder-workspace/.dependencies/checkouts/swift-composable-architecture/Sources/ComposableArchitecture/Internal/RuntimeWarnings.swift (in target 'ComposableArchitecture' from project 'swift-composable-architecture')
    cd /Users/admin/builder/spi-builder-workspace/.swiftpm/xcode
    builtin-SwiftPerFileCompile RuntimeWarnings.swift
SwiftCompile normal arm64 /Users/admin/builder/spi-builder-workspace/.dependencies/checkouts/swift-composable-architecture/Sources/ComposableArchitecture/Internal/StackIDGenerator.swift (in target 'ComposableArchitecture' from project 'swift-composable-architecture')
    cd /Users/admin/builder/spi-builder-workspace/.swiftpm/xcode
    builtin-SwiftPerFileCompile StackIDGenerator.swift
SwiftCompile normal arm64 /Users/admin/builder/spi-builder-workspace/.dependencies/checkouts/swift-composable-architecture/Sources/ComposableArchitecture/Macros.swift (in target 'ComposableArchitecture' from project 'swift-composable-architecture')
    cd /Users/admin/builder/spi-builder-workspace/.swiftpm/xcode
    builtin-SwiftPerFileCompile Macros.swift
SwiftCompile normal arm64 /Users/admin/builder/spi-builder-workspace/.dependencies/checkouts/swift-composable-architecture/Sources/ComposableArchitecture/Observation/Alert+Observation.swift (in target 'ComposableArchitecture' from project 'swift-composable-architecture')
    cd /Users/admin/builder/spi-builder-workspace/.swiftpm/xcode
    builtin-SwiftPerFileCompile Alert+Observation.swift
SwiftCompile normal arm64 Compiling\ HashableStaticString.swift,\ KeyPath+Sendable.swift,\ Locking.swift,\ Logger.swift,\ NavigationID.swift,\ OpenExistential.swift /Users/admin/builder/spi-builder-workspace/.dependencies/checkouts/swift-composable-architecture/Sources/ComposableArchitecture/Internal/HashableStaticString.swift /Users/admin/builder/spi-builder-workspace/.dependencies/checkouts/swift-composable-architecture/Sources/ComposableArchitecture/Internal/KeyPath+Sendable.swift /Users/admin/builder/spi-builder-workspace/.dependencies/checkouts/swift-composable-architecture/Sources/ComposableArchitecture/Internal/Locking.swift /Users/admin/builder/spi-builder-workspace/.dependencies/checkouts/swift-composable-architecture/Sources/ComposableArchitecture/Internal/Logger.swift /Users/admin/builder/spi-builder-workspace/.dependencies/checkouts/swift-composable-architecture/Sources/ComposableArchitecture/Internal/NavigationID.swift /Users/admin/builder/spi-builder-workspace/.dependencies/checkouts/swift-composable-architecture/Sources/ComposableArchitecture/Internal/OpenExistential.swift (in target 'ComposableArchitecture' from project 'swift-composable-architecture')
SwiftCompile normal arm64 /Users/admin/builder/spi-builder-workspace/.dependencies/checkouts/swift-composable-architecture/Sources/ComposableArchitecture/Internal/HashableStaticString.swift (in target 'ComposableArchitecture' from project 'swift-composable-architecture')
    cd /Users/admin/builder/spi-builder-workspace/.swiftpm/xcode
    builtin-SwiftPerFileCompile HashableStaticString.swift
SwiftCompile normal arm64 /Users/admin/builder/spi-builder-workspace/.dependencies/checkouts/swift-composable-architecture/Sources/ComposableArchitecture/Internal/KeyPath+Sendable.swift (in target 'ComposableArchitecture' from project 'swift-composable-architecture')
    cd /Users/admin/builder/spi-builder-workspace/.swiftpm/xcode
    builtin-SwiftPerFileCompile KeyPath+Sendable.swift
SwiftCompile normal arm64 /Users/admin/builder/spi-builder-workspace/.dependencies/checkouts/swift-composable-architecture/Sources/ComposableArchitecture/Internal/Locking.swift (in target 'ComposableArchitecture' from project 'swift-composable-architecture')
    cd /Users/admin/builder/spi-builder-workspace/.swiftpm/xcode
    builtin-SwiftPerFileCompile Locking.swift
SwiftCompile normal arm64 /Users/admin/builder/spi-builder-workspace/.dependencies/checkouts/swift-composable-architecture/Sources/ComposableArchitecture/Internal/Logger.swift (in target 'ComposableArchitecture' from project 'swift-composable-architecture')
    cd /Users/admin/builder/spi-builder-workspace/.swiftpm/xcode
    builtin-SwiftPerFileCompile Logger.swift
SwiftCompile normal arm64 /Users/admin/builder/spi-builder-workspace/.dependencies/checkouts/swift-composable-architecture/Sources/ComposableArchitecture/Internal/NavigationID.swift (in target 'ComposableArchitecture' from project 'swift-composable-architecture')
    cd /Users/admin/builder/spi-builder-workspace/.swiftpm/xcode
    builtin-SwiftPerFileCompile NavigationID.swift
SwiftCompile normal arm64 /Users/admin/builder/spi-builder-workspace/.dependencies/checkouts/swift-composable-architecture/Sources/ComposableArchitecture/Internal/OpenExistential.swift (in target 'ComposableArchitecture' from project 'swift-composable-architecture')
    cd /Users/admin/builder/spi-builder-workspace/.swiftpm/xcode
    builtin-SwiftPerFileCompile OpenExistential.swift
SwiftCompile normal arm64 Compiling\ ViewAction.swift,\ Reducer.swift,\ ReducerBuilder.swift,\ BindingReducer.swift,\ CombineReducers.swift,\ DebugReducer.swift /Users/admin/builder/spi-builder-workspace/.dependencies/checkouts/swift-composable-architecture/Sources/ComposableArchitecture/Observation/ViewAction.swift /Users/admin/builder/spi-builder-workspace/.dependencies/checkouts/swift-composable-architecture/Sources/ComposableArchitecture/Reducer.swift /Users/admin/builder/spi-builder-workspace/.dependencies/checkouts/swift-composable-architecture/Sources/ComposableArchitecture/Reducer/ReducerBuilder.swift /Users/admin/builder/spi-builder-workspace/.dependencies/checkouts/swift-composable-architecture/Sources/ComposableArchitecture/Reducer/Reducers/BindingReducer.swift /Users/admin/builder/spi-builder-workspace/.dependencies/checkouts/swift-composable-architecture/Sources/ComposableArchitecture/Reducer/Reducers/CombineReducers.swift /Users/admin/builder/spi-builder-workspace/.dependencies/checkouts/swift-composable-architecture/Sources/ComposableArchitecture/Reducer/Reducers/DebugReducer.swift (in target 'ComposableArchitecture' from project 'swift-composable-architecture')
SwiftCompile normal arm64 /Users/admin/builder/spi-builder-workspace/.dependencies/checkouts/swift-composable-architecture/Sources/ComposableArchitecture/Observation/ViewAction.swift (in target 'ComposableArchitecture' from project 'swift-composable-architecture')
    cd /Users/admin/builder/spi-builder-workspace/.swiftpm/xcode
    builtin-SwiftPerFileCompile ViewAction.swift
SwiftCompile normal arm64 /Users/admin/builder/spi-builder-workspace/.dependencies/checkouts/swift-composable-architecture/Sources/ComposableArchitecture/Reducer.swift (in target 'ComposableArchitecture' from project 'swift-composable-architecture')
    cd /Users/admin/builder/spi-builder-workspace/.swiftpm/xcode
    builtin-SwiftPerFileCompile Reducer.swift
SwiftCompile normal arm64 /Users/admin/builder/spi-builder-workspace/.dependencies/checkouts/swift-composable-architecture/Sources/ComposableArchitecture/Reducer/ReducerBuilder.swift (in target 'ComposableArchitecture' from project 'swift-composable-architecture')
    cd /Users/admin/builder/spi-builder-workspace/.swiftpm/xcode
    builtin-SwiftPerFileCompile ReducerBuilder.swift
SwiftCompile normal arm64 /Users/admin/builder/spi-builder-workspace/.dependencies/checkouts/swift-composable-architecture/Sources/ComposableArchitecture/Reducer/Reducers/BindingReducer.swift (in target 'ComposableArchitecture' from project 'swift-composable-architecture')
    cd /Users/admin/builder/spi-builder-workspace/.swiftpm/xcode
    builtin-SwiftPerFileCompile BindingReducer.swift
SwiftCompile normal arm64 /Users/admin/builder/spi-builder-workspace/.dependencies/checkouts/swift-composable-architecture/Sources/ComposableArchitecture/Reducer/Reducers/CombineReducers.swift (in target 'ComposableArchitecture' from project 'swift-composable-architecture')
    cd /Users/admin/builder/spi-builder-workspace/.swiftpm/xcode
    builtin-SwiftPerFileCompile CombineReducers.swift
SwiftCompile normal arm64 /Users/admin/builder/spi-builder-workspace/.dependencies/checkouts/swift-composable-architecture/Sources/ComposableArchitecture/Reducer/Reducers/DebugReducer.swift (in target 'ComposableArchitecture' from project 'swift-composable-architecture')
    cd /Users/admin/builder/spi-builder-workspace/.swiftpm/xcode
    builtin-SwiftPerFileCompile DebugReducer.swift
SwiftCompile normal arm64 Compiling\ Binding+Observation.swift,\ IdentifiedArray+Observation.swift,\ NavigationStack+Observation.swift,\ ObservableState.swift,\ ObservationStateRegistrar.swift,\ Store+Observation.swift /Users/admin/builder/spi-builder-workspace/.dependencies/checkouts/swift-composable-architecture/Sources/ComposableArchitecture/Observation/Binding+Observation.swift /Users/admin/builder/spi-builder-workspace/.dependencies/checkouts/swift-composable-architecture/Sources/ComposableArchitecture/Observation/IdentifiedArray+Observation.swift /Users/admin/builder/spi-builder-workspace/.dependencies/checkouts/swift-composable-architecture/Sources/ComposableArchitecture/Observation/NavigationStack+Observation.swift /Users/admin/builder/spi-builder-workspace/.dependencies/checkouts/swift-composable-architecture/Sources/ComposableArchitecture/Observation/ObservableState.swift /Users/admin/builder/spi-builder-workspace/.dependencies/checkouts/swift-composable-architecture/Sources/ComposableArchitecture/Observation/ObservationStateRegistrar.swift /Users/admin/builder/spi-builder-workspace/.dependencies/checkouts/swift-composable-architecture/Sources/ComposableArchitecture/Observation/Store+Observation.swift (in target 'ComposableArchitecture' from project 'swift-composable-architecture')
SwiftCompile normal arm64 /Users/admin/builder/spi-builder-workspace/.dependencies/checkouts/swift-composable-architecture/Sources/ComposableArchitecture/Observation/Binding+Observation.swift (in target 'ComposableArchitecture' from project 'swift-composable-architecture')
    cd /Users/admin/builder/spi-builder-workspace/.swiftpm/xcode
    builtin-SwiftPerFileCompile Binding+Observation.swift
SwiftCompile normal arm64 /Users/admin/builder/spi-builder-workspace/.dependencies/checkouts/swift-composable-architecture/Sources/ComposableArchitecture/Observation/IdentifiedArray+Observation.swift (in target 'ComposableArchitecture' from project 'swift-composable-architecture')
    cd /Users/admin/builder/spi-builder-workspace/.swiftpm/xcode
    builtin-SwiftPerFileCompile IdentifiedArray+Observation.swift
SwiftCompile normal arm64 /Users/admin/builder/spi-builder-workspace/.dependencies/checkouts/swift-composable-architecture/Sources/ComposableArchitecture/Observation/NavigationStack+Observation.swift (in target 'ComposableArchitecture' from project 'swift-composable-architecture')
    cd /Users/admin/builder/spi-builder-workspace/.swiftpm/xcode
    builtin-SwiftPerFileCompile NavigationStack+Observation.swift
SwiftCompile normal arm64 /Users/admin/builder/spi-builder-workspace/.dependencies/checkouts/swift-composable-architecture/Sources/ComposableArchitecture/Observation/ObservableState.swift (in target 'ComposableArchitecture' from project 'swift-composable-architecture')
    cd /Users/admin/builder/spi-builder-workspace/.swiftpm/xcode
    builtin-SwiftPerFileCompile ObservableState.swift
SwiftCompile normal arm64 /Users/admin/builder/spi-builder-workspace/.dependencies/checkouts/swift-composable-architecture/Sources/ComposableArchitecture/Observation/ObservationStateRegistrar.swift (in target 'ComposableArchitecture' from project 'swift-composable-architecture')
    cd /Users/admin/builder/spi-builder-workspace/.swiftpm/xcode
    builtin-SwiftPerFileCompile ObservationStateRegistrar.swift
SwiftCompile normal arm64 /Users/admin/builder/spi-builder-workspace/.dependencies/checkouts/swift-composable-architecture/Sources/ComposableArchitecture/Observation/Store+Observation.swift (in target 'ComposableArchitecture' from project 'swift-composable-architecture')
    cd /Users/admin/builder/spi-builder-workspace/.swiftpm/xcode
    builtin-SwiftPerFileCompile Store+Observation.swift
SwiftEmitModule normal arm64 Emitting\ module\ for\ ComposableArchitecture (in target 'ComposableArchitecture' from project 'swift-composable-architecture')
SwiftCompile normal arm64 (in target 'ComposableArchitecture' from project 'swift-composable-architecture')
    cd /Users/admin/builder/spi-builder-workspace/.swiftpm/xcode

SwiftCompile normal arm64 Compiling\ DependencyKeyWritingReducer.swift,\ EmptyReducer.swift,\ ForEachReducer.swift,\ IfCaseLetReducer.swift,\ IfLetReducer.swift,\ OnChange.swift /Users/admin/builder/spi-builder-workspace/.dependencies/checkouts/swift-composable-architecture/Sources/ComposableArchitecture/Reducer/Reducers/DependencyKeyWritingReducer.swift /Users/admin/builder/spi-builder-workspace/.dependencies/checkouts/swift-composable-architecture/Sources/ComposableArchitecture/Reducer/Reducers/EmptyReducer.swift /Users/admin/builder/spi-builder-workspace/.dependencies/checkouts/swift-composable-architecture/Sources/ComposableArchitecture/Reducer/Reducers/ForEachReducer.swift /Users/admin/builder/spi-builder-workspace/.dependencies/checkouts/swift-composable-architecture/Sources/ComposableArchitecture/Reducer/Reducers/IfCaseLetReducer.swift /Users/admin/builder/spi-builder-workspace/.dependencies/checkouts/swift-composable-architecture/Sources/ComposableArchitecture/Reducer/Reducers/IfLetReducer.swift /Users/admin/builder/spi-builder-workspace/.dependencies/checkouts/swift-composable-architecture/Sources/ComposableArchitecture/Reducer/Reducers/OnChange.swift (in target 'ComposableArchitecture' from project 'swift-composable-architecture')
SwiftCompile normal arm64 /Users/admin/builder/spi-builder-workspace/.dependencies/checkouts/swift-composable-architecture/Sources/ComposableArchitecture/Reducer/Reducers/DependencyKeyWritingReducer.swift (in target 'ComposableArchitecture' from project 'swift-composable-architecture')
    cd /Users/admin/builder/spi-builder-workspace/.swiftpm/xcode
    builtin-SwiftPerFileCompile DependencyKeyWritingReducer.swift
SwiftCompile normal arm64 /Users/admin/builder/spi-builder-workspace/.dependencies/checkouts/swift-composable-architecture/Sources/ComposableArchitecture/Reducer/Reducers/EmptyReducer.swift (in target 'ComposableArchitecture' from project 'swift-composable-architecture')
    cd /Users/admin/builder/spi-builder-workspace/.swiftpm/xcode
    builtin-SwiftPerFileCompile EmptyReducer.swift
SwiftCompile normal arm64 /Users/admin/builder/spi-builder-workspace/.dependencies/checkouts/swift-composable-architecture/Sources/ComposableArchitecture/Reducer/Reducers/ForEachReducer.swift (in target 'ComposableArchitecture' from project 'swift-composable-architecture')
    cd /Users/admin/builder/spi-builder-workspace/.swiftpm/xcode
    builtin-SwiftPerFileCompile ForEachReducer.swift
SwiftCompile normal arm64 /Users/admin/builder/spi-builder-workspace/.dependencies/checkouts/swift-composable-architecture/Sources/ComposableArchitecture/Reducer/Reducers/IfCaseLetReducer.swift (in target 'ComposableArchitecture' from project 'swift-composable-architecture')
    cd /Users/admin/builder/spi-builder-workspace/.swiftpm/xcode
    builtin-SwiftPerFileCompile IfCaseLetReducer.swift
SwiftCompile normal arm64 /Users/admin/builder/spi-builder-workspace/.dependencies/checkouts/swift-composable-architecture/Sources/ComposableArchitecture/Reducer/Reducers/IfLetReducer.swift (in target 'ComposableArchitecture' from project 'swift-composable-architecture')
    cd /Users/admin/builder/spi-builder-workspace/.swiftpm/xcode
    builtin-SwiftPerFileCompile IfLetReducer.swift
SwiftCompile normal arm64 /Users/admin/builder/spi-builder-workspace/.dependencies/checkouts/swift-composable-architecture/Sources/ComposableArchitecture/Reducer/Reducers/OnChange.swift (in target 'ComposableArchitecture' from project 'swift-composable-architecture')
    cd /Users/admin/builder/spi-builder-workspace/.swiftpm/xcode
    builtin-SwiftPerFileCompile OnChange.swift
SwiftCompile normal arm64 Compiling\ AppStorageKeyPathKey.swift,\ Store.swift,\ Binding.swift,\ TestStore.swift,\ AlertStateUIKit.swift,\ NavigationStackControllerUIKit.swift /Users/admin/builder/spi-builder-workspace/.dependencies/checkouts/swift-composable-architecture/Sources/ComposableArchitecture/Sharing/AppStorageKeyPathKey.swift /Users/admin/builder/spi-builder-workspace/.dependencies/checkouts/swift-composable-architecture/Sources/ComposableArchitecture/Store.swift /Users/admin/builder/spi-builder-workspace/.dependencies/checkouts/swift-composable-architecture/Sources/ComposableArchitecture/SwiftUI/Binding.swift /Users/admin/builder/spi-builder-workspace/.dependencies/checkouts/swift-composable-architecture/Sources/ComposableArchitecture/TestStore.swift /Users/admin/builder/spi-builder-workspace/.dependencies/checkouts/swift-composable-architecture/Sources/ComposableArchitecture/UIKit/AlertStateUIKit.swift /Users/admin/builder/spi-builder-workspace/.dependencies/checkouts/swift-composable-architecture/Sources/ComposableArchitecture/UIKit/NavigationStackControllerUIKit.swift (in target 'ComposableArchitecture' from project 'swift-composable-architecture')
SwiftCompile normal arm64 /Users/admin/builder/spi-builder-workspace/.dependencies/checkouts/swift-composable-architecture/Sources/ComposableArchitecture/Sharing/AppStorageKeyPathKey.swift (in target 'ComposableArchitecture' from project 'swift-composable-architecture')
    cd /Users/admin/builder/spi-builder-workspace/.swiftpm/xcode
    builtin-SwiftPerFileCompile AppStorageKeyPathKey.swift
SwiftCompile normal arm64 /Users/admin/builder/spi-builder-workspace/.dependencies/checkouts/swift-composable-architecture/Sources/ComposableArchitecture/Store.swift (in target 'ComposableArchitecture' from project 'swift-composable-architecture')
    cd /Users/admin/builder/spi-builder-workspace/.swiftpm/xcode
    builtin-SwiftPerFileCompile Store.swift
SwiftCompile normal arm64 /Users/admin/builder/spi-builder-workspace/.dependencies/checkouts/swift-composable-architecture/Sources/ComposableArchitecture/SwiftUI/Binding.swift (in target 'ComposableArchitecture' from project 'swift-composable-architecture')
    cd /Users/admin/builder/spi-builder-workspace/.swiftpm/xcode
    builtin-SwiftPerFileCompile Binding.swift
SwiftCompile normal arm64 /Users/admin/builder/spi-builder-workspace/.dependencies/checkouts/swift-composable-architecture/Sources/ComposableArchitecture/TestStore.swift (in target 'ComposableArchitecture' from project 'swift-composable-architecture')
    cd /Users/admin/builder/spi-builder-workspace/.swiftpm/xcode
    builtin-SwiftPerFileCompile TestStore.swift
SwiftCompile normal arm64 /Users/admin/builder/spi-builder-workspace/.dependencies/checkouts/swift-composable-architecture/Sources/ComposableArchitecture/UIKit/AlertStateUIKit.swift (in target 'ComposableArchitecture' from project 'swift-composable-architecture')
    cd /Users/admin/builder/spi-builder-workspace/.swiftpm/xcode
    builtin-SwiftPerFileCompile AlertStateUIKit.swift
SwiftCompile normal arm64 /Users/admin/builder/spi-builder-workspace/.dependencies/checkouts/swift-composable-architecture/Sources/ComposableArchitecture/UIKit/NavigationStackControllerUIKit.swift (in target 'ComposableArchitecture' from project 'swift-composable-architecture')
    cd /Users/admin/builder/spi-builder-workspace/.swiftpm/xcode
    builtin-SwiftPerFileCompile NavigationStackControllerUIKit.swift
SwiftCompile normal arm64 Compiling\ Optional.swift,\ PresentationReducer.swift,\ Reduce.swift,\ Scope.swift,\ SignpostReducer.swift,\ StackReducer.swift /Users/admin/builder/spi-builder-workspace/.dependencies/checkouts/swift-composable-architecture/Sources/ComposableArchitecture/Reducer/Reducers/Optional.swift /Users/admin/builder/spi-builder-workspace/.dependencies/checkouts/swift-composable-architecture/Sources/ComposableArchitecture/Reducer/Reducers/PresentationReducer.swift /Users/admin/builder/spi-builder-workspace/.dependencies/checkouts/swift-composable-architecture/Sources/ComposableArchitecture/Reducer/Reducers/Reduce.swift /Users/admin/builder/spi-builder-workspace/.dependencies/checkouts/swift-composable-architecture/Sources/ComposableArchitecture/Reducer/Reducers/Scope.swift /Users/admin/builder/spi-builder-workspace/.dependencies/checkouts/swift-composable-architecture/Sources/ComposableArchitecture/Reducer/Reducers/SignpostReducer.swift /Users/admin/builder/spi-builder-workspace/.dependencies/checkouts/swift-composable-architecture/Sources/ComposableArchitecture/Reducer/Reducers/StackReducer.swift (in target 'ComposableArchitecture' from project 'swift-composable-architecture')
SwiftCompile normal arm64 /Users/admin/builder/spi-builder-workspace/.dependencies/checkouts/swift-composable-architecture/Sources/ComposableArchitecture/Reducer/Reducers/Optional.swift (in target 'ComposableArchitecture' from project 'swift-composable-architecture')
    cd /Users/admin/builder/spi-builder-workspace/.swiftpm/xcode
    builtin-SwiftPerFileCompile Optional.swift
SwiftCompile normal arm64 /Users/admin/builder/spi-builder-workspace/.dependencies/checkouts/swift-composable-architecture/Sources/ComposableArchitecture/Reducer/Reducers/PresentationReducer.swift (in target 'ComposableArchitecture' from project 'swift-composable-architecture')
    cd /Users/admin/builder/spi-builder-workspace/.swiftpm/xcode
    builtin-SwiftPerFileCompile PresentationReducer.swift
SwiftCompile normal arm64 /Users/admin/builder/spi-builder-workspace/.dependencies/checkouts/swift-composable-architecture/Sources/ComposableArchitecture/Reducer/Reducers/Reduce.swift (in target 'ComposableArchitecture' from project 'swift-composable-architecture')
    cd /Users/admin/builder/spi-builder-workspace/.swiftpm/xcode
    builtin-SwiftPerFileCompile Reduce.swift
SwiftCompile normal arm64 /Users/admin/builder/spi-builder-workspace/.dependencies/checkouts/swift-composable-architecture/Sources/ComposableArchitecture/Reducer/Reducers/Scope.swift (in target 'ComposableArchitecture' from project 'swift-composable-architecture')
    cd /Users/admin/builder/spi-builder-workspace/.swiftpm/xcode
    builtin-SwiftPerFileCompile Scope.swift
SwiftCompile normal arm64 /Users/admin/builder/spi-builder-workspace/.dependencies/checkouts/swift-composable-architecture/Sources/ComposableArchitecture/Reducer/Reducers/SignpostReducer.swift (in target 'ComposableArchitecture' from project 'swift-composable-architecture')
    cd /Users/admin/builder/spi-builder-workspace/.swiftpm/xcode
    builtin-SwiftPerFileCompile SignpostReducer.swift
SwiftCompile normal arm64 /Users/admin/builder/spi-builder-workspace/.dependencies/checkouts/swift-composable-architecture/Sources/ComposableArchitecture/Reducer/Reducers/StackReducer.swift (in target 'ComposableArchitecture' from project 'swift-composable-architecture')
    cd /Users/admin/builder/spi-builder-workspace/.swiftpm/xcode
    builtin-SwiftPerFileCompile StackReducer.swift
SwiftDriverJobDiscovery normal arm64 Compiling ViewAction.swift, Reducer.swift, ReducerBuilder.swift, BindingReducer.swift, CombineReducers.swift, DebugReducer.swift (in target 'ComposableArchitecture' from project 'swift-composable-architecture')
SwiftDriverJobDiscovery normal arm64 Compiling HashableStaticString.swift, KeyPath+Sendable.swift, Locking.swift, Logger.swift, NavigationID.swift, OpenExistential.swift (in target 'ComposableArchitecture' from project 'swift-composable-architecture')
SwiftDriverJobDiscovery normal arm64 Compiling Publisher.swift, AreOrderedSetsDuplicates.swift, Box.swift, Create.swift, CurrentValueRelay.swift, Debug.swift (in target 'ComposableArchitecture' from project 'swift-composable-architecture')
SwiftDriverJobDiscovery normal arm64 Compiling DependencyKeyWritingReducer.swift, EmptyReducer.swift, ForEachReducer.swift, IfCaseLetReducer.swift, IfLetReducer.swift, OnChange.swift (in target 'ComposableArchitecture' from project 'swift-composable-architecture')
SwiftDriverJobDiscovery normal arm64 Compiling resource_bundle_accessor.swift, CaseReducer.swift, Core.swift, Dismiss.swift, IsPresented.swift, Effect.swift, Cancellation.swift (in target 'ComposableArchitecture' from project 'swift-composable-architecture')
SwiftDriverJobDiscovery normal arm64 Compiling PresentationID.swift, ReturningLastNonNilValue.swift, RuntimeWarnings.swift, StackIDGenerator.swift, Macros.swift, Alert+Observation.swift (in target 'ComposableArchitecture' from project 'swift-composable-architecture')
SwiftDriverJobDiscovery normal arm64 Compiling Binding+Observation.swift, IdentifiedArray+Observation.swift, NavigationStack+Observation.swift, ObservableState.swift, ObservationStateRegistrar.swift, Store+Observation.swift (in target 'ComposableArchitecture' from project 'swift-composable-architecture')
SwiftDriverJobDiscovery normal arm64 Emitting module for ComposableArchitecture (in target 'ComposableArchitecture' from project 'swift-composable-architecture')
SwiftDriver\ Compilation\ Requirements ComposableArchitecture normal arm64 com.apple.xcode.tools.swift.compiler (in target 'ComposableArchitecture' from project 'swift-composable-architecture')
    cd /Users/admin/builder/spi-builder-workspace/.swiftpm/xcode
    builtin-Swift-Compilation-Requirements -- /Applications/Xcode-27.0.0-Release.Candidate.app/Contents/Developer/Toolchains/XcodeDefault.xctoolchain/usr/bin/swiftc -parse-as-library -module-name ComposableArchitecture -Onone @/Users/admin/builder/spi-builder-workspace/.derivedData/Build/Intermediates.noindex/swift-composable-architecture.build/Debug-xros/ComposableArchitecture-t.build/Objects-normal/arm64/ComposableArchitecture.SwiftFileList -DSWIFT_PACKAGE -DDEBUG -DSWIFT_MODULE_RESOURCE_BUNDLE_AVAILABLE -Xcc -fmodule-map-file\=/Users/admin/builder/spi-builder-workspace/.derivedData/Build/Intermediates.noindex/GeneratedModuleMaps-xros/UIKitNavigationShim.modulemap -DXcode -enable-upcoming-feature ExistentialAny -plugin-path /Applications/Xcode-27.0.0-Release.Candidate.app/Contents/Developer/Toolchains/XcodeDefault.xctoolchain/usr/lib/swift/host/plugins/testing -enable-experimental-feature DebugDescriptionMacro -sdk /Applications/Xcode-27.0.0-Release.Candidate.app/Contents/Developer/Platforms/XROS.platform/Developer/SDKs/XROS27.0.sdk -target arm64-apple-xros1.0 -g -module-cache-path /Users/admin/builder/spi-builder-workspace/.derivedData/ModuleCache.noindex -Xfrontend -serialize-debugging-options -enable-testing -suppress-warnings -index-store-path /Users/admin/builder/spi-builder-workspace/.derivedData/Index.noindex/DataStore -Xcc -D_LIBCPP_HARDENING_MODE\=_LIBCPP_HARDENING_MODE_DEBUG -swift-version 6 -I /Users/admin/builder/spi-builder-workspace/.derivedData/Build/Products/Debug-xros -Isystem /Applications/Xcode-27.0.0-Release.Candidate.app/Contents/Developer/Platforms/XROS.platform/Developer/usr/lib -F /Users/admin/builder/spi-builder-workspace/.derivedData/Build/Products/Debug-xros/PackageFrameworks -F /Users/admin/builder/spi-builder-workspace/.derivedData/Build/Products/Debug-xros -F /Applications/Xcode-27.0.0-Release.Candidate.app/Contents/Developer/Platforms/XROS.platform/Developer/Library/Frameworks -F /Applications/Xcode-27.0.0-Release.Candidate.app/Contents/Developer/Platforms/XROS.platform/Developer/SDKs/XROS27.0.sdk/Developer/Library/Frameworks -Xfrontend -load-plugin-executable -Xfrontend /Users/admin/builder/spi-builder-workspace/.derivedData/Build/Products/Debug/CasePathsMacros\#CasePathsMacros -Xfrontend -load-plugin-executable -Xfrontend /Users/admin/builder/spi-builder-workspace/.derivedData/Build/Products/Debug/ComposableArchitectureMacros\#ComposableArchitectureMacros -Xfrontend -load-plugin-executable -Xfrontend /Users/admin/builder/spi-builder-workspace/.derivedData/Build/Products/Debug/DependenciesMacrosPlugin\#DependenciesMacrosPlugin -Xfrontend -load-plugin-executable -Xfrontend /Users/admin/builder/spi-builder-workspace/.derivedData/Build/Products/Debug/PerceptionMacros\#PerceptionMacros -Xfrontend -load-plugin-executable -Xfrontend /Users/admin/builder/spi-builder-workspace/.derivedData/Build/Products/Debug/SwiftNavigationMacros\#SwiftNavigationMacros -c -j10 -enable-batch-mode -incremental -Xcc -ivfsstatcache -Xcc /Users/admin/builder/spi-builder-workspace/.derivedData/SDKStatCaches.noindex/xros27.0-24M361-e829b21a6f8c9b70876ba0858053c044735bd543db762f57723cac368afd1ce4.sdkstatcache -output-file-map /Users/admin/builder/spi-builder-workspace/.derivedData/Build/Intermediates.noindex/swift-composable-architecture.build/Debug-xros/ComposableArchitecture-t.build/Objects-normal/arm64/ComposableArchitecture-OutputFileMap.json -save-temps -no-color-diagnostics -explicit-module-build -module-cache-path /Users/admin/builder/spi-builder-workspace/.derivedData/Build/Intermediates.noindex/SwiftExplicitPrecompiledModules -clang-scanner-module-cache-path /Users/admin/builder/spi-builder-workspace/.derivedData/ModuleCache.noindex -sdk-module-cache-path /Users/admin/builder/spi-builder-workspace/.derivedData/SDKExplicitPrecompiledModules -emit-dependencies -emit-module -emit-module-path /Users/admin/builder/spi-builder-workspace/.derivedData/Build/Intermediates.noindex/swift-composable-architecture.build/Debug-xros/ComposableArchitecture-t.build/Objects-normal/arm64/ComposableArchitecture.swiftmodule -serialize-diagnostics -dependency-scan-serialize-diagnostics-path /Users/admin/builder/spi-builder-workspace/.derivedData/Build/Intermediates.noindex/swift-composable-architecture.build/Debug-xros/ComposableArchitecture-t.build/Objects-normal/arm64/ComposableArchitecture-dependency-scan.dia -user-module-version 1.26.2 -validate-clang-modules-once -clang-build-session-file /Users/admin/builder/spi-builder-workspace/.derivedData/ModuleCache.noindex/Session.modulevalidation -Xcc -fmodules-prune-interval\=86400 -Xcc -fmodules-prune-after\=345600 -package-name swift_composable_architecture -emit-const-values -const-gather-protocols-list /Users/admin/builder/spi-builder-workspace/.derivedData/Build/Intermediates.noindex/swift-composable-architecture.build/Debug-xros/ComposableArchitecture-t.build/Objects-normal/arm64/ComposableArchitecture_const_extract_protocols.json -Xcc -I/Users/admin/builder/spi-builder-workspace/.dependencies/checkouts/swift-navigation/Sources/UIKitNavigationShim/include -Xcc -I/Users/admin/builder/spi-builder-workspace/.derivedData/Build/Products/Debug-xros/include -Xcc -I/Users/admin/builder/spi-builder-workspace/.derivedData/Build/Intermediates.noindex/swift-composable-architecture.build/Debug-xros/ComposableArchitecture-t.build/DerivedSources-normal/arm64 -Xcc -I/Users/admin/builder/spi-builder-workspace/.derivedData/Build/Intermediates.noindex/swift-composable-architecture.build/Debug-xros/ComposableArchitecture-t.build/DerivedSources/arm64 -Xcc -I/Users/admin/builder/spi-builder-workspace/.derivedData/Build/Intermediates.noindex/swift-composable-architecture.build/Debug-xros/ComposableArchitecture-t.build/DerivedSources -Xcc -DSWIFT_PACKAGE -Xcc -DDEBUG\=1 -emit-objc-header -emit-objc-header-path /Users/admin/builder/spi-builder-workspace/.derivedData/Build/Intermediates.noindex/swift-composable-architecture.build/Debug-xros/ComposableArchitecture-t.build/Objects-normal/arm64/ComposableArchitecture-Swift.h -working-directory /Users/admin/builder/spi-builder-workspace/.swiftpm/xcode -experimental-emit-module-separately -disable-cmo
SwiftMergeGeneratedHeaders /Users/admin/builder/spi-builder-workspace/.derivedData/Build/Intermediates.noindex/GeneratedModuleMaps-xros/ComposableArchitecture-Swift.h /Users/admin/builder/spi-builder-workspace/.derivedData/Build/Intermediates.noindex/swift-composable-architecture.build/Debug-xros/ComposableArchitecture-t.build/Objects-normal/arm64/ComposableArchitecture-Swift.h (in target 'ComposableArchitecture' from project 'swift-composable-architecture')
    cd /Users/admin/builder/spi-builder-workspace/.dependencies/checkouts/swift-composable-architecture
    builtin-swiftHeaderTool -arch arm64 /Users/admin/builder/spi-builder-workspace/.derivedData/Build/Intermediates.noindex/swift-composable-architecture.build/Debug-xros/ComposableArchitecture-t.build/Objects-normal/arm64/ComposableArchitecture-Swift.h -o /Users/admin/builder/spi-builder-workspace/.derivedData/Build/Intermediates.noindex/GeneratedModuleMaps-xros/ComposableArchitecture-Swift.h
Copy /Users/admin/builder/spi-builder-workspace/.derivedData/Build/Products/Debug-xros/ComposableArchitecture.swiftmodule/arm64-apple-xros.swiftdoc /Users/admin/builder/spi-builder-workspace/.derivedData/Build/Intermediates.noindex/swift-composable-architecture.build/Debug-xros/ComposableArchitecture-t.build/Objects-normal/arm64/ComposableArchitecture.swiftdoc (in target 'ComposableArchitecture' from project 'swift-composable-architecture')
    cd /Users/admin/builder/spi-builder-workspace/.dependencies/checkouts/swift-composable-architecture
    builtin-copy -exclude .DS_Store -exclude CVS -exclude .svn -exclude .git -exclude .hg -resolve-src-symlinks -rename /Users/admin/builder/spi-builder-workspace/.derivedData/Build/Intermediates.noindex/swift-composable-architecture.build/Debug-xros/ComposableArchitecture-t.build/Objects-normal/arm64/ComposableArchitecture.swiftdoc /Users/admin/builder/spi-builder-workspace/.derivedData/Build/Products/Debug-xros/ComposableArchitecture.swiftmodule/arm64-apple-xros.swiftdoc
Copy /Users/admin/builder/spi-builder-workspace/.derivedData/Build/Products/Debug-xros/ComposableArchitecture.swiftmodule/arm64-apple-xros.swiftmodule /Users/admin/builder/spi-builder-workspace/.derivedData/Build/Intermediates.noindex/swift-composable-architecture.build/Debug-xros/ComposableArchitecture-t.build/Objects-normal/arm64/ComposableArchitecture.swiftmodule (in target 'ComposableArchitecture' from project 'swift-composable-architecture')
    cd /Users/admin/builder/spi-builder-workspace/.dependencies/checkouts/swift-composable-architecture
    builtin-copy -exclude .DS_Store -exclude CVS -exclude .svn -exclude .git -exclude .hg -resolve-src-symlinks -rename /Users/admin/builder/spi-builder-workspace/.derivedData/Build/Intermediates.noindex/swift-composable-architecture.build/Debug-xros/ComposableArchitecture-t.build/Objects-normal/arm64/ComposableArchitecture.swiftmodule /Users/admin/builder/spi-builder-workspace/.derivedData/Build/Products/Debug-xros/ComposableArchitecture.swiftmodule/arm64-apple-xros.swiftmodule
Copy /Users/admin/builder/spi-builder-workspace/.derivedData/Build/Products/Debug-xros/ComposableArchitecture.swiftmodule/arm64-apple-xros.abi.json /Users/admin/builder/spi-builder-workspace/.derivedData/Build/Intermediates.noindex/swift-composable-architecture.build/Debug-xros/ComposableArchitecture-t.build/Objects-normal/arm64/ComposableArchitecture.abi.json (in target 'ComposableArchitecture' from project 'swift-composable-architecture')
    cd /Users/admin/builder/spi-builder-workspace/.dependencies/checkouts/swift-composable-architecture
    builtin-copy -exclude .DS_Store -exclude CVS -exclude .svn -exclude .git -exclude .hg -resolve-src-symlinks -rename /Users/admin/builder/spi-builder-workspace/.derivedData/Build/Intermediates.noindex/swift-composable-architecture.build/Debug-xros/ComposableArchitecture-t.build/Objects-normal/arm64/ComposableArchitecture.abi.json /Users/admin/builder/spi-builder-workspace/.derivedData/Build/Products/Debug-xros/ComposableArchitecture.swiftmodule/arm64-apple-xros.abi.json
Copy /Users/admin/builder/spi-builder-workspace/.derivedData/Build/Products/Debug-xros/ComposableArchitecture.swiftmodule/Project/arm64-apple-xros.swiftsourceinfo /Users/admin/builder/spi-builder-workspace/.derivedData/Build/Intermediates.noindex/swift-composable-architecture.build/Debug-xros/ComposableArchitecture-t.build/Objects-normal/arm64/ComposableArchitecture.swiftsourceinfo (in target 'ComposableArchitecture' from project 'swift-composable-architecture')
    cd /Users/admin/builder/spi-builder-workspace/.dependencies/checkouts/swift-composable-architecture
    builtin-copy -exclude .DS_Store -exclude CVS -exclude .svn -exclude .git -exclude .hg -resolve-src-symlinks -rename /Users/admin/builder/spi-builder-workspace/.derivedData/Build/Intermediates.noindex/swift-composable-architecture.build/Debug-xros/ComposableArchitecture-t.build/Objects-normal/arm64/ComposableArchitecture.swiftsourceinfo /Users/admin/builder/spi-builder-workspace/.derivedData/Build/Products/Debug-xros/ComposableArchitecture.swiftmodule/Project/arm64-apple-xros.swiftsourceinfo
SwiftDriver ComposableAnalytics normal arm64 com.apple.xcode.tools.swift.compiler (in target 'ComposableAnalytics' from project 'swift-composable-analytics')
    cd /Users/admin/builder/spi-builder-workspace/.swiftpm/xcode
    builtin-SwiftDriver -- /Applications/Xcode-27.0.0-Release.Candidate.app/Contents/Developer/Toolchains/XcodeDefault.xctoolchain/usr/bin/swiftc -parse-as-library -module-name ComposableAnalytics -Onone @/Users/admin/builder/spi-builder-workspace/.derivedData/Build/Intermediates.noindex/swift-composable-analytics.build/Debug-xros/ComposableAnalytics-t.build/Objects-normal/arm64/ComposableAnalytics.SwiftFileList -DSWIFT_PACKAGE -DDEBUG -DSWIFT_MODULE_RESOURCE_BUNDLE_UNAVAILABLE -Xcc -fmodule-map-file\=/Users/admin/builder/spi-builder-workspace/.derivedData/Build/Intermediates.noindex/GeneratedModuleMaps-xros/UIKitNavigationShim.modulemap -DXcode -plugin-path /Applications/Xcode-27.0.0-Release.Candidate.app/Contents/Developer/Toolchains/XcodeDefault.xctoolchain/usr/lib/swift/host/plugins/testing -enable-experimental-feature DebugDescriptionMacro -sdk /Applications/Xcode-27.0.0-Release.Candidate.app/Contents/Developer/Platforms/XROS.platform/Developer/SDKs/XROS27.0.sdk -target arm64-apple-xros1.0 -g -module-cache-path /Users/admin/builder/spi-builder-workspace/.derivedData/ModuleCache.noindex -Xfrontend -serialize-debugging-options -enable-testing -index-store-path /Users/admin/builder/spi-builder-workspace/.derivedData/Index.noindex/DataStore -Xcc -D_LIBCPP_HARDENING_MODE\=_LIBCPP_HARDENING_MODE_DEBUG -swift-version 5 -I /Users/admin/builder/spi-builder-workspace/.derivedData/Build/Products/Debug-xros -Isystem /Applications/Xcode-27.0.0-Release.Candidate.app/Contents/Developer/Platforms/XROS.platform/Developer/usr/lib -F /Users/admin/builder/spi-builder-workspace/.derivedData/Build/Products/Debug-xros/PackageFrameworks -F /Users/admin/builder/spi-builder-workspace/.derivedData/Build/Products/Debug-xros -F /Applications/Xcode-27.0.0-Release.Candidate.app/Contents/Developer/Platforms/XROS.platform/Developer/Library/Frameworks -F /Applications/Xcode-27.0.0-Release.Candidate.app/Contents/Developer/Platforms/XROS.platform/Developer/SDKs/XROS27.0.sdk/Developer/Library/Frameworks -Xfrontend -load-plugin-executable -Xfrontend /Users/admin/builder/spi-builder-workspace/.derivedData/Build/Products/Debug/CasePathsMacros\#CasePathsMacros -Xfrontend -load-plugin-executable -Xfrontend /Users/admin/builder/spi-builder-workspace/.derivedData/Build/Products/Debug/ComposableArchitectureMacros\#ComposableArchitectureMacros -Xfrontend -load-plugin-executable -Xfrontend /Users/admin/builder/spi-builder-workspace/.derivedData/Build/Products/Debug/DependenciesMacrosPlugin\#DependenciesMacrosPlugin -Xfrontend -load-plugin-executable -Xfrontend /Users/admin/builder/spi-builder-workspace/.derivedData/Build/Products/Debug/PerceptionMacros\#PerceptionMacros -Xfrontend -load-plugin-executable -Xfrontend /Users/admin/builder/spi-builder-workspace/.derivedData/Build/Products/Debug/SwiftNavigationMacros\#SwiftNavigationMacros -c -j10 -enable-batch-mode -incremental -Xcc -ivfsstatcache -Xcc /Users/admin/builder/spi-builder-workspace/.derivedData/SDKStatCaches.noindex/xros27.0-24M361-e829b21a6f8c9b70876ba0858053c044735bd543db762f57723cac368afd1ce4.sdkstatcache -output-file-map /Users/admin/builder/spi-builder-workspace/.derivedData/Build/Intermediates.noindex/swift-composable-analytics.build/Debug-xros/ComposableAnalytics-t.build/Objects-normal/arm64/ComposableAnalytics-OutputFileMap.json -save-temps -no-color-diagnostics -explicit-module-build -module-cache-path /Users/admin/builder/spi-builder-workspace/.derivedData/Build/Intermediates.noindex/SwiftExplicitPrecompiledModules -clang-scanner-module-cache-path /Users/admin/builder/spi-builder-workspace/.derivedData/ModuleCache.noindex -sdk-module-cache-path /Users/admin/builder/spi-builder-workspace/.derivedData/SDKExplicitPrecompiledModules -emit-dependencies -emit-module -emit-module-path /Users/admin/builder/spi-builder-workspace/.derivedData/Build/Intermediates.noindex/swift-composable-analytics.build/Debug-xros/ComposableAnalytics-t.build/Objects-normal/arm64/ComposableAnalytics.swiftmodule -serialize-diagnostics -dependency-scan-serialize-diagnostics-path /Users/admin/builder/spi-builder-workspace/.derivedData/Build/Intermediates.noindex/swift-composable-analytics.build/Debug-xros/ComposableAnalytics-t.build/Objects-normal/arm64/ComposableAnalytics-dependency-scan.dia -validate-clang-modules-once -clang-build-session-file /Users/admin/builder/spi-builder-workspace/.derivedData/ModuleCache.noindex/Session.modulevalidation -Xcc -fmodules-prune-interval\=86400 -Xcc -fmodules-prune-after\=345600 -emit-const-values -const-gather-protocols-list /Users/admin/builder/spi-builder-workspace/.derivedData/Build/Intermediates.noindex/swift-composable-analytics.build/Debug-xros/ComposableAnalytics-t.build/Objects-normal/arm64/ComposableAnalytics_const_extract_protocols.json -Xcc -I/Users/admin/builder/spi-builder-workspace/.dependencies/checkouts/swift-navigation/Sources/UIKitNavigationShim/include -Xcc -I/Users/admin/builder/spi-builder-workspace/.derivedData/Build/Products/Debug-xros/include -Xcc -I/Users/admin/builder/spi-builder-workspace/.derivedData/Build/Intermediates.noindex/swift-composable-analytics.build/Debug-xros/ComposableAnalytics-t.build/DerivedSources-normal/arm64 -Xcc -I/Users/admin/builder/spi-builder-workspace/.derivedData/Build/Intermediates.noindex/swift-composable-analytics.build/Debug-xros/ComposableAnalytics-t.build/DerivedSources/arm64 -Xcc -I/Users/admin/builder/spi-builder-workspace/.derivedData/Build/Intermediates.noindex/swift-composable-analytics.build/Debug-xros/ComposableAnalytics-t.build/DerivedSources -Xcc -DSWIFT_PACKAGE -Xcc -DDEBUG\=1 -emit-objc-header -emit-objc-header-path /Users/admin/builder/spi-builder-workspace/.derivedData/Build/Intermediates.noindex/swift-composable-analytics.build/Debug-xros/ComposableAnalytics-t.build/Objects-normal/arm64/ComposableAnalytics-Swift.h -working-directory /Users/admin/builder/spi-builder-workspace/.swiftpm/xcode -experimental-emit-module-separately -disable-cmo
error: Clang dependency scanning failure:  (in target 'ComposableAnalytics' from project 'swift-composable-analytics')
error: Clang dependency scanning failure:  (in target 'ComposableAnalytics' from project 'swift-composable-analytics')
error: Clang dependency scanning failure:  (in target 'ComposableAnalytics' from project 'swift-composable-analytics')
error: Clang dependency scanning failure:  (in target 'ComposableAnalytics' from project 'swift-composable-analytics')
error: Clang dependency scanning failure:  (in target 'ComposableAnalytics' from project 'swift-composable-analytics')
error: Clang dependency scanning failure:  (in target 'ComposableAnalytics' from project 'swift-composable-analytics')
error: Clang dependency scanning failure:  (in target 'ComposableAnalytics' from project 'swift-composable-analytics')
error: Clang dependency scanning failure:  (in target 'ComposableAnalytics' from project 'swift-composable-analytics')
error: Clang dependency scanning failure:  (in target 'ComposableAnalytics' from project 'swift-composable-analytics')
error: Clang dependency scanning failure:  (in target 'ComposableAnalytics' from project 'swift-composable-analytics')
/Users/admin/builder/spi-builder-workspace/Sources/ComposableAnalytics/AnalyticsClient.swift:2:8: error: Unable to resolve module dependency: 'XCTestDynamicOverlay' (in target 'ComposableAnalytics' from project 'swift-composable-analytics')
    note: A dependency of main module 'ComposableAnalytics'
/Users/admin/builder/spi-builder-workspace/Sources/ComposableAnalytics/AnalyticsClient.swift:2:8: note: A dependency of main module 'ComposableAnalytics'
import XCTestDynamicOverlay
       ^ (in target 'ComposableAnalytics' from project 'swift-composable-analytics')
SwiftDriverJobDiscovery normal arm64 Compiling Optional.swift, PresentationReducer.swift, Reduce.swift, Scope.swift, SignpostReducer.swift, StackReducer.swift (in target 'ComposableArchitecture' from project 'swift-composable-architecture')
SwiftDriverJobDiscovery normal arm64 Compiling AppStorageKeyPathKey.swift, Store.swift, Binding.swift, TestStore.swift, AlertStateUIKit.swift, NavigationStackControllerUIKit.swift (in target 'ComposableArchitecture' from project 'swift-composable-architecture')
PruneExplicitPrecompiledModules /Users/admin/builder/spi-builder-workspace/.derivedData/SDKExplicitPrecompiledModules
PruneExplicitPrecompiledModules /Users/admin/builder/spi-builder-workspace/.derivedData/Build/Intermediates.noindex/ExplicitPrecompiledModules
PruneExplicitPrecompiledModules /Users/admin/builder/spi-builder-workspace/.derivedData/Build/Intermediates.noindex/SwiftExplicitPrecompiledModules
2026-09-19 16:38:07.117 xcodebuild[1179:6422] [MT] IDERunDestination: Supported platforms for the buildables in the current scheme is empty.
** BUILD FAILED **
The following build commands failed:
	SwiftDriver ComposableAnalytics normal arm64 com.apple.xcode.tools.swift.compiler (in target 'ComposableAnalytics' from project 'swift-composable-analytics')
	Building workspace swift-composable-analytics with scheme swift-composable-analytics
(2 failures)
Command line invocation:
    /Applications/Xcode-27.0.0-Release.Candidate.app/Contents/Developer/usr/bin/xcodebuild -IDEClonedSourcePackagesDirPathOverride=/Users/admin/builder/spi-builder-workspace/.dependencies -resolvePackageDependencies
Resolve Package Graph
Resolved source packages:
  swift-custom-dump: https://github.com/pointfreeco/swift-custom-dump @ 1.7.3
  swift-clocks: https://github.com/pointfreeco/swift-clocks @ 1.1.1
  swift-syntax: https://github.com/swiftlang/swift-syntax @ 604.0.0
  swift-perception: https://github.com/pointfreeco/swift-perception @ 2.0.12
  swift-composable-analytics: /Users/admin/builder/spi-builder-workspace
  swift-navigation: https://github.com/pointfreeco/swift-navigation @ 2.11.2
  swift-identified-collections: https://github.com/pointfreeco/swift-identified-collections @ 1.1.1
  swift-collections: https://github.com/apple/swift-collections @ 1.6.0
  combine-schedulers: https://github.com/pointfreeco/combine-schedulers @ 1.2.2
  swift-composable-architecture: https://github.com/pointfreeco/swift-composable-architecture @ 1.26.2
  swift-concurrency-extras: https://github.com/pointfreeco/swift-concurrency-extras @ 1.4.1
  swift-case-paths: https://github.com/pointfreeco/swift-case-paths @ 1.10.0
  swift-sharing: https://github.com/pointfreeco/swift-sharing @ 2.10.1
  swift-dependencies: https://github.com/pointfreeco/swift-dependencies @ 1.17.1
  swift-issue-reporting: https://github.com/pointfreeco/swift-issue-reporting @ 2.1.0
resolved source packages: swift-custom-dump, swift-clocks, swift-syntax, swift-perception, swift-composable-analytics, swift-navigation, swift-identified-collections, swift-collections, combine-schedulers, swift-composable-architecture, swift-concurrency-extras, swift-case-paths, swift-sharing, swift-dependencies, swift-issue-reporting
2026-09-19 16:38:53.545 xcodebuild[2637:13763] [MT] IDERunDestination: Supported platforms for the buildables in the current scheme is empty.
{
  "dependencies" : [
    {
      "identity" : "swift-composable-architecture",
      "requirement" : {
        "range" : [
          {
            "lower_bound" : "1.0.0",
            "upper_bound" : "2.0.0"
          }
        ]
      },
      "type" : "sourceControl",
      "url" : "https://github.com/pointfreeco/swift-composable-architecture"
    }
  ],
  "manifest_display_name" : "swift-composable-analytics",
  "name" : "swift-composable-analytics",
  "path" : "/Users/admin/builder/spi-builder-workspace",
  "platforms" : [
    {
      "name" : "ios",
      "version" : "13.0"
    },
    {
      "name" : "macos",
      "version" : "10.15"
    },
    {
      "name" : "tvos",
      "version" : "13.0"
    },
    {
      "name" : "watchos",
      "version" : "6.0"
    }
  ],
  "products" : [
    {
      "name" : "ComposableAnalytics",
      "targets" : [
        "ComposableAnalytics"
      ],
      "type" : {
        "library" : [
          "automatic"
        ]
      }
    }
  ],
  "targets" : [
    {
      "c99name" : "ComposableAnalytics",
      "module_type" : "SwiftTarget",
      "name" : "ComposableAnalytics",
      "path" : "Sources/ComposableAnalytics",
      "product_dependencies" : [
        "ComposableArchitecture"
      ],
      "product_memberships" : [
        "ComposableAnalytics"
      ],
      "sources" : [
        "AnalyticsClient.swift",
        "AnalyticsData.swift",
        "AnalyticsDependency.swift",
        "AnalyticsReducer.swift",
        "MultipleAnalyticsReducer.swift",
        "OnChangeReducer.swift",
        "XCTestDebugSupport/Expectation.swift",
        "XCTestDebugSupport/XCTCurrentTestCase.swift"
      ],
      "type" : "library"
    }
  ],
  "tools_version" : "5.8"
}
{
  "workspace" : {
    "name" : "swift-composable-analytics",
    "schemes" : [
      "swift-composable-analytics"
    ]
  }
}
2026-09-19 16:38:55.537 xcodebuild[2646:13840] [MT] IDERunDestination: Supported platforms for the buildables in the current scheme is empty.
Running build ...
env DEVELOPER_DIR=/Applications/Xcode-27.0.0-Release.Candidate.app xcrun xcodebuild -IDEClonedSourcePackagesDirPathOverride=$PWD/.dependencies -skipMacroValidation -skipPackagePluginValidation -derivedDataPath $PWD/.derivedData build -scheme swift-composable-analytics -destination generic/platform=xrOS
Command line invocation:
    /Applications/Xcode-27.0.0-Release.Candidate.app/Contents/Developer/usr/bin/xcodebuild -IDEClonedSourcePackagesDirPathOverride=/Users/admin/builder/spi-builder-workspace/.dependencies -skipMacroValidation -skipPackagePluginValidation -derivedDataPath /Users/admin/builder/spi-builder-workspace/.derivedData build -scheme swift-composable-analytics -destination generic/platform=xrOS
Resolve Package Graph
Resolved source packages:
  swift-collections: https://github.com/apple/swift-collections @ 1.6.0
  swift-perception: https://github.com/pointfreeco/swift-perception @ 2.0.12
  swift-identified-collections: https://github.com/pointfreeco/swift-identified-collections @ 1.1.1
  swift-composable-analytics: /Users/admin/builder/spi-builder-workspace
  swift-dependencies: https://github.com/pointfreeco/swift-dependencies @ 1.17.1
  combine-schedulers: https://github.com/pointfreeco/combine-schedulers @ 1.2.2
  swift-composable-architecture: https://github.com/pointfreeco/swift-composable-architecture @ 1.26.2
  swift-custom-dump: https://github.com/pointfreeco/swift-custom-dump @ 1.7.3
  swift-navigation: https://github.com/pointfreeco/swift-navigation @ 2.11.2
  swift-syntax: https://github.com/swiftlang/swift-syntax @ 604.0.0
  swift-case-paths: https://github.com/pointfreeco/swift-case-paths @ 1.10.0
  swift-clocks: https://github.com/pointfreeco/swift-clocks @ 1.1.1
  swift-concurrency-extras: https://github.com/pointfreeco/swift-concurrency-extras @ 1.4.1
  swift-issue-reporting: https://github.com/pointfreeco/swift-issue-reporting @ 2.1.0
  swift-sharing: https://github.com/pointfreeco/swift-sharing @ 2.10.1
ComputePackagePrebuildTargetDependencyGraph
Prepare packages
CreateBuildRequest
SendProjectDescription
CreateBuildOperation
ComputeTargetDependencyGraph
note: Building targets in dependency order
note: Target dependency graph (74 targets)
    Target 'ComposableAnalytics-product' in project 'swift-composable-analytics'
        ➜ Explicit dependency on target 'ComposableAnalytics' in project 'swift-composable-analytics'
        ➜ Explicit dependency on target 'ComposableArchitecture-product' in project 'swift-composable-architecture'
    Target 'ComposableAnalytics' in project 'swift-composable-analytics'
        ➜ Explicit dependency on target 'ComposableArchitecture-product' in project 'swift-composable-architecture'
    Target 'ComposableArchitecture-product' in project 'swift-composable-architecture'
        ➜ Explicit dependency on target 'ComposableArchitecture' in project 'swift-composable-architecture'
        ➜ Explicit dependency on target 'swift-composable-architecture_ComposableArchitecture' in project 'swift-composable-architecture'
        ➜ Explicit dependency on target 'ComposableArchitectureMacros' in project 'swift-composable-architecture'
        ➜ Explicit dependency on target 'CasePaths-product' in project 'swift-case-paths'
        ➜ Explicit dependency on target 'Clocks-product' in project 'swift-clocks'
        ➜ Explicit dependency on target 'CombineSchedulers-product' in project 'combine-schedulers'
        ➜ Explicit dependency on target 'ConcurrencyExtras-product' in project 'swift-concurrency-extras'
        ➜ Explicit dependency on target 'CustomDump-product' in project 'swift-custom-dump'
        ➜ Explicit dependency on target 'Dependencies-product' in project 'swift-dependencies'
        ➜ Explicit dependency on target 'DependenciesMacros-product' in project 'swift-dependencies'
        ➜ Explicit dependency on target 'IdentifiedCollections-product' in project 'swift-identified-collections'
        ➜ Explicit dependency on target 'IssueReporting-product' in project 'swift-issue-reporting'
        ➜ Explicit dependency on target 'OrderedCollections-product' in project 'swift-collections'
        ➜ Explicit dependency on target 'Perception-product' in project 'swift-perception'
        ➜ Explicit dependency on target 'Sharing-product' in project 'swift-sharing'
        ➜ Explicit dependency on target 'SwiftUINavigation-product' in project 'swift-navigation'
        ➜ Explicit dependency on target 'UIKitNavigation-product' in project 'swift-navigation'
    Target 'ComposableArchitecture' in project 'swift-composable-architecture'
        ➜ Explicit dependency on target 'swift-composable-architecture_ComposableArchitecture' in project 'swift-composable-architecture'
        ➜ Explicit dependency on target 'ComposableArchitectureMacros' in project 'swift-composable-architecture'
        ➜ Explicit dependency on target 'CasePaths-product' in project 'swift-case-paths'
        ➜ Explicit dependency on target 'Clocks-product' in project 'swift-clocks'
        ➜ Explicit dependency on target 'CombineSchedulers-product' in project 'combine-schedulers'
        ➜ Explicit dependency on target 'ConcurrencyExtras-product' in project 'swift-concurrency-extras'
        ➜ Explicit dependency on target 'CustomDump-product' in project 'swift-custom-dump'
        ➜ Explicit dependency on target 'Dependencies-product' in project 'swift-dependencies'
        ➜ Explicit dependency on target 'DependenciesMacros-product' in project 'swift-dependencies'
        ➜ Explicit dependency on target 'IdentifiedCollections-product' in project 'swift-identified-collections'
        ➜ Explicit dependency on target 'IssueReporting-product' in project 'swift-issue-reporting'
        ➜ Explicit dependency on target 'OrderedCollections-product' in project 'swift-collections'
        ➜ Explicit dependency on target 'Perception-product' in project 'swift-perception'
        ➜ Explicit dependency on target 'Sharing-product' in project 'swift-sharing'
        ➜ Explicit dependency on target 'SwiftUINavigation-product' in project 'swift-navigation'
        ➜ Explicit dependency on target 'UIKitNavigation-product' in project 'swift-navigation'
    Target 'UIKitNavigation-product' in project 'swift-navigation'
        ➜ Explicit dependency on target 'UIKitNavigation' in project 'swift-navigation'
        ➜ Explicit dependency on target 'SwiftNavigationMacros' in project 'swift-navigation'
        ➜ Explicit dependency on target 'SwiftNavigation' in project 'swift-navigation'
        ➜ Explicit dependency on target 'UIKitNavigationShim' in project 'swift-navigation'
        ➜ Explicit dependency on target 'CasePaths-product' in project 'swift-case-paths'
        ➜ Explicit dependency on target 'CustomDump-product' in project 'swift-custom-dump'
        ➜ Explicit dependency on target 'IssueReporting-product' in project 'swift-issue-reporting'
        ➜ Explicit dependency on target 'Perception-product' in project 'swift-perception'
        ➜ Explicit dependency on target 'PerceptionCore-product' in project 'swift-perception'
    Target 'UIKitNavigation' in project 'swift-navigation'
        ➜ Explicit dependency on target 'SwiftNavigationMacros' in project 'swift-navigation'
        ➜ Explicit dependency on target 'SwiftNavigation' in project 'swift-navigation'
        ➜ Explicit dependency on target 'UIKitNavigationShim' in project 'swift-navigation'
        ➜ Explicit dependency on target 'CasePaths-product' in project 'swift-case-paths'
        ➜ Explicit dependency on target 'CustomDump-product' in project 'swift-custom-dump'
        ➜ Explicit dependency on target 'IssueReporting-product' in project 'swift-issue-reporting'
        ➜ Explicit dependency on target 'Perception-product' in project 'swift-perception'
        ➜ Explicit dependency on target 'PerceptionCore-product' in project 'swift-perception'
    Target 'UIKitNavigationShim' in project 'swift-navigation' (no dependencies)
    Target 'SwiftUINavigation-product' in project 'swift-navigation'
        ➜ Explicit dependency on target 'SwiftUINavigation' in project 'swift-navigation'
        ➜ Explicit dependency on target 'SwiftNavigationMacros' in project 'swift-navigation'
        ➜ Explicit dependency on target 'SwiftNavigation' in project 'swift-navigation'
        ➜ Explicit dependency on target 'CasePaths-product' in project 'swift-case-paths'
        ➜ Explicit dependency on target 'CustomDump-product' in project 'swift-custom-dump'
        ➜ Explicit dependency on target 'IssueReporting-product' in project 'swift-issue-reporting'
        ➜ Explicit dependency on target 'Perception-product' in project 'swift-perception'
        ➜ Explicit dependency on target 'PerceptionCore-product' in project 'swift-perception'
    Target 'SwiftUINavigation' in project 'swift-navigation'
        ➜ Explicit dependency on target 'SwiftNavigationMacros' in project 'swift-navigation'
        ➜ Explicit dependency on target 'SwiftNavigation' in project 'swift-navigation'
        ➜ Explicit dependency on target 'CasePaths-product' in project 'swift-case-paths'
        ➜ Explicit dependency on target 'CustomDump-product' in project 'swift-custom-dump'
        ➜ Explicit dependency on target 'IssueReporting-product' in project 'swift-issue-reporting'
        ➜ Explicit dependency on target 'Perception-product' in project 'swift-perception'
        ➜ Explicit dependency on target 'PerceptionCore-product' in project 'swift-perception'
    Target 'SwiftNavigation' in project 'swift-navigation'
        ➜ Explicit dependency on target 'SwiftNavigationMacros' in project 'swift-navigation'
        ➜ Explicit dependency on target 'CasePaths-product' in project 'swift-case-paths'
        ➜ Explicit dependency on target 'CustomDump-product' in project 'swift-custom-dump'
        ➜ Explicit dependency on target 'IssueReporting-product' in project 'swift-issue-reporting'
        ➜ Explicit dependency on target 'Perception-product' in project 'swift-perception'
        ➜ Explicit dependency on target 'PerceptionCore-product' in project 'swift-perception'
    Target 'SwiftNavigationMacros' in project 'swift-navigation'
        ➜ Explicit dependency on target 'CasePathsMacrosSupport-product' in project 'swift-case-paths'
        ➜ Explicit dependency on target 'SwiftCompilerPlugin-product' in project 'swift-syntax'
        ➜ Explicit dependency on target 'SwiftDiagnostics-product' in project 'swift-syntax'
        ➜ Explicit dependency on target 'SwiftSyntax-product' in project 'swift-syntax'
        ➜ Explicit dependency on target 'SwiftSyntaxBuilder-product' in project 'swift-syntax'
        ➜ Explicit dependency on target 'SwiftSyntaxMacros-product' in project 'swift-syntax'
    Target 'CasePathsMacrosSupport-product' in project 'swift-case-paths'
        ➜ Explicit dependency on target 'CasePathsMacrosSupport' in project 'swift-case-paths'
        ➜ Explicit dependency on target 'SwiftSyntaxMacros-product' in project 'swift-syntax'
        ➜ Explicit dependency on target 'SwiftCompilerPlugin-product' in project 'swift-syntax'
        ➜ Explicit dependency on target 'SwiftDiagnostics-product' in project 'swift-syntax'
        ➜ Explicit dependency on target 'SwiftSyntax-product' in project 'swift-syntax'
        ➜ Explicit dependency on target 'SwiftSyntaxBuilder-product' in project 'swift-syntax'
    Target 'Sharing-product' in project 'swift-sharing'
        ➜ Explicit dependency on target 'Sharing' in project 'swift-sharing'
        ➜ Explicit dependency on target 'swift-sharing_Sharing' in project 'swift-sharing'
        ➜ Explicit dependency on target 'Sharing1' in project 'swift-sharing'
        ➜ Explicit dependency on target 'Sharing2' in project 'swift-sharing'
        ➜ Explicit dependency on target 'ConcurrencyExtras-product' in project 'swift-concurrency-extras'
        ➜ Explicit dependency on target 'CustomDump-product' in project 'swift-custom-dump'
        ➜ Explicit dependency on target 'Dependencies-product' in project 'swift-dependencies'
        ➜ Explicit dependency on target 'IdentifiedCollections-product' in project 'swift-identified-collections'
        ➜ Explicit dependency on target 'IssueReporting-product' in project 'swift-issue-reporting'
        ➜ Explicit dependency on target 'PerceptionCore-product' in project 'swift-perception'
    Target 'Sharing' in project 'swift-sharing'
        ➜ Explicit dependency on target 'swift-sharing_Sharing' in project 'swift-sharing'
        ➜ Explicit dependency on target 'Sharing1' in project 'swift-sharing'
        ➜ Explicit dependency on target 'Sharing2' in project 'swift-sharing'
        ➜ Explicit dependency on target 'ConcurrencyExtras-product' in project 'swift-concurrency-extras'
        ➜ Explicit dependency on target 'CustomDump-product' in project 'swift-custom-dump'
        ➜ Explicit dependency on target 'Dependencies-product' in project 'swift-dependencies'
        ➜ Explicit dependency on target 'IdentifiedCollections-product' in project 'swift-identified-collections'
        ➜ Explicit dependency on target 'IssueReporting-product' in project 'swift-issue-reporting'
        ➜ Explicit dependency on target 'PerceptionCore-product' in project 'swift-perception'
    Target 'PerceptionCore-product' in project 'swift-perception'
        ➜ Explicit dependency on target 'PerceptionCore' in project 'swift-perception'
        ➜ Explicit dependency on target 'IssueReporting-product' in project 'swift-issue-reporting'
    Target 'Sharing2' in project 'swift-sharing' (no dependencies)
    Target 'Sharing1' in project 'swift-sharing' (no dependencies)
    Target 'swift-sharing_Sharing' in project 'swift-sharing' (no dependencies)
    Target 'Perception-product' in project 'swift-perception'
        ➜ Explicit dependency on target 'Perception' in project 'swift-perception'
        ➜ Explicit dependency on target 'PerceptionCore' in project 'swift-perception'
        ➜ Explicit dependency on target 'PerceptionMacros' in project 'swift-perception'
        ➜ Explicit dependency on target 'IssueReporting-product' in project 'swift-issue-reporting'
    Target 'Perception' in project 'swift-perception'
        ➜ Explicit dependency on target 'PerceptionCore' in project 'swift-perception'
        ➜ Explicit dependency on target 'PerceptionMacros' in project 'swift-perception'
        ➜ Explicit dependency on target 'IssueReporting-product' in project 'swift-issue-reporting'
    Target 'PerceptionMacros' in project 'swift-perception'
        ➜ Explicit dependency on target 'SwiftSyntaxMacros-product' in project 'swift-syntax'
        ➜ Explicit dependency on target 'SwiftCompilerPlugin-product' in project 'swift-syntax'
    Target 'PerceptionCore' in project 'swift-perception'
        ➜ Explicit dependency on target 'IssueReporting-product' in project 'swift-issue-reporting'
    Target 'IdentifiedCollections-product' in project 'swift-identified-collections'
        ➜ Explicit dependency on target 'IdentifiedCollections' in project 'swift-identified-collections'
        ➜ Explicit dependency on target 'OrderedCollections-product' in project 'swift-collections'
    Target 'IdentifiedCollections' in project 'swift-identified-collections'
        ➜ Explicit dependency on target 'OrderedCollections-product' in project 'swift-collections'
    Target 'OrderedCollections-product' in project 'swift-collections'
        ➜ Explicit dependency on target 'OrderedCollections' in project 'swift-collections'
        ➜ Explicit dependency on target 'InternalCollectionsUtilities' in project 'swift-collections'
    Target 'OrderedCollections' in project 'swift-collections'
        ➜ Explicit dependency on target 'InternalCollectionsUtilities' in project 'swift-collections'
    Target 'InternalCollectionsUtilities' in project 'swift-collections' (no dependencies)
    Target 'DependenciesMacros-product' in project 'swift-dependencies'
        ➜ Explicit dependency on target 'DependenciesMacros' in project 'swift-dependencies'
        ➜ Explicit dependency on target 'DependenciesMacrosPlugin' in project 'swift-dependencies'
        ➜ Explicit dependency on target 'IssueReporting-product' in project 'swift-issue-reporting'
    Target 'DependenciesMacros' in project 'swift-dependencies'
        ➜ Explicit dependency on target 'DependenciesMacrosPlugin' in project 'swift-dependencies'
        ➜ Explicit dependency on target 'IssueReporting-product' in project 'swift-issue-reporting'
    Target 'DependenciesMacrosPlugin' in project 'swift-dependencies'
        ➜ Explicit dependency on target 'SwiftSyntaxMacros-product' in project 'swift-syntax'
        ➜ Explicit dependency on target 'SwiftCompilerPlugin-product' in project 'swift-syntax'
    Target 'Dependencies-product' in project 'swift-dependencies'
        ➜ Explicit dependency on target 'Dependencies' in project 'swift-dependencies'
        ➜ Explicit dependency on target 'Clocks-product' in project 'swift-clocks'
        ➜ Explicit dependency on target 'CombineSchedulers-product' in project 'combine-schedulers'
        ➜ Explicit dependency on target 'ConcurrencyExtras-product' in project 'swift-concurrency-extras'
        ➜ Explicit dependency on target 'IssueReporting-product' in project 'swift-issue-reporting'
    Target 'Dependencies' in project 'swift-dependencies'
        ➜ Explicit dependency on target 'Clocks-product' in project 'swift-clocks'
        ➜ Explicit dependency on target 'CombineSchedulers-product' in project 'combine-schedulers'
        ➜ Explicit dependency on target 'ConcurrencyExtras-product' in project 'swift-concurrency-extras'
        ➜ Explicit dependency on target 'IssueReporting-product' in project 'swift-issue-reporting'
    Target 'CustomDump-product' in project 'swift-custom-dump'
        ➜ Explicit dependency on target 'CustomDump' in project 'swift-custom-dump'
        ➜ Explicit dependency on target 'IssueReporting-product' in project 'swift-issue-reporting'
    Target 'CustomDump' in project 'swift-custom-dump'
        ➜ Explicit dependency on target 'IssueReporting-product' in project 'swift-issue-reporting'
    Target 'CombineSchedulers-product' in project 'combine-schedulers'
        ➜ Explicit dependency on target 'CombineSchedulers' in project 'combine-schedulers'
        ➜ Explicit dependency on target 'ConcurrencyExtras-product' in project 'swift-concurrency-extras'
        ➜ Explicit dependency on target 'IssueReporting-product' in project 'swift-issue-reporting'
    Target 'CombineSchedulers' in project 'combine-schedulers'
        ➜ Explicit dependency on target 'ConcurrencyExtras-product' in project 'swift-concurrency-extras'
        ➜ Explicit dependency on target 'IssueReporting-product' in project 'swift-issue-reporting'
    Target 'Clocks-product' in project 'swift-clocks'
        ➜ Explicit dependency on target 'Clocks' in project 'swift-clocks'
        ➜ Explicit dependency on target 'ConcurrencyExtras-product' in project 'swift-concurrency-extras'
        ➜ Explicit dependency on target 'IssueReporting-product' in project 'swift-issue-reporting'
    Target 'Clocks' in project 'swift-clocks'
        ➜ Explicit dependency on target 'ConcurrencyExtras-product' in project 'swift-concurrency-extras'
        ➜ Explicit dependency on target 'IssueReporting-product' in project 'swift-issue-reporting'
    Target 'ConcurrencyExtras-product' in project 'swift-concurrency-extras'
        ➜ Explicit dependency on target 'ConcurrencyExtras' in project 'swift-concurrency-extras'
    Target 'ConcurrencyExtras' in project 'swift-concurrency-extras' (no dependencies)
    Target 'CasePaths-product' in project 'swift-case-paths'
        ➜ Explicit dependency on target 'CasePaths' in project 'swift-case-paths'
        ➜ Explicit dependency on target 'CasePathsCore' in project 'swift-case-paths'
        ➜ Explicit dependency on target 'CasePathsMacros' in project 'swift-case-paths'
        ➜ Explicit dependency on target 'IssueReporting-product' in project 'swift-issue-reporting'
    Target 'CasePaths' in project 'swift-case-paths'
        ➜ Explicit dependency on target 'CasePathsCore' in project 'swift-case-paths'
        ➜ Explicit dependency on target 'CasePathsMacros' in project 'swift-case-paths'
        ➜ Explicit dependency on target 'IssueReporting-product' in project 'swift-issue-reporting'
    Target 'CasePathsMacros' in project 'swift-case-paths'
        ➜ Explicit dependency on target 'CasePathsMacrosSupport' in project 'swift-case-paths'
        ➜ Explicit dependency on target 'SwiftSyntaxMacros-product' in project 'swift-syntax'
        ➜ Explicit dependency on target 'SwiftCompilerPlugin-product' in project 'swift-syntax'
        ➜ Explicit dependency on target 'SwiftDiagnostics-product' in project 'swift-syntax'
        ➜ Explicit dependency on target 'SwiftSyntax-product' in project 'swift-syntax'
        ➜ Explicit dependency on target 'SwiftSyntaxBuilder-product' in project 'swift-syntax'
    Target 'CasePathsMacrosSupport' in project 'swift-case-paths'
        ➜ Explicit dependency on target 'SwiftSyntaxMacros-product' in project 'swift-syntax'
        ➜ Explicit dependency on target 'SwiftCompilerPlugin-product' in project 'swift-syntax'
        ➜ Explicit dependency on target 'SwiftDiagnostics-product' in project 'swift-syntax'
        ➜ Explicit dependency on target 'SwiftSyntax-product' in project 'swift-syntax'
        ➜ Explicit dependency on target 'SwiftSyntaxBuilder-product' in project 'swift-syntax'
    Target 'SwiftSyntaxBuilder-product' in project 'swift-syntax'
        ➜ Explicit dependency on target 'SwiftSyntaxBuilder' in project 'swift-syntax'
        ➜ Explicit dependency on target '_SwiftSyntaxCShims' in project 'swift-syntax'
        ➜ Explicit dependency on target 'SwiftSyntax509' in project 'swift-syntax'
        ➜ Explicit dependency on target 'SwiftSyntax510' in project 'swift-syntax'
        ➜ Explicit dependency on target 'SwiftSyntax600' in project 'swift-syntax'
        ➜ Explicit dependency on target 'SwiftSyntax601' in project 'swift-syntax'
        ➜ Explicit dependency on target 'SwiftSyntax602' in project 'swift-syntax'
        ➜ Explicit dependency on target 'SwiftSyntax603' in project 'swift-syntax'
        ➜ Explicit dependency on target 'SwiftSyntax604' in project 'swift-syntax'
        ➜ Explicit dependency on target 'SwiftSyntax' in project 'swift-syntax'
        ➜ Explicit dependency on target 'SwiftBasicFormat' in project 'swift-syntax'
        ➜ Explicit dependency on target 'SwiftParser' in project 'swift-syntax'
        ➜ Explicit dependency on target 'SwiftDiagnostics' in project 'swift-syntax'
        ➜ Explicit dependency on target 'SwiftParserDiagnostics' in project 'swift-syntax'
    Target 'SwiftSyntax-product' in project 'swift-syntax'
        ➜ Explicit dependency on target 'SwiftSyntax' in project 'swift-syntax'
        ➜ Explicit dependency on target '_SwiftSyntaxCShims' in project 'swift-syntax'
        ➜ Explicit dependency on target 'SwiftSyntax509' in project 'swift-syntax'
        ➜ Explicit dependency on target 'SwiftSyntax510' in project 'swift-syntax'
        ➜ Explicit dependency on target 'SwiftSyntax600' in project 'swift-syntax'
        ➜ Explicit dependency on target 'SwiftSyntax601' in project 'swift-syntax'
        ➜ Explicit dependency on target 'SwiftSyntax602' in project 'swift-syntax'
        ➜ Explicit dependency on target 'SwiftSyntax603' in project 'swift-syntax'
        ➜ Explicit dependency on target 'SwiftSyntax604' in project 'swift-syntax'
    Target 'SwiftDiagnostics-product' in project 'swift-syntax'
        ➜ Explicit dependency on target 'SwiftDiagnostics' in project 'swift-syntax'
        ➜ Explicit dependency on target '_SwiftSyntaxCShims' in project 'swift-syntax'
        ➜ Explicit dependency on target 'SwiftSyntax509' in project 'swift-syntax'
        ➜ Explicit dependency on target 'SwiftSyntax510' in project 'swift-syntax'
        ➜ Explicit dependency on target 'SwiftSyntax600' in project 'swift-syntax'
        ➜ Explicit dependency on target 'SwiftSyntax601' in project 'swift-syntax'
        ➜ Explicit dependency on target 'SwiftSyntax602' in project 'swift-syntax'
        ➜ Explicit dependency on target 'SwiftSyntax603' in project 'swift-syntax'
        ➜ Explicit dependency on target 'SwiftSyntax604' in project 'swift-syntax'
        ➜ Explicit dependency on target 'SwiftSyntax' in project 'swift-syntax'
    Target 'CasePathsCore' in project 'swift-case-paths'
        ➜ Explicit dependency on target 'IssueReporting-product' in project 'swift-issue-reporting'
    Target 'IssueReporting-product' in project 'swift-issue-reporting'
        ➜ Explicit dependency on target 'IssueReporting' in project 'swift-issue-reporting'
    Target 'IssueReporting' in project 'swift-issue-reporting' (no dependencies)
    Target 'ComposableArchitectureMacros' in project 'swift-composable-architecture'
        ➜ Explicit dependency on target 'SwiftSyntaxMacros-product' in project 'swift-syntax'
        ➜ Explicit dependency on target 'SwiftCompilerPlugin-product' in project 'swift-syntax'
    Target 'SwiftCompilerPlugin-product' in project 'swift-syntax'
        ➜ Explicit dependency on target 'SwiftCompilerPlugin' in project 'swift-syntax'
        ➜ Explicit dependency on target '_SwiftSyntaxCShims' in project 'swift-syntax'
        ➜ Explicit dependency on target 'SwiftSyntax509' in project 'swift-syntax'
        ➜ Explicit dependency on target 'SwiftSyntax510' in project 'swift-syntax'
        ➜ Explicit dependency on target 'SwiftSyntax600' in project 'swift-syntax'
        ➜ Explicit dependency on target 'SwiftSyntax601' in project 'swift-syntax'
        ➜ Explicit dependency on target 'SwiftSyntax602' in project 'swift-syntax'
        ➜ Explicit dependency on target 'SwiftSyntax603' in project 'swift-syntax'
        ➜ Explicit dependency on target 'SwiftSyntax604' in project 'swift-syntax'
        ➜ Explicit dependency on target 'SwiftSyntax' in project 'swift-syntax'
        ➜ Explicit dependency on target 'SwiftDiagnostics' in project 'swift-syntax'
        ➜ Explicit dependency on target 'SwiftParser' in project 'swift-syntax'
        ➜ Explicit dependency on target 'SwiftOperators' in project 'swift-syntax'
        ➜ Explicit dependency on target 'SwiftBasicFormat' in project 'swift-syntax'
        ➜ Explicit dependency on target 'SwiftParserDiagnostics' in project 'swift-syntax'
        ➜ Explicit dependency on target 'SwiftSyntaxBuilder' in project 'swift-syntax'
        ➜ Explicit dependency on target 'SwiftIfConfig' in project 'swift-syntax'
        ➜ Explicit dependency on target 'SwiftSyntaxMacros' in project 'swift-syntax'
        ➜ Explicit dependency on target 'SwiftSyntaxMacroExpansion' in project 'swift-syntax'
        ➜ Explicit dependency on target 'SwiftCompilerPluginMessageHandling' in project 'swift-syntax'
    Target 'SwiftCompilerPlugin' in project 'swift-syntax'
        ➜ Explicit dependency on target '_SwiftSyntaxCShims' in project 'swift-syntax'
        ➜ Explicit dependency on target 'SwiftSyntax509' in project 'swift-syntax'
        ➜ Explicit dependency on target 'SwiftSyntax510' in project 'swift-syntax'
        ➜ Explicit dependency on target 'SwiftSyntax600' in project 'swift-syntax'
        ➜ Explicit dependency on target 'SwiftSyntax601' in project 'swift-syntax'
        ➜ Explicit dependency on target 'SwiftSyntax602' in project 'swift-syntax'
        ➜ Explicit dependency on target 'SwiftSyntax603' in project 'swift-syntax'
        ➜ Explicit dependency on target 'SwiftSyntax604' in project 'swift-syntax'
        ➜ Explicit dependency on target 'SwiftSyntax' in project 'swift-syntax'
        ➜ Explicit dependency on target 'SwiftDiagnostics' in project 'swift-syntax'
        ➜ Explicit dependency on target 'SwiftParser' in project 'swift-syntax'
        ➜ Explicit dependency on target 'SwiftOperators' in project 'swift-syntax'
        ➜ Explicit dependency on target 'SwiftBasicFormat' in project 'swift-syntax'
        ➜ Explicit dependency on target 'SwiftParserDiagnostics' in project 'swift-syntax'
        ➜ Explicit dependency on target 'SwiftSyntaxBuilder' in project 'swift-syntax'
        ➜ Explicit dependency on target 'SwiftIfConfig' in project 'swift-syntax'
        ➜ Explicit dependency on target 'SwiftSyntaxMacros' in project 'swift-syntax'
        ➜ Explicit dependency on target 'SwiftSyntaxMacroExpansion' in project 'swift-syntax'
        ➜ Explicit dependency on target 'SwiftCompilerPluginMessageHandling' in project 'swift-syntax'
    Target 'SwiftCompilerPluginMessageHandling' in project 'swift-syntax'
        ➜ Explicit dependency on target '_SwiftSyntaxCShims' in project 'swift-syntax'
        ➜ Explicit dependency on target 'SwiftSyntax509' in project 'swift-syntax'
        ➜ Explicit dependency on target 'SwiftSyntax510' in project 'swift-syntax'
        ➜ Explicit dependency on target 'SwiftSyntax600' in project 'swift-syntax'
        ➜ Explicit dependency on target 'SwiftSyntax601' in project 'swift-syntax'
        ➜ Explicit dependency on target 'SwiftSyntax602' in project 'swift-syntax'
        ➜ Explicit dependency on target 'SwiftSyntax603' in project 'swift-syntax'
        ➜ Explicit dependency on target 'SwiftSyntax604' in project 'swift-syntax'
        ➜ Explicit dependency on target 'SwiftSyntax' in project 'swift-syntax'
        ➜ Explicit dependency on target 'SwiftDiagnostics' in project 'swift-syntax'
        ➜ Explicit dependency on target 'SwiftParser' in project 'swift-syntax'
        ➜ Explicit dependency on target 'SwiftOperators' in project 'swift-syntax'
        ➜ Explicit dependency on target 'SwiftBasicFormat' in project 'swift-syntax'
        ➜ Explicit dependency on target 'SwiftParserDiagnostics' in project 'swift-syntax'
        ➜ Explicit dependency on target 'SwiftSyntaxBuilder' in project 'swift-syntax'
        ➜ Explicit dependency on target 'SwiftIfConfig' in project 'swift-syntax'
        ➜ Explicit dependency on target 'SwiftSyntaxMacros' in project 'swift-syntax'
        ➜ Explicit dependency on target 'SwiftSyntaxMacroExpansion' in project 'swift-syntax'
    Target 'SwiftSyntaxMacroExpansion' in project 'swift-syntax'
        ➜ Explicit dependency on target '_SwiftSyntaxCShims' in project 'swift-syntax'
        ➜ Explicit dependency on target 'SwiftSyntax509' in project 'swift-syntax'
        ➜ Explicit dependency on target 'SwiftSyntax510' in project 'swift-syntax'
        ➜ Explicit dependency on target 'SwiftSyntax600' in project 'swift-syntax'
        ➜ Explicit dependency on target 'SwiftSyntax601' in project 'swift-syntax'
        ➜ Explicit dependency on target 'SwiftSyntax602' in project 'swift-syntax'
        ➜ Explicit dependency on target 'SwiftSyntax603' in project 'swift-syntax'
        ➜ Explicit dependency on target 'SwiftSyntax604' in project 'swift-syntax'
        ➜ Explicit dependency on target 'SwiftSyntax' in project 'swift-syntax'
        ➜ Explicit dependency on target 'SwiftBasicFormat' in project 'swift-syntax'
        ➜ Explicit dependency on target 'SwiftParser' in project 'swift-syntax'
        ➜ Explicit dependency on target 'SwiftDiagnostics' in project 'swift-syntax'
        ➜ Explicit dependency on target 'SwiftParserDiagnostics' in project 'swift-syntax'
        ➜ Explicit dependency on target 'SwiftSyntaxBuilder' in project 'swift-syntax'
        ➜ Explicit dependency on target 'SwiftOperators' in project 'swift-syntax'
        ➜ Explicit dependency on target 'SwiftIfConfig' in project 'swift-syntax'
        ➜ Explicit dependency on target 'SwiftSyntaxMacros' in project 'swift-syntax'
    Target 'SwiftSyntaxMacros-product' in project 'swift-syntax'
        ➜ Explicit dependency on target 'SwiftSyntaxMacros' in project 'swift-syntax'
        ➜ Explicit dependency on target '_SwiftSyntaxCShims' in project 'swift-syntax'
        ➜ Explicit dependency on target 'SwiftSyntax509' in project 'swift-syntax'
        ➜ Explicit dependency on target 'SwiftSyntax510' in project 'swift-syntax'
        ➜ Explicit dependency on target 'SwiftSyntax600' in project 'swift-syntax'
        ➜ Explicit dependency on target 'SwiftSyntax601' in project 'swift-syntax'
        ➜ Explicit dependency on target 'SwiftSyntax602' in project 'swift-syntax'
        ➜ Explicit dependency on target 'SwiftSyntax603' in project 'swift-syntax'
        ➜ Explicit dependency on target 'SwiftSyntax604' in project 'swift-syntax'
        ➜ Explicit dependency on target 'SwiftSyntax' in project 'swift-syntax'
        ➜ Explicit dependency on target 'SwiftDiagnostics' in project 'swift-syntax'
        ➜ Explicit dependency on target 'SwiftBasicFormat' in project 'swift-syntax'
        ➜ Explicit dependency on target 'SwiftParser' in project 'swift-syntax'
        ➜ Explicit dependency on target 'SwiftParserDiagnostics' in project 'swift-syntax'
        ➜ Explicit dependency on target 'SwiftSyntaxBuilder' in project 'swift-syntax'
        ➜ Explicit dependency on target 'SwiftOperators' in project 'swift-syntax'
        ➜ Explicit dependency on target 'SwiftIfConfig' in project 'swift-syntax'
    Target 'SwiftSyntaxMacros' in project 'swift-syntax'
        ➜ Explicit dependency on target '_SwiftSyntaxCShims' in project 'swift-syntax'
        ➜ Explicit dependency on target 'SwiftSyntax509' in project 'swift-syntax'
        ➜ Explicit dependency on target 'SwiftSyntax510' in project 'swift-syntax'
        ➜ Explicit dependency on target 'SwiftSyntax600' in project 'swift-syntax'
        ➜ Explicit dependency on target 'SwiftSyntax601' in project 'swift-syntax'
        ➜ Explicit dependency on target 'SwiftSyntax602' in project 'swift-syntax'
        ➜ Explicit dependency on target 'SwiftSyntax603' in project 'swift-syntax'
        ➜ Explicit dependency on target 'SwiftSyntax604' in project 'swift-syntax'
        ➜ Explicit dependency on target 'SwiftSyntax' in project 'swift-syntax'
        ➜ Explicit dependency on target 'SwiftDiagnostics' in project 'swift-syntax'
        ➜ Explicit dependency on target 'SwiftBasicFormat' in project 'swift-syntax'
        ➜ Explicit dependency on target 'SwiftParser' in project 'swift-syntax'
        ➜ Explicit dependency on target 'SwiftParserDiagnostics' in project 'swift-syntax'
        ➜ Explicit dependency on target 'SwiftSyntaxBuilder' in project 'swift-syntax'
        ➜ Explicit dependency on target 'SwiftOperators' in project 'swift-syntax'
        ➜ Explicit dependency on target 'SwiftIfConfig' in project 'swift-syntax'
    Target 'SwiftIfConfig' in project 'swift-syntax'
        ➜ Explicit dependency on target '_SwiftSyntaxCShims' in project 'swift-syntax'
        ➜ Explicit dependency on target 'SwiftSyntax509' in project 'swift-syntax'
        ➜ Explicit dependency on target 'SwiftSyntax510' in project 'swift-syntax'
        ➜ Explicit dependency on target 'SwiftSyntax600' in project 'swift-syntax'
        ➜ Explicit dependency on target 'SwiftSyntax601' in project 'swift-syntax'
        ➜ Explicit dependency on target 'SwiftSyntax602' in project 'swift-syntax'
        ➜ Explicit dependency on target 'SwiftSyntax603' in project 'swift-syntax'
        ➜ Explicit dependency on target 'SwiftSyntax604' in project 'swift-syntax'
        ➜ Explicit dependency on target 'SwiftSyntax' in project 'swift-syntax'
        ➜ Explicit dependency on target 'SwiftBasicFormat' in project 'swift-syntax'
        ➜ Explicit dependency on target 'SwiftParser' in project 'swift-syntax'
        ➜ Explicit dependency on target 'SwiftDiagnostics' in project 'swift-syntax'
        ➜ Explicit dependency on target 'SwiftParserDiagnostics' in project 'swift-syntax'
        ➜ Explicit dependency on target 'SwiftSyntaxBuilder' in project 'swift-syntax'
        ➜ Explicit dependency on target 'SwiftOperators' in project 'swift-syntax'
    Target 'SwiftOperators' in project 'swift-syntax'
        ➜ Explicit dependency on target '_SwiftSyntaxCShims' in project 'swift-syntax'
        ➜ Explicit dependency on target 'SwiftSyntax509' in project 'swift-syntax'
        ➜ Explicit dependency on target 'SwiftSyntax510' in project 'swift-syntax'
        ➜ Explicit dependency on target 'SwiftSyntax600' in project 'swift-syntax'
        ➜ Explicit dependency on target 'SwiftSyntax601' in project 'swift-syntax'
        ➜ Explicit dependency on target 'SwiftSyntax602' in project 'swift-syntax'
        ➜ Explicit dependency on target 'SwiftSyntax603' in project 'swift-syntax'
        ➜ Explicit dependency on target 'SwiftSyntax604' in project 'swift-syntax'
        ➜ Explicit dependency on target 'SwiftSyntax' in project 'swift-syntax'
        ➜ Explicit dependency on target 'SwiftDiagnostics' in project 'swift-syntax'
        ➜ Explicit dependency on target 'SwiftParser' in project 'swift-syntax'
    Target 'SwiftSyntaxBuilder' in project 'swift-syntax'
        ➜ Explicit dependency on target '_SwiftSyntaxCShims' in project 'swift-syntax'
        ➜ Explicit dependency on target 'SwiftSyntax509' in project 'swift-syntax'
        ➜ Explicit dependency on target 'SwiftSyntax510' in project 'swift-syntax'
        ➜ Explicit dependency on target 'SwiftSyntax600' in project 'swift-syntax'
        ➜ Explicit dependency on target 'SwiftSyntax601' in project 'swift-syntax'
        ➜ Explicit dependency on target 'SwiftSyntax602' in project 'swift-syntax'
        ➜ Explicit dependency on target 'SwiftSyntax603' in project 'swift-syntax'
        ➜ Explicit dependency on target 'SwiftSyntax604' in project 'swift-syntax'
        ➜ Explicit dependency on target 'SwiftSyntax' in project 'swift-syntax'
        ➜ Explicit dependency on target 'SwiftBasicFormat' in project 'swift-syntax'
        ➜ Explicit dependency on target 'SwiftParser' in project 'swift-syntax'
        ➜ Explicit dependency on target 'SwiftDiagnostics' in project 'swift-syntax'
        ➜ Explicit dependency on target 'SwiftParserDiagnostics' in project 'swift-syntax'
    Target 'SwiftParserDiagnostics' in project 'swift-syntax'
        ➜ Explicit dependency on target '_SwiftSyntaxCShims' in project 'swift-syntax'
        ➜ Explicit dependency on target 'SwiftSyntax509' in project 'swift-syntax'
        ➜ Explicit dependency on target 'SwiftSyntax510' in project 'swift-syntax'
        ➜ Explicit dependency on target 'SwiftSyntax600' in project 'swift-syntax'
        ➜ Explicit dependency on target 'SwiftSyntax601' in project 'swift-syntax'
        ➜ Explicit dependency on target 'SwiftSyntax602' in project 'swift-syntax'
        ➜ Explicit dependency on target 'SwiftSyntax603' in project 'swift-syntax'
        ➜ Explicit dependency on target 'SwiftSyntax604' in project 'swift-syntax'
        ➜ Explicit dependency on target 'SwiftSyntax' in project 'swift-syntax'
        ➜ Explicit dependency on target 'SwiftBasicFormat' in project 'swift-syntax'
        ➜ Explicit dependency on target 'SwiftDiagnostics' in project 'swift-syntax'
        ➜ Explicit dependency on target 'SwiftParser' in project 'swift-syntax'
    Target 'SwiftParser' in project 'swift-syntax'
        ➜ Explicit dependency on target '_SwiftSyntaxCShims' in project 'swift-syntax'
        ➜ Explicit dependency on target 'SwiftSyntax509' in project 'swift-syntax'
        ➜ Explicit dependency on target 'SwiftSyntax510' in project 'swift-syntax'
        ➜ Explicit dependency on target 'SwiftSyntax600' in project 'swift-syntax'
        ➜ Explicit dependency on target 'SwiftSyntax601' in project 'swift-syntax'
        ➜ Explicit dependency on target 'SwiftSyntax602' in project 'swift-syntax'
        ➜ Explicit dependency on target 'SwiftSyntax603' in project 'swift-syntax'
        ➜ Explicit dependency on target 'SwiftSyntax604' in project 'swift-syntax'
        ➜ Explicit dependency on target 'SwiftSyntax' in project 'swift-syntax'
    Target 'SwiftBasicFormat' in project 'swift-syntax'
        ➜ Explicit dependency on target '_SwiftSyntaxCShims' in project 'swift-syntax'
        ➜ Explicit dependency on target 'SwiftSyntax509' in project 'swift-syntax'
        ➜ Explicit dependency on target 'SwiftSyntax510' in project 'swift-syntax'
        ➜ Explicit dependency on target 'SwiftSyntax600' in project 'swift-syntax'
        ➜ Explicit dependency on target 'SwiftSyntax601' in project 'swift-syntax'
        ➜ Explicit dependency on target 'SwiftSyntax602' in project 'swift-syntax'
        ➜ Explicit dependency on target 'SwiftSyntax603' in project 'swift-syntax'
        ➜ Explicit dependency on target 'SwiftSyntax604' in project 'swift-syntax'
        ➜ Explicit dependency on target 'SwiftSyntax' in project 'swift-syntax'
    Target 'SwiftDiagnostics' in project 'swift-syntax'
        ➜ Explicit dependency on target '_SwiftSyntaxCShims' in project 'swift-syntax'
        ➜ Explicit dependency on target 'SwiftSyntax509' in project 'swift-syntax'
        ➜ Explicit dependency on target 'SwiftSyntax510' in project 'swift-syntax'
        ➜ Explicit dependency on target 'SwiftSyntax600' in project 'swift-syntax'
        ➜ Explicit dependency on target 'SwiftSyntax601' in project 'swift-syntax'
        ➜ Explicit dependency on target 'SwiftSyntax602' in project 'swift-syntax'
        ➜ Explicit dependency on target 'SwiftSyntax603' in project 'swift-syntax'
        ➜ Explicit dependency on target 'SwiftSyntax604' in project 'swift-syntax'
        ➜ Explicit dependency on target 'SwiftSyntax' in project 'swift-syntax'
    Target 'SwiftSyntax' in project 'swift-syntax'
        ➜ Explicit dependency on target '_SwiftSyntaxCShims' in project 'swift-syntax'
        ➜ Explicit dependency on target 'SwiftSyntax509' in project 'swift-syntax'
        ➜ Explicit dependency on target 'SwiftSyntax510' in project 'swift-syntax'
        ➜ Explicit dependency on target 'SwiftSyntax600' in project 'swift-syntax'
        ➜ Explicit dependency on target 'SwiftSyntax601' in project 'swift-syntax'
        ➜ Explicit dependency on target 'SwiftSyntax602' in project 'swift-syntax'
        ➜ Explicit dependency on target 'SwiftSyntax603' in project 'swift-syntax'
        ➜ Explicit dependency on target 'SwiftSyntax604' in project 'swift-syntax'
    Target 'SwiftSyntax604' in project 'swift-syntax' (no dependencies)
    Target 'SwiftSyntax603' in project 'swift-syntax' (no dependencies)
    Target 'SwiftSyntax602' in project 'swift-syntax' (no dependencies)
    Target 'SwiftSyntax601' in project 'swift-syntax' (no dependencies)
    Target 'SwiftSyntax600' in project 'swift-syntax' (no dependencies)
    Target 'SwiftSyntax510' in project 'swift-syntax' (no dependencies)
    Target 'SwiftSyntax509' in project 'swift-syntax' (no dependencies)
    Target '_SwiftSyntaxCShims' in project 'swift-syntax' (no dependencies)
    Target 'swift-composable-architecture_ComposableArchitecture' in project 'swift-composable-architecture' (no dependencies)
GatherProvisioningInputs
CreateBuildDescription
ClangStatCache /Applications/Xcode-27.0.0-Release.Candidate.app/Contents/Developer/Toolchains/XcodeDefault.xctoolchain/usr/bin/clang-stat-cache /Applications/Xcode-27.0.0-Release.Candidate.app/Contents/Developer/Platforms/XROS.platform/Developer/SDKs/XROS27.0.sdk /Users/admin/builder/spi-builder-workspace/.derivedData/SDKStatCaches.noindex/xros27.0-24M361-e829b21a6f8c9b70876ba0858053c044735bd543db762f57723cac368afd1ce4.sdkstatcache
    cd /Users/admin/builder/spi-builder-workspace/.swiftpm/xcode
    /Applications/Xcode-27.0.0-Release.Candidate.app/Contents/Developer/Toolchains/XcodeDefault.xctoolchain/usr/bin/clang-stat-cache /Applications/Xcode-27.0.0-Release.Candidate.app/Contents/Developer/Platforms/XROS.platform/Developer/SDKs/XROS27.0.sdk -o /Users/admin/builder/spi-builder-workspace/.derivedData/SDKStatCaches.noindex/xros27.0-24M361-e829b21a6f8c9b70876ba0858053c044735bd543db762f57723cac368afd1ce4.sdkstatcache
ClangStatCache /Applications/Xcode-27.0.0-Release.Candidate.app/Contents/Developer/Toolchains/XcodeDefault.xctoolchain/usr/bin/clang-stat-cache /Applications/Xcode-27.0.0-Release.Candidate.app/Contents/Developer/Platforms/MacOSX.platform/Developer/SDKs/MacOSX27.0.sdk /Users/admin/builder/spi-builder-workspace/.derivedData/SDKStatCaches.noindex/macosx27.0-26A425-e829b21a6f8c9b70876ba0858053c0446a22442a12e9d48fe1a705f55a1adfc4.sdkstatcache
    cd /Users/admin/builder/spi-builder-workspace/.swiftpm/xcode
    /Applications/Xcode-27.0.0-Release.Candidate.app/Contents/Developer/Toolchains/XcodeDefault.xctoolchain/usr/bin/clang-stat-cache /Applications/Xcode-27.0.0-Release.Candidate.app/Contents/Developer/Platforms/MacOSX.platform/Developer/SDKs/MacOSX27.0.sdk -o /Users/admin/builder/spi-builder-workspace/.derivedData/SDKStatCaches.noindex/macosx27.0-26A425-e829b21a6f8c9b70876ba0858053c0446a22442a12e9d48fe1a705f55a1adfc4.sdkstatcache
SwiftDriver ComposableArchitecture normal arm64 com.apple.xcode.tools.swift.compiler (in target 'ComposableArchitecture' from project 'swift-composable-architecture')
    cd /Users/admin/builder/spi-builder-workspace/.swiftpm/xcode
    builtin-SwiftDriver -- /Applications/Xcode-27.0.0-Release.Candidate.app/Contents/Developer/Toolchains/XcodeDefault.xctoolchain/usr/bin/swiftc -parse-as-library -module-name ComposableArchitecture -Onone @/Users/admin/builder/spi-builder-workspace/.derivedData/Build/Intermediates.noindex/swift-composable-architecture.build/Debug-xros/ComposableArchitecture-t.build/Objects-normal/arm64/ComposableArchitecture.SwiftFileList -DSWIFT_PACKAGE -DDEBUG -DSWIFT_MODULE_RESOURCE_BUNDLE_AVAILABLE -Xcc -fmodule-map-file\=/Users/admin/builder/spi-builder-workspace/.derivedData/Build/Intermediates.noindex/GeneratedModuleMaps-xros/UIKitNavigationShim.modulemap -DXcode -enable-upcoming-feature ExistentialAny -plugin-path /Applications/Xcode-27.0.0-Release.Candidate.app/Contents/Developer/Toolchains/XcodeDefault.xctoolchain/usr/lib/swift/host/plugins/testing -enable-experimental-feature DebugDescriptionMacro -sdk /Applications/Xcode-27.0.0-Release.Candidate.app/Contents/Developer/Platforms/XROS.platform/Developer/SDKs/XROS27.0.sdk -target arm64-apple-xros1.0 -g -module-cache-path /Users/admin/builder/spi-builder-workspace/.derivedData/ModuleCache.noindex -Xfrontend -serialize-debugging-options -enable-testing -suppress-warnings -index-store-path /Users/admin/builder/spi-builder-workspace/.derivedData/Index.noindex/DataStore -Xcc -D_LIBCPP_HARDENING_MODE\=_LIBCPP_HARDENING_MODE_DEBUG -swift-version 6 -I /Users/admin/builder/spi-builder-workspace/.derivedData/Build/Products/Debug-xros -Isystem /Applications/Xcode-27.0.0-Release.Candidate.app/Contents/Developer/Platforms/XROS.platform/Developer/usr/lib -F /Users/admin/builder/spi-builder-workspace/.derivedData/Build/Products/Debug-xros/PackageFrameworks -F /Users/admin/builder/spi-builder-workspace/.derivedData/Build/Products/Debug-xros -F /Applications/Xcode-27.0.0-Release.Candidate.app/Contents/Developer/Platforms/XROS.platform/Developer/Library/Frameworks -F /Applications/Xcode-27.0.0-Release.Candidate.app/Contents/Developer/Platforms/XROS.platform/Developer/SDKs/XROS27.0.sdk/Developer/Library/Frameworks -Xfrontend -load-plugin-executable -Xfrontend /Users/admin/builder/spi-builder-workspace/.derivedData/Build/Products/Debug/CasePathsMacros\#CasePathsMacros -Xfrontend -load-plugin-executable -Xfrontend /Users/admin/builder/spi-builder-workspace/.derivedData/Build/Products/Debug/ComposableArchitectureMacros\#ComposableArchitectureMacros -Xfrontend -load-plugin-executable -Xfrontend /Users/admin/builder/spi-builder-workspace/.derivedData/Build/Products/Debug/DependenciesMacrosPlugin\#DependenciesMacrosPlugin -Xfrontend -load-plugin-executable -Xfrontend /Users/admin/builder/spi-builder-workspace/.derivedData/Build/Products/Debug/PerceptionMacros\#PerceptionMacros -Xfrontend -load-plugin-executable -Xfrontend /Users/admin/builder/spi-builder-workspace/.derivedData/Build/Products/Debug/SwiftNavigationMacros\#SwiftNavigationMacros -c -j10 -enable-batch-mode -incremental -Xcc -ivfsstatcache -Xcc /Users/admin/builder/spi-builder-workspace/.derivedData/SDKStatCaches.noindex/xros27.0-24M361-e829b21a6f8c9b70876ba0858053c044735bd543db762f57723cac368afd1ce4.sdkstatcache -output-file-map /Users/admin/builder/spi-builder-workspace/.derivedData/Build/Intermediates.noindex/swift-composable-architecture.build/Debug-xros/ComposableArchitecture-t.build/Objects-normal/arm64/ComposableArchitecture-OutputFileMap.json -save-temps -no-color-diagnostics -explicit-module-build -module-cache-path /Users/admin/builder/spi-builder-workspace/.derivedData/Build/Intermediates.noindex/SwiftExplicitPrecompiledModules -clang-scanner-module-cache-path /Users/admin/builder/spi-builder-workspace/.derivedData/ModuleCache.noindex -sdk-module-cache-path /Users/admin/builder/spi-builder-workspace/.derivedData/SDKExplicitPrecompiledModules -emit-dependencies -emit-module -emit-module-path /Users/admin/builder/spi-builder-workspace/.derivedData/Build/Intermediates.noindex/swift-composable-architecture.build/Debug-xros/ComposableArchitecture-t.build/Objects-normal/arm64/ComposableArchitecture.swiftmodule -serialize-diagnostics -dependency-scan-serialize-diagnostics-path /Users/admin/builder/spi-builder-workspace/.derivedData/Build/Intermediates.noindex/swift-composable-architecture.build/Debug-xros/ComposableArchitecture-t.build/Objects-normal/arm64/ComposableArchitecture-dependency-scan.dia -user-module-version 1.26.2 -validate-clang-modules-once -clang-build-session-file /Users/admin/builder/spi-builder-workspace/.derivedData/ModuleCache.noindex/Session.modulevalidation -Xcc -fmodules-prune-interval\=86400 -Xcc -fmodules-prune-after\=345600 -package-name swift_composable_architecture -emit-const-values -const-gather-protocols-list /Users/admin/builder/spi-builder-workspace/.derivedData/Build/Intermediates.noindex/swift-composable-architecture.build/Debug-xros/ComposableArchitecture-t.build/Objects-normal/arm64/ComposableArchitecture_const_extract_protocols.json -Xcc -I/Users/admin/builder/spi-builder-workspace/.dependencies/checkouts/swift-navigation/Sources/UIKitNavigationShim/include -Xcc -I/Users/admin/builder/spi-builder-workspace/.derivedData/Build/Products/Debug-xros/include -Xcc -I/Users/admin/builder/spi-builder-workspace/.derivedData/Build/Intermediates.noindex/swift-composable-architecture.build/Debug-xros/ComposableArchitecture-t.build/DerivedSources-normal/arm64 -Xcc -I/Users/admin/builder/spi-builder-workspace/.derivedData/Build/Intermediates.noindex/swift-composable-architecture.build/Debug-xros/ComposableArchitecture-t.build/DerivedSources/arm64 -Xcc -I/Users/admin/builder/spi-builder-workspace/.derivedData/Build/Intermediates.noindex/swift-composable-architecture.build/Debug-xros/ComposableArchitecture-t.build/DerivedSources -Xcc -DSWIFT_PACKAGE -Xcc -DDEBUG\=1 -emit-objc-header -emit-objc-header-path /Users/admin/builder/spi-builder-workspace/.derivedData/Build/Intermediates.noindex/swift-composable-architecture.build/Debug-xros/ComposableArchitecture-t.build/Objects-normal/arm64/ComposableArchitecture-Swift.h -working-directory /Users/admin/builder/spi-builder-workspace/.swiftpm/xcode -experimental-emit-module-separately -disable-cmo
SwiftDriver ComposableAnalytics normal arm64 com.apple.xcode.tools.swift.compiler (in target 'ComposableAnalytics' from project 'swift-composable-analytics')
    cd /Users/admin/builder/spi-builder-workspace/.swiftpm/xcode
    builtin-SwiftDriver -- /Applications/Xcode-27.0.0-Release.Candidate.app/Contents/Developer/Toolchains/XcodeDefault.xctoolchain/usr/bin/swiftc -parse-as-library -module-name ComposableAnalytics -Onone @/Users/admin/builder/spi-builder-workspace/.derivedData/Build/Intermediates.noindex/swift-composable-analytics.build/Debug-xros/ComposableAnalytics-t.build/Objects-normal/arm64/ComposableAnalytics.SwiftFileList -DSWIFT_PACKAGE -DDEBUG -DSWIFT_MODULE_RESOURCE_BUNDLE_UNAVAILABLE -Xcc -fmodule-map-file\=/Users/admin/builder/spi-builder-workspace/.derivedData/Build/Intermediates.noindex/GeneratedModuleMaps-xros/UIKitNavigationShim.modulemap -DXcode -plugin-path /Applications/Xcode-27.0.0-Release.Candidate.app/Contents/Developer/Toolchains/XcodeDefault.xctoolchain/usr/lib/swift/host/plugins/testing -enable-experimental-feature DebugDescriptionMacro -sdk /Applications/Xcode-27.0.0-Release.Candidate.app/Contents/Developer/Platforms/XROS.platform/Developer/SDKs/XROS27.0.sdk -target arm64-apple-xros1.0 -g -module-cache-path /Users/admin/builder/spi-builder-workspace/.derivedData/ModuleCache.noindex -Xfrontend -serialize-debugging-options -enable-testing -index-store-path /Users/admin/builder/spi-builder-workspace/.derivedData/Index.noindex/DataStore -Xcc -D_LIBCPP_HARDENING_MODE\=_LIBCPP_HARDENING_MODE_DEBUG -swift-version 5 -I /Users/admin/builder/spi-builder-workspace/.derivedData/Build/Products/Debug-xros -Isystem /Applications/Xcode-27.0.0-Release.Candidate.app/Contents/Developer/Platforms/XROS.platform/Developer/usr/lib -F /Users/admin/builder/spi-builder-workspace/.derivedData/Build/Products/Debug-xros/PackageFrameworks -F /Users/admin/builder/spi-builder-workspace/.derivedData/Build/Products/Debug-xros -F /Applications/Xcode-27.0.0-Release.Candidate.app/Contents/Developer/Platforms/XROS.platform/Developer/Library/Frameworks -F /Applications/Xcode-27.0.0-Release.Candidate.app/Contents/Developer/Platforms/XROS.platform/Developer/SDKs/XROS27.0.sdk/Developer/Library/Frameworks -Xfrontend -load-plugin-executable -Xfrontend /Users/admin/builder/spi-builder-workspace/.derivedData/Build/Products/Debug/CasePathsMacros\#CasePathsMacros -Xfrontend -load-plugin-executable -Xfrontend /Users/admin/builder/spi-builder-workspace/.derivedData/Build/Products/Debug/ComposableArchitectureMacros\#ComposableArchitectureMacros -Xfrontend -load-plugin-executable -Xfrontend /Users/admin/builder/spi-builder-workspace/.derivedData/Build/Products/Debug/DependenciesMacrosPlugin\#DependenciesMacrosPlugin -Xfrontend -load-plugin-executable -Xfrontend /Users/admin/builder/spi-builder-workspace/.derivedData/Build/Products/Debug/PerceptionMacros\#PerceptionMacros -Xfrontend -load-plugin-executable -Xfrontend /Users/admin/builder/spi-builder-workspace/.derivedData/Build/Products/Debug/SwiftNavigationMacros\#SwiftNavigationMacros -c -j10 -enable-batch-mode -incremental -Xcc -ivfsstatcache -Xcc /Users/admin/builder/spi-builder-workspace/.derivedData/SDKStatCaches.noindex/xros27.0-24M361-e829b21a6f8c9b70876ba0858053c044735bd543db762f57723cac368afd1ce4.sdkstatcache -output-file-map /Users/admin/builder/spi-builder-workspace/.derivedData/Build/Intermediates.noindex/swift-composable-analytics.build/Debug-xros/ComposableAnalytics-t.build/Objects-normal/arm64/ComposableAnalytics-OutputFileMap.json -save-temps -no-color-diagnostics -explicit-module-build -module-cache-path /Users/admin/builder/spi-builder-workspace/.derivedData/Build/Intermediates.noindex/SwiftExplicitPrecompiledModules -clang-scanner-module-cache-path /Users/admin/builder/spi-builder-workspace/.derivedData/ModuleCache.noindex -sdk-module-cache-path /Users/admin/builder/spi-builder-workspace/.derivedData/SDKExplicitPrecompiledModules -emit-dependencies -emit-module -emit-module-path /Users/admin/builder/spi-builder-workspace/.derivedData/Build/Intermediates.noindex/swift-composable-analytics.build/Debug-xros/ComposableAnalytics-t.build/Objects-normal/arm64/ComposableAnalytics.swiftmodule -serialize-diagnostics -dependency-scan-serialize-diagnostics-path /Users/admin/builder/spi-builder-workspace/.derivedData/Build/Intermediates.noindex/swift-composable-analytics.build/Debug-xros/ComposableAnalytics-t.build/Objects-normal/arm64/ComposableAnalytics-dependency-scan.dia -validate-clang-modules-once -clang-build-session-file /Users/admin/builder/spi-builder-workspace/.derivedData/ModuleCache.noindex/Session.modulevalidation -Xcc -fmodules-prune-interval\=86400 -Xcc -fmodules-prune-after\=345600 -emit-const-values -const-gather-protocols-list /Users/admin/builder/spi-builder-workspace/.derivedData/Build/Intermediates.noindex/swift-composable-analytics.build/Debug-xros/ComposableAnalytics-t.build/Objects-normal/arm64/ComposableAnalytics_const_extract_protocols.json -Xcc -I/Users/admin/builder/spi-builder-workspace/.dependencies/checkouts/swift-navigation/Sources/UIKitNavigationShim/include -Xcc -I/Users/admin/builder/spi-builder-workspace/.derivedData/Build/Products/Debug-xros/include -Xcc -I/Users/admin/builder/spi-builder-workspace/.derivedData/Build/Intermediates.noindex/swift-composable-analytics.build/Debug-xros/ComposableAnalytics-t.build/DerivedSources-normal/arm64 -Xcc -I/Users/admin/builder/spi-builder-workspace/.derivedData/Build/Intermediates.noindex/swift-composable-analytics.build/Debug-xros/ComposableAnalytics-t.build/DerivedSources/arm64 -Xcc -I/Users/admin/builder/spi-builder-workspace/.derivedData/Build/Intermediates.noindex/swift-composable-analytics.build/Debug-xros/ComposableAnalytics-t.build/DerivedSources -Xcc -DSWIFT_PACKAGE -Xcc -DDEBUG\=1 -emit-objc-header -emit-objc-header-path /Users/admin/builder/spi-builder-workspace/.derivedData/Build/Intermediates.noindex/swift-composable-analytics.build/Debug-xros/ComposableAnalytics-t.build/Objects-normal/arm64/ComposableAnalytics-Swift.h -working-directory /Users/admin/builder/spi-builder-workspace/.swiftpm/xcode -experimental-emit-module-separately -disable-cmo
error: Clang dependency scanning failure:  (in target 'ComposableAnalytics' from project 'swift-composable-analytics')
error: Clang dependency scanning failure:  (in target 'ComposableAnalytics' from project 'swift-composable-analytics')
error: Clang dependency scanning failure:  (in target 'ComposableAnalytics' from project 'swift-composable-analytics')
error: Clang dependency scanning failure:  (in target 'ComposableAnalytics' from project 'swift-composable-analytics')
error: Clang dependency scanning failure:  (in target 'ComposableAnalytics' from project 'swift-composable-analytics')
error: Clang dependency scanning failure:  (in target 'ComposableAnalytics' from project 'swift-composable-analytics')
error: Clang dependency scanning failure:  (in target 'ComposableAnalytics' from project 'swift-composable-analytics')
error: Clang dependency scanning failure:  (in target 'ComposableAnalytics' from project 'swift-composable-analytics')
error: Clang dependency scanning failure:  (in target 'ComposableAnalytics' from project 'swift-composable-analytics')
error: Clang dependency scanning failure:  (in target 'ComposableAnalytics' from project 'swift-composable-analytics')
/Users/admin/builder/spi-builder-workspace/Sources/ComposableAnalytics/AnalyticsClient.swift:2:8: error: Unable to resolve module dependency: 'XCTestDynamicOverlay' (in target 'ComposableAnalytics' from project 'swift-composable-analytics')
    note: A dependency of main module 'ComposableAnalytics'
/Users/admin/builder/spi-builder-workspace/Sources/ComposableAnalytics/AnalyticsClient.swift:2:8: note: A dependency of main module 'ComposableAnalytics'
import XCTestDynamicOverlay
       ^ (in target 'ComposableAnalytics' from project 'swift-composable-analytics')
PruneExplicitPrecompiledModules /Users/admin/builder/spi-builder-workspace/.derivedData/Build/Intermediates.noindex/SwiftExplicitPrecompiledModules
PruneExplicitPrecompiledModules /Users/admin/builder/spi-builder-workspace/.derivedData/Build/Intermediates.noindex/ExplicitPrecompiledModules
PruneExplicitPrecompiledModules /Users/admin/builder/spi-builder-workspace/.derivedData/SDKExplicitPrecompiledModules
2026-09-19 16:38:57.270 xcodebuild[2648:13871] [MT] IDERunDestination: Supported platforms for the buildables in the current scheme is empty.
** BUILD FAILED **
The following build commands failed:
	SwiftDriver ComposableAnalytics normal arm64 com.apple.xcode.tools.swift.compiler (in target 'ComposableAnalytics' from project 'swift-composable-analytics')
	Building workspace swift-composable-analytics with scheme swift-composable-analytics
(2 failures)
BUILD FAILURE 6.4 visionOS