Build Information
Failed to build SwishAppStore, reference 0.2.0 (b7aa3d), with Swift 6.4 for watchOS using Xcode 27.0 on 20 Sep 2026 12:55:16 UTC.
Build Command
env DEVELOPER_DIR=/Applications/Xcode-27.0.0-Release.Candidate.app xcrun xcodebuild -IDEClonedSourcePackagesDirPathOverride=$PWD/.dependencies -skipMacroValidation -skipPackagePluginValidation -derivedDataPath $PWD/.derivedData build -scheme SwishAppStore -destination generic/platform=watchOSBuild Log
cd /Users/admin/builder/spi-builder-workspace/.swiftpm/xcode
/Applications/Xcode-27.0.0-Release.Candidate.app/Contents/Developer/Toolchains/XcodeDefault.xctoolchain/usr/bin/clang-stat-cache /Applications/Xcode-27.0.0-Release.Candidate.app/Contents/Developer/Platforms/WatchOS.platform/Developer/SDKs/WatchOS27.0.sdk -o /Users/admin/builder/spi-builder-workspace/.derivedData/SDKStatCaches.noindex/watchos27.0-24R360-e829b21a6f8c9b70876ba0858053c04477534ef55a1706bf4c1112bbb242f0a2.sdkstatcache
CreateBuildDirectory /Users/admin/builder/spi-builder-workspace/.derivedData/Build/Products
cd /Users/admin/builder/spi-builder-workspace/.swiftpm/xcode
builtin-create-build-directory /Users/admin/builder/spi-builder-workspace/.derivedData/Build/Products
CreateBuildDirectory /Users/admin/builder/spi-builder-workspace/.derivedData/Build/Intermediates.noindex
cd /Users/admin/builder/spi-builder-workspace/.swiftpm/xcode
builtin-create-build-directory /Users/admin/builder/spi-builder-workspace/.derivedData/Build/Intermediates.noindex
CreateBuildDirectory /Users/admin/builder/spi-builder-workspace/.derivedData/Build/Intermediates.noindex/SwiftExplicitPrecompiledModules
cd /Users/admin/builder/spi-builder-workspace/.swiftpm/xcode
builtin-create-build-directory /Users/admin/builder/spi-builder-workspace/.derivedData/Build/Intermediates.noindex/SwiftExplicitPrecompiledModules
CreateBuildDirectory /Users/admin/builder/spi-builder-workspace/.derivedData/Build/Intermediates.noindex/PrecompiledHeaders
cd /Users/admin/builder/spi-builder-workspace/.swiftpm/xcode
builtin-create-build-directory /Users/admin/builder/spi-builder-workspace/.derivedData/Build/Intermediates.noindex/PrecompiledHeaders
CreateBuildDirectory /Users/admin/builder/spi-builder-workspace/.derivedData/Build/Products/Debug-watchos
cd /Users/admin/builder/spi-builder-workspace/.swiftpm/xcode
builtin-create-build-directory /Users/admin/builder/spi-builder-workspace/.derivedData/Build/Products/Debug-watchos
CreateBuildDirectory /Users/admin/builder/spi-builder-workspace/.derivedData/Build/Intermediates.noindex/ExplicitPrecompiledModules
cd /Users/admin/builder/spi-builder-workspace/.swiftpm/xcode
builtin-create-build-directory /Users/admin/builder/spi-builder-workspace/.derivedData/Build/Intermediates.noindex/ExplicitPrecompiledModules
CreateBuildDirectory /Users/admin/builder/spi-builder-workspace/.derivedData/Build/Intermediates.noindex/EagerLinkingTBDs/Debug-watchos
cd /Users/admin/builder/spi-builder-workspace/.swiftpm/xcode
builtin-create-build-directory /Users/admin/builder/spi-builder-workspace/.derivedData/Build/Intermediates.noindex/EagerLinkingTBDs/Debug-watchos
CreateBuildDirectory /Users/admin/builder/spi-builder-workspace/.derivedData/Build/Products/Debug-watchos/PackageFrameworks
cd /Users/admin/builder/spi-builder-workspace/.swiftpm/xcode
builtin-create-build-directory /Users/admin/builder/spi-builder-workspace/.derivedData/Build/Products/Debug-watchos/PackageFrameworks
WriteAuxiliaryFile /Users/admin/builder/spi-builder-workspace/.derivedData/Build/Intermediates.noindex/ShXcrun.build/Debug-watchos/ShXcrun-t.build/ShXcrun.modulemap (in target 'ShXcrun' from project 'ShXcrun')
cd /Users/admin/builder/spi-builder-workspace/.dependencies/checkouts/ShXcrun
write-file /Users/admin/builder/spi-builder-workspace/.derivedData/Build/Intermediates.noindex/ShXcrun.build/Debug-watchos/ShXcrun-t.build/ShXcrun.modulemap
WriteAuxiliaryFile /Users/admin/builder/spi-builder-workspace/.derivedData/Build/Intermediates.noindex/SwishAppStore.build/Debug-watchos/SwishAppStore-t.build/SwishAppStore.modulemap (in target 'SwishAppStore' from project 'SwishAppStore')
cd /Users/admin/builder/spi-builder-workspace
write-file /Users/admin/builder/spi-builder-workspace/.derivedData/Build/Intermediates.noindex/SwishAppStore.build/Debug-watchos/SwishAppStore-t.build/SwishAppStore.modulemap
WriteAuxiliaryFile /Users/admin/builder/spi-builder-workspace/.derivedData/Build/Intermediates.noindex/SwishAppStore.build/Debug-watchos/SwishAppStore-t.build/SwishAppStore.DependencyStaticMetadataFileList (in target 'SwishAppStore' from project 'SwishAppStore')
cd /Users/admin/builder/spi-builder-workspace
write-file /Users/admin/builder/spi-builder-workspace/.derivedData/Build/Intermediates.noindex/SwishAppStore.build/Debug-watchos/SwishAppStore-t.build/SwishAppStore.DependencyStaticMetadataFileList
WriteAuxiliaryFile /Users/admin/builder/spi-builder-workspace/.derivedData/Build/Intermediates.noindex/SwishAppStore.build/Debug-watchos/SwishAppStore-t.build/SwishAppStore.DependencyMetadataFileList (in target 'SwishAppStore' from project 'SwishAppStore')
cd /Users/admin/builder/spi-builder-workspace
write-file /Users/admin/builder/spi-builder-workspace/.derivedData/Build/Intermediates.noindex/SwishAppStore.build/Debug-watchos/SwishAppStore-t.build/SwishAppStore.DependencyMetadataFileList
WriteAuxiliaryFile /Users/admin/builder/spi-builder-workspace/.derivedData/Build/Intermediates.noindex/ShXcrun.build/Debug-watchos/ShXcrun-t.build/Objects-normal/arm64_32/ShXcrun_const_extract_protocols.json (in target 'ShXcrun' from project 'ShXcrun')
cd /Users/admin/builder/spi-builder-workspace/.dependencies/checkouts/ShXcrun
write-file /Users/admin/builder/spi-builder-workspace/.derivedData/Build/Intermediates.noindex/ShXcrun.build/Debug-watchos/ShXcrun-t.build/Objects-normal/arm64_32/ShXcrun_const_extract_protocols.json
WriteAuxiliaryFile /Users/admin/builder/spi-builder-workspace/.derivedData/Build/Intermediates.noindex/ShXcrun.build/Debug-watchos/ShXcrun-t.build/Objects-normal/arm64_32/ShXcrun-OutputFileMap.json (in target 'ShXcrun' from project 'ShXcrun')
cd /Users/admin/builder/spi-builder-workspace/.dependencies/checkouts/ShXcrun
write-file /Users/admin/builder/spi-builder-workspace/.derivedData/Build/Intermediates.noindex/ShXcrun.build/Debug-watchos/ShXcrun-t.build/Objects-normal/arm64_32/ShXcrun-OutputFileMap.json
WriteAuxiliaryFile /Users/admin/builder/spi-builder-workspace/.derivedData/Build/Intermediates.noindex/SwishAppStore.build/Debug-watchos/SwishAppStore-t.build/Objects-normal/arm64_32/SwishAppStore.SwiftFileList (in target 'SwishAppStore' from project 'SwishAppStore')
cd /Users/admin/builder/spi-builder-workspace
write-file /Users/admin/builder/spi-builder-workspace/.derivedData/Build/Intermediates.noindex/SwishAppStore.build/Debug-watchos/SwishAppStore-t.build/Objects-normal/arm64_32/SwishAppStore.SwiftFileList
WriteAuxiliaryFile /Users/admin/builder/spi-builder-workspace/.derivedData/Build/Intermediates.noindex/SwishAppStore.build/Debug-watchos/SwishAppStore-t.build/Objects-normal/arm64_32/SwishAppStore_const_extract_protocols.json (in target 'SwishAppStore' from project 'SwishAppStore')
cd /Users/admin/builder/spi-builder-workspace
write-file /Users/admin/builder/spi-builder-workspace/.derivedData/Build/Intermediates.noindex/SwishAppStore.build/Debug-watchos/SwishAppStore-t.build/Objects-normal/arm64_32/SwishAppStore_const_extract_protocols.json
WriteAuxiliaryFile /Users/admin/builder/spi-builder-workspace/.derivedData/Build/Intermediates.noindex/SwishAppStore.build/Debug-watchos/SwishAppStore-t.build/Objects-normal/arm64_32/SwishAppStore.SwiftConstValuesFileList (in target 'SwishAppStore' from project 'SwishAppStore')
cd /Users/admin/builder/spi-builder-workspace
write-file /Users/admin/builder/spi-builder-workspace/.derivedData/Build/Intermediates.noindex/SwishAppStore.build/Debug-watchos/SwishAppStore-t.build/Objects-normal/arm64_32/SwishAppStore.SwiftConstValuesFileList
WriteAuxiliaryFile /Users/admin/builder/spi-builder-workspace/.derivedData/Build/Intermediates.noindex/SwishAppStore.build/Debug-watchos/SwishAppStore-t.build/Objects-normal/arm64_32/SwishAppStore.LinkFileList (in target 'SwishAppStore' from project 'SwishAppStore')
cd /Users/admin/builder/spi-builder-workspace
write-file /Users/admin/builder/spi-builder-workspace/.derivedData/Build/Intermediates.noindex/SwishAppStore.build/Debug-watchos/SwishAppStore-t.build/Objects-normal/arm64_32/SwishAppStore.LinkFileList
WriteAuxiliaryFile /Users/admin/builder/spi-builder-workspace/.derivedData/Build/Intermediates.noindex/SwishAppStore.build/Debug-watchos/SwishAppStore-t.build/Objects-normal/arm64_32/SwishAppStore-OutputFileMap.json (in target 'SwishAppStore' from project 'SwishAppStore')
cd /Users/admin/builder/spi-builder-workspace
write-file /Users/admin/builder/spi-builder-workspace/.derivedData/Build/Intermediates.noindex/SwishAppStore.build/Debug-watchos/SwishAppStore-t.build/Objects-normal/arm64_32/SwishAppStore-OutputFileMap.json
WriteAuxiliaryFile /Users/admin/builder/spi-builder-workspace/.derivedData/Build/Intermediates.noindex/SwishAppStore.build/Debug-watchos/SwishAppStore-t.build/Objects-normal/arm64/SwishAppStore_const_extract_protocols.json (in target 'SwishAppStore' from project 'SwishAppStore')
cd /Users/admin/builder/spi-builder-workspace
write-file /Users/admin/builder/spi-builder-workspace/.derivedData/Build/Intermediates.noindex/SwishAppStore.build/Debug-watchos/SwishAppStore-t.build/Objects-normal/arm64/SwishAppStore_const_extract_protocols.json
WriteAuxiliaryFile /Users/admin/builder/spi-builder-workspace/.derivedData/Build/Intermediates.noindex/SwishAppStore.build/Debug-watchos/SwishAppStore-t.build/Objects-normal/arm64/SwishAppStore.SwiftConstValuesFileList (in target 'SwishAppStore' from project 'SwishAppStore')
cd /Users/admin/builder/spi-builder-workspace
write-file /Users/admin/builder/spi-builder-workspace/.derivedData/Build/Intermediates.noindex/SwishAppStore.build/Debug-watchos/SwishAppStore-t.build/Objects-normal/arm64/SwishAppStore.SwiftConstValuesFileList
WriteAuxiliaryFile /Users/admin/builder/spi-builder-workspace/.derivedData/Build/Intermediates.noindex/SwishAppStore.build/Debug-watchos/SwishAppStore-t.build/Objects-normal/arm64/SwishAppStore.SwiftFileList (in target 'SwishAppStore' from project 'SwishAppStore')
cd /Users/admin/builder/spi-builder-workspace
write-file /Users/admin/builder/spi-builder-workspace/.derivedData/Build/Intermediates.noindex/SwishAppStore.build/Debug-watchos/SwishAppStore-t.build/Objects-normal/arm64/SwishAppStore.SwiftFileList
WriteAuxiliaryFile /Users/admin/builder/spi-builder-workspace/.derivedData/Build/Intermediates.noindex/SwishAppStore.build/Debug-watchos/SwishAppStore-t.build/Objects-normal/arm64/SwishAppStore.LinkFileList (in target 'SwishAppStore' from project 'SwishAppStore')
cd /Users/admin/builder/spi-builder-workspace
write-file /Users/admin/builder/spi-builder-workspace/.derivedData/Build/Intermediates.noindex/SwishAppStore.build/Debug-watchos/SwishAppStore-t.build/Objects-normal/arm64/SwishAppStore.LinkFileList
WriteAuxiliaryFile /Users/admin/builder/spi-builder-workspace/.derivedData/Build/Intermediates.noindex/SwishAppStore.build/Debug-watchos/SwishAppStore-t.build/Objects-normal/arm64/SwishAppStore-OutputFileMap.json (in target 'SwishAppStore' from project 'SwishAppStore')
cd /Users/admin/builder/spi-builder-workspace
write-file /Users/admin/builder/spi-builder-workspace/.derivedData/Build/Intermediates.noindex/SwishAppStore.build/Debug-watchos/SwishAppStore-t.build/Objects-normal/arm64/SwishAppStore-OutputFileMap.json
Copy /Users/admin/builder/spi-builder-workspace/.derivedData/Build/Intermediates.noindex/GeneratedModuleMaps-watchos/SwishAppStore.modulemap /Users/admin/builder/spi-builder-workspace/.derivedData/Build/Intermediates.noindex/SwishAppStore.build/Debug-watchos/SwishAppStore-t.build/SwishAppStore.modulemap (in target 'SwishAppStore' from project 'SwishAppStore')
cd /Users/admin/builder/spi-builder-workspace
builtin-copy -exclude .DS_Store -exclude CVS -exclude .svn -exclude .git -exclude .hg -resolve-src-symlinks /Users/admin/builder/spi-builder-workspace/.derivedData/Build/Intermediates.noindex/SwishAppStore.build/Debug-watchos/SwishAppStore-t.build/SwishAppStore.modulemap /Users/admin/builder/spi-builder-workspace/.derivedData/Build/Intermediates.noindex/GeneratedModuleMaps-watchos
WriteAuxiliaryFile /Users/admin/builder/spi-builder-workspace/.derivedData/Build/Intermediates.noindex/ShXcrun.build/Debug-watchos/ShXcrun-t.build/ShXcrun.DependencyStaticMetadataFileList (in target 'ShXcrun' from project 'ShXcrun')
cd /Users/admin/builder/spi-builder-workspace/.dependencies/checkouts/ShXcrun
write-file /Users/admin/builder/spi-builder-workspace/.derivedData/Build/Intermediates.noindex/ShXcrun.build/Debug-watchos/ShXcrun-t.build/ShXcrun.DependencyStaticMetadataFileList
WriteAuxiliaryFile /Users/admin/builder/spi-builder-workspace/.derivedData/Build/Intermediates.noindex/ShXcrun.build/Debug-watchos/ShXcrun-t.build/ShXcrun.DependencyMetadataFileList (in target 'ShXcrun' from project 'ShXcrun')
cd /Users/admin/builder/spi-builder-workspace/.dependencies/checkouts/ShXcrun
write-file /Users/admin/builder/spi-builder-workspace/.derivedData/Build/Intermediates.noindex/ShXcrun.build/Debug-watchos/ShXcrun-t.build/ShXcrun.DependencyMetadataFileList
WriteAuxiliaryFile /Users/admin/builder/spi-builder-workspace/.derivedData/Build/Intermediates.noindex/ShXcrun.build/Debug-watchos/ShXcrun-t.build/Objects-normal/arm64_32/ShXcrun.SwiftFileList (in target 'ShXcrun' from project 'ShXcrun')
cd /Users/admin/builder/spi-builder-workspace/.dependencies/checkouts/ShXcrun
write-file /Users/admin/builder/spi-builder-workspace/.derivedData/Build/Intermediates.noindex/ShXcrun.build/Debug-watchos/ShXcrun-t.build/Objects-normal/arm64_32/ShXcrun.SwiftFileList
WriteAuxiliaryFile /Users/admin/builder/spi-builder-workspace/.derivedData/Build/Intermediates.noindex/ShXcrun.build/Debug-watchos/ShXcrun-t.build/Objects-normal/arm64_32/ShXcrun.SwiftConstValuesFileList (in target 'ShXcrun' from project 'ShXcrun')
cd /Users/admin/builder/spi-builder-workspace/.dependencies/checkouts/ShXcrun
write-file /Users/admin/builder/spi-builder-workspace/.derivedData/Build/Intermediates.noindex/ShXcrun.build/Debug-watchos/ShXcrun-t.build/Objects-normal/arm64_32/ShXcrun.SwiftConstValuesFileList
WriteAuxiliaryFile /Users/admin/builder/spi-builder-workspace/.derivedData/Build/Intermediates.noindex/ShXcrun.build/Debug-watchos/ShXcrun-t.build/Objects-normal/arm64_32/ShXcrun.LinkFileList (in target 'ShXcrun' from project 'ShXcrun')
cd /Users/admin/builder/spi-builder-workspace/.dependencies/checkouts/ShXcrun
write-file /Users/admin/builder/spi-builder-workspace/.derivedData/Build/Intermediates.noindex/ShXcrun.build/Debug-watchos/ShXcrun-t.build/Objects-normal/arm64_32/ShXcrun.LinkFileList
WriteAuxiliaryFile /Users/admin/builder/spi-builder-workspace/.derivedData/Build/Intermediates.noindex/ShXcrun.build/Debug-watchos/ShXcrun-t.build/Objects-normal/arm64/ShXcrun_const_extract_protocols.json (in target 'ShXcrun' from project 'ShXcrun')
cd /Users/admin/builder/spi-builder-workspace/.dependencies/checkouts/ShXcrun
write-file /Users/admin/builder/spi-builder-workspace/.derivedData/Build/Intermediates.noindex/ShXcrun.build/Debug-watchos/ShXcrun-t.build/Objects-normal/arm64/ShXcrun_const_extract_protocols.json
WriteAuxiliaryFile /Users/admin/builder/spi-builder-workspace/.derivedData/Build/Intermediates.noindex/ShXcrun.build/Debug-watchos/ShXcrun-t.build/Objects-normal/arm64/ShXcrun.SwiftConstValuesFileList (in target 'ShXcrun' from project 'ShXcrun')
cd /Users/admin/builder/spi-builder-workspace/.dependencies/checkouts/ShXcrun
write-file /Users/admin/builder/spi-builder-workspace/.derivedData/Build/Intermediates.noindex/ShXcrun.build/Debug-watchos/ShXcrun-t.build/Objects-normal/arm64/ShXcrun.SwiftConstValuesFileList
WriteAuxiliaryFile /Users/admin/builder/spi-builder-workspace/.derivedData/Build/Intermediates.noindex/ShXcrun.build/Debug-watchos/ShXcrun-t.build/Objects-normal/arm64/ShXcrun.SwiftFileList (in target 'ShXcrun' from project 'ShXcrun')
cd /Users/admin/builder/spi-builder-workspace/.dependencies/checkouts/ShXcrun
write-file /Users/admin/builder/spi-builder-workspace/.derivedData/Build/Intermediates.noindex/ShXcrun.build/Debug-watchos/ShXcrun-t.build/Objects-normal/arm64/ShXcrun.SwiftFileList
WriteAuxiliaryFile /Users/admin/builder/spi-builder-workspace/.derivedData/Build/Intermediates.noindex/ShXcrun.build/Debug-watchos/ShXcrun-t.build/Objects-normal/arm64/ShXcrun.LinkFileList (in target 'ShXcrun' from project 'ShXcrun')
cd /Users/admin/builder/spi-builder-workspace/.dependencies/checkouts/ShXcrun
write-file /Users/admin/builder/spi-builder-workspace/.derivedData/Build/Intermediates.noindex/ShXcrun.build/Debug-watchos/ShXcrun-t.build/Objects-normal/arm64/ShXcrun.LinkFileList
WriteAuxiliaryFile /Users/admin/builder/spi-builder-workspace/.derivedData/Build/Intermediates.noindex/ShXcrun.build/Debug-watchos/ShXcrun-t.build/Objects-normal/arm64/ShXcrun-OutputFileMap.json (in target 'ShXcrun' from project 'ShXcrun')
cd /Users/admin/builder/spi-builder-workspace/.dependencies/checkouts/ShXcrun
write-file /Users/admin/builder/spi-builder-workspace/.derivedData/Build/Intermediates.noindex/ShXcrun.build/Debug-watchos/ShXcrun-t.build/Objects-normal/arm64/ShXcrun-OutputFileMap.json
Copy /Users/admin/builder/spi-builder-workspace/.derivedData/Build/Intermediates.noindex/GeneratedModuleMaps-watchos/ShXcrun.modulemap /Users/admin/builder/spi-builder-workspace/.derivedData/Build/Intermediates.noindex/ShXcrun.build/Debug-watchos/ShXcrun-t.build/ShXcrun.modulemap (in target 'ShXcrun' from project 'ShXcrun')
cd /Users/admin/builder/spi-builder-workspace/.dependencies/checkouts/ShXcrun
builtin-copy -exclude .DS_Store -exclude CVS -exclude .svn -exclude .git -exclude .hg -resolve-src-symlinks /Users/admin/builder/spi-builder-workspace/.derivedData/Build/Intermediates.noindex/ShXcrun.build/Debug-watchos/ShXcrun-t.build/ShXcrun.modulemap /Users/admin/builder/spi-builder-workspace/.derivedData/Build/Intermediates.noindex/GeneratedModuleMaps-watchos
WriteAuxiliaryFile /Users/admin/builder/spi-builder-workspace/.derivedData/Build/Intermediates.noindex/ShGit.build/Debug-watchos/ShGit-t.build/ShGit.DependencyMetadataFileList (in target 'ShGit' from project 'ShGit')
cd /Users/admin/builder/spi-builder-workspace/.dependencies/checkouts/ShGit
write-file /Users/admin/builder/spi-builder-workspace/.derivedData/Build/Intermediates.noindex/ShGit.build/Debug-watchos/ShGit-t.build/ShGit.DependencyMetadataFileList
WriteAuxiliaryFile /Users/admin/builder/spi-builder-workspace/.derivedData/Build/Intermediates.noindex/ShGit.build/Debug-watchos/ShGit-t.build/ShGit.DependencyStaticMetadataFileList (in target 'ShGit' from project 'ShGit')
cd /Users/admin/builder/spi-builder-workspace/.dependencies/checkouts/ShGit
write-file /Users/admin/builder/spi-builder-workspace/.derivedData/Build/Intermediates.noindex/ShGit.build/Debug-watchos/ShGit-t.build/ShGit.DependencyStaticMetadataFileList
WriteAuxiliaryFile /Users/admin/builder/spi-builder-workspace/.derivedData/Build/Intermediates.noindex/ShGit.build/Debug-watchos/ShGit-t.build/ShGit.modulemap (in target 'ShGit' from project 'ShGit')
cd /Users/admin/builder/spi-builder-workspace/.dependencies/checkouts/ShGit
write-file /Users/admin/builder/spi-builder-workspace/.derivedData/Build/Intermediates.noindex/ShGit.build/Debug-watchos/ShGit-t.build/ShGit.modulemap
WriteAuxiliaryFile /Users/admin/builder/spi-builder-workspace/.derivedData/Build/Intermediates.noindex/ShGit.build/Debug-watchos/ShGit-t.build/Objects-normal/arm64_32/ShGit_const_extract_protocols.json (in target 'ShGit' from project 'ShGit')
cd /Users/admin/builder/spi-builder-workspace/.dependencies/checkouts/ShGit
write-file /Users/admin/builder/spi-builder-workspace/.derivedData/Build/Intermediates.noindex/ShGit.build/Debug-watchos/ShGit-t.build/Objects-normal/arm64_32/ShGit_const_extract_protocols.json
WriteAuxiliaryFile /Users/admin/builder/spi-builder-workspace/.derivedData/Build/Intermediates.noindex/ShGit.build/Debug-watchos/ShGit-t.build/Objects-normal/arm64_32/ShGit.SwiftFileList (in target 'ShGit' from project 'ShGit')
cd /Users/admin/builder/spi-builder-workspace/.dependencies/checkouts/ShGit
write-file /Users/admin/builder/spi-builder-workspace/.derivedData/Build/Intermediates.noindex/ShGit.build/Debug-watchos/ShGit-t.build/Objects-normal/arm64_32/ShGit.SwiftFileList
WriteAuxiliaryFile /Users/admin/builder/spi-builder-workspace/.derivedData/Build/Intermediates.noindex/ShGit.build/Debug-watchos/ShGit-t.build/Objects-normal/arm64_32/ShGit.SwiftConstValuesFileList (in target 'ShGit' from project 'ShGit')
cd /Users/admin/builder/spi-builder-workspace/.dependencies/checkouts/ShGit
write-file /Users/admin/builder/spi-builder-workspace/.derivedData/Build/Intermediates.noindex/ShGit.build/Debug-watchos/ShGit-t.build/Objects-normal/arm64_32/ShGit.SwiftConstValuesFileList
WriteAuxiliaryFile /Users/admin/builder/spi-builder-workspace/.derivedData/Build/Intermediates.noindex/ShGit.build/Debug-watchos/ShGit-t.build/Objects-normal/arm64_32/ShGit.LinkFileList (in target 'ShGit' from project 'ShGit')
cd /Users/admin/builder/spi-builder-workspace/.dependencies/checkouts/ShGit
write-file /Users/admin/builder/spi-builder-workspace/.derivedData/Build/Intermediates.noindex/ShGit.build/Debug-watchos/ShGit-t.build/Objects-normal/arm64_32/ShGit.LinkFileList
WriteAuxiliaryFile /Users/admin/builder/spi-builder-workspace/.derivedData/Build/Intermediates.noindex/ShGit.build/Debug-watchos/ShGit-t.build/Objects-normal/arm64_32/ShGit-OutputFileMap.json (in target 'ShGit' from project 'ShGit')
cd /Users/admin/builder/spi-builder-workspace/.dependencies/checkouts/ShGit
write-file /Users/admin/builder/spi-builder-workspace/.derivedData/Build/Intermediates.noindex/ShGit.build/Debug-watchos/ShGit-t.build/Objects-normal/arm64_32/ShGit-OutputFileMap.json
WriteAuxiliaryFile /Users/admin/builder/spi-builder-workspace/.derivedData/Build/Intermediates.noindex/ShGit.build/Debug-watchos/ShGit-t.build/Objects-normal/arm64/ShGit.LinkFileList (in target 'ShGit' from project 'ShGit')
cd /Users/admin/builder/spi-builder-workspace/.dependencies/checkouts/ShGit
write-file /Users/admin/builder/spi-builder-workspace/.derivedData/Build/Intermediates.noindex/ShGit.build/Debug-watchos/ShGit-t.build/Objects-normal/arm64/ShGit.LinkFileList
WriteAuxiliaryFile /Users/admin/builder/spi-builder-workspace/.derivedData/Build/Intermediates.noindex/ShGit.build/Debug-watchos/ShGit-t.build/Objects-normal/arm64/ShGit_const_extract_protocols.json (in target 'ShGit' from project 'ShGit')
cd /Users/admin/builder/spi-builder-workspace/.dependencies/checkouts/ShGit
write-file /Users/admin/builder/spi-builder-workspace/.derivedData/Build/Intermediates.noindex/ShGit.build/Debug-watchos/ShGit-t.build/Objects-normal/arm64/ShGit_const_extract_protocols.json
WriteAuxiliaryFile /Users/admin/builder/spi-builder-workspace/.derivedData/Build/Intermediates.noindex/ShGit.build/Debug-watchos/ShGit-t.build/Objects-normal/arm64/ShGit.SwiftFileList (in target 'ShGit' from project 'ShGit')
cd /Users/admin/builder/spi-builder-workspace/.dependencies/checkouts/ShGit
write-file /Users/admin/builder/spi-builder-workspace/.derivedData/Build/Intermediates.noindex/ShGit.build/Debug-watchos/ShGit-t.build/Objects-normal/arm64/ShGit.SwiftFileList
WriteAuxiliaryFile /Users/admin/builder/spi-builder-workspace/.derivedData/Build/Intermediates.noindex/ShGit.build/Debug-watchos/ShGit-t.build/Objects-normal/arm64/ShGit.SwiftConstValuesFileList (in target 'ShGit' from project 'ShGit')
cd /Users/admin/builder/spi-builder-workspace/.dependencies/checkouts/ShGit
write-file /Users/admin/builder/spi-builder-workspace/.derivedData/Build/Intermediates.noindex/ShGit.build/Debug-watchos/ShGit-t.build/Objects-normal/arm64/ShGit.SwiftConstValuesFileList
WriteAuxiliaryFile /Users/admin/builder/spi-builder-workspace/.derivedData/Build/Intermediates.noindex/ShGit.build/Debug-watchos/ShGit-t.build/Objects-normal/arm64/ShGit-OutputFileMap.json (in target 'ShGit' from project 'ShGit')
cd /Users/admin/builder/spi-builder-workspace/.dependencies/checkouts/ShGit
write-file /Users/admin/builder/spi-builder-workspace/.derivedData/Build/Intermediates.noindex/ShGit.build/Debug-watchos/ShGit-t.build/Objects-normal/arm64/ShGit-OutputFileMap.json
Copy /Users/admin/builder/spi-builder-workspace/.derivedData/Build/Intermediates.noindex/GeneratedModuleMaps-watchos/ShGit.modulemap /Users/admin/builder/spi-builder-workspace/.derivedData/Build/Intermediates.noindex/ShGit.build/Debug-watchos/ShGit-t.build/ShGit.modulemap (in target 'ShGit' from project 'ShGit')
cd /Users/admin/builder/spi-builder-workspace/.dependencies/checkouts/ShGit
builtin-copy -exclude .DS_Store -exclude CVS -exclude .svn -exclude .git -exclude .hg -resolve-src-symlinks /Users/admin/builder/spi-builder-workspace/.derivedData/Build/Intermediates.noindex/ShGit.build/Debug-watchos/ShGit-t.build/ShGit.modulemap /Users/admin/builder/spi-builder-workspace/.derivedData/Build/Intermediates.noindex/GeneratedModuleMaps-watchos
WriteAuxiliaryFile /Users/admin/builder/spi-builder-workspace/.derivedData/Build/Intermediates.noindex/Sh.build/Debug-watchos/Sh-t.build/Sh.modulemap (in target 'Sh' from project 'Sh')
cd /Users/admin/builder/spi-builder-workspace/.dependencies/checkouts/Sh
write-file /Users/admin/builder/spi-builder-workspace/.derivedData/Build/Intermediates.noindex/Sh.build/Debug-watchos/Sh-t.build/Sh.modulemap
WriteAuxiliaryFile /Users/admin/builder/spi-builder-workspace/.derivedData/Build/Intermediates.noindex/Sh.build/Debug-watchos/Sh-t.build/Sh.DependencyStaticMetadataFileList (in target 'Sh' from project 'Sh')
cd /Users/admin/builder/spi-builder-workspace/.dependencies/checkouts/Sh
write-file /Users/admin/builder/spi-builder-workspace/.derivedData/Build/Intermediates.noindex/Sh.build/Debug-watchos/Sh-t.build/Sh.DependencyStaticMetadataFileList
WriteAuxiliaryFile /Users/admin/builder/spi-builder-workspace/.derivedData/Build/Intermediates.noindex/Sh.build/Debug-watchos/Sh-t.build/Sh.DependencyMetadataFileList (in target 'Sh' from project 'Sh')
cd /Users/admin/builder/spi-builder-workspace/.dependencies/checkouts/Sh
write-file /Users/admin/builder/spi-builder-workspace/.derivedData/Build/Intermediates.noindex/Sh.build/Debug-watchos/Sh-t.build/Sh.DependencyMetadataFileList
WriteAuxiliaryFile /Users/admin/builder/spi-builder-workspace/.derivedData/Build/Intermediates.noindex/Sh.build/Debug-watchos/Sh-t.build/Objects-normal/arm64_32/Sh.SwiftFileList (in target 'Sh' from project 'Sh')
cd /Users/admin/builder/spi-builder-workspace/.dependencies/checkouts/Sh
write-file /Users/admin/builder/spi-builder-workspace/.derivedData/Build/Intermediates.noindex/Sh.build/Debug-watchos/Sh-t.build/Objects-normal/arm64_32/Sh.SwiftFileList
WriteAuxiliaryFile /Users/admin/builder/spi-builder-workspace/.derivedData/Build/Intermediates.noindex/Sh.build/Debug-watchos/Sh-t.build/Objects-normal/arm64_32/Sh.SwiftConstValuesFileList (in target 'Sh' from project 'Sh')
cd /Users/admin/builder/spi-builder-workspace/.dependencies/checkouts/Sh
write-file /Users/admin/builder/spi-builder-workspace/.derivedData/Build/Intermediates.noindex/Sh.build/Debug-watchos/Sh-t.build/Objects-normal/arm64_32/Sh.SwiftConstValuesFileList
WriteAuxiliaryFile /Users/admin/builder/spi-builder-workspace/.derivedData/Build/Intermediates.noindex/Sh.build/Debug-watchos/Sh-t.build/Objects-normal/arm64_32/Sh_const_extract_protocols.json (in target 'Sh' from project 'Sh')
cd /Users/admin/builder/spi-builder-workspace/.dependencies/checkouts/Sh
write-file /Users/admin/builder/spi-builder-workspace/.derivedData/Build/Intermediates.noindex/Sh.build/Debug-watchos/Sh-t.build/Objects-normal/arm64_32/Sh_const_extract_protocols.json
WriteAuxiliaryFile /Users/admin/builder/spi-builder-workspace/.derivedData/Build/Intermediates.noindex/Sh.build/Debug-watchos/Sh-t.build/Objects-normal/arm64_32/Sh.LinkFileList (in target 'Sh' from project 'Sh')
cd /Users/admin/builder/spi-builder-workspace/.dependencies/checkouts/Sh
write-file /Users/admin/builder/spi-builder-workspace/.derivedData/Build/Intermediates.noindex/Sh.build/Debug-watchos/Sh-t.build/Objects-normal/arm64_32/Sh.LinkFileList
WriteAuxiliaryFile /Users/admin/builder/spi-builder-workspace/.derivedData/Build/Intermediates.noindex/Sh.build/Debug-watchos/Sh-t.build/Objects-normal/arm64_32/Sh-OutputFileMap.json (in target 'Sh' from project 'Sh')
cd /Users/admin/builder/spi-builder-workspace/.dependencies/checkouts/Sh
write-file /Users/admin/builder/spi-builder-workspace/.derivedData/Build/Intermediates.noindex/Sh.build/Debug-watchos/Sh-t.build/Objects-normal/arm64_32/Sh-OutputFileMap.json
WriteAuxiliaryFile /Users/admin/builder/spi-builder-workspace/.derivedData/Build/Intermediates.noindex/Sh.build/Debug-watchos/Sh-t.build/Objects-normal/arm64/Sh_const_extract_protocols.json (in target 'Sh' from project 'Sh')
cd /Users/admin/builder/spi-builder-workspace/.dependencies/checkouts/Sh
write-file /Users/admin/builder/spi-builder-workspace/.derivedData/Build/Intermediates.noindex/Sh.build/Debug-watchos/Sh-t.build/Objects-normal/arm64/Sh_const_extract_protocols.json
WriteAuxiliaryFile /Users/admin/builder/spi-builder-workspace/.derivedData/Build/Intermediates.noindex/Sh.build/Debug-watchos/Sh-t.build/Objects-normal/arm64/Sh.SwiftFileList (in target 'Sh' from project 'Sh')
cd /Users/admin/builder/spi-builder-workspace/.dependencies/checkouts/Sh
write-file /Users/admin/builder/spi-builder-workspace/.derivedData/Build/Intermediates.noindex/Sh.build/Debug-watchos/Sh-t.build/Objects-normal/arm64/Sh.SwiftFileList
WriteAuxiliaryFile /Users/admin/builder/spi-builder-workspace/.derivedData/Build/Intermediates.noindex/Sh.build/Debug-watchos/Sh-t.build/Objects-normal/arm64/Sh.SwiftConstValuesFileList (in target 'Sh' from project 'Sh')
cd /Users/admin/builder/spi-builder-workspace/.dependencies/checkouts/Sh
write-file /Users/admin/builder/spi-builder-workspace/.derivedData/Build/Intermediates.noindex/Sh.build/Debug-watchos/Sh-t.build/Objects-normal/arm64/Sh.SwiftConstValuesFileList
WriteAuxiliaryFile /Users/admin/builder/spi-builder-workspace/.derivedData/Build/Intermediates.noindex/Sh.build/Debug-watchos/Sh-t.build/Objects-normal/arm64/Sh.LinkFileList (in target 'Sh' from project 'Sh')
cd /Users/admin/builder/spi-builder-workspace/.dependencies/checkouts/Sh
write-file /Users/admin/builder/spi-builder-workspace/.derivedData/Build/Intermediates.noindex/Sh.build/Debug-watchos/Sh-t.build/Objects-normal/arm64/Sh.LinkFileList
WriteAuxiliaryFile /Users/admin/builder/spi-builder-workspace/.derivedData/Build/Intermediates.noindex/Sh.build/Debug-watchos/Sh-t.build/Objects-normal/arm64/Sh-OutputFileMap.json (in target 'Sh' from project 'Sh')
cd /Users/admin/builder/spi-builder-workspace/.dependencies/checkouts/Sh
write-file /Users/admin/builder/spi-builder-workspace/.derivedData/Build/Intermediates.noindex/Sh.build/Debug-watchos/Sh-t.build/Objects-normal/arm64/Sh-OutputFileMap.json
Copy /Users/admin/builder/spi-builder-workspace/.derivedData/Build/Intermediates.noindex/GeneratedModuleMaps-watchos/Sh.modulemap /Users/admin/builder/spi-builder-workspace/.derivedData/Build/Intermediates.noindex/Sh.build/Debug-watchos/Sh-t.build/Sh.modulemap (in target 'Sh' from project 'Sh')
cd /Users/admin/builder/spi-builder-workspace/.dependencies/checkouts/Sh
builtin-copy -exclude .DS_Store -exclude CVS -exclude .svn -exclude .git -exclude .hg -resolve-src-symlinks /Users/admin/builder/spi-builder-workspace/.derivedData/Build/Intermediates.noindex/Sh.build/Debug-watchos/Sh-t.build/Sh.modulemap /Users/admin/builder/spi-builder-workspace/.derivedData/Build/Intermediates.noindex/GeneratedModuleMaps-watchos
WriteAuxiliaryFile /Users/admin/builder/spi-builder-workspace/.derivedData/Build/Intermediates.noindex/Rainbow.build/Debug-watchos/Rainbow-t.build/Rainbow.DependencyStaticMetadataFileList (in target 'Rainbow' from project 'Rainbow')
cd /Users/admin/builder/spi-builder-workspace/.dependencies/checkouts/Rainbow
write-file /Users/admin/builder/spi-builder-workspace/.derivedData/Build/Intermediates.noindex/Rainbow.build/Debug-watchos/Rainbow-t.build/Rainbow.DependencyStaticMetadataFileList
WriteAuxiliaryFile /Users/admin/builder/spi-builder-workspace/.derivedData/Build/Intermediates.noindex/Rainbow.build/Debug-watchos/Rainbow-t.build/Rainbow.modulemap (in target 'Rainbow' from project 'Rainbow')
cd /Users/admin/builder/spi-builder-workspace/.dependencies/checkouts/Rainbow
write-file /Users/admin/builder/spi-builder-workspace/.derivedData/Build/Intermediates.noindex/Rainbow.build/Debug-watchos/Rainbow-t.build/Rainbow.modulemap
WriteAuxiliaryFile /Users/admin/builder/spi-builder-workspace/.derivedData/Build/Intermediates.noindex/Rainbow.build/Debug-watchos/Rainbow-t.build/Rainbow.DependencyMetadataFileList (in target 'Rainbow' from project 'Rainbow')
cd /Users/admin/builder/spi-builder-workspace/.dependencies/checkouts/Rainbow
write-file /Users/admin/builder/spi-builder-workspace/.derivedData/Build/Intermediates.noindex/Rainbow.build/Debug-watchos/Rainbow-t.build/Rainbow.DependencyMetadataFileList
WriteAuxiliaryFile /Users/admin/builder/spi-builder-workspace/.derivedData/Build/Intermediates.noindex/Rainbow.build/Debug-watchos/Rainbow-t.build/Objects-normal/arm64_32/Rainbow_const_extract_protocols.json (in target 'Rainbow' from project 'Rainbow')
cd /Users/admin/builder/spi-builder-workspace/.dependencies/checkouts/Rainbow
write-file /Users/admin/builder/spi-builder-workspace/.derivedData/Build/Intermediates.noindex/Rainbow.build/Debug-watchos/Rainbow-t.build/Objects-normal/arm64_32/Rainbow_const_extract_protocols.json
WriteAuxiliaryFile /Users/admin/builder/spi-builder-workspace/.derivedData/Build/Intermediates.noindex/Rainbow.build/Debug-watchos/Rainbow-t.build/Objects-normal/arm64_32/Rainbow.SwiftFileList (in target 'Rainbow' from project 'Rainbow')
cd /Users/admin/builder/spi-builder-workspace/.dependencies/checkouts/Rainbow
write-file /Users/admin/builder/spi-builder-workspace/.derivedData/Build/Intermediates.noindex/Rainbow.build/Debug-watchos/Rainbow-t.build/Objects-normal/arm64_32/Rainbow.SwiftFileList
WriteAuxiliaryFile /Users/admin/builder/spi-builder-workspace/.derivedData/Build/Intermediates.noindex/Rainbow.build/Debug-watchos/Rainbow-t.build/Objects-normal/arm64_32/Rainbow.SwiftConstValuesFileList (in target 'Rainbow' from project 'Rainbow')
cd /Users/admin/builder/spi-builder-workspace/.dependencies/checkouts/Rainbow
write-file /Users/admin/builder/spi-builder-workspace/.derivedData/Build/Intermediates.noindex/Rainbow.build/Debug-watchos/Rainbow-t.build/Objects-normal/arm64_32/Rainbow.SwiftConstValuesFileList
WriteAuxiliaryFile /Users/admin/builder/spi-builder-workspace/.derivedData/Build/Intermediates.noindex/Rainbow.build/Debug-watchos/Rainbow-t.build/Objects-normal/arm64_32/Rainbow.LinkFileList (in target 'Rainbow' from project 'Rainbow')
cd /Users/admin/builder/spi-builder-workspace/.dependencies/checkouts/Rainbow
write-file /Users/admin/builder/spi-builder-workspace/.derivedData/Build/Intermediates.noindex/Rainbow.build/Debug-watchos/Rainbow-t.build/Objects-normal/arm64_32/Rainbow.LinkFileList
WriteAuxiliaryFile /Users/admin/builder/spi-builder-workspace/.derivedData/Build/Intermediates.noindex/Rainbow.build/Debug-watchos/Rainbow-t.build/Objects-normal/arm64_32/Rainbow-OutputFileMap.json (in target 'Rainbow' from project 'Rainbow')
cd /Users/admin/builder/spi-builder-workspace/.dependencies/checkouts/Rainbow
write-file /Users/admin/builder/spi-builder-workspace/.derivedData/Build/Intermediates.noindex/Rainbow.build/Debug-watchos/Rainbow-t.build/Objects-normal/arm64_32/Rainbow-OutputFileMap.json
WriteAuxiliaryFile /Users/admin/builder/spi-builder-workspace/.derivedData/Build/Intermediates.noindex/Rainbow.build/Debug-watchos/Rainbow-t.build/Objects-normal/arm64/Rainbow.SwiftFileList (in target 'Rainbow' from project 'Rainbow')
cd /Users/admin/builder/spi-builder-workspace/.dependencies/checkouts/Rainbow
write-file /Users/admin/builder/spi-builder-workspace/.derivedData/Build/Intermediates.noindex/Rainbow.build/Debug-watchos/Rainbow-t.build/Objects-normal/arm64/Rainbow.SwiftFileList
WriteAuxiliaryFile /Users/admin/builder/spi-builder-workspace/.derivedData/Build/Intermediates.noindex/Rainbow.build/Debug-watchos/Rainbow-t.build/Objects-normal/arm64/Rainbow_const_extract_protocols.json (in target 'Rainbow' from project 'Rainbow')
cd /Users/admin/builder/spi-builder-workspace/.dependencies/checkouts/Rainbow
write-file /Users/admin/builder/spi-builder-workspace/.derivedData/Build/Intermediates.noindex/Rainbow.build/Debug-watchos/Rainbow-t.build/Objects-normal/arm64/Rainbow_const_extract_protocols.json
WriteAuxiliaryFile /Users/admin/builder/spi-builder-workspace/.derivedData/Build/Intermediates.noindex/Rainbow.build/Debug-watchos/Rainbow-t.build/Objects-normal/arm64/Rainbow.SwiftConstValuesFileList (in target 'Rainbow' from project 'Rainbow')
cd /Users/admin/builder/spi-builder-workspace/.dependencies/checkouts/Rainbow
write-file /Users/admin/builder/spi-builder-workspace/.derivedData/Build/Intermediates.noindex/Rainbow.build/Debug-watchos/Rainbow-t.build/Objects-normal/arm64/Rainbow.SwiftConstValuesFileList
WriteAuxiliaryFile /Users/admin/builder/spi-builder-workspace/.derivedData/Build/Intermediates.noindex/Rainbow.build/Debug-watchos/Rainbow-t.build/Objects-normal/arm64/Rainbow.LinkFileList (in target 'Rainbow' from project 'Rainbow')
cd /Users/admin/builder/spi-builder-workspace/.dependencies/checkouts/Rainbow
write-file /Users/admin/builder/spi-builder-workspace/.derivedData/Build/Intermediates.noindex/Rainbow.build/Debug-watchos/Rainbow-t.build/Objects-normal/arm64/Rainbow.LinkFileList
WriteAuxiliaryFile /Users/admin/builder/spi-builder-workspace/.derivedData/Build/Intermediates.noindex/Rainbow.build/Debug-watchos/Rainbow-t.build/Objects-normal/arm64/Rainbow-OutputFileMap.json (in target 'Rainbow' from project 'Rainbow')
cd /Users/admin/builder/spi-builder-workspace/.dependencies/checkouts/Rainbow
write-file /Users/admin/builder/spi-builder-workspace/.derivedData/Build/Intermediates.noindex/Rainbow.build/Debug-watchos/Rainbow-t.build/Objects-normal/arm64/Rainbow-OutputFileMap.json
Copy /Users/admin/builder/spi-builder-workspace/.derivedData/Build/Intermediates.noindex/GeneratedModuleMaps-watchos/Rainbow.modulemap /Users/admin/builder/spi-builder-workspace/.derivedData/Build/Intermediates.noindex/Rainbow.build/Debug-watchos/Rainbow-t.build/Rainbow.modulemap (in target 'Rainbow' from project 'Rainbow')
cd /Users/admin/builder/spi-builder-workspace/.dependencies/checkouts/Rainbow
builtin-copy -exclude .DS_Store -exclude CVS -exclude .svn -exclude .git -exclude .hg -resolve-src-symlinks /Users/admin/builder/spi-builder-workspace/.derivedData/Build/Intermediates.noindex/Rainbow.build/Debug-watchos/Rainbow-t.build/Rainbow.modulemap /Users/admin/builder/spi-builder-workspace/.derivedData/Build/Intermediates.noindex/GeneratedModuleMaps-watchos
SwiftDriver Rainbow normal arm64 com.apple.xcode.tools.swift.compiler (in target 'Rainbow' from project 'Rainbow')
cd /Users/admin/builder/spi-builder-workspace/.swiftpm/xcode
builtin-SwiftDriver -- /Applications/Xcode-27.0.0-Release.Candidate.app/Contents/Developer/Toolchains/XcodeDefault.xctoolchain/usr/bin/swiftc -parse-as-library -module-name Rainbow -Onone @/Users/admin/builder/spi-builder-workspace/.derivedData/Build/Intermediates.noindex/Rainbow.build/Debug-watchos/Rainbow-t.build/Objects-normal/arm64/Rainbow.SwiftFileList -DSWIFT_PACKAGE -DDEBUG -DSWIFT_MODULE_RESOURCE_BUNDLE_UNAVAILABLE -DXcode -plugin-path /Applications/Xcode-27.0.0-Release.Candidate.app/Contents/Developer/Toolchains/XcodeDefault.xctoolchain/usr/lib/swift/host/plugins/testing -enable-experimental-feature DebugDescriptionMacro -sdk /Applications/Xcode-27.0.0-Release.Candidate.app/Contents/Developer/Platforms/WatchOS.platform/Developer/SDKs/WatchOS27.0.sdk -target arm64-apple-watchos9.0 -g -module-cache-path /Users/admin/builder/spi-builder-workspace/.derivedData/ModuleCache.noindex -Xfrontend -serialize-debugging-options -enable-testing -suppress-warnings -index-store-path /Users/admin/builder/spi-builder-workspace/.derivedData/Index.noindex/DataStore -Xcc -D_LIBCPP_HARDENING_MODE\=_LIBCPP_HARDENING_MODE_DEBUG -swift-version 4 -I /Users/admin/builder/spi-builder-workspace/.derivedData/Build/Products/Debug-watchos -Isystem /Applications/Xcode-27.0.0-Release.Candidate.app/Contents/Developer/Platforms/WatchOS.platform/Developer/usr/lib -F /Users/admin/builder/spi-builder-workspace/.derivedData/Build/Products/Debug-watchos -F /Applications/Xcode-27.0.0-Release.Candidate.app/Contents/Developer/Platforms/WatchOS.platform/Developer/Library/Frameworks -F /Applications/Xcode-27.0.0-Release.Candidate.app/Contents/Developer/Platforms/WatchOS.platform/Developer/SDKs/WatchOS27.0.sdk/Developer/Library/Frameworks -c -j10 -enable-batch-mode -incremental -Xcc -ivfsstatcache -Xcc /Users/admin/builder/spi-builder-workspace/.derivedData/SDKStatCaches.noindex/watchos27.0-24R360-e829b21a6f8c9b70876ba0858053c04477534ef55a1706bf4c1112bbb242f0a2.sdkstatcache -output-file-map /Users/admin/builder/spi-builder-workspace/.derivedData/Build/Intermediates.noindex/Rainbow.build/Debug-watchos/Rainbow-t.build/Objects-normal/arm64/Rainbow-OutputFileMap.json -save-temps -no-color-diagnostics -emit-dependencies -emit-module -emit-module-path /Users/admin/builder/spi-builder-workspace/.derivedData/Build/Intermediates.noindex/Rainbow.build/Debug-watchos/Rainbow-t.build/Objects-normal/arm64/Rainbow.swiftmodule -serialize-diagnostics -validate-clang-modules-once -clang-build-session-file /Users/admin/builder/spi-builder-workspace/.derivedData/ModuleCache.noindex/Session.modulevalidation -Xcc -fmodules-prune-interval\=86400 -Xcc -fmodules-prune-after\=345600 -emit-const-values -const-gather-protocols-list /Users/admin/builder/spi-builder-workspace/.derivedData/Build/Intermediates.noindex/Rainbow.build/Debug-watchos/Rainbow-t.build/Objects-normal/arm64/Rainbow_const_extract_protocols.json -Xcc -I/Users/admin/builder/spi-builder-workspace/.derivedData/Build/Products/Debug-watchos/include -Xcc -I/Users/admin/builder/spi-builder-workspace/.derivedData/Build/Intermediates.noindex/Rainbow.build/Debug-watchos/Rainbow-t.build/DerivedSources-normal/arm64 -Xcc -I/Users/admin/builder/spi-builder-workspace/.derivedData/Build/Intermediates.noindex/Rainbow.build/Debug-watchos/Rainbow-t.build/DerivedSources/arm64 -Xcc -I/Users/admin/builder/spi-builder-workspace/.derivedData/Build/Intermediates.noindex/Rainbow.build/Debug-watchos/Rainbow-t.build/DerivedSources -Xcc -DSWIFT_PACKAGE -Xcc -DDEBUG\=1 -emit-objc-header -emit-objc-header-path /Users/admin/builder/spi-builder-workspace/.derivedData/Build/Intermediates.noindex/Rainbow.build/Debug-watchos/Rainbow-t.build/Objects-normal/arm64/Rainbow-Swift.h -working-directory /Users/admin/builder/spi-builder-workspace/.swiftpm/xcode -experimental-emit-module-separately -disable-cmo
SwiftDriver Rainbow normal arm64_32 com.apple.xcode.tools.swift.compiler (in target 'Rainbow' from project 'Rainbow')
cd /Users/admin/builder/spi-builder-workspace/.swiftpm/xcode
builtin-SwiftDriver -- /Applications/Xcode-27.0.0-Release.Candidate.app/Contents/Developer/Toolchains/XcodeDefault.xctoolchain/usr/bin/swiftc -parse-as-library -module-name Rainbow -Onone @/Users/admin/builder/spi-builder-workspace/.derivedData/Build/Intermediates.noindex/Rainbow.build/Debug-watchos/Rainbow-t.build/Objects-normal/arm64_32/Rainbow.SwiftFileList -DSWIFT_PACKAGE -DDEBUG -DSWIFT_MODULE_RESOURCE_BUNDLE_UNAVAILABLE -DXcode -plugin-path /Applications/Xcode-27.0.0-Release.Candidate.app/Contents/Developer/Toolchains/XcodeDefault.xctoolchain/usr/lib/swift/host/plugins/testing -enable-experimental-feature DebugDescriptionMacro -sdk /Applications/Xcode-27.0.0-Release.Candidate.app/Contents/Developer/Platforms/WatchOS.platform/Developer/SDKs/WatchOS27.0.sdk -target arm64_32-apple-watchos9.0 -g -module-cache-path /Users/admin/builder/spi-builder-workspace/.derivedData/ModuleCache.noindex -Xfrontend -serialize-debugging-options -enable-testing -suppress-warnings -index-store-path /Users/admin/builder/spi-builder-workspace/.derivedData/Index.noindex/DataStore -Xcc -D_LIBCPP_HARDENING_MODE\=_LIBCPP_HARDENING_MODE_DEBUG -swift-version 4 -I /Users/admin/builder/spi-builder-workspace/.derivedData/Build/Products/Debug-watchos -Isystem /Applications/Xcode-27.0.0-Release.Candidate.app/Contents/Developer/Platforms/WatchOS.platform/Developer/usr/lib -F /Users/admin/builder/spi-builder-workspace/.derivedData/Build/Products/Debug-watchos -F /Applications/Xcode-27.0.0-Release.Candidate.app/Contents/Developer/Platforms/WatchOS.platform/Developer/Library/Frameworks -F /Applications/Xcode-27.0.0-Release.Candidate.app/Contents/Developer/Platforms/WatchOS.platform/Developer/SDKs/WatchOS27.0.sdk/Developer/Library/Frameworks -c -j10 -enable-batch-mode -incremental -Xcc -ivfsstatcache -Xcc /Users/admin/builder/spi-builder-workspace/.derivedData/SDKStatCaches.noindex/watchos27.0-24R360-e829b21a6f8c9b70876ba0858053c04477534ef55a1706bf4c1112bbb242f0a2.sdkstatcache -output-file-map /Users/admin/builder/spi-builder-workspace/.derivedData/Build/Intermediates.noindex/Rainbow.build/Debug-watchos/Rainbow-t.build/Objects-normal/arm64_32/Rainbow-OutputFileMap.json -save-temps -no-color-diagnostics -emit-dependencies -emit-module -emit-module-path /Users/admin/builder/spi-builder-workspace/.derivedData/Build/Intermediates.noindex/Rainbow.build/Debug-watchos/Rainbow-t.build/Objects-normal/arm64_32/Rainbow.swiftmodule -serialize-diagnostics -validate-clang-modules-once -clang-build-session-file /Users/admin/builder/spi-builder-workspace/.derivedData/ModuleCache.noindex/Session.modulevalidation -Xcc -fmodules-prune-interval\=86400 -Xcc -fmodules-prune-after\=345600 -emit-const-values -const-gather-protocols-list /Users/admin/builder/spi-builder-workspace/.derivedData/Build/Intermediates.noindex/Rainbow.build/Debug-watchos/Rainbow-t.build/Objects-normal/arm64_32/Rainbow_const_extract_protocols.json -Xcc -I/Users/admin/builder/spi-builder-workspace/.derivedData/Build/Products/Debug-watchos/include -Xcc -I/Users/admin/builder/spi-builder-workspace/.derivedData/Build/Intermediates.noindex/Rainbow.build/Debug-watchos/Rainbow-t.build/DerivedSources-normal/arm64_32 -Xcc -I/Users/admin/builder/spi-builder-workspace/.derivedData/Build/Intermediates.noindex/Rainbow.build/Debug-watchos/Rainbow-t.build/DerivedSources/arm64_32 -Xcc -I/Users/admin/builder/spi-builder-workspace/.derivedData/Build/Intermediates.noindex/Rainbow.build/Debug-watchos/Rainbow-t.build/DerivedSources -Xcc -DSWIFT_PACKAGE -Xcc -DDEBUG\=1 -emit-objc-header -emit-objc-header-path /Users/admin/builder/spi-builder-workspace/.derivedData/Build/Intermediates.noindex/Rainbow.build/Debug-watchos/Rainbow-t.build/Objects-normal/arm64_32/Rainbow-Swift.h -working-directory /Users/admin/builder/spi-builder-workspace/.swiftpm/xcode -experimental-emit-module-separately -disable-cmo
SwiftEmitModule normal arm64_32 Emitting\ module\ for\ Rainbow (in target 'Rainbow' from project 'Rainbow')
SwiftCompile normal arm64_32 (in target 'Rainbow' from project 'Rainbow')
cd /Users/admin/builder/spi-builder-workspace/.swiftpm/xcode
SwiftCompile normal arm64_32 Compiling\ BackgroundColor.swift,\ CodesParser.swift /Users/admin/builder/spi-builder-workspace/.dependencies/checkouts/Rainbow/Sources/BackgroundColor.swift /Users/admin/builder/spi-builder-workspace/.dependencies/checkouts/Rainbow/Sources/CodesParser.swift (in target 'Rainbow' from project 'Rainbow')
SwiftCompile normal arm64_32 /Users/admin/builder/spi-builder-workspace/.dependencies/checkouts/Rainbow/Sources/BackgroundColor.swift (in target 'Rainbow' from project 'Rainbow')
cd /Users/admin/builder/spi-builder-workspace/.swiftpm/xcode
builtin-SwiftPerFileCompile BackgroundColor.swift
SwiftCompile normal arm64_32 /Users/admin/builder/spi-builder-workspace/.dependencies/checkouts/Rainbow/Sources/CodesParser.swift (in target 'Rainbow' from project 'Rainbow')
cd /Users/admin/builder/spi-builder-workspace/.swiftpm/xcode
builtin-SwiftPerFileCompile CodesParser.swift
SwiftCompile normal arm64_32 Compiling\ String+ConditionalStyling.swift /Users/admin/builder/spi-builder-workspace/.dependencies/checkouts/Rainbow/Sources/String+ConditionalStyling.swift (in target 'Rainbow' from project 'Rainbow')
SwiftCompile normal arm64_32 /Users/admin/builder/spi-builder-workspace/.dependencies/checkouts/Rainbow/Sources/String+ConditionalStyling.swift (in target 'Rainbow' from project 'Rainbow')
cd /Users/admin/builder/spi-builder-workspace/.swiftpm/xcode
builtin-SwiftPerFileCompile String+ConditionalStyling.swift
SwiftCompile normal arm64_32 Compiling\ OutputTarget.swift,\ Rainbow.swift /Users/admin/builder/spi-builder-workspace/.dependencies/checkouts/Rainbow/Sources/OutputTarget.swift /Users/admin/builder/spi-builder-workspace/.dependencies/checkouts/Rainbow/Sources/Rainbow.swift (in target 'Rainbow' from project 'Rainbow')
SwiftCompile normal arm64_32 /Users/admin/builder/spi-builder-workspace/.dependencies/checkouts/Rainbow/Sources/OutputTarget.swift (in target 'Rainbow' from project 'Rainbow')
cd /Users/admin/builder/spi-builder-workspace/.swiftpm/xcode
builtin-SwiftPerFileCompile OutputTarget.swift
SwiftCompile normal arm64_32 /Users/admin/builder/spi-builder-workspace/.dependencies/checkouts/Rainbow/Sources/Rainbow.swift (in target 'Rainbow' from project 'Rainbow')
cd /Users/admin/builder/spi-builder-workspace/.swiftpm/xcode
builtin-SwiftPerFileCompile Rainbow.swift
SwiftCompile normal arm64_32 Compiling\ ConditionalStyleBuilder.swift,\ ControlCode.swift /Users/admin/builder/spi-builder-workspace/.dependencies/checkouts/Rainbow/Sources/ConditionalStyleBuilder.swift /Users/admin/builder/spi-builder-workspace/.dependencies/checkouts/Rainbow/Sources/ControlCode.swift (in target 'Rainbow' from project 'Rainbow')
SwiftCompile normal arm64_32 /Users/admin/builder/spi-builder-workspace/.dependencies/checkouts/Rainbow/Sources/ConditionalStyleBuilder.swift (in target 'Rainbow' from project 'Rainbow')
cd /Users/admin/builder/spi-builder-workspace/.swiftpm/xcode
builtin-SwiftPerFileCompile ConditionalStyleBuilder.swift
SwiftCompile normal arm64_32 /Users/admin/builder/spi-builder-workspace/.dependencies/checkouts/Rainbow/Sources/ControlCode.swift (in target 'Rainbow' from project 'Rainbow')
cd /Users/admin/builder/spi-builder-workspace/.swiftpm/xcode
builtin-SwiftPerFileCompile ControlCode.swift
SwiftCompile normal arm64_32 Compiling\ StringGenerator.swift /Users/admin/builder/spi-builder-workspace/.dependencies/checkouts/Rainbow/Sources/StringGenerator.swift (in target 'Rainbow' from project 'Rainbow')
SwiftCompile normal arm64_32 /Users/admin/builder/spi-builder-workspace/.dependencies/checkouts/Rainbow/Sources/StringGenerator.swift (in target 'Rainbow' from project 'Rainbow')
cd /Users/admin/builder/spi-builder-workspace/.swiftpm/xcode
builtin-SwiftPerFileCompile StringGenerator.swift
SwiftCompile normal arm64_32 Compiling\ String+Rainbow.swift /Users/admin/builder/spi-builder-workspace/.dependencies/checkouts/Rainbow/Sources/String+Rainbow.swift (in target 'Rainbow' from project 'Rainbow')
SwiftCompile normal arm64_32 /Users/admin/builder/spi-builder-workspace/.dependencies/checkouts/Rainbow/Sources/String+Rainbow.swift (in target 'Rainbow' from project 'Rainbow')
cd /Users/admin/builder/spi-builder-workspace/.swiftpm/xcode
builtin-SwiftPerFileCompile String+Rainbow.swift
SwiftCompile normal arm64 Compiling\ OutputTarget.swift,\ Rainbow.swift /Users/admin/builder/spi-builder-workspace/.dependencies/checkouts/Rainbow/Sources/OutputTarget.swift /Users/admin/builder/spi-builder-workspace/.dependencies/checkouts/Rainbow/Sources/Rainbow.swift (in target 'Rainbow' from project 'Rainbow')
SwiftCompile normal arm64 /Users/admin/builder/spi-builder-workspace/.dependencies/checkouts/Rainbow/Sources/OutputTarget.swift (in target 'Rainbow' from project 'Rainbow')
cd /Users/admin/builder/spi-builder-workspace/.swiftpm/xcode
builtin-SwiftPerFileCompile OutputTarget.swift
SwiftCompile normal arm64 /Users/admin/builder/spi-builder-workspace/.dependencies/checkouts/Rainbow/Sources/Rainbow.swift (in target 'Rainbow' from project 'Rainbow')
cd /Users/admin/builder/spi-builder-workspace/.swiftpm/xcode
builtin-SwiftPerFileCompile Rainbow.swift
SwiftCompile normal arm64 Compiling\ ConditionalStyleBuilder.swift,\ ControlCode.swift /Users/admin/builder/spi-builder-workspace/.dependencies/checkouts/Rainbow/Sources/ConditionalStyleBuilder.swift /Users/admin/builder/spi-builder-workspace/.dependencies/checkouts/Rainbow/Sources/ControlCode.swift (in target 'Rainbow' from project 'Rainbow')
SwiftCompile normal arm64 /Users/admin/builder/spi-builder-workspace/.dependencies/checkouts/Rainbow/Sources/ConditionalStyleBuilder.swift (in target 'Rainbow' from project 'Rainbow')
cd /Users/admin/builder/spi-builder-workspace/.swiftpm/xcode
builtin-SwiftPerFileCompile ConditionalStyleBuilder.swift
SwiftCompile normal arm64 /Users/admin/builder/spi-builder-workspace/.dependencies/checkouts/Rainbow/Sources/ControlCode.swift (in target 'Rainbow' from project 'Rainbow')
cd /Users/admin/builder/spi-builder-workspace/.swiftpm/xcode
builtin-SwiftPerFileCompile ControlCode.swift
SwiftEmitModule normal arm64 Emitting\ module\ for\ Rainbow (in target 'Rainbow' from project 'Rainbow')
SwiftCompile normal arm64 (in target 'Rainbow' from project 'Rainbow')
cd /Users/admin/builder/spi-builder-workspace/.swiftpm/xcode
SwiftCompile normal arm64 Compiling\ String+ConditionalStyling.swift /Users/admin/builder/spi-builder-workspace/.dependencies/checkouts/Rainbow/Sources/String+ConditionalStyling.swift (in target 'Rainbow' from project 'Rainbow')
SwiftCompile normal arm64 /Users/admin/builder/spi-builder-workspace/.dependencies/checkouts/Rainbow/Sources/String+ConditionalStyling.swift (in target 'Rainbow' from project 'Rainbow')
cd /Users/admin/builder/spi-builder-workspace/.swiftpm/xcode
builtin-SwiftPerFileCompile String+ConditionalStyling.swift
SwiftDriverJobDiscovery normal arm64_32 Emitting module for Rainbow (in target 'Rainbow' from project 'Rainbow')
SwiftCompile normal arm64 Compiling\ String+Rainbow.swift /Users/admin/builder/spi-builder-workspace/.dependencies/checkouts/Rainbow/Sources/String+Rainbow.swift (in target 'Rainbow' from project 'Rainbow')
SwiftCompile normal arm64 /Users/admin/builder/spi-builder-workspace/.dependencies/checkouts/Rainbow/Sources/String+Rainbow.swift (in target 'Rainbow' from project 'Rainbow')
cd /Users/admin/builder/spi-builder-workspace/.swiftpm/xcode
builtin-SwiftPerFileCompile String+Rainbow.swift
SwiftDriverJobDiscovery normal arm64 Emitting module for Rainbow (in target 'Rainbow' from project 'Rainbow')
SwiftDriver\ Compilation\ Requirements Rainbow normal arm64_32 com.apple.xcode.tools.swift.compiler (in target 'Rainbow' from project 'Rainbow')
cd /Users/admin/builder/spi-builder-workspace/.swiftpm/xcode
builtin-Swift-Compilation-Requirements -- /Applications/Xcode-27.0.0-Release.Candidate.app/Contents/Developer/Toolchains/XcodeDefault.xctoolchain/usr/bin/swiftc -parse-as-library -module-name Rainbow -Onone @/Users/admin/builder/spi-builder-workspace/.derivedData/Build/Intermediates.noindex/Rainbow.build/Debug-watchos/Rainbow-t.build/Objects-normal/arm64_32/Rainbow.SwiftFileList -DSWIFT_PACKAGE -DDEBUG -DSWIFT_MODULE_RESOURCE_BUNDLE_UNAVAILABLE -DXcode -plugin-path /Applications/Xcode-27.0.0-Release.Candidate.app/Contents/Developer/Toolchains/XcodeDefault.xctoolchain/usr/lib/swift/host/plugins/testing -enable-experimental-feature DebugDescriptionMacro -sdk /Applications/Xcode-27.0.0-Release.Candidate.app/Contents/Developer/Platforms/WatchOS.platform/Developer/SDKs/WatchOS27.0.sdk -target arm64_32-apple-watchos9.0 -g -module-cache-path /Users/admin/builder/spi-builder-workspace/.derivedData/ModuleCache.noindex -Xfrontend -serialize-debugging-options -enable-testing -suppress-warnings -index-store-path /Users/admin/builder/spi-builder-workspace/.derivedData/Index.noindex/DataStore -Xcc -D_LIBCPP_HARDENING_MODE\=_LIBCPP_HARDENING_MODE_DEBUG -swift-version 4 -I /Users/admin/builder/spi-builder-workspace/.derivedData/Build/Products/Debug-watchos -Isystem /Applications/Xcode-27.0.0-Release.Candidate.app/Contents/Developer/Platforms/WatchOS.platform/Developer/usr/lib -F /Users/admin/builder/spi-builder-workspace/.derivedData/Build/Products/Debug-watchos -F /Applications/Xcode-27.0.0-Release.Candidate.app/Contents/Developer/Platforms/WatchOS.platform/Developer/Library/Frameworks -F /Applications/Xcode-27.0.0-Release.Candidate.app/Contents/Developer/Platforms/WatchOS.platform/Developer/SDKs/WatchOS27.0.sdk/Developer/Library/Frameworks -c -j10 -enable-batch-mode -incremental -Xcc -ivfsstatcache -Xcc /Users/admin/builder/spi-builder-workspace/.derivedData/SDKStatCaches.noindex/watchos27.0-24R360-e829b21a6f8c9b70876ba0858053c04477534ef55a1706bf4c1112bbb242f0a2.sdkstatcache -output-file-map /Users/admin/builder/spi-builder-workspace/.derivedData/Build/Intermediates.noindex/Rainbow.build/Debug-watchos/Rainbow-t.build/Objects-normal/arm64_32/Rainbow-OutputFileMap.json -save-temps -no-color-diagnostics -emit-dependencies -emit-module -emit-module-path /Users/admin/builder/spi-builder-workspace/.derivedData/Build/Intermediates.noindex/Rainbow.build/Debug-watchos/Rainbow-t.build/Objects-normal/arm64_32/Rainbow.swiftmodule -serialize-diagnostics -validate-clang-modules-once -clang-build-session-file /Users/admin/builder/spi-builder-workspace/.derivedData/ModuleCache.noindex/Session.modulevalidation -Xcc -fmodules-prune-interval\=86400 -Xcc -fmodules-prune-after\=345600 -emit-const-values -const-gather-protocols-list /Users/admin/builder/spi-builder-workspace/.derivedData/Build/Intermediates.noindex/Rainbow.build/Debug-watchos/Rainbow-t.build/Objects-normal/arm64_32/Rainbow_const_extract_protocols.json -Xcc -I/Users/admin/builder/spi-builder-workspace/.derivedData/Build/Products/Debug-watchos/include -Xcc -I/Users/admin/builder/spi-builder-workspace/.derivedData/Build/Intermediates.noindex/Rainbow.build/Debug-watchos/Rainbow-t.build/DerivedSources-normal/arm64_32 -Xcc -I/Users/admin/builder/spi-builder-workspace/.derivedData/Build/Intermediates.noindex/Rainbow.build/Debug-watchos/Rainbow-t.build/DerivedSources/arm64_32 -Xcc -I/Users/admin/builder/spi-builder-workspace/.derivedData/Build/Intermediates.noindex/Rainbow.build/Debug-watchos/Rainbow-t.build/DerivedSources -Xcc -DSWIFT_PACKAGE -Xcc -DDEBUG\=1 -emit-objc-header -emit-objc-header-path /Users/admin/builder/spi-builder-workspace/.derivedData/Build/Intermediates.noindex/Rainbow.build/Debug-watchos/Rainbow-t.build/Objects-normal/arm64_32/Rainbow-Swift.h -working-directory /Users/admin/builder/spi-builder-workspace/.swiftpm/xcode -experimental-emit-module-separately -disable-cmo
SwiftDriverJobDiscovery normal arm64_32 Compiling BackgroundColor.swift, CodesParser.swift (in target 'Rainbow' from project 'Rainbow')
SwiftDriver\ Compilation\ Requirements Rainbow normal arm64 com.apple.xcode.tools.swift.compiler (in target 'Rainbow' from project 'Rainbow')
cd /Users/admin/builder/spi-builder-workspace/.swiftpm/xcode
builtin-Swift-Compilation-Requirements -- /Applications/Xcode-27.0.0-Release.Candidate.app/Contents/Developer/Toolchains/XcodeDefault.xctoolchain/usr/bin/swiftc -parse-as-library -module-name Rainbow -Onone @/Users/admin/builder/spi-builder-workspace/.derivedData/Build/Intermediates.noindex/Rainbow.build/Debug-watchos/Rainbow-t.build/Objects-normal/arm64/Rainbow.SwiftFileList -DSWIFT_PACKAGE -DDEBUG -DSWIFT_MODULE_RESOURCE_BUNDLE_UNAVAILABLE -DXcode -plugin-path /Applications/Xcode-27.0.0-Release.Candidate.app/Contents/Developer/Toolchains/XcodeDefault.xctoolchain/usr/lib/swift/host/plugins/testing -enable-experimental-feature DebugDescriptionMacro -sdk /Applications/Xcode-27.0.0-Release.Candidate.app/Contents/Developer/Platforms/WatchOS.platform/Developer/SDKs/WatchOS27.0.sdk -target arm64-apple-watchos9.0 -g -module-cache-path /Users/admin/builder/spi-builder-workspace/.derivedData/ModuleCache.noindex -Xfrontend -serialize-debugging-options -enable-testing -suppress-warnings -index-store-path /Users/admin/builder/spi-builder-workspace/.derivedData/Index.noindex/DataStore -Xcc -D_LIBCPP_HARDENING_MODE\=_LIBCPP_HARDENING_MODE_DEBUG -swift-version 4 -I /Users/admin/builder/spi-builder-workspace/.derivedData/Build/Products/Debug-watchos -Isystem /Applications/Xcode-27.0.0-Release.Candidate.app/Contents/Developer/Platforms/WatchOS.platform/Developer/usr/lib -F /Users/admin/builder/spi-builder-workspace/.derivedData/Build/Products/Debug-watchos -F /Applications/Xcode-27.0.0-Release.Candidate.app/Contents/Developer/Platforms/WatchOS.platform/Developer/Library/Frameworks -F /Applications/Xcode-27.0.0-Release.Candidate.app/Contents/Developer/Platforms/WatchOS.platform/Developer/SDKs/WatchOS27.0.sdk/Developer/Library/Frameworks -c -j10 -enable-batch-mode -incremental -Xcc -ivfsstatcache -Xcc /Users/admin/builder/spi-builder-workspace/.derivedData/SDKStatCaches.noindex/watchos27.0-24R360-e829b21a6f8c9b70876ba0858053c04477534ef55a1706bf4c1112bbb242f0a2.sdkstatcache -output-file-map /Users/admin/builder/spi-builder-workspace/.derivedData/Build/Intermediates.noindex/Rainbow.build/Debug-watchos/Rainbow-t.build/Objects-normal/arm64/Rainbow-OutputFileMap.json -save-temps -no-color-diagnostics -emit-dependencies -emit-module -emit-module-path /Users/admin/builder/spi-builder-workspace/.derivedData/Build/Intermediates.noindex/Rainbow.build/Debug-watchos/Rainbow-t.build/Objects-normal/arm64/Rainbow.swiftmodule -serialize-diagnostics -validate-clang-modules-once -clang-build-session-file /Users/admin/builder/spi-builder-workspace/.derivedData/ModuleCache.noindex/Session.modulevalidation -Xcc -fmodules-prune-interval\=86400 -Xcc -fmodules-prune-after\=345600 -emit-const-values -const-gather-protocols-list /Users/admin/builder/spi-builder-workspace/.derivedData/Build/Intermediates.noindex/Rainbow.build/Debug-watchos/Rainbow-t.build/Objects-normal/arm64/Rainbow_const_extract_protocols.json -Xcc -I/Users/admin/builder/spi-builder-workspace/.derivedData/Build/Products/Debug-watchos/include -Xcc -I/Users/admin/builder/spi-builder-workspace/.derivedData/Build/Intermediates.noindex/Rainbow.build/Debug-watchos/Rainbow-t.build/DerivedSources-normal/arm64 -Xcc -I/Users/admin/builder/spi-builder-workspace/.derivedData/Build/Intermediates.noindex/Rainbow.build/Debug-watchos/Rainbow-t.build/DerivedSources/arm64 -Xcc -I/Users/admin/builder/spi-builder-workspace/.derivedData/Build/Intermediates.noindex/Rainbow.build/Debug-watchos/Rainbow-t.build/DerivedSources -Xcc -DSWIFT_PACKAGE -Xcc -DDEBUG\=1 -emit-objc-header -emit-objc-header-path /Users/admin/builder/spi-builder-workspace/.derivedData/Build/Intermediates.noindex/Rainbow.build/Debug-watchos/Rainbow-t.build/Objects-normal/arm64/Rainbow-Swift.h -working-directory /Users/admin/builder/spi-builder-workspace/.swiftpm/xcode -experimental-emit-module-separately -disable-cmo
SwiftCompile normal arm64 Compiling\ StringGenerator.swift /Users/admin/builder/spi-builder-workspace/.dependencies/checkouts/Rainbow/Sources/StringGenerator.swift (in target 'Rainbow' from project 'Rainbow')
SwiftCompile normal arm64 /Users/admin/builder/spi-builder-workspace/.dependencies/checkouts/Rainbow/Sources/StringGenerator.swift (in target 'Rainbow' from project 'Rainbow')
cd /Users/admin/builder/spi-builder-workspace/.swiftpm/xcode
builtin-SwiftPerFileCompile StringGenerator.swift
SwiftCompile normal arm64 Compiling\ StyledStringBuilder.swift /Users/admin/builder/spi-builder-workspace/.dependencies/checkouts/Rainbow/Sources/StyledStringBuilder.swift (in target 'Rainbow' from project 'Rainbow')
SwiftCompile normal arm64 /Users/admin/builder/spi-builder-workspace/.dependencies/checkouts/Rainbow/Sources/StyledStringBuilder.swift (in target 'Rainbow' from project 'Rainbow')
cd /Users/admin/builder/spi-builder-workspace/.swiftpm/xcode
builtin-SwiftPerFileCompile StyledStringBuilder.swift
SwiftDriverJobDiscovery normal arm64_32 Compiling ConditionalStyleBuilder.swift, ControlCode.swift (in target 'Rainbow' from project 'Rainbow')
SwiftMergeGeneratedHeaders /Users/admin/builder/spi-builder-workspace/.derivedData/Build/Intermediates.noindex/GeneratedModuleMaps-watchos/Rainbow-Swift.h /Users/admin/builder/spi-builder-workspace/.derivedData/Build/Intermediates.noindex/Rainbow.build/Debug-watchos/Rainbow-t.build/Objects-normal/arm64/Rainbow-Swift.h /Users/admin/builder/spi-builder-workspace/.derivedData/Build/Intermediates.noindex/Rainbow.build/Debug-watchos/Rainbow-t.build/Objects-normal/arm64_32/Rainbow-Swift.h (in target 'Rainbow' from project 'Rainbow')
cd /Users/admin/builder/spi-builder-workspace/.dependencies/checkouts/Rainbow
builtin-swiftHeaderTool -arch arm64 /Users/admin/builder/spi-builder-workspace/.derivedData/Build/Intermediates.noindex/Rainbow.build/Debug-watchos/Rainbow-t.build/Objects-normal/arm64/Rainbow-Swift.h -arch arm64_32 /Users/admin/builder/spi-builder-workspace/.derivedData/Build/Intermediates.noindex/Rainbow.build/Debug-watchos/Rainbow-t.build/Objects-normal/arm64_32/Rainbow-Swift.h -o /Users/admin/builder/spi-builder-workspace/.derivedData/Build/Intermediates.noindex/GeneratedModuleMaps-watchos/Rainbow-Swift.h
SwiftDriverJobDiscovery normal arm64_32 Compiling String+ConditionalStyling.swift (in target 'Rainbow' from project 'Rainbow')
Copy /Users/admin/builder/spi-builder-workspace/.derivedData/Build/Products/Debug-watchos/Rainbow.swiftmodule/arm64_32-apple-watchos.swiftmodule /Users/admin/builder/spi-builder-workspace/.derivedData/Build/Intermediates.noindex/Rainbow.build/Debug-watchos/Rainbow-t.build/Objects-normal/arm64_32/Rainbow.swiftmodule (in target 'Rainbow' from project 'Rainbow')
cd /Users/admin/builder/spi-builder-workspace/.dependencies/checkouts/Rainbow
builtin-copy -exclude .DS_Store -exclude CVS -exclude .svn -exclude .git -exclude .hg -resolve-src-symlinks -rename /Users/admin/builder/spi-builder-workspace/.derivedData/Build/Intermediates.noindex/Rainbow.build/Debug-watchos/Rainbow-t.build/Objects-normal/arm64_32/Rainbow.swiftmodule /Users/admin/builder/spi-builder-workspace/.derivedData/Build/Products/Debug-watchos/Rainbow.swiftmodule/arm64_32-apple-watchos.swiftmodule
Copy /Users/admin/builder/spi-builder-workspace/.derivedData/Build/Products/Debug-watchos/Rainbow.swiftmodule/arm64_32-apple-watchos.swiftdoc /Users/admin/builder/spi-builder-workspace/.derivedData/Build/Intermediates.noindex/Rainbow.build/Debug-watchos/Rainbow-t.build/Objects-normal/arm64_32/Rainbow.swiftdoc (in target 'Rainbow' from project 'Rainbow')
cd /Users/admin/builder/spi-builder-workspace/.dependencies/checkouts/Rainbow
builtin-copy -exclude .DS_Store -exclude CVS -exclude .svn -exclude .git -exclude .hg -resolve-src-symlinks -rename /Users/admin/builder/spi-builder-workspace/.derivedData/Build/Intermediates.noindex/Rainbow.build/Debug-watchos/Rainbow-t.build/Objects-normal/arm64_32/Rainbow.swiftdoc /Users/admin/builder/spi-builder-workspace/.derivedData/Build/Products/Debug-watchos/Rainbow.swiftmodule/arm64_32-apple-watchos.swiftdoc
SwiftDriverJobDiscovery normal arm64_32 Compiling StringGenerator.swift (in target 'Rainbow' from project 'Rainbow')
Copy /Users/admin/builder/spi-builder-workspace/.derivedData/Build/Products/Debug-watchos/Rainbow.swiftmodule/arm64_32-apple-watchos.abi.json /Users/admin/builder/spi-builder-workspace/.derivedData/Build/Intermediates.noindex/Rainbow.build/Debug-watchos/Rainbow-t.build/Objects-normal/arm64_32/Rainbow.abi.json (in target 'Rainbow' from project 'Rainbow')
cd /Users/admin/builder/spi-builder-workspace/.dependencies/checkouts/Rainbow
builtin-copy -exclude .DS_Store -exclude CVS -exclude .svn -exclude .git -exclude .hg -resolve-src-symlinks -rename /Users/admin/builder/spi-builder-workspace/.derivedData/Build/Intermediates.noindex/Rainbow.build/Debug-watchos/Rainbow-t.build/Objects-normal/arm64_32/Rainbow.abi.json /Users/admin/builder/spi-builder-workspace/.derivedData/Build/Products/Debug-watchos/Rainbow.swiftmodule/arm64_32-apple-watchos.abi.json
Copy /Users/admin/builder/spi-builder-workspace/.derivedData/Build/Products/Debug-watchos/Rainbow.swiftmodule/arm64-apple-watchos.swiftmodule /Users/admin/builder/spi-builder-workspace/.derivedData/Build/Intermediates.noindex/Rainbow.build/Debug-watchos/Rainbow-t.build/Objects-normal/arm64/Rainbow.swiftmodule (in target 'Rainbow' from project 'Rainbow')
cd /Users/admin/builder/spi-builder-workspace/.dependencies/checkouts/Rainbow
builtin-copy -exclude .DS_Store -exclude CVS -exclude .svn -exclude .git -exclude .hg -resolve-src-symlinks -rename /Users/admin/builder/spi-builder-workspace/.derivedData/Build/Intermediates.noindex/Rainbow.build/Debug-watchos/Rainbow-t.build/Objects-normal/arm64/Rainbow.swiftmodule /Users/admin/builder/spi-builder-workspace/.derivedData/Build/Products/Debug-watchos/Rainbow.swiftmodule/arm64-apple-watchos.swiftmodule
Copy /Users/admin/builder/spi-builder-workspace/.derivedData/Build/Products/Debug-watchos/Rainbow.swiftmodule/arm64-apple-watchos.swiftdoc /Users/admin/builder/spi-builder-workspace/.derivedData/Build/Intermediates.noindex/Rainbow.build/Debug-watchos/Rainbow-t.build/Objects-normal/arm64/Rainbow.swiftdoc (in target 'Rainbow' from project 'Rainbow')
cd /Users/admin/builder/spi-builder-workspace/.dependencies/checkouts/Rainbow
builtin-copy -exclude .DS_Store -exclude CVS -exclude .svn -exclude .git -exclude .hg -resolve-src-symlinks -rename /Users/admin/builder/spi-builder-workspace/.derivedData/Build/Intermediates.noindex/Rainbow.build/Debug-watchos/Rainbow-t.build/Objects-normal/arm64/Rainbow.swiftdoc /Users/admin/builder/spi-builder-workspace/.derivedData/Build/Products/Debug-watchos/Rainbow.swiftmodule/arm64-apple-watchos.swiftdoc
Copy /Users/admin/builder/spi-builder-workspace/.derivedData/Build/Products/Debug-watchos/Rainbow.swiftmodule/arm64-apple-watchos.abi.json /Users/admin/builder/spi-builder-workspace/.derivedData/Build/Intermediates.noindex/Rainbow.build/Debug-watchos/Rainbow-t.build/Objects-normal/arm64/Rainbow.abi.json (in target 'Rainbow' from project 'Rainbow')
cd /Users/admin/builder/spi-builder-workspace/.dependencies/checkouts/Rainbow
builtin-copy -exclude .DS_Store -exclude CVS -exclude .svn -exclude .git -exclude .hg -resolve-src-symlinks -rename /Users/admin/builder/spi-builder-workspace/.derivedData/Build/Intermediates.noindex/Rainbow.build/Debug-watchos/Rainbow-t.build/Objects-normal/arm64/Rainbow.abi.json /Users/admin/builder/spi-builder-workspace/.derivedData/Build/Products/Debug-watchos/Rainbow.swiftmodule/arm64-apple-watchos.abi.json
Copy /Users/admin/builder/spi-builder-workspace/.derivedData/Build/Products/Debug-watchos/Rainbow.swiftmodule/Project/arm64_32-apple-watchos.swiftsourceinfo /Users/admin/builder/spi-builder-workspace/.derivedData/Build/Intermediates.noindex/Rainbow.build/Debug-watchos/Rainbow-t.build/Objects-normal/arm64_32/Rainbow.swiftsourceinfo (in target 'Rainbow' from project 'Rainbow')
cd /Users/admin/builder/spi-builder-workspace/.dependencies/checkouts/Rainbow
builtin-copy -exclude .DS_Store -exclude CVS -exclude .svn -exclude .git -exclude .hg -resolve-src-symlinks -rename /Users/admin/builder/spi-builder-workspace/.derivedData/Build/Intermediates.noindex/Rainbow.build/Debug-watchos/Rainbow-t.build/Objects-normal/arm64_32/Rainbow.swiftsourceinfo /Users/admin/builder/spi-builder-workspace/.derivedData/Build/Products/Debug-watchos/Rainbow.swiftmodule/Project/arm64_32-apple-watchos.swiftsourceinfo
Copy /Users/admin/builder/spi-builder-workspace/.derivedData/Build/Products/Debug-watchos/Rainbow.swiftmodule/Project/arm64-apple-watchos.swiftsourceinfo /Users/admin/builder/spi-builder-workspace/.derivedData/Build/Intermediates.noindex/Rainbow.build/Debug-watchos/Rainbow-t.build/Objects-normal/arm64/Rainbow.swiftsourceinfo (in target 'Rainbow' from project 'Rainbow')
cd /Users/admin/builder/spi-builder-workspace/.dependencies/checkouts/Rainbow
builtin-copy -exclude .DS_Store -exclude CVS -exclude .svn -exclude .git -exclude .hg -resolve-src-symlinks -rename /Users/admin/builder/spi-builder-workspace/.derivedData/Build/Intermediates.noindex/Rainbow.build/Debug-watchos/Rainbow-t.build/Objects-normal/arm64/Rainbow.swiftsourceinfo /Users/admin/builder/spi-builder-workspace/.derivedData/Build/Products/Debug-watchos/Rainbow.swiftmodule/Project/arm64-apple-watchos.swiftsourceinfo
SwiftCompile normal arm64 Compiling\ BackgroundColor.swift,\ CodesParser.swift /Users/admin/builder/spi-builder-workspace/.dependencies/checkouts/Rainbow/Sources/BackgroundColor.swift /Users/admin/builder/spi-builder-workspace/.dependencies/checkouts/Rainbow/Sources/CodesParser.swift (in target 'Rainbow' from project 'Rainbow')
SwiftCompile normal arm64 /Users/admin/builder/spi-builder-workspace/.dependencies/checkouts/Rainbow/Sources/BackgroundColor.swift (in target 'Rainbow' from project 'Rainbow')
cd /Users/admin/builder/spi-builder-workspace/.swiftpm/xcode
builtin-SwiftPerFileCompile BackgroundColor.swift
SwiftCompile normal arm64 /Users/admin/builder/spi-builder-workspace/.dependencies/checkouts/Rainbow/Sources/CodesParser.swift (in target 'Rainbow' from project 'Rainbow')
cd /Users/admin/builder/spi-builder-workspace/.swiftpm/xcode
builtin-SwiftPerFileCompile CodesParser.swift
SwiftCompile normal arm64 Compiling\ HSLColorConverter.swift,\ ModesExtractor.swift /Users/admin/builder/spi-builder-workspace/.dependencies/checkouts/Rainbow/Sources/HSLColorConverter.swift /Users/admin/builder/spi-builder-workspace/.dependencies/checkouts/Rainbow/Sources/ModesExtractor.swift (in target 'Rainbow' from project 'Rainbow')
SwiftCompile normal arm64 /Users/admin/builder/spi-builder-workspace/.dependencies/checkouts/Rainbow/Sources/HSLColorConverter.swift (in target 'Rainbow' from project 'Rainbow')
cd /Users/admin/builder/spi-builder-workspace/.swiftpm/xcode
builtin-SwiftPerFileCompile HSLColorConverter.swift
SwiftCompile normal arm64 /Users/admin/builder/spi-builder-workspace/.dependencies/checkouts/Rainbow/Sources/ModesExtractor.swift (in target 'Rainbow' from project 'Rainbow')
cd /Users/admin/builder/spi-builder-workspace/.swiftpm/xcode
builtin-SwiftPerFileCompile ModesExtractor.swift
SwiftDriverJobDiscovery normal arm64_32 Compiling String+Rainbow.swift (in target 'Rainbow' from project 'Rainbow')
SwiftCompile normal arm64 Compiling\ Color.swift,\ ColorApproximation.swift /Users/admin/builder/spi-builder-workspace/.dependencies/checkouts/Rainbow/Sources/Color.swift /Users/admin/builder/spi-builder-workspace/.dependencies/checkouts/Rainbow/Sources/ColorApproximation.swift (in target 'Rainbow' from project 'Rainbow')
SwiftCompile normal arm64 /Users/admin/builder/spi-builder-workspace/.dependencies/checkouts/Rainbow/Sources/Color.swift (in target 'Rainbow' from project 'Rainbow')
cd /Users/admin/builder/spi-builder-workspace/.swiftpm/xcode
builtin-SwiftPerFileCompile Color.swift
SwiftCompile normal arm64 /Users/admin/builder/spi-builder-workspace/.dependencies/checkouts/Rainbow/Sources/ColorApproximation.swift (in target 'Rainbow' from project 'Rainbow')
cd /Users/admin/builder/spi-builder-workspace/.swiftpm/xcode
builtin-SwiftPerFileCompile ColorApproximation.swift
SwiftDriverJobDiscovery normal arm64 Compiling ConditionalStyleBuilder.swift, ControlCode.swift (in target 'Rainbow' from project 'Rainbow')
SwiftCompile normal arm64_32 Compiling\ Color.swift,\ ColorApproximation.swift /Users/admin/builder/spi-builder-workspace/.dependencies/checkouts/Rainbow/Sources/Color.swift /Users/admin/builder/spi-builder-workspace/.dependencies/checkouts/Rainbow/Sources/ColorApproximation.swift (in target 'Rainbow' from project 'Rainbow')
SwiftCompile normal arm64_32 /Users/admin/builder/spi-builder-workspace/.dependencies/checkouts/Rainbow/Sources/Color.swift (in target 'Rainbow' from project 'Rainbow')
cd /Users/admin/builder/spi-builder-workspace/.swiftpm/xcode
builtin-SwiftPerFileCompile Color.swift
SwiftCompile normal arm64_32 /Users/admin/builder/spi-builder-workspace/.dependencies/checkouts/Rainbow/Sources/ColorApproximation.swift (in target 'Rainbow' from project 'Rainbow')
cd /Users/admin/builder/spi-builder-workspace/.swiftpm/xcode
builtin-SwiftPerFileCompile ColorApproximation.swift
SwiftDriverJobDiscovery normal arm64 Compiling String+ConditionalStyling.swift (in target 'Rainbow' from project 'Rainbow')
SwiftCompile normal arm64 Compiling\ Style.swift /Users/admin/builder/spi-builder-workspace/.dependencies/checkouts/Rainbow/Sources/Style.swift (in target 'Rainbow' from project 'Rainbow')
SwiftCompile normal arm64 /Users/admin/builder/spi-builder-workspace/.dependencies/checkouts/Rainbow/Sources/Style.swift (in target 'Rainbow' from project 'Rainbow')
cd /Users/admin/builder/spi-builder-workspace/.swiftpm/xcode
builtin-SwiftPerFileCompile Style.swift
SwiftCompile normal arm64_32 Compiling\ Style.swift /Users/admin/builder/spi-builder-workspace/.dependencies/checkouts/Rainbow/Sources/Style.swift (in target 'Rainbow' from project 'Rainbow')
SwiftCompile normal arm64_32 /Users/admin/builder/spi-builder-workspace/.dependencies/checkouts/Rainbow/Sources/Style.swift (in target 'Rainbow' from project 'Rainbow')
cd /Users/admin/builder/spi-builder-workspace/.swiftpm/xcode
builtin-SwiftPerFileCompile Style.swift
SwiftDriverJobDiscovery normal arm64 Compiling StringGenerator.swift (in target 'Rainbow' from project 'Rainbow')
SwiftCompile normal arm64_32 Compiling\ HSLColorConverter.swift,\ ModesExtractor.swift /Users/admin/builder/spi-builder-workspace/.dependencies/checkouts/Rainbow/Sources/HSLColorConverter.swift /Users/admin/builder/spi-builder-workspace/.dependencies/checkouts/Rainbow/Sources/ModesExtractor.swift (in target 'Rainbow' from project 'Rainbow')
SwiftCompile normal arm64_32 /Users/admin/builder/spi-builder-workspace/.dependencies/checkouts/Rainbow/Sources/HSLColorConverter.swift (in target 'Rainbow' from project 'Rainbow')
cd /Users/admin/builder/spi-builder-workspace/.swiftpm/xcode
builtin-SwiftPerFileCompile HSLColorConverter.swift
SwiftCompile normal arm64_32 /Users/admin/builder/spi-builder-workspace/.dependencies/checkouts/Rainbow/Sources/ModesExtractor.swift (in target 'Rainbow' from project 'Rainbow')
cd /Users/admin/builder/spi-builder-workspace/.swiftpm/xcode
builtin-SwiftPerFileCompile ModesExtractor.swift
SwiftDriverJobDiscovery normal arm64 Compiling BackgroundColor.swift, CodesParser.swift (in target 'Rainbow' from project 'Rainbow')
SwiftCompile normal arm64_32 Compiling\ StyledStringBuilder.swift /Users/admin/builder/spi-builder-workspace/.dependencies/checkouts/Rainbow/Sources/StyledStringBuilder.swift (in target 'Rainbow' from project 'Rainbow')
SwiftCompile normal arm64_32 /Users/admin/builder/spi-builder-workspace/.dependencies/checkouts/Rainbow/Sources/StyledStringBuilder.swift (in target 'Rainbow' from project 'Rainbow')
cd /Users/admin/builder/spi-builder-workspace/.swiftpm/xcode
builtin-SwiftPerFileCompile StyledStringBuilder.swift
SwiftDriverJobDiscovery normal arm64 Compiling Style.swift (in target 'Rainbow' from project 'Rainbow')
SwiftDriverJobDiscovery normal arm64 Compiling String+Rainbow.swift (in target 'Rainbow' from project 'Rainbow')
SwiftDriver Sh normal arm64_32 com.apple.xcode.tools.swift.compiler (in target 'Sh' from project 'Sh')
cd /Users/admin/builder/spi-builder-workspace/.swiftpm/xcode
builtin-SwiftDriver -- /Applications/Xcode-27.0.0-Release.Candidate.app/Contents/Developer/Toolchains/XcodeDefault.xctoolchain/usr/bin/swiftc -parse-as-library -module-name Sh -Onone @/Users/admin/builder/spi-builder-workspace/.derivedData/Build/Intermediates.noindex/Sh.build/Debug-watchos/Sh-t.build/Objects-normal/arm64_32/Sh.SwiftFileList -DSWIFT_PACKAGE -DDEBUG -DSWIFT_MODULE_RESOURCE_BUNDLE_UNAVAILABLE -DXcode -plugin-path /Applications/Xcode-27.0.0-Release.Candidate.app/Contents/Developer/Toolchains/XcodeDefault.xctoolchain/usr/lib/swift/host/plugins/testing -enable-experimental-feature DebugDescriptionMacro -sdk /Applications/Xcode-27.0.0-Release.Candidate.app/Contents/Developer/Platforms/WatchOS.platform/Developer/SDKs/WatchOS27.0.sdk -target arm64_32-apple-watchos9.0 -g -module-cache-path /Users/admin/builder/spi-builder-workspace/.derivedData/ModuleCache.noindex -Xfrontend -serialize-debugging-options -enable-testing -suppress-warnings -index-store-path /Users/admin/builder/spi-builder-workspace/.derivedData/Index.noindex/DataStore -Xcc -D_LIBCPP_HARDENING_MODE\=_LIBCPP_HARDENING_MODE_DEBUG -swift-version 5 -I /Users/admin/builder/spi-builder-workspace/.derivedData/Build/Products/Debug-watchos -Isystem /Applications/Xcode-27.0.0-Release.Candidate.app/Contents/Developer/Platforms/WatchOS.platform/Developer/usr/lib -F /Users/admin/builder/spi-builder-workspace/.derivedData/Build/Products/Debug-watchos/PackageFrameworks -F /Users/admin/builder/spi-builder-workspace/.derivedData/Build/Products/Debug-watchos -F /Applications/Xcode-27.0.0-Release.Candidate.app/Contents/Developer/Platforms/WatchOS.platform/Developer/Library/Frameworks -F /Applications/Xcode-27.0.0-Release.Candidate.app/Contents/Developer/Platforms/WatchOS.platform/Developer/SDKs/WatchOS27.0.sdk/Developer/Library/Frameworks -c -j10 -enable-batch-mode -incremental -Xcc -ivfsstatcache -Xcc /Users/admin/builder/spi-builder-workspace/.derivedData/SDKStatCaches.noindex/watchos27.0-24R360-e829b21a6f8c9b70876ba0858053c04477534ef55a1706bf4c1112bbb242f0a2.sdkstatcache -output-file-map /Users/admin/builder/spi-builder-workspace/.derivedData/Build/Intermediates.noindex/Sh.build/Debug-watchos/Sh-t.build/Objects-normal/arm64_32/Sh-OutputFileMap.json -save-temps -no-color-diagnostics -explicit-module-build -module-cache-path /Users/admin/builder/spi-builder-workspace/.derivedData/Build/Intermediates.noindex/SwiftExplicitPrecompiledModules -clang-scanner-module-cache-path /Users/admin/builder/spi-builder-workspace/.derivedData/ModuleCache.noindex -sdk-module-cache-path /Users/admin/builder/spi-builder-workspace/.derivedData/SDKExplicitPrecompiledModules -emit-dependencies -emit-module -emit-module-path /Users/admin/builder/spi-builder-workspace/.derivedData/Build/Intermediates.noindex/Sh.build/Debug-watchos/Sh-t.build/Objects-normal/arm64_32/Sh.swiftmodule -serialize-diagnostics -dependency-scan-serialize-diagnostics-path /Users/admin/builder/spi-builder-workspace/.derivedData/Build/Intermediates.noindex/Sh.build/Debug-watchos/Sh-t.build/Objects-normal/arm64_32/Sh-dependency-scan.dia -validate-clang-modules-once -clang-build-session-file /Users/admin/builder/spi-builder-workspace/.derivedData/ModuleCache.noindex/Session.modulevalidation -Xcc -fmodules-prune-interval\=86400 -Xcc -fmodules-prune-after\=345600 -emit-const-values -const-gather-protocols-list /Users/admin/builder/spi-builder-workspace/.derivedData/Build/Intermediates.noindex/Sh.build/Debug-watchos/Sh-t.build/Objects-normal/arm64_32/Sh_const_extract_protocols.json -Xcc -I/Users/admin/builder/spi-builder-workspace/.derivedData/Build/Products/Debug-watchos/include -Xcc -I/Users/admin/builder/spi-builder-workspace/.derivedData/Build/Intermediates.noindex/Sh.build/Debug-watchos/Sh-t.build/DerivedSources-normal/arm64_32 -Xcc -I/Users/admin/builder/spi-builder-workspace/.derivedData/Build/Intermediates.noindex/Sh.build/Debug-watchos/Sh-t.build/DerivedSources/arm64_32 -Xcc -I/Users/admin/builder/spi-builder-workspace/.derivedData/Build/Intermediates.noindex/Sh.build/Debug-watchos/Sh-t.build/DerivedSources -Xcc -DSWIFT_PACKAGE -Xcc -DDEBUG\=1 -emit-objc-header -emit-objc-header-path /Users/admin/builder/spi-builder-workspace/.derivedData/Build/Intermediates.noindex/Sh.build/Debug-watchos/Sh-t.build/Objects-normal/arm64_32/Sh-Swift.h -working-directory /Users/admin/builder/spi-builder-workspace/.swiftpm/xcode -experimental-emit-module-separately -disable-cmo
SwiftDriver Sh normal arm64 com.apple.xcode.tools.swift.compiler (in target 'Sh' from project 'Sh')
cd /Users/admin/builder/spi-builder-workspace/.swiftpm/xcode
builtin-SwiftDriver -- /Applications/Xcode-27.0.0-Release.Candidate.app/Contents/Developer/Toolchains/XcodeDefault.xctoolchain/usr/bin/swiftc -parse-as-library -module-name Sh -Onone @/Users/admin/builder/spi-builder-workspace/.derivedData/Build/Intermediates.noindex/Sh.build/Debug-watchos/Sh-t.build/Objects-normal/arm64/Sh.SwiftFileList -DSWIFT_PACKAGE -DDEBUG -DSWIFT_MODULE_RESOURCE_BUNDLE_UNAVAILABLE -DXcode -plugin-path /Applications/Xcode-27.0.0-Release.Candidate.app/Contents/Developer/Toolchains/XcodeDefault.xctoolchain/usr/lib/swift/host/plugins/testing -enable-experimental-feature DebugDescriptionMacro -sdk /Applications/Xcode-27.0.0-Release.Candidate.app/Contents/Developer/Platforms/WatchOS.platform/Developer/SDKs/WatchOS27.0.sdk -target arm64-apple-watchos9.0 -g -module-cache-path /Users/admin/builder/spi-builder-workspace/.derivedData/ModuleCache.noindex -Xfrontend -serialize-debugging-options -enable-testing -suppress-warnings -index-store-path /Users/admin/builder/spi-builder-workspace/.derivedData/Index.noindex/DataStore -Xcc -D_LIBCPP_HARDENING_MODE\=_LIBCPP_HARDENING_MODE_DEBUG -swift-version 5 -I /Users/admin/builder/spi-builder-workspace/.derivedData/Build/Products/Debug-watchos -Isystem /Applications/Xcode-27.0.0-Release.Candidate.app/Contents/Developer/Platforms/WatchOS.platform/Developer/usr/lib -F /Users/admin/builder/spi-builder-workspace/.derivedData/Build/Products/Debug-watchos/PackageFrameworks -F /Users/admin/builder/spi-builder-workspace/.derivedData/Build/Products/Debug-watchos -F /Applications/Xcode-27.0.0-Release.Candidate.app/Contents/Developer/Platforms/WatchOS.platform/Developer/Library/Frameworks -F /Applications/Xcode-27.0.0-Release.Candidate.app/Contents/Developer/Platforms/WatchOS.platform/Developer/SDKs/WatchOS27.0.sdk/Developer/Library/Frameworks -c -j10 -enable-batch-mode -incremental -Xcc -ivfsstatcache -Xcc /Users/admin/builder/spi-builder-workspace/.derivedData/SDKStatCaches.noindex/watchos27.0-24R360-e829b21a6f8c9b70876ba0858053c04477534ef55a1706bf4c1112bbb242f0a2.sdkstatcache -output-file-map /Users/admin/builder/spi-builder-workspace/.derivedData/Build/Intermediates.noindex/Sh.build/Debug-watchos/Sh-t.build/Objects-normal/arm64/Sh-OutputFileMap.json -save-temps -no-color-diagnostics -explicit-module-build -module-cache-path /Users/admin/builder/spi-builder-workspace/.derivedData/Build/Intermediates.noindex/SwiftExplicitPrecompiledModules -clang-scanner-module-cache-path /Users/admin/builder/spi-builder-workspace/.derivedData/ModuleCache.noindex -sdk-module-cache-path /Users/admin/builder/spi-builder-workspace/.derivedData/SDKExplicitPrecompiledModules -emit-dependencies -emit-module -emit-module-path /Users/admin/builder/spi-builder-workspace/.derivedData/Build/Intermediates.noindex/Sh.build/Debug-watchos/Sh-t.build/Objects-normal/arm64/Sh.swiftmodule -serialize-diagnostics -dependency-scan-serialize-diagnostics-path /Users/admin/builder/spi-builder-workspace/.derivedData/Build/Intermediates.noindex/Sh.build/Debug-watchos/Sh-t.build/Objects-normal/arm64/Sh-dependency-scan.dia -validate-clang-modules-once -clang-build-session-file /Users/admin/builder/spi-builder-workspace/.derivedData/ModuleCache.noindex/Session.modulevalidation -Xcc -fmodules-prune-interval\=86400 -Xcc -fmodules-prune-after\=345600 -emit-const-values -const-gather-protocols-list /Users/admin/builder/spi-builder-workspace/.derivedData/Build/Intermediates.noindex/Sh.build/Debug-watchos/Sh-t.build/Objects-normal/arm64/Sh_const_extract_protocols.json -Xcc -I/Users/admin/builder/spi-builder-workspace/.derivedData/Build/Products/Debug-watchos/include -Xcc -I/Users/admin/builder/spi-builder-workspace/.derivedData/Build/Intermediates.noindex/Sh.build/Debug-watchos/Sh-t.build/DerivedSources-normal/arm64 -Xcc -I/Users/admin/builder/spi-builder-workspace/.derivedData/Build/Intermediates.noindex/Sh.build/Debug-watchos/Sh-t.build/DerivedSources/arm64 -Xcc -I/Users/admin/builder/spi-builder-workspace/.derivedData/Build/Intermediates.noindex/Sh.build/Debug-watchos/Sh-t.build/DerivedSources -Xcc -DSWIFT_PACKAGE -Xcc -DDEBUG\=1 -emit-objc-header -emit-objc-header-path /Users/admin/builder/spi-builder-workspace/.derivedData/Build/Intermediates.noindex/Sh.build/Debug-watchos/Sh-t.build/Objects-normal/arm64/Sh-Swift.h -working-directory /Users/admin/builder/spi-builder-workspace/.swiftpm/xcode -experimental-emit-module-separately -disable-cmo
SwiftDriverJobDiscovery normal arm64_32 Compiling Style.swift (in target 'Rainbow' from project 'Rainbow')
SwiftExplicitDependencyGeneratePcm arm64_32 /Users/admin/builder/spi-builder-workspace/.derivedData/SDKExplicitPrecompiledModules/_SwiftConcurrencyShims-6RTBPQ03V7BM9SPRK8SUE055H.pcm
SwiftExplicitDependencyGeneratePcm arm64_32 /Users/admin/builder/spi-builder-workspace/.derivedData/SDKExplicitPrecompiledModules/_Builtin_stddef-H44EFHQX6XSS5MZ7QP6YJZ76.pcm
SwiftExplicitDependencyGeneratePcm arm64 /Users/admin/builder/spi-builder-workspace/.derivedData/SDKExplicitPrecompiledModules/_Builtin_stdarg-A7UU8LE6MP85SM26YO7PBZNUQ.pcm
SwiftExplicitDependencyGeneratePcm arm64_32 /Users/admin/builder/spi-builder-workspace/.derivedData/SDKExplicitPrecompiledModules/_AvailabilityInternal-244WAN3Z1QBT7PIA64EZEFY1R.pcm
SwiftExplicitDependencyGeneratePcm arm64 /Users/admin/builder/spi-builder-workspace/.derivedData/SDKExplicitPrecompiledModules/_Builtin_float-C0CW5Q4HGBQYKE77TC42IAFB5.pcm
SwiftDriverJobDiscovery normal arm64 Compiling Color.swift, ColorApproximation.swift (in target 'Rainbow' from project 'Rainbow')
SwiftExplicitDependencyGeneratePcm arm64 /Users/admin/builder/spi-builder-workspace/.derivedData/SDKExplicitPrecompiledModules/ptrauth-3TZ9WJCGLYD25HQPWH4968ONX.pcm
SwiftDriverJobDiscovery normal arm64_32 Compiling Color.swift, ColorApproximation.swift (in target 'Rainbow' from project 'Rainbow')
SwiftExplicitDependencyGeneratePcm arm64 /Users/admin/builder/spi-builder-workspace/.derivedData/SDKExplicitPrecompiledModules/_SwiftConcurrencyShims-659N52XSKR5F0QSB880BH2FJR.pcm
SwiftDriverJobDiscovery normal arm64_32 Compiling HSLColorConverter.swift, ModesExtractor.swift (in target 'Rainbow' from project 'Rainbow')
SwiftExplicitDependencyGeneratePcm arm64 /Users/admin/builder/spi-builder-workspace/.derivedData/SDKExplicitPrecompiledModules/_Builtin_stdbool-83J96QSOFE9VX04AAS6310UAE.pcm
SwiftDriverJobDiscovery normal arm64 Compiling HSLColorConverter.swift, ModesExtractor.swift (in target 'Rainbow' from project 'Rainbow')
SwiftExplicitDependencyGeneratePcm arm64 /Users/admin/builder/spi-builder-workspace/.derivedData/SDKExplicitPrecompiledModules/SwiftShims-4MXFZPV6FEB0XBYXCGPWAMQGL.pcm
SwiftDriverJobDiscovery normal arm64 Compiling OutputTarget.swift, Rainbow.swift (in target 'Rainbow' from project 'Rainbow')
SwiftExplicitDependencyGeneratePcm arm64 /Users/admin/builder/spi-builder-workspace/.derivedData/SDKExplicitPrecompiledModules/ptrcheck-AIF0NDOYZ8ORBNHQAQR5NNB8M.pcm
SwiftDriverJobDiscovery normal arm64_32 Compiling OutputTarget.swift, Rainbow.swift (in target 'Rainbow' from project 'Rainbow')
SwiftExplicitDependencyGeneratePcm arm64_32 /Users/admin/builder/spi-builder-workspace/.derivedData/SDKExplicitPrecompiledModules/_Builtin_stdarg-D305JG44A2WPI6CJY37X3QJE8.pcm
SwiftExplicitDependencyGeneratePcm arm64_32 /Users/admin/builder/spi-builder-workspace/.derivedData/SDKExplicitPrecompiledModules/SwiftShims-9CQQGWTSNTN9EB5NSHDWUJICH.pcm
SwiftDriverJobDiscovery normal arm64 Compiling StyledStringBuilder.swift (in target 'Rainbow' from project 'Rainbow')
SwiftDriverJobDiscovery normal arm64_32 Compiling StyledStringBuilder.swift (in target 'Rainbow' from project 'Rainbow')
SwiftExplicitDependencyGeneratePcm arm64 /Users/admin/builder/spi-builder-workspace/.derivedData/SDKExplicitPrecompiledModules/_AvailabilityInternal-BUNV3UXM65NT37THI4W1AM0SF.pcm
SwiftExplicitDependencyGeneratePcm arm64_32 /Users/admin/builder/spi-builder-workspace/.derivedData/SDKExplicitPrecompiledModules/_Builtin_float-6KO8O3PEWRCA4WC6PPLOYO6WJ.pcm
SwiftExplicitDependencyGeneratePcm arm64_32 /Users/admin/builder/spi-builder-workspace/.derivedData/SDKExplicitPrecompiledModules/ptrcheck-7ELIH9BTIGVKX3UBITM9N72WD.pcm
SwiftExplicitDependencyGeneratePcm arm64 /Users/admin/builder/spi-builder-workspace/.derivedData/SDKExplicitPrecompiledModules/_Builtin_stddef-1FU30Y8SWFB7OUUHMJQH5J6FM.pcm
SwiftExplicitDependencyGeneratePcm arm64_32 /Users/admin/builder/spi-builder-workspace/.derivedData/SDKExplicitPrecompiledModules/ptrauth-BFXF358ME5AK535N5A9Z766WU.pcm
SwiftExplicitDependencyGeneratePcm arm64_32 /Users/admin/builder/spi-builder-workspace/.derivedData/SDKExplicitPrecompiledModules/_Builtin_stdbool-A967K8W8YUYEC9SN52KJ7OO88.pcm
SwiftDriver\ Compilation Rainbow normal arm64_32 com.apple.xcode.tools.swift.compiler (in target 'Rainbow' from project 'Rainbow')
cd /Users/admin/builder/spi-builder-workspace/.swiftpm/xcode
builtin-Swift-Compilation -- /Applications/Xcode-27.0.0-Release.Candidate.app/Contents/Developer/Toolchains/XcodeDefault.xctoolchain/usr/bin/swiftc -parse-as-library -module-name Rainbow -Onone @/Users/admin/builder/spi-builder-workspace/.derivedData/Build/Intermediates.noindex/Rainbow.build/Debug-watchos/Rainbow-t.build/Objects-normal/arm64_32/Rainbow.SwiftFileList -DSWIFT_PACKAGE -DDEBUG -DSWIFT_MODULE_RESOURCE_BUNDLE_UNAVAILABLE -DXcode -plugin-path /Applications/Xcode-27.0.0-Release.Candidate.app/Contents/Developer/Toolchains/XcodeDefault.xctoolchain/usr/lib/swift/host/plugins/testing -enable-experimental-feature DebugDescriptionMacro -sdk /Applications/Xcode-27.0.0-Release.Candidate.app/Contents/Developer/Platforms/WatchOS.platform/Developer/SDKs/WatchOS27.0.sdk -target arm64_32-apple-watchos9.0 -g -module-cache-path /Users/admin/builder/spi-builder-workspace/.derivedData/ModuleCache.noindex -Xfrontend -serialize-debugging-options -enable-testing -suppress-warnings -index-store-path /Users/admin/builder/spi-builder-workspace/.derivedData/Index.noindex/DataStore -Xcc -D_LIBCPP_HARDENING_MODE\=_LIBCPP_HARDENING_MODE_DEBUG -swift-version 4 -I /Users/admin/builder/spi-builder-workspace/.derivedData/Build/Products/Debug-watchos -Isystem /Applications/Xcode-27.0.0-Release.Candidate.app/Contents/Developer/Platforms/WatchOS.platform/Developer/usr/lib -F /Users/admin/builder/spi-builder-workspace/.derivedData/Build/Products/Debug-watchos -F /Applications/Xcode-27.0.0-Release.Candidate.app/Contents/Developer/Platforms/WatchOS.platform/Developer/Library/Frameworks -F /Applications/Xcode-27.0.0-Release.Candidate.app/Contents/Developer/Platforms/WatchOS.platform/Developer/SDKs/WatchOS27.0.sdk/Developer/Library/Frameworks -c -j10 -enable-batch-mode -incremental -Xcc -ivfsstatcache -Xcc /Users/admin/builder/spi-builder-workspace/.derivedData/SDKStatCaches.noindex/watchos27.0-24R360-e829b21a6f8c9b70876ba0858053c04477534ef55a1706bf4c1112bbb242f0a2.sdkstatcache -output-file-map /Users/admin/builder/spi-builder-workspace/.derivedData/Build/Intermediates.noindex/Rainbow.build/Debug-watchos/Rainbow-t.build/Objects-normal/arm64_32/Rainbow-OutputFileMap.json -save-temps -no-color-diagnostics -emit-dependencies -emit-module -emit-module-path /Users/admin/builder/spi-builder-workspace/.derivedData/Build/Intermediates.noindex/Rainbow.build/Debug-watchos/Rainbow-t.build/Objects-normal/arm64_32/Rainbow.swiftmodule -serialize-diagnostics -validate-clang-modules-once -clang-build-session-file /Users/admin/builder/spi-builder-workspace/.derivedData/ModuleCache.noindex/Session.modulevalidation -Xcc -fmodules-prune-interval\=86400 -Xcc -fmodules-prune-after\=345600 -emit-const-values -const-gather-protocols-list /Users/admin/builder/spi-builder-workspace/.derivedData/Build/Intermediates.noindex/Rainbow.build/Debug-watchos/Rainbow-t.build/Objects-normal/arm64_32/Rainbow_const_extract_protocols.json -Xcc -I/Users/admin/builder/spi-builder-workspace/.derivedData/Build/Products/Debug-watchos/include -Xcc -I/Users/admin/builder/spi-builder-workspace/.derivedData/Build/Intermediates.noindex/Rainbow.build/Debug-watchos/Rainbow-t.build/DerivedSources-normal/arm64_32 -Xcc -I/Users/admin/builder/spi-builder-workspace/.derivedData/Build/Intermediates.noindex/Rainbow.build/Debug-watchos/Rainbow-t.build/DerivedSources/arm64_32 -Xcc -I/Users/admin/builder/spi-builder-workspace/.derivedData/Build/Intermediates.noindex/Rainbow.build/Debug-watchos/Rainbow-t.build/DerivedSources -Xcc -DSWIFT_PACKAGE -Xcc -DDEBUG\=1 -emit-objc-header -emit-objc-header-path /Users/admin/builder/spi-builder-workspace/.derivedData/Build/Intermediates.noindex/Rainbow.build/Debug-watchos/Rainbow-t.build/Objects-normal/arm64_32/Rainbow-Swift.h -working-directory /Users/admin/builder/spi-builder-workspace/.swiftpm/xcode -experimental-emit-module-separately -disable-cmo
SwiftDriver\ Compilation Rainbow normal arm64 com.apple.xcode.tools.swift.compiler (in target 'Rainbow' from project 'Rainbow')
cd /Users/admin/builder/spi-builder-workspace/.swiftpm/xcode
builtin-Swift-Compilation -- /Applications/Xcode-27.0.0-Release.Candidate.app/Contents/Developer/Toolchains/XcodeDefault.xctoolchain/usr/bin/swiftc -parse-as-library -module-name Rainbow -Onone @/Users/admin/builder/spi-builder-workspace/.derivedData/Build/Intermediates.noindex/Rainbow.build/Debug-watchos/Rainbow-t.build/Objects-normal/arm64/Rainbow.SwiftFileList -DSWIFT_PACKAGE -DDEBUG -DSWIFT_MODULE_RESOURCE_BUNDLE_UNAVAILABLE -DXcode -plugin-path /Applications/Xcode-27.0.0-Release.Candidate.app/Contents/Developer/Toolchains/XcodeDefault.xctoolchain/usr/lib/swift/host/plugins/testing -enable-experimental-feature DebugDescriptionMacro -sdk /Applications/Xcode-27.0.0-Release.Candidate.app/Contents/Developer/Platforms/WatchOS.platform/Developer/SDKs/WatchOS27.0.sdk -target arm64-apple-watchos9.0 -g -module-cache-path /Users/admin/builder/spi-builder-workspace/.derivedData/ModuleCache.noindex -Xfrontend -serialize-debugging-options -enable-testing -suppress-warnings -index-store-path /Users/admin/builder/spi-builder-workspace/.derivedData/Index.noindex/DataStore -Xcc -D_LIBCPP_HARDENING_MODE\=_LIBCPP_HARDENING_MODE_DEBUG -swift-version 4 -I /Users/admin/builder/spi-builder-workspace/.derivedData/Build/Products/Debug-watchos -Isystem /Applications/Xcode-27.0.0-Release.Candidate.app/Contents/Developer/Platforms/WatchOS.platform/Developer/usr/lib -F /Users/admin/builder/spi-builder-workspace/.derivedData/Build/Products/Debug-watchos -F /Applications/Xcode-27.0.0-Release.Candidate.app/Contents/Developer/Platforms/WatchOS.platform/Developer/Library/Frameworks -F /Applications/Xcode-27.0.0-Release.Candidate.app/Contents/Developer/Platforms/WatchOS.platform/Developer/SDKs/WatchOS27.0.sdk/Developer/Library/Frameworks -c -j10 -enable-batch-mode -incremental -Xcc -ivfsstatcache -Xcc /Users/admin/builder/spi-builder-workspace/.derivedData/SDKStatCaches.noindex/watchos27.0-24R360-e829b21a6f8c9b70876ba0858053c04477534ef55a1706bf4c1112bbb242f0a2.sdkstatcache -output-file-map /Users/admin/builder/spi-builder-workspace/.derivedData/Build/Intermediates.noindex/Rainbow.build/Debug-watchos/Rainbow-t.build/Objects-normal/arm64/Rainbow-OutputFileMap.json -save-temps -no-color-diagnostics -emit-dependencies -emit-module -emit-module-path /Users/admin/builder/spi-builder-workspace/.derivedData/Build/Intermediates.noindex/Rainbow.build/Debug-watchos/Rainbow-t.build/Objects-normal/arm64/Rainbow.swiftmodule -serialize-diagnostics -validate-clang-modules-once -clang-build-session-file /Users/admin/builder/spi-builder-workspace/.derivedData/ModuleCache.noindex/Session.modulevalidation -Xcc -fmodules-prune-interval\=86400 -Xcc -fmodules-prune-after\=345600 -emit-const-values -const-gather-protocols-list /Users/admin/builder/spi-builder-workspace/.derivedData/Build/Intermediates.noindex/Rainbow.build/Debug-watchos/Rainbow-t.build/Objects-normal/arm64/Rainbow_const_extract_protocols.json -Xcc -I/Users/admin/builder/spi-builder-workspace/.derivedData/Build/Products/Debug-watchos/include -Xcc -I/Users/admin/builder/spi-builder-workspace/.derivedData/Build/Intermediates.noindex/Rainbow.build/Debug-watchos/Rainbow-t.build/DerivedSources-normal/arm64 -Xcc -I/Users/admin/builder/spi-builder-workspace/.derivedData/Build/Intermediates.noindex/Rainbow.build/Debug-watchos/Rainbow-t.build/DerivedSources/arm64 -Xcc -I/Users/admin/builder/spi-builder-workspace/.derivedData/Build/Intermediates.noindex/Rainbow.build/Debug-watchos/Rainbow-t.build/DerivedSources -Xcc -DSWIFT_PACKAGE -Xcc -DDEBUG\=1 -emit-objc-header -emit-objc-header-path /Users/admin/builder/spi-builder-workspace/.derivedData/Build/Intermediates.noindex/Rainbow.build/Debug-watchos/Rainbow-t.build/Objects-normal/arm64/Rainbow-Swift.h -working-directory /Users/admin/builder/spi-builder-workspace/.swiftpm/xcode -experimental-emit-module-separately -disable-cmo
Ld /Users/admin/builder/spi-builder-workspace/.derivedData/Build/Intermediates.noindex/Rainbow.build/Debug-watchos/Rainbow-t.build/Objects-normal/arm64_32/Binary/Rainbow.o normal arm64_32 (in target 'Rainbow' from project 'Rainbow')
cd /Users/admin/builder/spi-builder-workspace/.dependencies/checkouts/Rainbow
/Applications/Xcode-27.0.0-Release.Candidate.app/Contents/Developer/Toolchains/XcodeDefault.xctoolchain/usr/bin/clang -Xlinker -reproducible -target arm64_32-apple-watchos9.0 -r -isysroot /Applications/Xcode-27.0.0-Release.Candidate.app/Contents/Developer/Platforms/WatchOS.platform/Developer/SDKs/WatchOS27.0.sdk -O0 -w -Xlinker -no_warn_duplicate_libraries -F/Users/admin/builder/spi-builder-workspace/.derivedData/Build/Intermediates.noindex/EagerLinkingTBDs/Debug-watchos -F/Users/admin/builder/spi-builder-workspace/.derivedData/Build/Products/Debug-watchos -iframework /Applications/Xcode-27.0.0-Release.Candidate.app/Contents/Developer/Platforms/WatchOS.platform/Developer/Library/Frameworks -iframework /Applications/Xcode-27.0.0-Release.Candidate.app/Contents/Developer/Platforms/WatchOS.platform/Developer/SDKs/WatchOS27.0.sdk/Developer/Library/Frameworks -filelist /Users/admin/builder/spi-builder-workspace/.derivedData/Build/Intermediates.noindex/Rainbow.build/Debug-watchos/Rainbow-t.build/Objects-normal/arm64_32/Rainbow.LinkFileList -nostdlib -Xlinker -object_path_lto -Xlinker /Users/admin/builder/spi-builder-workspace/.derivedData/Build/Intermediates.noindex/Rainbow.build/Debug-watchos/Rainbow-t.build/Objects-normal/arm64_32/Rainbow_lto.o -Xlinker -no_deduplicate -Xlinker -dependency_info -Xlinker /Users/admin/builder/spi-builder-workspace/.derivedData/Build/Intermediates.noindex/Rainbow.build/Debug-watchos/Rainbow-t.build/Objects-normal/arm64_32/Rainbow_dependency_info.dat -fobjc-link-runtime -L/Applications/Xcode-27.0.0-Release.Candidate.app/Contents/Developer/Toolchains/XcodeDefault.xctoolchain/usr/lib/swift/watchos -L/usr/lib/swift -Xlinker -add_ast_path -Xlinker /Users/admin/builder/spi-builder-workspace/.derivedData/Build/Intermediates.noindex/Rainbow.build/Debug-watchos/Rainbow-t.build/Objects-normal/arm64_32/Rainbow.swiftmodule -o /Users/admin/builder/spi-builder-workspace/.derivedData/Build/Intermediates.noindex/Rainbow.build/Debug-watchos/Rainbow-t.build/Objects-normal/arm64_32/Binary/Rainbow.o
Ld /Users/admin/builder/spi-builder-workspace/.derivedData/Build/Intermediates.noindex/Rainbow.build/Debug-watchos/Rainbow-t.build/Objects-normal/arm64/Binary/Rainbow.o normal arm64 (in target 'Rainbow' from project 'Rainbow')
cd /Users/admin/builder/spi-builder-workspace/.dependencies/checkouts/Rainbow
/Applications/Xcode-27.0.0-Release.Candidate.app/Contents/Developer/Toolchains/XcodeDefault.xctoolchain/usr/bin/clang -Xlinker -reproducible -target arm64-apple-watchos9.0 -r -isysroot /Applications/Xcode-27.0.0-Release.Candidate.app/Contents/Developer/Platforms/WatchOS.platform/Developer/SDKs/WatchOS27.0.sdk -O0 -w -Xlinker -no_warn_duplicate_libraries -F/Users/admin/builder/spi-builder-workspace/.derivedData/Build/Intermediates.noindex/EagerLinkingTBDs/Debug-watchos -F/Users/admin/builder/spi-builder-workspace/.derivedData/Build/Products/Debug-watchos -iframework /Applications/Xcode-27.0.0-Release.Candidate.app/Contents/Developer/Platforms/WatchOS.platform/Developer/Library/Frameworks -iframework /Applications/Xcode-27.0.0-Release.Candidate.app/Contents/Developer/Platforms/WatchOS.platform/Developer/SDKs/WatchOS27.0.sdk/Developer/Library/Frameworks -filelist /Users/admin/builder/spi-builder-workspace/.derivedData/Build/Intermediates.noindex/Rainbow.build/Debug-watchos/Rainbow-t.build/Objects-normal/arm64/Rainbow.LinkFileList -nostdlib -Xlinker -object_path_lto -Xlinker /Users/admin/builder/spi-builder-workspace/.derivedData/Build/Intermediates.noindex/Rainbow.build/Debug-watchos/Rainbow-t.build/Objects-normal/arm64/Rainbow_lto.o -Xlinker -no_deduplicate -Xlinker -dependency_info -Xlinker /Users/admin/builder/spi-builder-workspace/.derivedData/Build/Intermediates.noindex/Rainbow.build/Debug-watchos/Rainbow-t.build/Objects-normal/arm64/Rainbow_dependency_info.dat -fobjc-link-runtime -L/Applications/Xcode-27.0.0-Release.Candidate.app/Contents/Developer/Toolchains/XcodeDefault.xctoolchain/usr/lib/swift/watchos -L/usr/lib/swift -Xlinker -add_ast_path -Xlinker /Users/admin/builder/spi-builder-workspace/.derivedData/Build/Intermediates.noindex/Rainbow.build/Debug-watchos/Rainbow-t.build/Objects-normal/arm64/Rainbow.swiftmodule -o /Users/admin/builder/spi-builder-workspace/.derivedData/Build/Intermediates.noindex/Rainbow.build/Debug-watchos/Rainbow-t.build/Objects-normal/arm64/Binary/Rainbow.o
CreateUniversalBinary /Users/admin/builder/spi-builder-workspace/.derivedData/Build/Products/Debug-watchos/Rainbow.o normal arm64\ arm64_32 (in target 'Rainbow' from project 'Rainbow')
cd /Users/admin/builder/spi-builder-workspace/.dependencies/checkouts/Rainbow
/Applications/Xcode-27.0.0-Release.Candidate.app/Contents/Developer/Toolchains/XcodeDefault.xctoolchain/usr/bin/lipo -create /Users/admin/builder/spi-builder-workspace/.derivedData/Build/Intermediates.noindex/Rainbow.build/Debug-watchos/Rainbow-t.build/Objects-normal/arm64/Binary/Rainbow.o /Users/admin/builder/spi-builder-workspace/.derivedData/Build/Intermediates.noindex/Rainbow.build/Debug-watchos/Rainbow-t.build/Objects-normal/arm64_32/Binary/Rainbow.o -output /Users/admin/builder/spi-builder-workspace/.derivedData/Build/Products/Debug-watchos/Rainbow.o
SwiftExplicitDependencyGeneratePcm arm64_32 /Users/admin/builder/spi-builder-workspace/.derivedData/SDKExplicitPrecompiledModules/_DarwinFoundation1-2GWF9RFMPLQW4PDHS3NARVI3G.pcm
SwiftExplicitDependencyGeneratePcm arm64 /Users/admin/builder/spi-builder-workspace/.derivedData/SDKExplicitPrecompiledModules/_DarwinFoundation1-7SPX3MD0HMP55E4OLNCPNDQ53.pcm
ExtractAppIntentsMetadata (in target 'Rainbow' from project 'Rainbow')
cd /Users/admin/builder/spi-builder-workspace/.dependencies/checkouts/Rainbow
/Applications/Xcode-27.0.0-Release.Candidate.app/Contents/Developer/Toolchains/XcodeDefault.xctoolchain/usr/bin/appintentsmetadataprocessor --toolchain-dir /var/run/com.apple.security.cryptexd/mnt/com.apple.MobileAsset.MetalToolchain-v27.1.266.1.LRit26/Metal.xctoolchain --module-name Rainbow --sdk-root /Applications/Xcode-27.0.0-Release.Candidate.app/Contents/Developer/Platforms/WatchOS.platform/Developer/SDKs/WatchOS27.0.sdk --xcode-version 27A266a --platform-family watchOS --deployment-target 9.0 --bundle-identifier rainbow.Rainbow --output /Users/admin/builder/spi-builder-workspace/.derivedData/Build/Products/Debug-watchos/Rainbow.appintents --target-triple arm64-apple-watchos9.0 --target-triple arm64_32-apple-watchos9.0 --binary-file /Users/admin/builder/spi-builder-workspace/.derivedData/Build/Products/Debug-watchos/Rainbow.o --dependency-file /Users/admin/builder/spi-builder-workspace/.derivedData/Build/Intermediates.noindex/Rainbow.build/Debug-watchos/Rainbow-t.build/Objects-normal/arm64/Rainbow_dependency_info.dat --dependency-file /Users/admin/builder/spi-builder-workspace/.derivedData/Build/Intermediates.noindex/Rainbow.build/Debug-watchos/Rainbow-t.build/Objects-normal/arm64_32/Rainbow_dependency_info.dat --stringsdata-file /Users/admin/builder/spi-builder-workspace/.derivedData/Build/Intermediates.noindex/Rainbow.build/Debug-watchos/Rainbow-t.build/Objects-normal/arm64/ExtractedAppShortcutsMetadata.stringsdata --stringsdata-file /Users/admin/builder/spi-builder-workspace/.derivedData/Build/Intermediates.noindex/Rainbow.build/Debug-watchos/Rainbow-t.build/Objects-normal/arm64_32/ExtractedAppShortcutsMetadata.stringsdata --source-file-list /Users/admin/builder/spi-builder-workspace/.derivedData/Build/Intermediates.noindex/Rainbow.build/Debug-watchos/Rainbow-t.build/Objects-normal/arm64/Rainbow.SwiftFileList --source-file-list /Users/admin/builder/spi-builder-workspace/.derivedData/Build/Intermediates.noindex/Rainbow.build/Debug-watchos/Rainbow-t.build/Objects-normal/arm64_32/Rainbow.SwiftFileList --metadata-file-list /Users/admin/builder/spi-builder-workspace/.derivedData/Build/Intermediates.noindex/Rainbow.build/Debug-watchos/Rainbow-t.build/Rainbow.DependencyMetadataFileList --static-metadata-file-list /Users/admin/builder/spi-builder-workspace/.derivedData/Build/Intermediates.noindex/Rainbow.build/Debug-watchos/Rainbow-t.build/Rainbow.DependencyStaticMetadataFileList --swift-const-vals-list /Users/admin/builder/spi-builder-workspace/.derivedData/Build/Intermediates.noindex/Rainbow.build/Debug-watchos/Rainbow-t.build/Objects-normal/arm64/Rainbow.SwiftConstValuesFileList --swift-const-vals-list /Users/admin/builder/spi-builder-workspace/.derivedData/Build/Intermediates.noindex/Rainbow.build/Debug-watchos/Rainbow-t.build/Objects-normal/arm64_32/Rainbow.SwiftConstValuesFileList --force --compile-time-extraction --deployment-aware-processing --no-app-shortcuts-localization
2026-09-20 08:55:11.078 appintentsmetadataprocessor[891:5393] Starting appintentsmetadataprocessor export
2026-09-20 08:55:11.176 appintentsmetadataprocessor[891:5393] Extracted no relevant App Intents symbols, skipping writing output
SwiftExplicitDependencyGeneratePcm arm64_32 /Users/admin/builder/spi-builder-workspace/.derivedData/SDKExplicitPrecompiledModules/_DarwinFoundation2-9MY8GOSYRO0M9MKNXF6D3MBNK.pcm
SwiftExplicitDependencyGeneratePcm arm64_32 /Users/admin/builder/spi-builder-workspace/.derivedData/SDKExplicitPrecompiledModules/_Builtin_limits-3VKBU2AFTD65PAJZ5CJ3LHFM2.pcm
SwiftExplicitDependencyGeneratePcm arm64 /Users/admin/builder/spi-builder-workspace/.derivedData/SDKExplicitPrecompiledModules/_DarwinFoundation2-D0XAPJU49S5E9XMKYOFGSTB1Q.pcm
SwiftExplicitDependencyGeneratePcm arm64 /Users/admin/builder/spi-builder-workspace/.derivedData/SDKExplicitPrecompiledModules/_Builtin_limits-9GWPA2B0H20DYUNYHYCWKABJG.pcm
SwiftExplicitDependencyGeneratePcm arm64_32 /Users/admin/builder/spi-builder-workspace/.derivedData/SDKExplicitPrecompiledModules/_Builtin_stdint-1HMXWI3V0V4TXHRWZOMZGZ80Y.pcm
SwiftExplicitDependencyGeneratePcm arm64_32 /Users/admin/builder/spi-builder-workspace/.derivedData/SDKExplicitPrecompiledModules/string_h-BFVLUQUSBZWYMLCU9QI7VZALW.pcm
SwiftExplicitDependencyGeneratePcm arm64_32 /Users/admin/builder/spi-builder-workspace/.derivedData/SDKExplicitPrecompiledModules/sys_types-8TLLMW08ZJWDGIIPKOYFGHHZW.pcm
SwiftExplicitDependencyGeneratePcm arm64 /Users/admin/builder/spi-builder-workspace/.derivedData/SDKExplicitPrecompiledModules/string_h-E6PRXK75PHIPCZFWOFCQ3QBMK.pcm
SwiftExplicitDependencyGeneratePcm arm64 /Users/admin/builder/spi-builder-workspace/.derivedData/SDKExplicitPrecompiledModules/sys_types-2KXQLI78OUCDP779AE68GZJ2.pcm
SwiftExplicitDependencyGeneratePcm arm64 /Users/admin/builder/spi-builder-workspace/.derivedData/SDKExplicitPrecompiledModules/_Builtin_stdint-8XMILLJZEGRN2XG7XZUXZ5RLX.pcm
SwiftExplicitDependencyGeneratePcm arm64_32 /Users/admin/builder/spi-builder-workspace/.derivedData/SDKExplicitPrecompiledModules/_DarwinFoundation3-3DUTYQDQSD9HUAAVY947NMWOI.pcm
SwiftExplicitDependencyGeneratePcm arm64 /Users/admin/builder/spi-builder-workspace/.derivedData/SDKExplicitPrecompiledModules/_DarwinFoundation3-B97LRG0E9GON2NUE65TVG81HU.pcm
SwiftExplicitDependencyGeneratePcm arm64_32 /Users/admin/builder/spi-builder-workspace/.derivedData/SDKExplicitPrecompiledModules/_Builtin_inttypes-D2KPCR4PEX9AQA33NGLUT5SBR.pcm
SwiftExplicitDependencyGeneratePcm arm64 /Users/admin/builder/spi-builder-workspace/.derivedData/SDKExplicitPrecompiledModules/_Builtin_inttypes-3UQSCM7WNM9EK4HZML8TY5J3D.pcm
SwiftExplicitDependencyGeneratePcm arm64_32 /Users/admin/builder/spi-builder-workspace/.derivedData/SDKExplicitPrecompiledModules/Darwin-3FVT1SKLN2ZQ5RVOABMTQBB34.pcm
SwiftExplicitDependencyGeneratePcm arm64 /Users/admin/builder/spi-builder-workspace/.derivedData/SDKExplicitPrecompiledModules/Darwin-3984OXKFNSPE77NT743WK8SEX.pcm
SwiftExplicitDependencyGeneratePcm arm64_32 /Users/admin/builder/spi-builder-workspace/.derivedData/SDKExplicitPrecompiledModules/ObjectiveC-6IJNELR2E80E7LUKESVCP2KET.pcm
SwiftExplicitDependencyGeneratePcm arm64 /Users/admin/builder/spi-builder-workspace/.derivedData/SDKExplicitPrecompiledModules/ObjectiveC-72IVD3VS2RS8Q28D9PIMY0KQP.pcm
SwiftExplicitDependencyGeneratePcm arm64_32 /Users/admin/builder/spi-builder-workspace/.derivedData/SDKExplicitPrecompiledModules/os_object-5YWTC6L4756IWSTPGXS5NM0D0.pcm
SwiftExplicitDependencyGeneratePcm arm64 /Users/admin/builder/spi-builder-workspace/.derivedData/SDKExplicitPrecompiledModules/os_object-3SDKD7F87FTZ26OON37DRYT6O.pcm
SwiftExplicitDependencyGeneratePcm arm64 /Users/admin/builder/spi-builder-workspace/.derivedData/SDKExplicitPrecompiledModules/os_workgroup-89GG5G7YC2D0ZTK6AZXXQ20DH.pcm
SwiftExplicitDependencyGeneratePcm arm64_32 /Users/admin/builder/spi-builder-workspace/.derivedData/SDKExplicitPrecompiledModules/os_workgroup-5JHTPDMNBUNHLJI8LPHKQK1JK.pcm
SwiftExplicitDependencyGeneratePcm arm64 /Users/admin/builder/spi-builder-workspace/.derivedData/SDKExplicitPrecompiledModules/Dispatch-1NLJOVAK60XP0DUB05XA59EIM.pcm
SwiftExplicitDependencyGeneratePcm arm64_32 /Users/admin/builder/spi-builder-workspace/.derivedData/SDKExplicitPrecompiledModules/Dispatch-2P62F1T4XV63S4P99TUDTOK2Q.pcm
SwiftExplicitDependencyGeneratePcm arm64_32 /Users/admin/builder/spi-builder-workspace/.derivedData/SDKExplicitPrecompiledModules/XPC-81Y45QFY96XYYFCW2GT6FY8S4.pcm
SwiftExplicitDependencyGeneratePcm arm64 /Users/admin/builder/spi-builder-workspace/.derivedData/SDKExplicitPrecompiledModules/XPC-40DR0X1DHKGCV4J1IOLFS8MOU.pcm
SwiftExplicitDependencyGeneratePcm arm64_32 /Users/admin/builder/spi-builder-workspace/.derivedData/SDKExplicitPrecompiledModules/CoreFoundation-8E6Y4BA3EXYKUGJ24GT9LGV3N.pcm
SwiftExplicitDependencyGeneratePcm arm64 /Users/admin/builder/spi-builder-workspace/.derivedData/SDKExplicitPrecompiledModules/CoreFoundation-8T2L24YC5NU7WO6WQJWRY7W08.pcm
SwiftExplicitDependencyGeneratePcm arm64_32 /Users/admin/builder/spi-builder-workspace/.derivedData/SDKExplicitPrecompiledModules/Security-D7TOWF88VWF67TB9HAFP5UWB1.pcm
SwiftExplicitDependencyGeneratePcm arm64 /Users/admin/builder/spi-builder-workspace/.derivedData/SDKExplicitPrecompiledModules/Security-6RZ6YBRU8WCUHRFFRVUK5WKMM.pcm
SwiftExplicitDependencyGeneratePcm arm64 /Users/admin/builder/spi-builder-workspace/.derivedData/SDKExplicitPrecompiledModules/Foundation-DLBKUSGXN8QHAT8W0OARR9S8A.pcm
SwiftExplicitDependencyGeneratePcm arm64_32 /Users/admin/builder/spi-builder-workspace/.derivedData/SDKExplicitPrecompiledModules/Foundation-BJ2VQGI3OGR34500MEQ1VKHPH.pcm
SwiftEmitModule normal arm64 Emitting\ module\ for\ Sh (in target 'Sh' from project 'Sh')
SwiftCompile normal arm64 (in target 'Sh' from project 'Sh')
cd /Users/admin/builder/spi-builder-workspace/.swiftpm/xcode
/Users/admin/builder/spi-builder-workspace/.dependencies/checkouts/Sh/Sources/Sh/Process/Process.init.swift:3:11: error: cannot find type 'Process' in scope
1 | import Foundation
2 |
3 | extension Process {
| `- error: cannot find type 'Process' in scope
4 |
5 | public convenience init(cmd: String, environment: [String: String] = [:], workingDirectory: String? = nil) {
/Users/admin/builder/spi-builder-workspace/.dependencies/checkouts/Sh/Sources/Sh/Process/Process.runRedirectingAllOutput.swift:9:11: error: cannot find type 'Process' in scope
7 | #endif
8 |
9 | extension Process {
| `- error: cannot find type 'Process' in scope
10 |
11 | public func runRedirectingAllOutput(to sink: Sink) throws {
/Users/admin/builder/spi-builder-workspace/.dependencies/checkouts/Sh/Sources/Sh/Process/Process.runReturningAllOutput.swift:3:11: error: cannot find type 'Process' in scope
1 | import Foundation
2 |
3 | extension Process {
| `- error: cannot find type 'Process' in scope
4 |
5 | public struct AllOutput {
/Users/admin/builder/spi-builder-workspace/.dependencies/checkouts/Sh/Sources/Sh/Process/Process.runReturningData.swift:3:11: error: cannot find type 'Process' in scope
1 | import Foundation
2 |
3 | extension Process {
| `- error: cannot find type 'Process' in scope
4 |
5 | public func runReturningData() throws -> Data {
/Users/admin/builder/spi-builder-workspace/.dependencies/checkouts/Sh/Sources/Sh/Process/Process.runReturningTrimmedString.swift:3:18: error: cannot find type 'Process' in scope
1 | import Foundation
2 |
3 | public extension Process {
| `- error: cannot find type 'Process' in scope
4 |
5 | func runReturningTrimmedString() throws -> String? {
/Users/admin/builder/spi-builder-workspace/.dependencies/checkouts/Sh/Sources/Sh/Process/Process.terminationError.swift:3:11: error: cannot find type 'Process' in scope
1 | import Foundation
2 |
3 | extension Process {
| `- error: cannot find type 'Process' in scope
4 | public var terminationError: TerminationError? {
5 | if self.terminationStatus == 0 {
/Users/admin/builder/spi-builder-workspace/.dependencies/checkouts/Sh/Sources/Sh/Process/Process.terminationError.swift:34:17: error: cannot find type 'Process' in scope
32 |
33 | private extension TerminationError {
34 | init(process: Process) {
| `- error: cannot find type 'Process' in scope
35 | self.status = process.terminationStatus
36 | self.reason = process.terminationReason.reason
SwiftEmitModule normal arm64_32 Emitting\ module\ for\ Sh (in target 'Sh' from project 'Sh')
/Users/admin/builder/spi-builder-workspace/.dependencies/checkouts/Sh/Sources/Sh/Process/Process.init.swift:3:11: error: cannot find type 'Process' in scope
1 | import Foundation
2 |
3 | extension Process {
| `- error: cannot find type 'Process' in scope
4 |
5 | public convenience init(cmd: String, environment: [String: String] = [:], workingDirectory: String? = nil) {
/Users/admin/builder/spi-builder-workspace/.dependencies/checkouts/Sh/Sources/Sh/Process/Process.runRedirectingAllOutput.swift:9:11: error: cannot find type 'Process' in scope
7 | #endif
8 |
9 | extension Process {
| `- error: cannot find type 'Process' in scope
10 |
11 | public func runRedirectingAllOutput(to sink: Sink) throws {
/Users/admin/builder/spi-builder-workspace/.dependencies/checkouts/Sh/Sources/Sh/Process/Process.runReturningAllOutput.swift:3:11: error: cannot find type 'Process' in scope
1 | import Foundation
2 |
3 | extension Process {
| `- error: cannot find type 'Process' in scope
4 |
5 | public struct AllOutput {
SwiftCompile normal arm64_32 (in target 'Sh' from project 'Sh')
cd /Users/admin/builder/spi-builder-workspace/.swiftpm/xcode
SwiftCompile normal arm64 Compiling\ shq.swift /Users/admin/builder/spi-builder-workspace/.dependencies/checkouts/Sh/Sources/Sh/shq.swift (in target 'Sh' from project 'Sh')
/Users/admin/builder/spi-builder-workspace/.dependencies/checkouts/Sh/Sources/Sh/shq.swift:27:14: error: cannot find 'Process' in scope
25 | environment: [String: String] = [:],
26 | workingDirectory: String? = nil) throws -> String? {
27 | return try Process(cmd: cmd, environment: environment, workingDirectory: workingDirectory)
| `- error: cannot find 'Process' in scope
28 | .runReturningData()
29 | .asTrimmedString()
/Users/admin/builder/spi-builder-workspace/.dependencies/checkouts/Sh/Sources/Sh/shq.swift:36:20: error: cannot find 'Process' in scope
34 | environment: [String: String] = [:],
35 | workingDirectory: String? = nil) async throws -> String? {
36 | return try await Process(cmd: cmd, environment: environment, workingDirectory: workingDirectory)
| `- error: cannot find 'Process' in scope
37 | .runReturningData()
38 | .asTrimmedString()
/Users/admin/builder/spi-builder-workspace/.dependencies/checkouts/Sh/Sources/Sh/shq.swift:49:7: error: cannot find 'Process' in scope
47 | environment: [String: String] = [:],
48 | workingDirectory: String? = nil) throws -> D {
49 | try Process(cmd: cmd, environment: environment, workingDirectory: workingDirectory)
| `- error: cannot find 'Process' in scope
50 | .runReturningData()
51 | .asJSON(decoding: type, using: jsonDecoder)
/Users/admin/builder/spi-builder-workspace/.dependencies/checkouts/Sh/Sources/Sh/shq.swift:61:24: error: cannot find 'Process' in scope
59 | environment: [String: String] = [:],
60 | workingDirectory: String? = nil) async throws -> D {
61 | let data = try await Process(
| `- error: cannot find 'Process' in scope
62 | cmd: cmd,
63 | environment: environment,
/Users/admin/builder/spi-builder-workspace/.dependencies/checkouts/Sh/Sources/Sh/shq.swift:86:7: error: cannot find 'Process' in scope
84 | environment: [String: String] = [:],
85 | workingDirectory: String? = nil) throws {
86 | try Process(cmd: cmd, environment: environment, workingDirectory: workingDirectory)
| `- error: cannot find 'Process' in scope
87 | .runRedirectingAllOutput(to: sink)
88 | }
/Users/admin/builder/spi-builder-workspace/.dependencies/checkouts/Sh/Sources/Sh/shq.swift:94:13: error: cannot find 'Process' in scope
92 | environment: [String: String] = [:],
93 | workingDirectory: String? = nil) async throws {
94 | try await Process(cmd: cmd, environment: environment, workingDirectory: workingDirectory)
| `- error: cannot find 'Process' in scope
95 | .runRedirectingAllOutput(to: sink)
96 | }
Failed frontend command:
/Applications/Xcode-27.0.0-Release.Candidate.app/Contents/Developer/Toolchains/XcodeDefault.xctoolchain/usr/bin/swift-frontend -frontend -c /Users/admin/builder/spi-builder-workspace/.dependencies/checkouts/Sh/Sources/Sh/Data/Data.asJSON.swift /Users/admin/builder/spi-builder-workspace/.dependencies/checkouts/Sh/Sources/Sh/Data/Data.asTrimmedString.swift /Users/admin/builder/spi-builder-workspace/.dependencies/checkouts/Sh/Sources/Sh/Data/PipeBuffer.swift /Users/admin/builder/spi-builder-workspace/.dependencies/checkouts/Sh/Sources/Sh/Errors.swift /Users/admin/builder/spi-builder-workspace/.dependencies/checkouts/Sh/Sources/Sh/Process/Process.init.swift /Users/admin/builder/spi-builder-workspace/.dependencies/checkouts/Sh/Sources/Sh/Process/Process.runRedirectingAllOutput.swift /Users/admin/builder/spi-builder-workspace/.dependencies/checkouts/Sh/Sources/Sh/Process/Process.runReturningAllOutput.swift /Users/admin/builder/spi-builder-workspace/.dependencies/checkouts/Sh/Sources/Sh/Process/Process.runReturningData.swift /Users/admin/builder/spi-builder-workspace/.dependencies/checkouts/Sh/Sources/Sh/Process/Process.runReturningTrimmedString.swift /Users/admin/builder/spi-builder-workspace/.dependencies/checkouts/Sh/Sources/Sh/Process/Process.terminationError.swift /Users/admin/builder/spi-builder-workspace/.dependencies/checkouts/Sh/Sources/Sh/Sink.swift /Users/admin/builder/spi-builder-workspace/.dependencies/checkouts/Sh/Sources/Sh/String/String.asTrimmedLines.swift /Users/admin/builder/spi-builder-workspace/.dependencies/checkouts/Sh/Sources/Sh/sh.swift -primary-file /Users/admin/builder/spi-builder-workspace/.dependencies/checkouts/Sh/Sources/Sh/shq.swift -emit-dependencies-path /Users/admin/builder/spi-builder-workspace/.derivedData/Build/Intermediates.noindex/Sh.build/Debug-watchos/Sh-t.build/Objects-normal/arm64/shq.d -emit-const-values-path /Users/admin/builder/spi-builder-workspace/.derivedData/Build/Intermediates.noindex/Sh.build/Debug-watchos/Sh-t.build/Objects-normal/arm64/shq.swiftconstvalues -emit-reference-dependencies-path /Users/admin/builder/spi-builder-workspace/.derivedData/Build/Intermediates.noindex/Sh.build/Debug-watchos/Sh-t.build/Objects-normal/arm64/shq.swiftdeps -serialize-diagnostics-path /Users/admin/builder/spi-builder-workspace/.derivedData/Build/Intermediates.noindex/Sh.build/Debug-watchos/Sh-t.build/Objects-normal/arm64/shq.dia -target arm64-apple-watchos9.0 -disable-cross-import-overlay-search -load-resolved-plugin /Applications/Xcode-27.0.0-Release.Candidate.app/Contents/Developer/Platforms/WatchOS.platform/Developer/usr/lib/swift/host/plugins/libFoundationMacros.dylib\#/Applications/Xcode-27.0.0-Release.Candidate.app/Contents/Developer/Platforms/WatchOS.platform/Developer/usr/bin/swift-plugin-server\#FoundationMacros -load-resolved-plugin /Applications/Xcode-27.0.0-Release.Candidate.app/Contents/Developer/Platforms/WatchOS.platform/Developer/usr/lib/swift/host/plugins/libObservationMacros.dylib\#/Applications/Xcode-27.0.0-Release.Candidate.app/Contents/Developer/Platforms/WatchOS.platform/Developer/usr/bin/swift-plugin-server\#ObservationMacros -load-resolved-plugin /Applications/Xcode-27.0.0-Release.Candidate.app/Contents/Developer/Platforms/WatchOS.platform/Developer/usr/lib/swift/host/plugins/libSwiftMacros.dylib\#/Applications/Xcode-27.0.0-Release.Candidate.app/Contents/Developer/Platforms/WatchOS.platform/Developer/usr/bin/swift-plugin-server\#SwiftMacros -disable-implicit-swift-modules -Xcc -fno-implicit-modules -Xcc -fno-implicit-module-maps -explicit-swift-module-map-file /Users/admin/builder/spi-builder-workspace/.derivedData/Build/Intermediates.noindex/Sh.build/Debug-watchos/Sh-t.build/Objects-normal/arm64/Sh-dependencies-1.json -Xllvm -aarch64-use-tbi -enable-objc-interop -stack-check -sdk /Applications/Xcode-27.0.0-Release.Candidate.app/Contents/Developer/Platforms/WatchOS.platform/Developer/SDKs/WatchOS27.0.sdk -I /Users/admin/builder/spi-builder-workspace/.derivedData/Build/Products/Debug-watchos -Isystem /Applications/Xcode-27.0.0-Release.Candidate.app/Contents/Developer/Platforms/WatchOS.platform/Developer/usr/lib -F /Users/admin/builder/spi-builder-workspace/.derivedData/Build/Products/Debug-watchos/PackageFrameworks -F /Users/admin/builder/spi-builder-workspace/.derivedData/Build/Products/Debug-watchos -F /Applications/Xcode-27.0.0-Release.Candidate.app/Contents/Developer/Platforms/WatchOS.platform/Developer/Library/Frameworks -F /Applications/Xcode-27.0.0-Release.Candidate.app/Contents/Developer/Platforms/WatchOS.platform/Developer/SDKs/WatchOS27.0.sdk/Developer/Library/Frameworks -module-cache-path /Users/admin/builder/spi-builder-workspace/.derivedData/Build/Intermediates.noindex/SwiftExplicitPrecompiledModules -no-color-diagnostics -Xcc -fno-color-diagnostics -enable-testing -g -debug-info-format\=dwarf -dwarf-version\=4 -suppress-warnings -swift-version 5 -Onone -D SWIFT_PACKAGE -D DEBUG -D SWIFT_MODULE_RESOURCE_BUNDLE_UNAVAILABLE -D Xcode -serialize-debugging-options -enable-experimental-feature DebugDescriptionMacro -empty-abi-descriptor -validate-clang-modules-once -clang-build-session-file /Users/admin/builder/spi-builder-workspace/.derivedData/ModuleCache.noindex/Session.modulevalidation -Xcc -working-directory -Xcc /Users/admin/builder/spi-builder-workspace/.swiftpm/xcode -enable-anonymous-context-mangled-names -file-compilation-dir /Users/admin/builder/spi-builder-workspace/.swiftpm/xcode -Xcc -D_LIBCPP_HARDENING_MODE\=_LIBCPP_HARDENING_MODE_DEBUG -Xcc -ivfsstatcache -Xcc /Users/admin/builder/spi-builder-workspace/.derivedData/SDKStatCaches.noindex/watchos27.0-24R360-e829b21a6f8c9b70876ba0858053c04477534ef55a1706bf4c1112bbb242f0a2.sdkstatcache -Xcc -fmodules-prune-interval\=86400 -Xcc -fmodules-prune-after\=345600 -Xcc -I/Users/admin/builder/spi-builder-workspace/.derivedData/Build/Products/Debug-watchos/include -Xcc -I/Users/admin/builder/spi-builder-workspace/.derivedData/Build/Intermediates.noindex/Sh.build/Debug-watchos/Sh-t.build/DerivedSources-normal/arm64 -Xcc -I/Users/admin/builder/spi-builder-workspace/.derivedData/Build/Intermediates.noindex/Sh.build/Debug-watchos/Sh-t.build/DerivedSources/arm64 -Xcc -I/Users/admin/builder/spi-builder-workspace/.derivedData/Build/Intermediates.noindex/Sh.build/Debug-watchos/Sh-t.build/DerivedSources -Xcc -DSWIFT_PACKAGE -Xcc -DDEBUG\=1 -no-auto-bridging-header-chaining -module-name Sh -const-gather-protocols-file /Users/admin/builder/spi-builder-workspace/.derivedData/Build/Intermediates.noindex/Sh.build/Debug-watchos/Sh-t.build/Objects-normal/arm64/Sh_const_extract_protocols.json -disable-clang-spi -clang-target arm64-apple-watchos27.0 -target-sdk-version 27.0 -target-sdk-name watchos27.0 -in-process-plugin-server-path /Applications/Xcode-27.0.0-Release.Candidate.app/Contents/Developer/Toolchains/XcodeDefault.xctoolchain/usr/lib/swift/host/libSwiftInProcPluginServer.dylib -parse-as-library -o /Users/admin/builder/spi-builder-workspace/.derivedData/Build/Intermediates.noindex/Sh.build/Debug-watchos/Sh-t.build/Objects-normal/arm64/shq.o -debug-module-path /Users/admin/builder/spi-builder-workspace/.derivedData/Build/Intermediates.noindex/Sh.build/Debug-watchos/Sh-t.build/Objects-normal/arm64/Sh.swiftmodule -index-unit-output-path /Sh.build/Debug-watchos/Sh-t.build/Objects-normal/arm64/shq.o -index-store-path /Users/admin/builder/spi-builder-workspace/.derivedData/Index.noindex/DataStore -index-system-modules
SwiftCompile normal arm64 /Users/admin/builder/spi-builder-workspace/.dependencies/checkouts/Sh/Sources/Sh/shq.swift (in target 'Sh' from project 'Sh')
cd /Users/admin/builder/spi-builder-workspace/.swiftpm/xcode
builtin-SwiftPerFileCompile shq.swift
SwiftCompile normal arm64_32 Compiling\ Process.terminationError.swift /Users/admin/builder/spi-builder-workspace/.dependencies/checkouts/Sh/Sources/Sh/Process/Process.terminationError.swift (in target 'Sh' from project 'Sh')
/Users/admin/builder/spi-builder-workspace/.dependencies/checkouts/Sh/Sources/Sh/Process/Process.terminationError.swift:3:11: error: cannot find type 'Process' in scope
1 | import Foundation
2 |
3 | extension Process {
| `- error: cannot find type 'Process' in scope
4 | public var terminationError: TerminationError? {
5 | if self.terminationStatus == 0 {
/Users/admin/builder/spi-builder-workspace/.dependencies/checkouts/Sh/Sources/Sh/Process/Process.terminationError.swift:34:17: error: cannot find type 'Process' in scope
32 |
33 | private extension TerminationError {
34 | init(process: Process) {
| `- error: cannot find type 'Process' in scope
35 | self.status = process.terminationStatus
36 | self.reason = process.terminationReason.reason
SwiftCompile normal arm64_32 /Users/admin/builder/spi-builder-workspace/.dependencies/checkouts/Sh/Sources/Sh/Process/Process.terminationError.swift (in target 'Sh' from project 'Sh')
cd /Users/admin/builder/spi-builder-workspace/.swiftpm/xcode
builtin-SwiftPerFileCompile Process.terminationError.swift
SwiftCompile normal arm64 Compiling\ PipeBuffer.swift,\ Errors.swift /Users/admin/builder/spi-builder-workspace/.dependencies/checkouts/Sh/Sources/Sh/Data/PipeBuffer.swift /Users/admin/builder/spi-builder-workspace/.dependencies/checkouts/Sh/Sources/Sh/Errors.swift (in target 'Sh' from project 'Sh')
SwiftCompile normal arm64 /Users/admin/builder/spi-builder-workspace/.dependencies/checkouts/Sh/Sources/Sh/Data/PipeBuffer.swift (in target 'Sh' from project 'Sh')
cd /Users/admin/builder/spi-builder-workspace/.swiftpm/xcode
builtin-SwiftPerFileCompile PipeBuffer.swift
SwiftCompile normal arm64 /Users/admin/builder/spi-builder-workspace/.dependencies/checkouts/Sh/Sources/Sh/Errors.swift (in target 'Sh' from project 'Sh')
cd /Users/admin/builder/spi-builder-workspace/.swiftpm/xcode
builtin-SwiftPerFileCompile Errors.swift
SwiftCompile normal arm64 Compiling\ Process.runReturningAllOutput.swift,\ Process.runReturningData.swift /Users/admin/builder/spi-builder-workspace/.dependencies/checkouts/Sh/Sources/Sh/Process/Process.runReturningAllOutput.swift /Users/admin/builder/spi-builder-workspace/.dependencies/checkouts/Sh/Sources/Sh/Process/Process.runReturningData.swift (in target 'Sh' from project 'Sh')
/Users/admin/builder/spi-builder-workspace/.dependencies/checkouts/Sh/Sources/Sh/Process/Process.runReturningAllOutput.swift:3:11: error: cannot find type 'Process' in scope
1 | import Foundation
2 |
3 | extension Process {
| `- error: cannot find type 'Process' in scope
4 |
5 | public struct AllOutput {
/Users/admin/builder/spi-builder-workspace/.dependencies/checkouts/Sh/Sources/Sh/Process/Process.runReturningData.swift:3:11: error: cannot find type 'Process' in scope
1 | import Foundation
2 |
3 | extension Process {
| `- error: cannot find type 'Process' in scope
4 |
5 | public func runReturningData() throws -> Data {
/Users/admin/builder/spi-builder-workspace/.dependencies/checkouts/Sh/Sources/Sh/Process/Process.runReturningAllOutput.swift:11:49: error: cannot find type 'AllOutput' in scope
9 | }
10 |
11 | public func runReturningAllOutput() throws -> AllOutput {
| `- error: cannot find type 'AllOutput' in scope
12 |
13 | let stdOut = PipeBuffer(id: .stdOut)
/Users/admin/builder/spi-builder-workspace/.dependencies/checkouts/Sh/Sources/Sh/Process/Process.runReturningAllOutput.swift:28:55: error: cannot find type 'AllOutput' in scope
26 | }
27 |
28 | public func runReturningAllOutput() async throws -> AllOutput {
| `- error: cannot find type 'AllOutput' in scope
29 |
30 | let stdOut = PipeBuffer(id: .stdOut)
Failed frontend command:
/Applications/Xcode-27.0.0-Release.Candidate.app/Contents/Developer/Toolchains/XcodeDefault.xctoolchain/usr/bin/swift-frontend -frontend -c /Users/admin/builder/spi-builder-workspace/.dependencies/checkouts/Sh/Sources/Sh/Data/Data.asJSON.swift /Users/admin/builder/spi-builder-workspace/.dependencies/checkouts/Sh/Sources/Sh/Data/Data.asTrimmedString.swift /Users/admin/builder/spi-builder-workspace/.dependencies/checkouts/Sh/Sources/Sh/Data/PipeBuffer.swift /Users/admin/builder/spi-builder-workspace/.dependencies/checkouts/Sh/Sources/Sh/Errors.swift /Users/admin/builder/spi-builder-workspace/.dependencies/checkouts/Sh/Sources/Sh/Process/Process.init.swift /Users/admin/builder/spi-builder-workspace/.dependencies/checkouts/Sh/Sources/Sh/Process/Process.runRedirectingAllOutput.swift -primary-file /Users/admin/builder/spi-builder-workspace/.dependencies/checkouts/Sh/Sources/Sh/Process/Process.runReturningAllOutput.swift -primary-file /Users/admin/builder/spi-builder-workspace/.dependencies/checkouts/Sh/Sources/Sh/Process/Process.runReturningData.swift /Users/admin/builder/spi-builder-workspace/.dependencies/checkouts/Sh/Sources/Sh/Process/Process.runReturningTrimmedString.swift /Users/admin/builder/spi-builder-workspace/.dependencies/checkouts/Sh/Sources/Sh/Process/Process.terminationError.swift /Users/admin/builder/spi-builder-workspace/.dependencies/checkouts/Sh/Sources/Sh/Sink.swift /Users/admin/builder/spi-builder-workspace/.dependencies/checkouts/Sh/Sources/Sh/String/String.asTrimmedLines.swift /Users/admin/builder/spi-builder-workspace/.dependencies/checkouts/Sh/Sources/Sh/sh.swift /Users/admin/builder/spi-builder-workspace/.dependencies/checkouts/Sh/Sources/Sh/shq.swift -emit-dependencies-path /Users/admin/builder/spi-builder-workspace/.derivedData/Build/Intermediates.noindex/Sh.build/Debug-watchos/Sh-t.build/Objects-normal/arm64/Process.runReturningAllOutput.d -emit-const-values-path /Users/admin/builder/spi-builder-workspace/.derivedData/Build/Intermediates.noindex/Sh.build/Debug-watchos/Sh-t.build/Objects-normal/arm64/Process.runReturningAllOutput.swiftconstvalues -emit-reference-dependencies-path /Users/admin/builder/spi-builder-workspace/.derivedData/Build/Intermediates.noindex/Sh.build/Debug-watchos/Sh-t.build/Objects-normal/arm64/Process.runReturningAllOutput.swiftdeps -serialize-diagnostics-path /Users/admin/builder/spi-builder-workspace/.derivedData/Build/Intermediates.noindex/Sh.build/Debug-watchos/Sh-t.build/Objects-normal/arm64/Process.runReturningAllOutput.dia -emit-dependencies-path /Users/admin/builder/spi-builder-workspace/.derivedData/Build/Intermediates.noindex/Sh.build/Debug-watchos/Sh-t.build/Objects-normal/arm64/Process.runReturningData.d -emit-const-values-path /Users/admin/builder/spi-builder-workspace/.derivedData/Build/Intermediates.noindex/Sh.build/Debug-watchos/Sh-t.build/Objects-normal/arm64/Process.runReturningData.swiftconstvalues -emit-reference-dependencies-path /Users/admin/builder/spi-builder-workspace/.derivedData/Build/Intermediates.noindex/Sh.build/Debug-watchos/Sh-t.build/Objects-normal/arm64/Process.runReturningData.swiftdeps -serialize-diagnostics-path /Users/admin/builder/spi-builder-workspace/.derivedData/Build/Intermediates.noindex/Sh.build/Debug-watchos/Sh-t.build/Objects-normal/arm64/Process.runReturningData.dia -target arm64-apple-watchos9.0 -disable-cross-import-overlay-search -load-resolved-plugin /Applications/Xcode-27.0.0-Release.Candidate.app/Contents/Developer/Platforms/WatchOS.platform/Developer/usr/lib/swift/host/plugins/libFoundationMacros.dylib\#/Applications/Xcode-27.0.0-Release.Candidate.app/Contents/Developer/Platforms/WatchOS.platform/Developer/usr/bin/swift-plugin-server\#FoundationMacros -load-resolved-plugin /Applications/Xcode-27.0.0-Release.Candidate.app/Contents/Developer/Platforms/WatchOS.platform/Developer/usr/lib/swift/host/plugins/libObservationMacros.dylib\#/Applications/Xcode-27.0.0-Release.Candidate.app/Contents/Developer/Platforms/WatchOS.platform/Developer/usr/bin/swift-plugin-server\#ObservationMacros -load-resolved-plugin /Applications/Xcode-27.0.0-Release.Candidate.app/Contents/Developer/Platforms/WatchOS.platform/Developer/usr/lib/swift/host/plugins/libSwiftMacros.dylib\#/Applications/Xcode-27.0.0-Release.Candidate.app/Contents/Developer/Platforms/WatchOS.platform/Developer/usr/bin/swift-plugin-server\#SwiftMacros -disable-implicit-swift-modules -Xcc -fno-implicit-modules -Xcc -fno-implicit-module-maps -explicit-swift-module-map-file /Users/admin/builder/spi-builder-workspace/.derivedData/Build/Intermediates.noindex/Sh.build/Debug-watchos/Sh-t.build/Objects-normal/arm64/Sh-dependencies-1.json -Xllvm -aarch64-use-tbi -enable-objc-interop -stack-check -sdk /Applications/Xcode-27.0.0-Release.Candidate.app/Contents/Developer/Platforms/WatchOS.platform/Developer/SDKs/WatchOS27.0.sdk -I /Users/admin/builder/spi-builder-workspace/.derivedData/Build/Products/Debug-watchos -Isystem /Applications/Xcode-27.0.0-Release.Candidate.app/Contents/Developer/Platforms/WatchOS.platform/Developer/usr/lib -F /Users/admin/builder/spi-builder-workspace/.derivedData/Build/Products/Debug-watchos/PackageFrameworks -F /Users/admin/builder/spi-builder-workspace/.derivedData/Build/Products/Debug-watchos -F /Applications/Xcode-27.0.0-Release.Candidate.app/Contents/Developer/Platforms/WatchOS.platform/Developer/Library/Frameworks -F /Applications/Xcode-27.0.0-Release.Candidate.app/Contents/Developer/Platforms/WatchOS.platform/Developer/SDKs/WatchOS27.0.sdk/Developer/Library/Frameworks -module-cache-path /Users/admin/builder/spi-builder-workspace/.derivedData/Build/Intermediates.noindex/SwiftExplicitPrecompiledModules -no-color-diagnostics -Xcc -fno-color-diagnostics -enable-testing -g -debug-info-format\=dwarf -dwarf-version\=4 -suppress-warnings -swift-version 5 -Onone -D SWIFT_PACKAGE -D DEBUG -D SWIFT_MODULE_RESOURCE_BUNDLE_UNAVAILABLE -D Xcode -serialize-debugging-options -enable-experimental-feature DebugDescriptionMacro -empty-abi-descriptor -validate-clang-modules-once -clang-build-session-file /Users/admin/builder/spi-builder-workspace/.derivedData/ModuleCache.noindex/Session.modulevalidation -Xcc -working-directory -Xcc /Users/admin/builder/spi-builder-workspace/.swiftpm/xcode -enable-anonymous-context-mangled-names -file-compilation-dir /Users/admin/builder/spi-builder-workspace/.swiftpm/xcode -Xcc -D_LIBCPP_HARDENING_MODE\=_LIBCPP_HARDENING_MODE_DEBUG -Xcc -ivfsstatcache -Xcc /Users/admin/builder/spi-builder-workspace/.derivedData/SDKStatCaches.noindex/watchos27.0-24R360-e829b21a6f8c9b70876ba0858053c04477534ef55a1706bf4c1112bbb242f0a2.sdkstatcache -Xcc -fmodules-prune-interval\=86400 -Xcc -fmodules-prune-after\=345600 -Xcc -I/Users/admin/builder/spi-builder-workspace/.derivedData/Build/Products/Debug-watchos/include -Xcc -I/Users/admin/builder/spi-builder-workspace/.derivedData/Build/Intermediates.noindex/Sh.build/Debug-watchos/Sh-t.build/DerivedSources-normal/arm64 -Xcc -I/Users/admin/builder/spi-builder-workspace/.derivedData/Build/Intermediates.noindex/Sh.build/Debug-watchos/Sh-t.build/DerivedSources/arm64 -Xcc -I/Users/admin/builder/spi-builder-workspace/.derivedData/Build/Intermediates.noindex/Sh.build/Debug-watchos/Sh-t.build/DerivedSources -Xcc -DSWIFT_PACKAGE -Xcc -DDEBUG\=1 -no-auto-bridging-header-chaining -module-name Sh -const-gather-protocols-file /Users/admin/builder/spi-builder-workspace/.derivedData/Build/Intermediates.noindex/Sh.build/Debug-watchos/Sh-t.build/Objects-normal/arm64/Sh_const_extract_protocols.json -disable-clang-spi -clang-target arm64-apple-watchos27.0 -target-sdk-version 27.0 -target-sdk-name watchos27.0 -in-process-plugin-server-path /Applications/Xcode-27.0.0-Release.Candidate.app/Contents/Developer/Toolchains/XcodeDefault.xctoolchain/usr/lib/swift/host/libSwiftInProcPluginServer.dylib -parse-as-library -o /Users/admin/builder/spi-builder-workspace/.derivedData/Build/Intermediates.noindex/Sh.build/Debug-watchos/Sh-t.build/Objects-normal/arm64/Process.runReturningAllOutput.o -o /Users/admin/builder/spi-builder-workspace/.derivedData/Build/Intermediates.noindex/Sh.build/Debug-watchos/Sh-t.build/Objects-normal/arm64/Process.runReturningData.o -debug-module-path /Users/admin/builder/spi-builder-workspace/.derivedData/Build/Intermediates.noindex/Sh.build/Debug-watchos/Sh-t.build/Objects-normal/arm64/Sh.swiftmodule -index-unit-output-path /Sh.build/Debug-watchos/Sh-t.build/Objects-normal/arm64/Process.runReturningAllOutput.o -index-unit-output-path /Sh.build/Debug-watchos/Sh-t.build/Objects-normal/arm64/Process.runReturningData.o -index-store-path /Users/admin/builder/spi-builder-workspace/.derivedData/Index.noindex/DataStore -index-system-modules
SwiftCompile normal arm64 /Users/admin/builder/spi-builder-workspace/.dependencies/checkouts/Sh/Sources/Sh/Process/Process.runReturningAllOutput.swift (in target 'Sh' from project 'Sh')
cd /Users/admin/builder/spi-builder-workspace/.swiftpm/xcode
builtin-SwiftPerFileCompile Process.runReturningAllOutput.swift
SwiftCompile normal arm64 /Users/admin/builder/spi-builder-workspace/.dependencies/checkouts/Sh/Sources/Sh/Process/Process.runReturningData.swift (in target 'Sh' from project 'Sh')
cd /Users/admin/builder/spi-builder-workspace/.swiftpm/xcode
builtin-SwiftPerFileCompile Process.runReturningData.swift
SwiftCompile normal arm64_32 Compiling\ Process.init.swift,\ Process.runRedirectingAllOutput.swift /Users/admin/builder/spi-builder-workspace/.dependencies/checkouts/Sh/Sources/Sh/Process/Process.init.swift /Users/admin/builder/spi-builder-workspace/.dependencies/checkouts/Sh/Sources/Sh/Process/Process.runRedirectingAllOutput.swift (in target 'Sh' from project 'Sh')
/Users/admin/builder/spi-builder-workspace/.dependencies/checkouts/Sh/Sources/Sh/Process/Process.init.swift:3:11: error: cannot find type 'Process' in scope
1 | import Foundation
2 |
3 | extension Process {
| `- error: cannot find type 'Process' in scope
4 |
5 | public convenience init(cmd: String, environment: [String: String] = [:], workingDirectory: String? = nil) {
SwiftCompile normal arm64_32 /Users/admin/builder/spi-builder-workspace/.dependencies/checkouts/Sh/Sources/Sh/Process/Process.init.swift (in target 'Sh' from project 'Sh')
cd /Users/admin/builder/spi-builder-workspace/.swiftpm/xcode
builtin-SwiftPerFileCompile Process.init.swift
SwiftCompile normal arm64_32 /Users/admin/builder/spi-builder-workspace/.dependencies/checkouts/Sh/Sources/Sh/Process/Process.runRedirectingAllOutput.swift (in target 'Sh' from project 'Sh')
cd /Users/admin/builder/spi-builder-workspace/.swiftpm/xcode
builtin-SwiftPerFileCompile Process.runRedirectingAllOutput.swift
SwiftCompile normal arm64_32 Compiling\ shq.swift /Users/admin/builder/spi-builder-workspace/.dependencies/checkouts/Sh/Sources/Sh/shq.swift (in target 'Sh' from project 'Sh')
/Users/admin/builder/spi-builder-workspace/.dependencies/checkouts/Sh/Sources/Sh/shq.swift:27:14: error: cannot find 'Process' in scope
25 | environment: [String: String] = [:],
26 | workingDirectory: String? = nil) throws -> String? {
27 | return try Process(cmd: cmd, environment: environment, workingDirectory: workingDirectory)
| `- error: cannot find 'Process' in scope
28 | .runReturningData()
29 | .asTrimmedString()
/Users/admin/builder/spi-builder-workspace/.dependencies/checkouts/Sh/Sources/Sh/shq.swift:36:20: error: cannot find 'Process' in scope
34 | environment: [String: String] = [:],
35 | workingDirectory: String? = nil) async throws -> String? {
36 | return try await Process(cmd: cmd, environment: environment, workingDirectory: workingDirectory)
| `- error: cannot find 'Process' in scope
37 | .runReturningData()
38 | .asTrimmedString()
/Users/admin/builder/spi-builder-workspace/.dependencies/checkouts/Sh/Sources/Sh/shq.swift:49:7: error: cannot find 'Process' in scope
47 | environment: [String: String] = [:],
48 | workingDirectory: String? = nil) throws -> D {
49 | try Process(cmd: cmd, environment: environment, workingDirectory: workingDirectory)
| `- error: cannot find 'Process' in scope
50 | .runReturningData()
51 | .asJSON(decoding: type, using: jsonDecoder)
/Users/admin/builder/spi-builder-workspace/.dependencies/checkouts/Sh/Sources/Sh/shq.swift:61:24: error: cannot find 'Process' in scope
59 | environment: [String: String] = [:],
60 | workingDirectory: String? = nil) async throws -> D {
61 | let data = try await Process(
| `- error: cannot find 'Process' in scope
62 | cmd: cmd,
63 | environment: environment,
/Users/admin/builder/spi-builder-workspace/.dependencies/checkouts/Sh/Sources/Sh/shq.swift:86:7: error: cannot find 'Process' in scope
84 | environment: [String: String] = [:],
85 | workingDirectory: String? = nil) throws {
86 | try Process(cmd: cmd, environment: environment, workingDirectory: workingDirectory)
| `- error: cannot find 'Process' in scope
87 | .runRedirectingAllOutput(to: sink)
88 | }
SwiftCompile normal arm64_32 /Users/admin/builder/spi-builder-workspace/.dependencies/checkouts/Sh/Sources/Sh/shq.swift (in target 'Sh' from project 'Sh')
cd /Users/admin/builder/spi-builder-workspace/.swiftpm/xcode
builtin-SwiftPerFileCompile shq.swift
SwiftCompile normal arm64 Compiling\ Process.terminationError.swift /Users/admin/builder/spi-builder-workspace/.dependencies/checkouts/Sh/Sources/Sh/Process/Process.terminationError.swift (in target 'Sh' from project 'Sh')
/Users/admin/builder/spi-builder-workspace/.dependencies/checkouts/Sh/Sources/Sh/Process/Process.terminationError.swift:3:11: error: cannot find type 'Process' in scope
1 | import Foundation
2 |
3 | extension Process {
| `- error: cannot find type 'Process' in scope
4 | public var terminationError: TerminationError? {
5 | if self.terminationStatus == 0 {
/Users/admin/builder/spi-builder-workspace/.dependencies/checkouts/Sh/Sources/Sh/Process/Process.terminationError.swift:34:17: error: cannot find type 'Process' in scope
32 |
33 | private extension TerminationError {
34 | init(process: Process) {
| `- error: cannot find type 'Process' in scope
35 | self.status = process.terminationStatus
36 | self.reason = process.terminationReason.reason
SwiftCompile normal arm64 /Users/admin/builder/spi-builder-workspace/.dependencies/checkouts/Sh/Sources/Sh/Process/Process.terminationError.swift (in target 'Sh' from project 'Sh')
cd /Users/admin/builder/spi-builder-workspace/.swiftpm/xcode
builtin-SwiftPerFileCompile Process.terminationError.swift
SwiftCompile normal arm64_32 Compiling\ sh.swift /Users/admin/builder/spi-builder-workspace/.dependencies/checkouts/Sh/Sources/Sh/sh.swift (in target 'Sh' from project 'Sh')
SwiftCompile normal arm64_32 /Users/admin/builder/spi-builder-workspace/.dependencies/checkouts/Sh/Sources/Sh/sh.swift (in target 'Sh' from project 'Sh')
cd /Users/admin/builder/spi-builder-workspace/.swiftpm/xcode
builtin-SwiftPerFileCompile sh.swift
PruneExplicitPrecompiledModules /Users/admin/builder/spi-builder-workspace/.derivedData/Build/Intermediates.noindex/SwiftExplicitPrecompiledModules
PruneExplicitPrecompiledModules /Users/admin/builder/spi-builder-workspace/.derivedData/SDKExplicitPrecompiledModules
PruneExplicitPrecompiledModules /Users/admin/builder/spi-builder-workspace/.derivedData/Build/Intermediates.noindex/ExplicitPrecompiledModules
2026-09-20 08:55:06.477 xcodebuild[797:4859] [MT] IDERunDestination: Supported platforms for the buildables in the current scheme is empty.
** BUILD FAILED **
The following build commands failed:
SwiftCompile normal arm64 Compiling\ shq.swift /Users/admin/builder/spi-builder-workspace/.dependencies/checkouts/Sh/Sources/Sh/shq.swift (in target 'Sh' from project 'Sh')
SwiftCompile normal arm64 /Users/admin/builder/spi-builder-workspace/.dependencies/checkouts/Sh/Sources/Sh/shq.swift (in target 'Sh' from project 'Sh')
SwiftCompile normal arm64 Compiling\ Process.runReturningAllOutput.swift,\ Process.runReturningData.swift /Users/admin/builder/spi-builder-workspace/.dependencies/checkouts/Sh/Sources/Sh/Process/Process.runReturningAllOutput.swift /Users/admin/builder/spi-builder-workspace/.dependencies/checkouts/Sh/Sources/Sh/Process/Process.runReturningData.swift (in target 'Sh' from project 'Sh')
SwiftCompile normal arm64 /Users/admin/builder/spi-builder-workspace/.dependencies/checkouts/Sh/Sources/Sh/Process/Process.runReturningAllOutput.swift (in target 'Sh' from project 'Sh')
SwiftCompile normal arm64 /Users/admin/builder/spi-builder-workspace/.dependencies/checkouts/Sh/Sources/Sh/Process/Process.runReturningData.swift (in target 'Sh' from project 'Sh')
Building workspace SwishAppStore with scheme SwishAppStore
(6 failures)
Command line invocation:
/Applications/Xcode-27.0.0-Release.Candidate.app/Contents/Developer/usr/bin/xcodebuild -IDEClonedSourcePackagesDirPathOverride=/Users/admin/builder/spi-builder-workspace/.dependencies -resolvePackageDependencies
Resolve Package Graph
Conflicting identity for sh: dependency 'github.com/danielsincere/sh' and dependency 'github.com/fullqueuedeveloper/sh' both point to the same package identity 'sh'. The dependencies are introduced through the following chains: (A) /users/admin/builder/spi-builder-workspace->github.com/fullqueuedeveloper/shxcrun->github.com/danielsincere/sh (B) /users/admin/builder/spi-builder-workspace->github.com/fullqueuedeveloper/sh. If there are multiple chains that lead to the same dependency, only the first chain is shown here. To see all chains use debug output option. To resolve the conflict, coordinate with the maintainer of the package that introduces the conflicting dependency. This will be escalated to an error in future versions of SwiftPM.Conflicting identity for sh: dependency 'github.com/danielsincere/sh' and dependency 'github.com/fullqueuedeveloper/sh' both point to the same package identity 'sh'. The dependencies are introduced through the following chains: (A) /users/admin/builder/spi-builder-workspace->github.com/fullqueuedeveloper/shxcrun->github.com/danielsincere/sh (B) /users/admin/builder/spi-builder-workspace->github.com/fullqueuedeveloper/sh. If there are multiple chains that lead to the same dependency, only the first chain is shown here. To see all chains use debug output option. To resolve the conflict, coordinate with the maintainer of the package that introduces the conflicting dependency. This will be escalated to an error in future versions of SwiftPM.
Resolved source packages:
ShXcrun: https://github.com/FullQueueDeveloper/ShXcrun.git @ 0.50.1
ShGit: https://github.com/FullQueueDeveloper/ShGit.git @ 1.2.0
SwishAppStore: /Users/admin/builder/spi-builder-workspace
Rainbow: https://github.com/onevcat/Rainbow @ 4.2.1
Sh: https://github.com/FullQueueDeveloper/Sh.git @ 1.3.0
resolved source packages: ShXcrun, ShGit, SwishAppStore, Rainbow, Sh
2026-09-20 08:55:13.514 xcodebuild[934:5516] [MT] IDERunDestination: Supported platforms for the buildables in the current scheme is empty.
{
"dependencies" : [
{
"identity" : "shxcrun",
"requirement" : {
"range" : [
{
"lower_bound" : "0.3.0",
"upper_bound" : "1.0.0"
}
]
},
"type" : "sourceControl",
"url" : "https://github.com/FullQueueDeveloper/ShXcrun.git"
},
{
"identity" : "sh",
"requirement" : {
"range" : [
{
"lower_bound" : "1.2.0",
"upper_bound" : "2.0.0"
}
]
},
"type" : "sourceControl",
"url" : "https://github.com/FullQueueDeveloper/Sh.git"
},
{
"identity" : "shgit",
"requirement" : {
"range" : [
{
"lower_bound" : "1.1.0",
"upper_bound" : "2.0.0"
}
]
},
"type" : "sourceControl",
"url" : "https://github.com/FullQueueDeveloper/ShGit.git"
}
],
"manifest_display_name" : "SwishAppStore",
"name" : "SwishAppStore",
"path" : "/Users/admin/builder/spi-builder-workspace",
"platforms" : [
{
"name" : "macos",
"version" : "12.0"
}
],
"products" : [
{
"name" : "SwishAppStore",
"targets" : [
"SwishAppStore"
],
"type" : {
"library" : [
"automatic"
]
}
}
],
"targets" : [
{
"c99name" : "SwishAppStore",
"module_type" : "SwiftTarget",
"name" : "SwishAppStore",
"path" : "Sources/SwishAppStore",
"product_dependencies" : [
"Sh",
"ShXcrun",
"ShGit"
],
"product_memberships" : [
"SwishAppStore"
],
"sources" : [
"AppStore.swift",
"exports.swift"
],
"type" : "library"
}
],
"tools_version" : "5.7"
}
{
"workspace" : {
"name" : "SwishAppStore",
"schemes" : [
"SwishAppStore"
]
}
}
2026-09-20 08:55:14.720 xcodebuild[942:5585] [MT] IDERunDestination: Supported platforms for the buildables in the current scheme is empty.
Running build ...
env DEVELOPER_DIR=/Applications/Xcode-27.0.0-Release.Candidate.app xcrun xcodebuild -IDEClonedSourcePackagesDirPathOverride=$PWD/.dependencies -skipMacroValidation -skipPackagePluginValidation -derivedDataPath $PWD/.derivedData build -scheme SwishAppStore -destination generic/platform=watchOS
Command line invocation:
/Applications/Xcode-27.0.0-Release.Candidate.app/Contents/Developer/usr/bin/xcodebuild -IDEClonedSourcePackagesDirPathOverride=/Users/admin/builder/spi-builder-workspace/.dependencies -skipMacroValidation -skipPackagePluginValidation -derivedDataPath /Users/admin/builder/spi-builder-workspace/.derivedData build -scheme SwishAppStore -destination generic/platform=watchOS
Resolve Package Graph
Conflicting identity for sh: dependency 'github.com/danielsincere/sh' and dependency 'github.com/fullqueuedeveloper/sh' both point to the same package identity 'sh'. The dependencies are introduced through the following chains: (A) /users/admin/builder/spi-builder-workspace->github.com/fullqueuedeveloper/shgit->github.com/danielsincere/sh (B) /users/admin/builder/spi-builder-workspace->github.com/fullqueuedeveloper/sh. If there are multiple chains that lead to the same dependency, only the first chain is shown here. To see all chains use debug output option. To resolve the conflict, coordinate with the maintainer of the package that introduces the conflicting dependency. This will be escalated to an error in future versions of SwiftPM.Conflicting identity for sh: dependency 'github.com/danielsincere/sh' and dependency 'github.com/fullqueuedeveloper/sh' both point to the same package identity 'sh'. The dependencies are introduced through the following chains: (A) /users/admin/builder/spi-builder-workspace->github.com/fullqueuedeveloper/shgit->github.com/danielsincere/sh (B) /users/admin/builder/spi-builder-workspace->github.com/fullqueuedeveloper/sh. If there are multiple chains that lead to the same dependency, only the first chain is shown here. To see all chains use debug output option. To resolve the conflict, coordinate with the maintainer of the package that introduces the conflicting dependency. This will be escalated to an error in future versions of SwiftPM.
Resolved source packages:
ShXcrun: https://github.com/FullQueueDeveloper/ShXcrun.git @ 0.50.1
Sh: https://github.com/FullQueueDeveloper/Sh.git @ 1.3.0
Rainbow: https://github.com/onevcat/Rainbow @ 4.2.1
SwishAppStore: /Users/admin/builder/spi-builder-workspace
ShGit: https://github.com/FullQueueDeveloper/ShGit.git @ 1.2.0
ComputePackagePrebuildTargetDependencyGraph
Prepare packages
CreateBuildRequest
SendProjectDescription
CreateBuildOperation
ComputeTargetDependencyGraph
note: Building targets in dependency order
note: Target dependency graph (10 targets)
Target 'SwishAppStore-product' in project 'SwishAppStore'
➜ Explicit dependency on target 'SwishAppStore' in project 'SwishAppStore'
➜ Explicit dependency on target 'Sh-product' in project 'Sh'
➜ Explicit dependency on target 'ShXcrun-product' in project 'ShXcrun'
➜ Explicit dependency on target 'ShGit-product' in project 'ShGit'
Target 'SwishAppStore' in project 'SwishAppStore'
➜ Explicit dependency on target 'Sh-product' in project 'Sh'
➜ Explicit dependency on target 'ShXcrun-product' in project 'ShXcrun'
➜ Explicit dependency on target 'ShGit-product' in project 'ShGit'
Target 'ShGit-product' in project 'ShGit'
➜ Explicit dependency on target 'ShGit' in project 'ShGit'
➜ Explicit dependency on target 'Sh-product' in project 'Sh'
Target 'ShGit' in project 'ShGit'
➜ Explicit dependency on target 'Sh-product' in project 'Sh'
Target 'ShXcrun-product' in project 'ShXcrun'
➜ Explicit dependency on target 'ShXcrun' in project 'ShXcrun'
➜ Explicit dependency on target 'Sh-product' in project 'Sh'
Target 'ShXcrun' in project 'ShXcrun'
➜ Explicit dependency on target 'Sh-product' in project 'Sh'
Target 'Sh-product' in project 'Sh'
➜ Explicit dependency on target 'Sh' in project 'Sh'
➜ Explicit dependency on target 'Rainbow-product' in project 'Rainbow'
Target 'Sh' in project 'Sh'
➜ Explicit dependency on target 'Rainbow-product' in project 'Rainbow'
Target 'Rainbow-product' in project 'Rainbow'
➜ Explicit dependency on target 'Rainbow' in project 'Rainbow'
Target 'Rainbow' in project 'Rainbow' (no dependencies)
GatherProvisioningInputs
CreateBuildDescription
ClangStatCache /Applications/Xcode-27.0.0-Release.Candidate.app/Contents/Developer/Toolchains/XcodeDefault.xctoolchain/usr/bin/clang-stat-cache /Applications/Xcode-27.0.0-Release.Candidate.app/Contents/Developer/Platforms/WatchOS.platform/Developer/SDKs/WatchOS27.0.sdk /Users/admin/builder/spi-builder-workspace/.derivedData/SDKStatCaches.noindex/watchos27.0-24R360-e829b21a6f8c9b70876ba0858053c04477534ef55a1706bf4c1112bbb242f0a2.sdkstatcache
cd /Users/admin/builder/spi-builder-workspace/.swiftpm/xcode
/Applications/Xcode-27.0.0-Release.Candidate.app/Contents/Developer/Toolchains/XcodeDefault.xctoolchain/usr/bin/clang-stat-cache /Applications/Xcode-27.0.0-Release.Candidate.app/Contents/Developer/Platforms/WatchOS.platform/Developer/SDKs/WatchOS27.0.sdk -o /Users/admin/builder/spi-builder-workspace/.derivedData/SDKStatCaches.noindex/watchos27.0-24R360-e829b21a6f8c9b70876ba0858053c04477534ef55a1706bf4c1112bbb242f0a2.sdkstatcache
SwiftDriver Sh normal arm64 com.apple.xcode.tools.swift.compiler (in target 'Sh' from project 'Sh')
cd /Users/admin/builder/spi-builder-workspace/.swiftpm/xcode
builtin-SwiftDriver -- /Applications/Xcode-27.0.0-Release.Candidate.app/Contents/Developer/Toolchains/XcodeDefault.xctoolchain/usr/bin/swiftc -parse-as-library -module-name Sh -Onone @/Users/admin/builder/spi-builder-workspace/.derivedData/Build/Intermediates.noindex/Sh.build/Debug-watchos/Sh-t.build/Objects-normal/arm64/Sh.SwiftFileList -DSWIFT_PACKAGE -DDEBUG -DSWIFT_MODULE_RESOURCE_BUNDLE_UNAVAILABLE -DXcode -plugin-path /Applications/Xcode-27.0.0-Release.Candidate.app/Contents/Developer/Toolchains/XcodeDefault.xctoolchain/usr/lib/swift/host/plugins/testing -enable-experimental-feature DebugDescriptionMacro -sdk /Applications/Xcode-27.0.0-Release.Candidate.app/Contents/Developer/Platforms/WatchOS.platform/Developer/SDKs/WatchOS27.0.sdk -target arm64-apple-watchos9.0 -g -module-cache-path /Users/admin/builder/spi-builder-workspace/.derivedData/ModuleCache.noindex -Xfrontend -serialize-debugging-options -enable-testing -suppress-warnings -index-store-path /Users/admin/builder/spi-builder-workspace/.derivedData/Index.noindex/DataStore -Xcc -D_LIBCPP_HARDENING_MODE\=_LIBCPP_HARDENING_MODE_DEBUG -swift-version 5 -I /Users/admin/builder/spi-builder-workspace/.derivedData/Build/Products/Debug-watchos -Isystem /Applications/Xcode-27.0.0-Release.Candidate.app/Contents/Developer/Platforms/WatchOS.platform/Developer/usr/lib -F /Users/admin/builder/spi-builder-workspace/.derivedData/Build/Products/Debug-watchos/PackageFrameworks -F /Users/admin/builder/spi-builder-workspace/.derivedData/Build/Products/Debug-watchos -F /Applications/Xcode-27.0.0-Release.Candidate.app/Contents/Developer/Platforms/WatchOS.platform/Developer/Library/Frameworks -F /Applications/Xcode-27.0.0-Release.Candidate.app/Contents/Developer/Platforms/WatchOS.platform/Developer/SDKs/WatchOS27.0.sdk/Developer/Library/Frameworks -c -j10 -enable-batch-mode -incremental -Xcc -ivfsstatcache -Xcc /Users/admin/builder/spi-builder-workspace/.derivedData/SDKStatCaches.noindex/watchos27.0-24R360-e829b21a6f8c9b70876ba0858053c04477534ef55a1706bf4c1112bbb242f0a2.sdkstatcache -output-file-map /Users/admin/builder/spi-builder-workspace/.derivedData/Build/Intermediates.noindex/Sh.build/Debug-watchos/Sh-t.build/Objects-normal/arm64/Sh-OutputFileMap.json -save-temps -no-color-diagnostics -explicit-module-build -module-cache-path /Users/admin/builder/spi-builder-workspace/.derivedData/Build/Intermediates.noindex/SwiftExplicitPrecompiledModules -clang-scanner-module-cache-path /Users/admin/builder/spi-builder-workspace/.derivedData/ModuleCache.noindex -sdk-module-cache-path /Users/admin/builder/spi-builder-workspace/.derivedData/SDKExplicitPrecompiledModules -emit-dependencies -emit-module -emit-module-path /Users/admin/builder/spi-builder-workspace/.derivedData/Build/Intermediates.noindex/Sh.build/Debug-watchos/Sh-t.build/Objects-normal/arm64/Sh.swiftmodule -serialize-diagnostics -dependency-scan-serialize-diagnostics-path /Users/admin/builder/spi-builder-workspace/.derivedData/Build/Intermediates.noindex/Sh.build/Debug-watchos/Sh-t.build/Objects-normal/arm64/Sh-dependency-scan.dia -validate-clang-modules-once -clang-build-session-file /Users/admin/builder/spi-builder-workspace/.derivedData/ModuleCache.noindex/Session.modulevalidation -Xcc -fmodules-prune-interval\=86400 -Xcc -fmodules-prune-after\=345600 -emit-const-values -const-gather-protocols-list /Users/admin/builder/spi-builder-workspace/.derivedData/Build/Intermediates.noindex/Sh.build/Debug-watchos/Sh-t.build/Objects-normal/arm64/Sh_const_extract_protocols.json -Xcc -I/Users/admin/builder/spi-builder-workspace/.derivedData/Build/Products/Debug-watchos/include -Xcc -I/Users/admin/builder/spi-builder-workspace/.derivedData/Build/Intermediates.noindex/Sh.build/Debug-watchos/Sh-t.build/DerivedSources-normal/arm64 -Xcc -I/Users/admin/builder/spi-builder-workspace/.derivedData/Build/Intermediates.noindex/Sh.build/Debug-watchos/Sh-t.build/DerivedSources/arm64 -Xcc -I/Users/admin/builder/spi-builder-workspace/.derivedData/Build/Intermediates.noindex/Sh.build/Debug-watchos/Sh-t.build/DerivedSources -Xcc -DSWIFT_PACKAGE -Xcc -DDEBUG\=1 -emit-objc-header -emit-objc-header-path /Users/admin/builder/spi-builder-workspace/.derivedData/Build/Intermediates.noindex/Sh.build/Debug-watchos/Sh-t.build/Objects-normal/arm64/Sh-Swift.h -working-directory /Users/admin/builder/spi-builder-workspace/.swiftpm/xcode -experimental-emit-module-separately -disable-cmo
SwiftDriver Sh normal arm64_32 com.apple.xcode.tools.swift.compiler (in target 'Sh' from project 'Sh')
cd /Users/admin/builder/spi-builder-workspace/.swiftpm/xcode
builtin-SwiftDriver -- /Applications/Xcode-27.0.0-Release.Candidate.app/Contents/Developer/Toolchains/XcodeDefault.xctoolchain/usr/bin/swiftc -parse-as-library -module-name Sh -Onone @/Users/admin/builder/spi-builder-workspace/.derivedData/Build/Intermediates.noindex/Sh.build/Debug-watchos/Sh-t.build/Objects-normal/arm64_32/Sh.SwiftFileList -DSWIFT_PACKAGE -DDEBUG -DSWIFT_MODULE_RESOURCE_BUNDLE_UNAVAILABLE -DXcode -plugin-path /Applications/Xcode-27.0.0-Release.Candidate.app/Contents/Developer/Toolchains/XcodeDefault.xctoolchain/usr/lib/swift/host/plugins/testing -enable-experimental-feature DebugDescriptionMacro -sdk /Applications/Xcode-27.0.0-Release.Candidate.app/Contents/Developer/Platforms/WatchOS.platform/Developer/SDKs/WatchOS27.0.sdk -target arm64_32-apple-watchos9.0 -g -module-cache-path /Users/admin/builder/spi-builder-workspace/.derivedData/ModuleCache.noindex -Xfrontend -serialize-debugging-options -enable-testing -suppress-warnings -index-store-path /Users/admin/builder/spi-builder-workspace/.derivedData/Index.noindex/DataStore -Xcc -D_LIBCPP_HARDENING_MODE\=_LIBCPP_HARDENING_MODE_DEBUG -swift-version 5 -I /Users/admin/builder/spi-builder-workspace/.derivedData/Build/Products/Debug-watchos -Isystem /Applications/Xcode-27.0.0-Release.Candidate.app/Contents/Developer/Platforms/WatchOS.platform/Developer/usr/lib -F /Users/admin/builder/spi-builder-workspace/.derivedData/Build/Products/Debug-watchos/PackageFrameworks -F /Users/admin/builder/spi-builder-workspace/.derivedData/Build/Products/Debug-watchos -F /Applications/Xcode-27.0.0-Release.Candidate.app/Contents/Developer/Platforms/WatchOS.platform/Developer/Library/Frameworks -F /Applications/Xcode-27.0.0-Release.Candidate.app/Contents/Developer/Platforms/WatchOS.platform/Developer/SDKs/WatchOS27.0.sdk/Developer/Library/Frameworks -c -j10 -enable-batch-mode -incremental -Xcc -ivfsstatcache -Xcc /Users/admin/builder/spi-builder-workspace/.derivedData/SDKStatCaches.noindex/watchos27.0-24R360-e829b21a6f8c9b70876ba0858053c04477534ef55a1706bf4c1112bbb242f0a2.sdkstatcache -output-file-map /Users/admin/builder/spi-builder-workspace/.derivedData/Build/Intermediates.noindex/Sh.build/Debug-watchos/Sh-t.build/Objects-normal/arm64_32/Sh-OutputFileMap.json -save-temps -no-color-diagnostics -explicit-module-build -module-cache-path /Users/admin/builder/spi-builder-workspace/.derivedData/Build/Intermediates.noindex/SwiftExplicitPrecompiledModules -clang-scanner-module-cache-path /Users/admin/builder/spi-builder-workspace/.derivedData/ModuleCache.noindex -sdk-module-cache-path /Users/admin/builder/spi-builder-workspace/.derivedData/SDKExplicitPrecompiledModules -emit-dependencies -emit-module -emit-module-path /Users/admin/builder/spi-builder-workspace/.derivedData/Build/Intermediates.noindex/Sh.build/Debug-watchos/Sh-t.build/Objects-normal/arm64_32/Sh.swiftmodule -serialize-diagnostics -dependency-scan-serialize-diagnostics-path /Users/admin/builder/spi-builder-workspace/.derivedData/Build/Intermediates.noindex/Sh.build/Debug-watchos/Sh-t.build/Objects-normal/arm64_32/Sh-dependency-scan.dia -validate-clang-modules-once -clang-build-session-file /Users/admin/builder/spi-builder-workspace/.derivedData/ModuleCache.noindex/Session.modulevalidation -Xcc -fmodules-prune-interval\=86400 -Xcc -fmodules-prune-after\=345600 -emit-const-values -const-gather-protocols-list /Users/admin/builder/spi-builder-workspace/.derivedData/Build/Intermediates.noindex/Sh.build/Debug-watchos/Sh-t.build/Objects-normal/arm64_32/Sh_const_extract_protocols.json -Xcc -I/Users/admin/builder/spi-builder-workspace/.derivedData/Build/Products/Debug-watchos/include -Xcc -I/Users/admin/builder/spi-builder-workspace/.derivedData/Build/Intermediates.noindex/Sh.build/Debug-watchos/Sh-t.build/DerivedSources-normal/arm64_32 -Xcc -I/Users/admin/builder/spi-builder-workspace/.derivedData/Build/Intermediates.noindex/Sh.build/Debug-watchos/Sh-t.build/DerivedSources/arm64_32 -Xcc -I/Users/admin/builder/spi-builder-workspace/.derivedData/Build/Intermediates.noindex/Sh.build/Debug-watchos/Sh-t.build/DerivedSources -Xcc -DSWIFT_PACKAGE -Xcc -DDEBUG\=1 -emit-objc-header -emit-objc-header-path /Users/admin/builder/spi-builder-workspace/.derivedData/Build/Intermediates.noindex/Sh.build/Debug-watchos/Sh-t.build/Objects-normal/arm64_32/Sh-Swift.h -working-directory /Users/admin/builder/spi-builder-workspace/.swiftpm/xcode -experimental-emit-module-separately -disable-cmo
SwiftCompile normal arm64 Compiling\ Data.asJSON.swift,\ Data.asTrimmedString.swift /Users/admin/builder/spi-builder-workspace/.dependencies/checkouts/Sh/Sources/Sh/Data/Data.asJSON.swift /Users/admin/builder/spi-builder-workspace/.dependencies/checkouts/Sh/Sources/Sh/Data/Data.asTrimmedString.swift (in target 'Sh' from project 'Sh')
SwiftCompile normal arm64 /Users/admin/builder/spi-builder-workspace/.dependencies/checkouts/Sh/Sources/Sh/Data/Data.asJSON.swift (in target 'Sh' from project 'Sh')
cd /Users/admin/builder/spi-builder-workspace/.swiftpm/xcode
builtin-SwiftPerFileCompile Data.asJSON.swift
SwiftCompile normal arm64 /Users/admin/builder/spi-builder-workspace/.dependencies/checkouts/Sh/Sources/Sh/Data/Data.asTrimmedString.swift (in target 'Sh' from project 'Sh')
cd /Users/admin/builder/spi-builder-workspace/.swiftpm/xcode
builtin-SwiftPerFileCompile Data.asTrimmedString.swift
SwiftCompile normal arm64 Compiling\ Process.init.swift,\ Process.runRedirectingAllOutput.swift /Users/admin/builder/spi-builder-workspace/.dependencies/checkouts/Sh/Sources/Sh/Process/Process.init.swift /Users/admin/builder/spi-builder-workspace/.dependencies/checkouts/Sh/Sources/Sh/Process/Process.runRedirectingAllOutput.swift (in target 'Sh' from project 'Sh')
/Users/admin/builder/spi-builder-workspace/.dependencies/checkouts/Sh/Sources/Sh/Process/Process.init.swift:3:11: error: cannot find type 'Process' in scope
1 | import Foundation
2 |
3 | extension Process {
| `- error: cannot find type 'Process' in scope
4 |
5 | public convenience init(cmd: String, environment: [String: String] = [:], workingDirectory: String? = nil) {
SwiftCompile normal arm64 /Users/admin/builder/spi-builder-workspace/.dependencies/checkouts/Sh/Sources/Sh/Process/Process.init.swift (in target 'Sh' from project 'Sh')
cd /Users/admin/builder/spi-builder-workspace/.swiftpm/xcode
builtin-SwiftPerFileCompile Process.init.swift
SwiftCompile normal arm64 /Users/admin/builder/spi-builder-workspace/.dependencies/checkouts/Sh/Sources/Sh/Process/Process.runRedirectingAllOutput.swift (in target 'Sh' from project 'Sh')
cd /Users/admin/builder/spi-builder-workspace/.swiftpm/xcode
builtin-SwiftPerFileCompile Process.runRedirectingAllOutput.swift
SwiftCompile normal arm64 Compiling\ Sink.swift /Users/admin/builder/spi-builder-workspace/.dependencies/checkouts/Sh/Sources/Sh/Sink.swift (in target 'Sh' from project 'Sh')
SwiftCompile normal arm64 /Users/admin/builder/spi-builder-workspace/.dependencies/checkouts/Sh/Sources/Sh/Sink.swift (in target 'Sh' from project 'Sh')
cd /Users/admin/builder/spi-builder-workspace/.swiftpm/xcode
builtin-SwiftPerFileCompile Sink.swift
SwiftCompile normal arm64 Compiling\ Process.terminationError.swift /Users/admin/builder/spi-builder-workspace/.dependencies/checkouts/Sh/Sources/Sh/Process/Process.terminationError.swift (in target 'Sh' from project 'Sh')
SwiftCompile normal arm64 /Users/admin/builder/spi-builder-workspace/.dependencies/checkouts/Sh/Sources/Sh/Process/Process.terminationError.swift (in target 'Sh' from project 'Sh')
cd /Users/admin/builder/spi-builder-workspace/.swiftpm/xcode
builtin-SwiftPerFileCompile Process.terminationError.swift
SwiftCompile normal arm64 Compiling\ shq.swift /Users/admin/builder/spi-builder-workspace/.dependencies/checkouts/Sh/Sources/Sh/shq.swift (in target 'Sh' from project 'Sh')
/Users/admin/builder/spi-builder-workspace/.dependencies/checkouts/Sh/Sources/Sh/shq.swift:27:14: error: cannot find 'Process' in scope
25 | environment: [String: String] = [:],
26 | workingDirectory: String? = nil) throws -> String? {
27 | return try Process(cmd: cmd, environment: environment, workingDirectory: workingDirectory)
| `- error: cannot find 'Process' in scope
28 | .runReturningData()
29 | .asTrimmedString()
/Users/admin/builder/spi-builder-workspace/.dependencies/checkouts/Sh/Sources/Sh/shq.swift:36:20: error: cannot find 'Process' in scope
34 | environment: [String: String] = [:],
35 | workingDirectory: String? = nil) async throws -> String? {
36 | return try await Process(cmd: cmd, environment: environment, workingDirectory: workingDirectory)
| `- error: cannot find 'Process' in scope
37 | .runReturningData()
38 | .asTrimmedString()
/Users/admin/builder/spi-builder-workspace/.dependencies/checkouts/Sh/Sources/Sh/shq.swift:49:7: error: cannot find 'Process' in scope
47 | environment: [String: String] = [:],
48 | workingDirectory: String? = nil) throws -> D {
49 | try Process(cmd: cmd, environment: environment, workingDirectory: workingDirectory)
| `- error: cannot find 'Process' in scope
50 | .runReturningData()
51 | .asJSON(decoding: type, using: jsonDecoder)
/Users/admin/builder/spi-builder-workspace/.dependencies/checkouts/Sh/Sources/Sh/shq.swift:61:24: error: cannot find 'Process' in scope
59 | environment: [String: String] = [:],
60 | workingDirectory: String? = nil) async throws -> D {
61 | let data = try await Process(
| `- error: cannot find 'Process' in scope
62 | cmd: cmd,
63 | environment: environment,
/Users/admin/builder/spi-builder-workspace/.dependencies/checkouts/Sh/Sources/Sh/shq.swift:86:7: error: cannot find 'Process' in scope
84 | environment: [String: String] = [:],
85 | workingDirectory: String? = nil) throws {
86 | try Process(cmd: cmd, environment: environment, workingDirectory: workingDirectory)
| `- error: cannot find 'Process' in scope
87 | .runRedirectingAllOutput(to: sink)
88 | }
/Users/admin/builder/spi-builder-workspace/.dependencies/checkouts/Sh/Sources/Sh/shq.swift:94:13: error: cannot find 'Process' in scope
92 | environment: [String: String] = [:],
93 | workingDirectory: String? = nil) async throws {
94 | try await Process(cmd: cmd, environment: environment, workingDirectory: workingDirectory)
| `- error: cannot find 'Process' in scope
95 | .runRedirectingAllOutput(to: sink)
96 | }
Failed frontend command:
/Applications/Xcode-27.0.0-Release.Candidate.app/Contents/Developer/Toolchains/XcodeDefault.xctoolchain/usr/bin/swift-frontend -frontend -c /Users/admin/builder/spi-builder-workspace/.dependencies/checkouts/Sh/Sources/Sh/Data/Data.asJSON.swift /Users/admin/builder/spi-builder-workspace/.dependencies/checkouts/Sh/Sources/Sh/Data/Data.asTrimmedString.swift /Users/admin/builder/spi-builder-workspace/.dependencies/checkouts/Sh/Sources/Sh/Data/PipeBuffer.swift /Users/admin/builder/spi-builder-workspace/.dependencies/checkouts/Sh/Sources/Sh/Errors.swift /Users/admin/builder/spi-builder-workspace/.dependencies/checkouts/Sh/Sources/Sh/Process/Process.init.swift /Users/admin/builder/spi-builder-workspace/.dependencies/checkouts/Sh/Sources/Sh/Process/Process.runRedirectingAllOutput.swift /Users/admin/builder/spi-builder-workspace/.dependencies/checkouts/Sh/Sources/Sh/Process/Process.runReturningAllOutput.swift /Users/admin/builder/spi-builder-workspace/.dependencies/checkouts/Sh/Sources/Sh/Process/Process.runReturningData.swift /Users/admin/builder/spi-builder-workspace/.dependencies/checkouts/Sh/Sources/Sh/Process/Process.runReturningTrimmedString.swift /Users/admin/builder/spi-builder-workspace/.dependencies/checkouts/Sh/Sources/Sh/Process/Process.terminationError.swift /Users/admin/builder/spi-builder-workspace/.dependencies/checkouts/Sh/Sources/Sh/Sink.swift /Users/admin/builder/spi-builder-workspace/.dependencies/checkouts/Sh/Sources/Sh/String/String.asTrimmedLines.swift /Users/admin/builder/spi-builder-workspace/.dependencies/checkouts/Sh/Sources/Sh/sh.swift -primary-file /Users/admin/builder/spi-builder-workspace/.dependencies/checkouts/Sh/Sources/Sh/shq.swift -emit-dependencies-path /Users/admin/builder/spi-builder-workspace/.derivedData/Build/Intermediates.noindex/Sh.build/Debug-watchos/Sh-t.build/Objects-normal/arm64/shq.d -emit-const-values-path /Users/admin/builder/spi-builder-workspace/.derivedData/Build/Intermediates.noindex/Sh.build/Debug-watchos/Sh-t.build/Objects-normal/arm64/shq.swiftconstvalues -emit-reference-dependencies-path /Users/admin/builder/spi-builder-workspace/.derivedData/Build/Intermediates.noindex/Sh.build/Debug-watchos/Sh-t.build/Objects-normal/arm64/shq.swiftdeps -serialize-diagnostics-path /Users/admin/builder/spi-builder-workspace/.derivedData/Build/Intermediates.noindex/Sh.build/Debug-watchos/Sh-t.build/Objects-normal/arm64/shq.dia -target arm64-apple-watchos9.0 -disable-cross-import-overlay-search -load-resolved-plugin /Applications/Xcode-27.0.0-Release.Candidate.app/Contents/Developer/Platforms/WatchOS.platform/Developer/usr/lib/swift/host/plugins/libFoundationMacros.dylib\#/Applications/Xcode-27.0.0-Release.Candidate.app/Contents/Developer/Platforms/WatchOS.platform/Developer/usr/bin/swift-plugin-server\#FoundationMacros -load-resolved-plugin /Applications/Xcode-27.0.0-Release.Candidate.app/Contents/Developer/Platforms/WatchOS.platform/Developer/usr/lib/swift/host/plugins/libObservationMacros.dylib\#/Applications/Xcode-27.0.0-Release.Candidate.app/Contents/Developer/Platforms/WatchOS.platform/Developer/usr/bin/swift-plugin-server\#ObservationMacros -load-resolved-plugin /Applications/Xcode-27.0.0-Release.Candidate.app/Contents/Developer/Platforms/WatchOS.platform/Developer/usr/lib/swift/host/plugins/libSwiftMacros.dylib\#/Applications/Xcode-27.0.0-Release.Candidate.app/Contents/Developer/Platforms/WatchOS.platform/Developer/usr/bin/swift-plugin-server\#SwiftMacros -disable-implicit-swift-modules -Xcc -fno-implicit-modules -Xcc -fno-implicit-module-maps -explicit-swift-module-map-file /Users/admin/builder/spi-builder-workspace/.derivedData/Build/Intermediates.noindex/Sh.build/Debug-watchos/Sh-t.build/Objects-normal/arm64/Sh-dependencies-2.json -Xllvm -aarch64-use-tbi -enable-objc-interop -stack-check -sdk /Applications/Xcode-27.0.0-Release.Candidate.app/Contents/Developer/Platforms/WatchOS.platform/Developer/SDKs/WatchOS27.0.sdk -I /Users/admin/builder/spi-builder-workspace/.derivedData/Build/Products/Debug-watchos -Isystem /Applications/Xcode-27.0.0-Release.Candidate.app/Contents/Developer/Platforms/WatchOS.platform/Developer/usr/lib -F /Users/admin/builder/spi-builder-workspace/.derivedData/Build/Products/Debug-watchos/PackageFrameworks -F /Users/admin/builder/spi-builder-workspace/.derivedData/Build/Products/Debug-watchos -F /Applications/Xcode-27.0.0-Release.Candidate.app/Contents/Developer/Platforms/WatchOS.platform/Developer/Library/Frameworks -F /Applications/Xcode-27.0.0-Release.Candidate.app/Contents/Developer/Platforms/WatchOS.platform/Developer/SDKs/WatchOS27.0.sdk/Developer/Library/Frameworks -module-cache-path /Users/admin/builder/spi-builder-workspace/.derivedData/Build/Intermediates.noindex/SwiftExplicitPrecompiledModules -no-color-diagnostics -Xcc -fno-color-diagnostics -enable-testing -g -debug-info-format\=dwarf -dwarf-version\=4 -suppress-warnings -swift-version 5 -Onone -D SWIFT_PACKAGE -D DEBUG -D SWIFT_MODULE_RESOURCE_BUNDLE_UNAVAILABLE -D Xcode -serialize-debugging-options -enable-experimental-feature DebugDescriptionMacro -empty-abi-descriptor -validate-clang-modules-once -clang-build-session-file /Users/admin/builder/spi-builder-workspace/.derivedData/ModuleCache.noindex/Session.modulevalidation -Xcc -working-directory -Xcc /Users/admin/builder/spi-builder-workspace/.swiftpm/xcode -enable-anonymous-context-mangled-names -file-compilation-dir /Users/admin/builder/spi-builder-workspace/.swiftpm/xcode -Xcc -D_LIBCPP_HARDENING_MODE\=_LIBCPP_HARDENING_MODE_DEBUG -Xcc -ivfsstatcache -Xcc /Users/admin/builder/spi-builder-workspace/.derivedData/SDKStatCaches.noindex/watchos27.0-24R360-e829b21a6f8c9b70876ba0858053c04477534ef55a1706bf4c1112bbb242f0a2.sdkstatcache -Xcc -fmodules-prune-interval\=86400 -Xcc -fmodules-prune-after\=345600 -Xcc -I/Users/admin/builder/spi-builder-workspace/.derivedData/Build/Products/Debug-watchos/include -Xcc -I/Users/admin/builder/spi-builder-workspace/.derivedData/Build/Intermediates.noindex/Sh.build/Debug-watchos/Sh-t.build/DerivedSources-normal/arm64 -Xcc -I/Users/admin/builder/spi-builder-workspace/.derivedData/Build/Intermediates.noindex/Sh.build/Debug-watchos/Sh-t.build/DerivedSources/arm64 -Xcc -I/Users/admin/builder/spi-builder-workspace/.derivedData/Build/Intermediates.noindex/Sh.build/Debug-watchos/Sh-t.build/DerivedSources -Xcc -DSWIFT_PACKAGE -Xcc -DDEBUG\=1 -no-auto-bridging-header-chaining -module-name Sh -const-gather-protocols-file /Users/admin/builder/spi-builder-workspace/.derivedData/Build/Intermediates.noindex/Sh.build/Debug-watchos/Sh-t.build/Objects-normal/arm64/Sh_const_extract_protocols.json -disable-clang-spi -clang-target arm64-apple-watchos27.0 -target-sdk-version 27.0 -target-sdk-name watchos27.0 -in-process-plugin-server-path /Applications/Xcode-27.0.0-Release.Candidate.app/Contents/Developer/Toolchains/XcodeDefault.xctoolchain/usr/lib/swift/host/libSwiftInProcPluginServer.dylib -parse-as-library -o /Users/admin/builder/spi-builder-workspace/.derivedData/Build/Intermediates.noindex/Sh.build/Debug-watchos/Sh-t.build/Objects-normal/arm64/shq.o -debug-module-path /Users/admin/builder/spi-builder-workspace/.derivedData/Build/Intermediates.noindex/Sh.build/Debug-watchos/Sh-t.build/Objects-normal/arm64/Sh.swiftmodule -index-unit-output-path /Sh.build/Debug-watchos/Sh-t.build/Objects-normal/arm64/shq.o -index-store-path /Users/admin/builder/spi-builder-workspace/.derivedData/Index.noindex/DataStore -index-system-modules
SwiftCompile normal arm64 /Users/admin/builder/spi-builder-workspace/.dependencies/checkouts/Sh/Sources/Sh/shq.swift (in target 'Sh' from project 'Sh')
cd /Users/admin/builder/spi-builder-workspace/.swiftpm/xcode
builtin-SwiftPerFileCompile shq.swift
SwiftCompile normal arm64 Compiling\ Process.runReturningAllOutput.swift,\ Process.runReturningData.swift /Users/admin/builder/spi-builder-workspace/.dependencies/checkouts/Sh/Sources/Sh/Process/Process.runReturningAllOutput.swift /Users/admin/builder/spi-builder-workspace/.dependencies/checkouts/Sh/Sources/Sh/Process/Process.runReturningData.swift (in target 'Sh' from project 'Sh')
/Users/admin/builder/spi-builder-workspace/.dependencies/checkouts/Sh/Sources/Sh/Process/Process.runReturningAllOutput.swift:3:11: error: cannot find type 'Process' in scope
1 | import Foundation
2 |
3 | extension Process {
| `- error: cannot find type 'Process' in scope
4 |
5 | public struct AllOutput {
/Users/admin/builder/spi-builder-workspace/.dependencies/checkouts/Sh/Sources/Sh/Process/Process.runReturningData.swift:3:11: error: cannot find type 'Process' in scope
1 | import Foundation
2 |
3 | extension Process {
| `- error: cannot find type 'Process' in scope
4 |
5 | public func runReturningData() throws -> Data {
/Users/admin/builder/spi-builder-workspace/.dependencies/checkouts/Sh/Sources/Sh/Process/Process.runReturningAllOutput.swift:11:49: error: cannot find type 'AllOutput' in scope
9 | }
10 |
11 | public func runReturningAllOutput() throws -> AllOutput {
| `- error: cannot find type 'AllOutput' in scope
12 |
13 | let stdOut = PipeBuffer(id: .stdOut)
/Users/admin/builder/spi-builder-workspace/.dependencies/checkouts/Sh/Sources/Sh/Process/Process.runReturningAllOutput.swift:28:55: error: cannot find type 'AllOutput' in scope
26 | }
27 |
28 | public func runReturningAllOutput() async throws -> AllOutput {
| `- error: cannot find type 'AllOutput' in scope
29 |
30 | let stdOut = PipeBuffer(id: .stdOut)
SwiftCompile normal arm64 /Users/admin/builder/spi-builder-workspace/.dependencies/checkouts/Sh/Sources/Sh/Process/Process.runReturningAllOutput.swift (in target 'Sh' from project 'Sh')
cd /Users/admin/builder/spi-builder-workspace/.swiftpm/xcode
builtin-SwiftPerFileCompile Process.runReturningAllOutput.swift
SwiftCompile normal arm64 /Users/admin/builder/spi-builder-workspace/.dependencies/checkouts/Sh/Sources/Sh/Process/Process.runReturningData.swift (in target 'Sh' from project 'Sh')
cd /Users/admin/builder/spi-builder-workspace/.swiftpm/xcode
builtin-SwiftPerFileCompile Process.runReturningData.swift
SwiftCompile normal arm64 Compiling\ sh.swift /Users/admin/builder/spi-builder-workspace/.dependencies/checkouts/Sh/Sources/Sh/sh.swift (in target 'Sh' from project 'Sh')
SwiftCompile normal arm64 /Users/admin/builder/spi-builder-workspace/.dependencies/checkouts/Sh/Sources/Sh/sh.swift (in target 'Sh' from project 'Sh')
cd /Users/admin/builder/spi-builder-workspace/.swiftpm/xcode
builtin-SwiftPerFileCompile sh.swift
SwiftCompile normal arm64 Compiling\ PipeBuffer.swift,\ Errors.swift /Users/admin/builder/spi-builder-workspace/.dependencies/checkouts/Sh/Sources/Sh/Data/PipeBuffer.swift /Users/admin/builder/spi-builder-workspace/.dependencies/checkouts/Sh/Sources/Sh/Errors.swift (in target 'Sh' from project 'Sh')
SwiftCompile normal arm64 /Users/admin/builder/spi-builder-workspace/.dependencies/checkouts/Sh/Sources/Sh/Data/PipeBuffer.swift (in target 'Sh' from project 'Sh')
cd /Users/admin/builder/spi-builder-workspace/.swiftpm/xcode
builtin-SwiftPerFileCompile PipeBuffer.swift
SwiftCompile normal arm64 /Users/admin/builder/spi-builder-workspace/.dependencies/checkouts/Sh/Sources/Sh/Errors.swift (in target 'Sh' from project 'Sh')
cd /Users/admin/builder/spi-builder-workspace/.swiftpm/xcode
builtin-SwiftPerFileCompile Errors.swift
SwiftEmitModule normal arm64 Emitting\ module\ for\ Sh (in target 'Sh' from project 'Sh')
SwiftCompile normal arm64 (in target 'Sh' from project 'Sh')
cd /Users/admin/builder/spi-builder-workspace/.swiftpm/xcode
SwiftCompile normal arm64 Compiling\ Process.runReturningTrimmedString.swift /Users/admin/builder/spi-builder-workspace/.dependencies/checkouts/Sh/Sources/Sh/Process/Process.runReturningTrimmedString.swift (in target 'Sh' from project 'Sh')
/Users/admin/builder/spi-builder-workspace/.dependencies/checkouts/Sh/Sources/Sh/Process/Process.runReturningTrimmedString.swift:3:18: error: cannot find type 'Process' in scope
1 | import Foundation
2 |
3 | public extension Process {
| `- error: cannot find type 'Process' in scope
4 |
5 | func runReturningTrimmedString() throws -> String? {
Failed frontend command:
/Applications/Xcode-27.0.0-Release.Candidate.app/Contents/Developer/Toolchains/XcodeDefault.xctoolchain/usr/bin/swift-frontend -frontend -c /Users/admin/builder/spi-builder-workspace/.dependencies/checkouts/Sh/Sources/Sh/Data/Data.asJSON.swift /Users/admin/builder/spi-builder-workspace/.dependencies/checkouts/Sh/Sources/Sh/Data/Data.asTrimmedString.swift /Users/admin/builder/spi-builder-workspace/.dependencies/checkouts/Sh/Sources/Sh/Data/PipeBuffer.swift /Users/admin/builder/spi-builder-workspace/.dependencies/checkouts/Sh/Sources/Sh/Errors.swift /Users/admin/builder/spi-builder-workspace/.dependencies/checkouts/Sh/Sources/Sh/Process/Process.init.swift /Users/admin/builder/spi-builder-workspace/.dependencies/checkouts/Sh/Sources/Sh/Process/Process.runRedirectingAllOutput.swift /Users/admin/builder/spi-builder-workspace/.dependencies/checkouts/Sh/Sources/Sh/Process/Process.runReturningAllOutput.swift /Users/admin/builder/spi-builder-workspace/.dependencies/checkouts/Sh/Sources/Sh/Process/Process.runReturningData.swift -primary-file /Users/admin/builder/spi-builder-workspace/.dependencies/checkouts/Sh/Sources/Sh/Process/Process.runReturningTrimmedString.swift /Users/admin/builder/spi-builder-workspace/.dependencies/checkouts/Sh/Sources/Sh/Process/Process.terminationError.swift /Users/admin/builder/spi-builder-workspace/.dependencies/checkouts/Sh/Sources/Sh/Sink.swift /Users/admin/builder/spi-builder-workspace/.dependencies/checkouts/Sh/Sources/Sh/String/String.asTrimmedLines.swift /Users/admin/builder/spi-builder-workspace/.dependencies/checkouts/Sh/Sources/Sh/sh.swift /Users/admin/builder/spi-builder-workspace/.dependencies/checkouts/Sh/Sources/Sh/shq.swift -emit-dependencies-path /Users/admin/builder/spi-builder-workspace/.derivedData/Build/Intermediates.noindex/Sh.build/Debug-watchos/Sh-t.build/Objects-normal/arm64/Process.runReturningTrimmedString.d -emit-const-values-path /Users/admin/builder/spi-builder-workspace/.derivedData/Build/Intermediates.noindex/Sh.build/Debug-watchos/Sh-t.build/Objects-normal/arm64/Process.runReturningTrimmedString.swiftconstvalues -emit-reference-dependencies-path /Users/admin/builder/spi-builder-workspace/.derivedData/Build/Intermediates.noindex/Sh.build/Debug-watchos/Sh-t.build/Objects-normal/arm64/Process.runReturningTrimmedString.swiftdeps -serialize-diagnostics-path /Users/admin/builder/spi-builder-workspace/.derivedData/Build/Intermediates.noindex/Sh.build/Debug-watchos/Sh-t.build/Objects-normal/arm64/Process.runReturningTrimmedString.dia -target arm64-apple-watchos9.0 -disable-cross-import-overlay-search -load-resolved-plugin /Applications/Xcode-27.0.0-Release.Candidate.app/Contents/Developer/Platforms/WatchOS.platform/Developer/usr/lib/swift/host/plugins/libFoundationMacros.dylib\#/Applications/Xcode-27.0.0-Release.Candidate.app/Contents/Developer/Platforms/WatchOS.platform/Developer/usr/bin/swift-plugin-server\#FoundationMacros -load-resolved-plugin /Applications/Xcode-27.0.0-Release.Candidate.app/Contents/Developer/Platforms/WatchOS.platform/Developer/usr/lib/swift/host/plugins/libObservationMacros.dylib\#/Applications/Xcode-27.0.0-Release.Candidate.app/Contents/Developer/Platforms/WatchOS.platform/Developer/usr/bin/swift-plugin-server\#ObservationMacros -load-resolved-plugin /Applications/Xcode-27.0.0-Release.Candidate.app/Contents/Developer/Platforms/WatchOS.platform/Developer/usr/lib/swift/host/plugins/libSwiftMacros.dylib\#/Applications/Xcode-27.0.0-Release.Candidate.app/Contents/Developer/Platforms/WatchOS.platform/Developer/usr/bin/swift-plugin-server\#SwiftMacros -disable-implicit-swift-modules -Xcc -fno-implicit-modules -Xcc -fno-implicit-module-maps -explicit-swift-module-map-file /Users/admin/builder/spi-builder-workspace/.derivedData/Build/Intermediates.noindex/Sh.build/Debug-watchos/Sh-t.build/Objects-normal/arm64/Sh-dependencies-2.json -Xllvm -aarch64-use-tbi -enable-objc-interop -stack-check -sdk /Applications/Xcode-27.0.0-Release.Candidate.app/Contents/Developer/Platforms/WatchOS.platform/Developer/SDKs/WatchOS27.0.sdk -I /Users/admin/builder/spi-builder-workspace/.derivedData/Build/Products/Debug-watchos -Isystem /Applications/Xcode-27.0.0-Release.Candidate.app/Contents/Developer/Platforms/WatchOS.platform/Developer/usr/lib -F /Users/admin/builder/spi-builder-workspace/.derivedData/Build/Products/Debug-watchos/PackageFrameworks -F /Users/admin/builder/spi-builder-workspace/.derivedData/Build/Products/Debug-watchos -F /Applications/Xcode-27.0.0-Release.Candidate.app/Contents/Developer/Platforms/WatchOS.platform/Developer/Library/Frameworks -F /Applications/Xcode-27.0.0-Release.Candidate.app/Contents/Developer/Platforms/WatchOS.platform/Developer/SDKs/WatchOS27.0.sdk/Developer/Library/Frameworks -module-cache-path /Users/admin/builder/spi-builder-workspace/.derivedData/Build/Intermediates.noindex/SwiftExplicitPrecompiledModules -no-color-diagnostics -Xcc -fno-color-diagnostics -enable-testing -g -debug-info-format\=dwarf -dwarf-version\=4 -suppress-warnings -swift-version 5 -Onone -D SWIFT_PACKAGE -D DEBUG -D SWIFT_MODULE_RESOURCE_BUNDLE_UNAVAILABLE -D Xcode -serialize-debugging-options -enable-experimental-feature DebugDescriptionMacro -empty-abi-descriptor -validate-clang-modules-once -clang-build-session-file /Users/admin/builder/spi-builder-workspace/.derivedData/ModuleCache.noindex/Session.modulevalidation -Xcc -working-directory -Xcc /Users/admin/builder/spi-builder-workspace/.swiftpm/xcode -enable-anonymous-context-mangled-names -file-compilation-dir /Users/admin/builder/spi-builder-workspace/.swiftpm/xcode -Xcc -D_LIBCPP_HARDENING_MODE\=_LIBCPP_HARDENING_MODE_DEBUG -Xcc -ivfsstatcache -Xcc /Users/admin/builder/spi-builder-workspace/.derivedData/SDKStatCaches.noindex/watchos27.0-24R360-e829b21a6f8c9b70876ba0858053c04477534ef55a1706bf4c1112bbb242f0a2.sdkstatcache -Xcc -fmodules-prune-interval\=86400 -Xcc -fmodules-prune-after\=345600 -Xcc -I/Users/admin/builder/spi-builder-workspace/.derivedData/Build/Products/Debug-watchos/include -Xcc -I/Users/admin/builder/spi-builder-workspace/.derivedData/Build/Intermediates.noindex/Sh.build/Debug-watchos/Sh-t.build/DerivedSources-normal/arm64 -Xcc -I/Users/admin/builder/spi-builder-workspace/.derivedData/Build/Intermediates.noindex/Sh.build/Debug-watchos/Sh-t.build/DerivedSources/arm64 -Xcc -I/Users/admin/builder/spi-builder-workspace/.derivedData/Build/Intermediates.noindex/Sh.build/Debug-watchos/Sh-t.build/DerivedSources -Xcc -DSWIFT_PACKAGE -Xcc -DDEBUG\=1 -no-auto-bridging-header-chaining -module-name Sh -const-gather-protocols-file /Users/admin/builder/spi-builder-workspace/.derivedData/Build/Intermediates.noindex/Sh.build/Debug-watchos/Sh-t.build/Objects-normal/arm64/Sh_const_extract_protocols.json -disable-clang-spi -clang-target arm64-apple-watchos27.0 -target-sdk-version 27.0 -target-sdk-name watchos27.0 -in-process-plugin-server-path /Applications/Xcode-27.0.0-Release.Candidate.app/Contents/Developer/Toolchains/XcodeDefault.xctoolchain/usr/lib/swift/host/libSwiftInProcPluginServer.dylib -parse-as-library -o /Users/admin/builder/spi-builder-workspace/.derivedData/Build/Intermediates.noindex/Sh.build/Debug-watchos/Sh-t.build/Objects-normal/arm64/Process.runReturningTrimmedString.o -debug-module-path /Users/admin/builder/spi-builder-workspace/.derivedData/Build/Intermediates.noindex/Sh.build/Debug-watchos/Sh-t.build/Objects-normal/arm64/Sh.swiftmodule -index-unit-output-path /Sh.build/Debug-watchos/Sh-t.build/Objects-normal/arm64/Process.runReturningTrimmedString.o -index-store-path /Users/admin/builder/spi-builder-workspace/.derivedData/Index.noindex/DataStore -index-system-modules
SwiftCompile normal arm64 /Users/admin/builder/spi-builder-workspace/.dependencies/checkouts/Sh/Sources/Sh/Process/Process.runReturningTrimmedString.swift (in target 'Sh' from project 'Sh')
cd /Users/admin/builder/spi-builder-workspace/.swiftpm/xcode
builtin-SwiftPerFileCompile Process.runReturningTrimmedString.swift
SwiftEmitModule normal arm64_32 Emitting\ module\ for\ Sh (in target 'Sh' from project 'Sh')
SwiftCompile normal arm64_32 (in target 'Sh' from project 'Sh')
cd /Users/admin/builder/spi-builder-workspace/.swiftpm/xcode
PruneExplicitPrecompiledModules /Users/admin/builder/spi-builder-workspace/.derivedData/Build/Intermediates.noindex/SwiftExplicitPrecompiledModules
PruneExplicitPrecompiledModules /Users/admin/builder/spi-builder-workspace/.derivedData/SDKExplicitPrecompiledModules
PruneExplicitPrecompiledModules /Users/admin/builder/spi-builder-workspace/.derivedData/Build/Intermediates.noindex/ExplicitPrecompiledModules
2026-09-20 08:55:15.650 xcodebuild[943:5609] [MT] IDERunDestination: Supported platforms for the buildables in the current scheme is empty.
** BUILD FAILED **
The following build commands failed:
SwiftCompile normal arm64 Compiling\ shq.swift /Users/admin/builder/spi-builder-workspace/.dependencies/checkouts/Sh/Sources/Sh/shq.swift (in target 'Sh' from project 'Sh')
SwiftCompile normal arm64 /Users/admin/builder/spi-builder-workspace/.dependencies/checkouts/Sh/Sources/Sh/shq.swift (in target 'Sh' from project 'Sh')
SwiftCompile normal arm64 Compiling\ Process.runReturningTrimmedString.swift /Users/admin/builder/spi-builder-workspace/.dependencies/checkouts/Sh/Sources/Sh/Process/Process.runReturningTrimmedString.swift (in target 'Sh' from project 'Sh')
SwiftCompile normal arm64 /Users/admin/builder/spi-builder-workspace/.dependencies/checkouts/Sh/Sources/Sh/Process/Process.runReturningTrimmedString.swift (in target 'Sh' from project 'Sh')
Building workspace SwishAppStore with scheme SwishAppStore
(5 failures)
BUILD FAILURE 6.4 watchOS