The Swift Package Index logo.Swift Package Index

Build Information

Failed to build swift-webview2core, reference v0.1.0 (a8ed52), with Swift 6.4 for Android on 24 Sep 2026 07:53:39 UTC.

Build Command

bash -c docker run --pull=always --rm -v "checkouts-54344845-3":/host -w "$PWD" -e JAVA_HOME="/root/.sdkman/candidates/java/current" -e SPI_BUILD="1" -e SPI_PROCESSING="1" registry.gitlab.com/saguaro1/spi-images:android-6.4-latest swift build --swift-sdk aarch64-unknown-linux-android28 2>&1

Build Log

========================================
RunAll
========================================
Builder version: 5.1.0
Interrupt handler set up.
========================================
Checkout
========================================
Clone URL: https://github.com/moreSwift/swift-webview2core.git
Reference: v0.1.0
Initialized empty Git repository in /host/spi-builder-workspace/.git/
hint: Using 'master' as the name for the initial branch. This default branch name
hint: is subject to change. To configure the initial branch name to use in all
hint: of your new repositories, which will suppress this warning, call:
hint:
hint: 	git config --global init.defaultBranch <name>
hint:
hint: Names commonly chosen instead of 'master' are 'main', 'trunk' and
hint: 'development'. The just-created branch can be renamed via this command:
hint:
hint: 	git branch -m <name>
From https://github.com/moreSwift/swift-webview2core
 * tag               v0.1.0     -> FETCH_HEAD
HEAD is now at a8ed52a Update to versioned dependencies
Cloned https://github.com/moreSwift/swift-webview2core.git
Revision (git rev-parse @):
a8ed52a57f6d81ee06c8db692f8ee0431174379a
SUCCESS checkout https://github.com/moreSwift/swift-webview2core.git at v0.1.0
========================================
Build
========================================
Selected platform:         android
Swift version:             6.4
Building package at path:  $PWD
https://github.com/moreSwift/swift-webview2core.git
Running build ...
bash -c docker run --pull=always --rm -v "checkouts-54344845-3":/host -w "$PWD" -e JAVA_HOME="/root/.sdkman/candidates/java/current" -e SPI_BUILD="1" -e SPI_PROCESSING="1" registry.gitlab.com/saguaro1/spi-images:android-6.4-latest swift build --swift-sdk aarch64-unknown-linux-android28 2>&1
android-6.4-latest: Pulling from saguaro1/spi-images
Digest: sha256:abadcff584c273feba50641b454858d377ba30b35ea7287a94f45ebd8afd0ea0
Status: Image is up to date for registry.gitlab.com/saguaro1/spi-images:android-6.4-latest
Fetching https://github.com/moreSwift/swift-uwp
[1/274] Fetching swift-uwp
Fetching https://github.com/moreSwift/swift-cwinrt
Fetching https://github.com/moreSwift/swift-windowsfoundation
[275/388] Fetching swift-uwp, swift-windowsfoundation
[393/888] Fetching swift-uwp, swift-windowsfoundation, swift-cwinrt
Fetched https://github.com/moreSwift/swift-uwp (2.41s)
Fetched https://github.com/moreSwift/swift-windowsfoundation (1.08s)
Fetched https://github.com/moreSwift/swift-cwinrt (1.09s)
Computing version for https://github.com/moreSwift/swift-windowsfoundation
Computed https://github.com/moreSwift/swift-windowsfoundation at 0.1.0 (2.68s)
Computing version for https://github.com/moreSwift/swift-uwp
Computed https://github.com/moreSwift/swift-uwp at 0.1.0 (0.30s)
Computing version for https://github.com/moreSwift/swift-cwinrt
Computed https://github.com/moreSwift/swift-cwinrt at 0.1.2 (1.71s)
Creating working copy for https://github.com/moreSwift/swift-uwp
Working copy of https://github.com/moreSwift/swift-uwp resolved at 0.1.0
Creating working copy for https://github.com/moreSwift/swift-windowsfoundation
Working copy of https://github.com/moreSwift/swift-windowsfoundation resolved at 0.1.0
Creating working copy for https://github.com/moreSwift/swift-cwinrt
Working copy of https://github.com/moreSwift/swift-cwinrt resolved at 0.1.2
Building for debugging...
[Computing dependencies]
[Pre-planning 1 / 270]
[Planning deferred tasks]
[7 / 77]
[48 / 80] CWinRT
[54 / 81] WindowsFoundation
[62 / 90] WindowsFoundation
error: SwiftCompile normal aarch64 /host/spi-builder-workspace/.build/checkouts/swift-windowsfoundation/Sources/WindowsFoundation/Generated/Support/EVENTSOURCE.swift failed with a nonzero exit code. Command line:     cd /host
    builtin-SwiftPerFileCompile EVENTSOURCE.swift
error: SwiftCompile normal aarch64 /host/spi-builder-workspace/.build/checkouts/swift-windowsfoundation/Sources/WindowsFoundation/Generated/Support/GUID.swift failed with a nonzero exit code. Command line:     cd /host
    builtin-SwiftPerFileCompile GUID.swift
error: SwiftCompile normal aarch64 /host/spi-builder-workspace/.build/checkouts/swift-windowsfoundation/Sources/WindowsFoundation/Generated/Support/HSTRING.swift failed with a nonzero exit code. Command line:     cd /host
    builtin-SwiftPerFileCompile HSTRING.swift
error: SwiftCompile normal aarch64 /host/spi-builder-workspace/.build/checkouts/swift-windowsfoundation/Sources/WindowsFoundation/Generated/Support/IBUFFERBYTEACCESS.swift failed with a nonzero exit code. Command line:     cd /host
    builtin-SwiftPerFileCompile IBUFFERBYTEACCESS.swift
error: SwiftCompile normal aarch64 /host/spi-builder-workspace/.build/checkouts/swift-windowsfoundation/Sources/WindowsFoundation/Generated/Support/IINSPECTABLE+SWIFT.swift failed with a nonzero exit code. Command line:     cd /host
    builtin-SwiftPerFileCompile IINSPECTABLE+SWIFT.swift
error: SwiftCompile normal aarch64 /host/spi-builder-workspace/.build/checkouts/swift-windowsfoundation/Sources/WindowsFoundation/Generated/Support/IINSPECTABLE.swift failed with a nonzero exit code. Command line:     cd /host
    builtin-SwiftPerFileCompile IINSPECTABLE.swift
<module-includes>:1:10: note: in file included from <module-includes>:1:
1 | #include "/host/spi-builder-workspace/.build/checkouts/swift-cwinrt/Sources/CWinRT/include/CWinRT.h"
  |          `- note: in file included from <module-includes>:1:
2 |
/host/spi-builder-workspace/.build/checkouts/swift-cwinrt/Sources/CWinRT/include/CWinRT.h:4:10: error: 'wtypesbase.h' file not found
  2 |
  3 | #pragma once
  4 | #include <wtypesbase.h>
    |          `- error: 'wtypesbase.h' file not found
  5 | #include <minwindef.h>
  6 | #include <winnt.h>
/host/spi-builder-workspace/.build/checkouts/swift-windowsfoundation/Sources/WindowsFoundation/Generated/Support/AGGREGATION.swift:1:8: error: could not build C module 'CWinRT'
  1 | import CWinRT
    |        `- error: could not build C module 'CWinRT'
  2 | import Foundation
  3 |
Failed frontend command:
/root/.local/share/swiftly/toolchains/6.4.x-snapshot-2026-09-04/usr/bin/swift-frontend -frontend -c /host/spi-builder-workspace/.build/checkouts/swift-windowsfoundation/Sources/WindowsFoundation/Generated/Support/AGGREGATION.swift /host/spi-builder-workspace/.build/checkouts/swift-windowsfoundation/Sources/WindowsFoundation/Generated/Support/ARRAY+TOVECTOR.swift /host/spi-builder-workspace/.build/checkouts/swift-windowsfoundation/Sources/WindowsFoundation/Generated/Support/COM+EXTENSIONS.swift /host/spi-builder-workspace/.build/checkouts/swift-windowsfoundation/Sources/WindowsFoundation/Generated/Support/COMPTR.swift /host/spi-builder-workspace/.build/checkouts/swift-windowsfoundation/Sources/WindowsFoundation/Generated/Support/CPPINTEROPWORKAROUND.swift /host/spi-builder-workspace/.build/checkouts/swift-windowsfoundation/Sources/WindowsFoundation/Generated/Support/CUSTOMQUERYINTERFACE.swift /host/spi-builder-workspace/.build/checkouts/swift-windowsfoundation/Sources/WindowsFoundation/Generated/Support/DEBUGGING.swift /host/spi-builder-workspace/.build/checkouts/swift-windowsfoundation/Sources/WindowsFoundation/Generated/Support/DICTIONARY+TOMAP.swift /host/spi-builder-workspace/.build/checkouts/swift-windowsfoundation/Sources/WindowsFoundation/Generated/Support/ERROR.swift /host/spi-builder-workspace/.build/checkouts/swift-windowsfoundation/Sources/WindowsFoundation/Generated/Support/ERRORHANDLING.swift /host/spi-builder-workspace/.build/checkouts/swift-windowsfoundation/Sources/WindowsFoundation/Generated/Support/EVENT.swift /host/spi-builder-workspace/.build/checkouts/swift-windowsfoundation/Sources/WindowsFoundation/Generated/Support/EVENTHANDLERSUBSCRIPTION.swift -primary-file /host/spi-builder-workspace/.build/checkouts/swift-windowsfoundation/Sources/WindowsFoundation/Generated/Support/EVENTSOURCE.swift -primary-file /host/spi-builder-workspace/.build/checkouts/swift-windowsfoundation/Sources/WindowsFoundation/Generated/Support/GUID.swift -primary-file /host/spi-builder-workspace/.build/checkouts/swift-windowsfoundation/Sources/WindowsFoundation/Generated/Support/HSTRING.swift -primary-file /host/spi-builder-workspace/.build/checkouts/swift-windowsfoundation/Sources/WindowsFoundation/Generated/Support/IBUFFERBYTEACCESS.swift -primary-file /host/spi-builder-workspace/.build/checkouts/swift-windowsfoundation/Sources/WindowsFoundation/Generated/Support/IINSPECTABLE+SWIFT.swift -primary-file /host/spi-builder-workspace/.build/checkouts/swift-windowsfoundation/Sources/WindowsFoundation/Generated/Support/IINSPECTABLE.swift /host/spi-builder-workspace/.build/checkouts/swift-windowsfoundation/Sources/WindowsFoundation/Generated/Support/IMAP+SWIFT.swift /host/spi-builder-workspace/.build/checkouts/swift-windowsfoundation/Sources/WindowsFoundation/Generated/Support/IMEMORYBUFFERBYTEACCESS.swift /host/spi-builder-workspace/.build/checkouts/swift-windowsfoundation/Sources/WindowsFoundation/Generated/Support/IUNKNOWN+SWIFT.swift /host/spi-builder-workspace/.build/checkouts/swift-windowsfoundation/Sources/WindowsFoundation/Generated/Support/IUNKNOWN.swift /host/spi-builder-workspace/.build/checkouts/swift-windowsfoundation/Sources/WindowsFoundation/Generated/Support/IUNKNOWNREF.swift /host/spi-builder-workspace/.build/checkouts/swift-windowsfoundation/Sources/WindowsFoundation/Generated/Support/IVECTOR+SWIFT.swift /host/spi-builder-workspace/.build/checkouts/swift-windowsfoundation/Sources/WindowsFoundation/Generated/Support/MAKEFROMABI.swift /host/spi-builder-workspace/.build/checkouts/swift-windowsfoundation/Sources/WindowsFoundation/Generated/Support/MARSHALER.swift /host/spi-builder-workspace/.build/checkouts/swift-windowsfoundation/Sources/WindowsFoundation/Generated/Support/PROPERTYVALUE+ABI.swift /host/spi-builder-workspace/.build/checkouts/swift-windowsfoundation/Sources/WindowsFoundation/Generated/Support/PROPERTYVALUE.swift /host/spi-builder-workspace/.build/checkouts/swift-windowsfoundation/Sources/WindowsFoundation/Generated/Support/RAWTYPED.swift /host/spi-builder-workspace/.build/checkouts/swift-windowsfoundation/Sources/WindowsFoundation/Generated/Support/RUNTIME+SWIFT.swift /host/spi-builder-workspace/.build/checkouts/swift-windowsfoundation/Sources/WindowsFoundation/Generated/Support/SWIFT+EXTENSIONS.swift /host/spi-builder-workspace/.build/checkouts/swift-windowsfoundation/Sources/WindowsFoundation/Generated/Support/TRUSTLEVEL+SWIFT.swift /host/spi-builder-workspace/.build/checkouts/swift-windowsfoundation/Sources/WindowsFoundation/Generated/Support/WAITABLEEVENT.swift /host/spi-builder-workspace/.build/checkouts/swift-windowsfoundation/Sources/WindowsFoundation/Generated/Support/WINRTDELEGATE.swift /host/spi-builder-workspace/.build/checkouts/swift-windowsfoundation/Sources/WindowsFoundation/Generated/Support/WINRTPROTOCOLS.swift /host/spi-builder-workspace/.build/checkouts/swift-windowsfoundation/Sources/WindowsFoundation/Generated/Support/WINRTWRAPPERBASE.swift /host/spi-builder-workspace/.build/checkouts/swift-windowsfoundation/Sources/WindowsFoundation/Generated/Support/WINSDK+EXTENSIONS.swift /host/spi-builder-workspace/.build/checkouts/swift-windowsfoundation/Sources/WindowsFoundation/Generated/Windows.Foundation+ABI.swift /host/spi-builder-workspace/.build/checkouts/swift-windowsfoundation/Sources/WindowsFoundation/Generated/Windows.Foundation+Impl.swift /host/spi-builder-workspace/.build/checkouts/swift-windowsfoundation/Sources/WindowsFoundation/Generated/Windows.Foundation.Collections+ABI.swift /host/spi-builder-workspace/.build/checkouts/swift-windowsfoundation/Sources/WindowsFoundation/Generated/Windows.Foundation.Collections+Impl.swift /host/spi-builder-workspace/.build/checkouts/swift-windowsfoundation/Sources/WindowsFoundation/Generated/Windows.Foundation.Collections.swift /host/spi-builder-workspace/.build/checkouts/swift-windowsfoundation/Sources/WindowsFoundation/Generated/Windows.Foundation.Numerics+ABI.swift /host/spi-builder-workspace/.build/checkouts/swift-windowsfoundation/Sources/WindowsFoundation/Generated/Windows.Foundation.Numerics+Impl.swift /host/spi-builder-workspace/.build/checkouts/swift-windowsfoundation/Sources/WindowsFoundation/Generated/Windows.Foundation.Numerics.swift /host/spi-builder-workspace/.build/checkouts/swift-windowsfoundation/Sources/WindowsFoundation/Generated/Windows.Foundation.swift /host/spi-builder-workspace/.build/checkouts/swift-windowsfoundation/Sources/WindowsFoundation/Generated/WindowsFoundation+Generics.swift /host/spi-builder-workspace/.build/checkouts/swift-windowsfoundation/Sources/WindowsFoundation/Generated/WindowsFoundation+MakeFromAbi.swift -supplementary-output-file-map /host/spi-builder-workspace/.build/out/Intermediates.noindex/swift-windowsfoundation.build/Debug-android-aarch64/WindowsFoundation-t.build/Objects-normal/aarch64/supplementaryOutputs-3 -target aarch64-unknown-linux-android28 -Xllvm -aarch64-use-tbi -disable-objc-interop -sdk /android-ndk/android-ndk-r27d/toolchains/llvm/prebuilt/linux-x86_64/sysroot -sysroot /android-ndk/android-ndk-r27d/toolchains/llvm/prebuilt/linux-x86_64/sysroot -I /host/spi-builder-workspace/.build/out/Products/Debug-android-aarch64 -module-cache-path /host/spi-builder-workspace/.build/out/ModuleCache.noindex -color-diagnostics -Xcc -fcolor-diagnostics -enable-testing -g -debug-info-format\=dwarf -dwarf-version\=4 -suppress-warnings -swift-version 5 -Onone -D SWIFT_PACKAGE -D DEBUG -D SWIFT_MODULE_RESOURCE_BUNDLE_UNAVAILABLE -D Xcode -serialize-debugging-options -enable-experimental-feature DebugDescriptionMacro -empty-abi-descriptor -external-plugin-path /root/.local/share/swiftly/toolchains/6.4.x-snapshot-2026-09-04/usr/lib/swift/host/plugins/testing\#/root/.local/share/swiftly/toolchains/6.4.x-snapshot-2026-09-04/usr/bin/swift-plugin-server -validate-clang-modules-once -clang-build-session-file /host/spi-builder-workspace/.build/out/ModuleCache.noindex/Session.modulevalidation -Xcc -working-directory -Xcc /host -resource-dir /root/.swiftpm/swift-sdks/swift-6.4.x-DEVELOPMENT-SNAPSHOT-2026-09-04-a_android.artifactbundle/swift-android/swift-resources/usr/lib/swift-aarch64 -enable-anonymous-context-mangled-names -file-compilation-dir /host -Xcc -resource-dir -Xcc /android-ndk/android-ndk-r27d/toolchains/llvm/prebuilt/linux-x86_64/lib/clang/18 -Xcc -fmodule-map-file\=/host/spi-builder-workspace/.build/out/Intermediates.noindex/GeneratedModuleMaps-android-aarch64/CWinRT.modulemap -Xcc -fno-omit-frame-pointer -Xcc -D_LIBCPP_HARDENING_MODE\=_LIBCPP_HARDENING_MODE_DEBUG -Xcc -fmodules-prune-interval\=86400 -Xcc -fmodules-prune-after\=345600 -Xcc -I/host/spi-builder-workspace/.build/checkouts/swift-cwinrt/Sources/CWinRT/include -Xcc -I/host/spi-builder-workspace/.build/out/Products/Debug-android-aarch64/include -Xcc -I/host/spi-builder-workspace/.build/out/Intermediates.noindex/swift-windowsfoundation.build/Debug-android-aarch64/WindowsFoundation-t.build/DerivedSources-normal/aarch64 -Xcc -I/host/spi-builder-workspace/.build/out/Intermediates.noindex/swift-windowsfoundation.build/Debug-android-aarch64/WindowsFoundation-t.build/DerivedSources/aarch64 -Xcc -I/host/spi-builder-workspace/.build/out/Intermediates.noindex/swift-windowsfoundation.build/Debug-android-aarch64/WindowsFoundation-t.build/DerivedSources -Xcc -DSWIFT_PACKAGE -Xcc -DDEBUG\=1 -no-auto-bridging-header-chaining -module-name WindowsFoundation -package-name swift_windowsfoundation -const-gather-protocols-file /host/spi-builder-workspace/.build/out/Intermediates.noindex/swift-windowsfoundation.build/Debug-android-aarch64/WindowsFoundation-t.build/Objects-normal/aarch64/WindowsFoundation_const_extract_protocols.json -in-process-plugin-server-path /root/.local/share/swiftly/toolchains/6.4.x-snapshot-2026-09-04/usr/lib/swift/host/libSwiftInProcPluginServer.so -plugin-path /root/.local/share/swiftly/toolchains/6.4.x-snapshot-2026-09-04/usr/lib/swift/host/plugins -plugin-path /root/.local/share/swiftly/toolchains/6.4.x-snapshot-2026-09-04/usr/local/lib/swift/host/plugins -parse-as-library -o /host/spi-builder-workspace/.build/out/Intermediates.noindex/swift-windowsfoundation.build/Debug-android-aarch64/WindowsFoundation-t.build/Objects-normal/aarch64/EVENTSOURCE.o -o /host/spi-builder-workspace/.build/out/Intermediates.noindex/swift-windowsfoundation.build/Debug-android-aarch64/WindowsFoundation-t.build/Objects-normal/aarch64/GUID.o -o /host/spi-builder-workspace/.build/out/Intermediates.noindex/swift-windowsfoundation.build/Debug-android-aarch64/WindowsFoundation-t.build/Objects-normal/aarch64/HSTRING.o -o /host/spi-builder-workspace/.build/out/Intermediates.noindex/swift-windowsfoundation.build/Debug-android-aarch64/WindowsFoundation-t.build/Objects-normal/aarch64/IBUFFERBYTEACCESS.o -o /host/spi-builder-workspace/.build/out/Intermediates.noindex/swift-windowsfoundation.build/Debug-android-aarch64/WindowsFoundation-t.build/Objects-normal/aarch64/IINSPECTABLE+SWIFT.o -o /host/spi-builder-workspace/.build/out/Intermediates.noindex/swift-windowsfoundation.build/Debug-android-aarch64/WindowsFoundation-t.build/Objects-normal/aarch64/IINSPECTABLE.o -index-unit-output-path /swift-windowsfoundation.build/Debug-android-aarch64/WindowsFoundation-t.build/Objects-normal/aarch64/EVENTSOURCE.o -index-unit-output-path /swift-windowsfoundation.build/Debug-android-aarch64/WindowsFoundation-t.build/Objects-normal/aarch64/GUID.o -index-unit-output-path /swift-windowsfoundation.build/Debug-android-aarch64/WindowsFoundation-t.build/Objects-normal/aarch64/HSTRING.o -index-unit-output-path /swift-windowsfoundation.build/Debug-android-aarch64/WindowsFoundation-t.build/Objects-normal/aarch64/IBUFFERBYTEACCESS.o -index-unit-output-path /swift-windowsfoundation.build/Debug-android-aarch64/WindowsFoundation-t.build/Objects-normal/aarch64/IINSPECTABLE+SWIFT.o -index-unit-output-path /swift-windowsfoundation.build/Debug-android-aarch64/WindowsFoundation-t.build/Objects-normal/aarch64/IINSPECTABLE.o -index-store-path /host/spi-builder-workspace/.build/out -index-system-modules
error: Build failed
BUILD FAILURE 6.4 android