The Swift Package Index logo.Swift Package Index

Build Information

Failed to build MoyaNC, reference master (e6c90a), with Swift 6.4 for Linux on 17 Sep 2026 08:06:51 UTC.

Build Command

bash -c docker run --pull=always --rm -v "checkouts-53886769-0":/host -w "$PWD" -e JAVA_HOME="/root/.sdkman/candidates/java/current" -e SPI_BUILD="1" -e SPI_PROCESSING="1" registry.gitlab.com/saguaro1/spi-images:basic-6.4-latest swift build --triple x86_64-unknown-linux-gnu 2>&1

Build Log

========================================
RunAll
========================================
Builder version: 5.1.0
Interrupt handler set up.
========================================
Checkout
========================================
Clone URL: https://github.com/BarredEwe/MoyaNetworkClient.git
Reference: master
Initialized empty Git repository in /host/spi-builder-workspace/.git/
hint: Using 'master' as the name for the initial branch. This default branch name
hint: is subject to change. To configure the initial branch name to use in all
hint: of your new repositories, which will suppress this warning, call:
hint:
hint: 	git config --global init.defaultBranch <name>
hint:
hint: Names commonly chosen instead of 'master' are 'main', 'trunk' and
hint: 'development'. The just-created branch can be renamed via this command:
hint:
hint: 	git branch -m <name>
From https://github.com/BarredEwe/MoyaNetworkClient
 * branch            master     -> FETCH_HEAD
 * [new branch]      master     -> origin/master
HEAD is now at e6c90a9 Merge pull request #7 from BarredEwe/cacheManualKey
Cloned https://github.com/BarredEwe/MoyaNetworkClient.git
Revision (git rev-parse @):
e6c90a91f809c2b66a51f68055173b090e99f4da
SUCCESS checkout https://github.com/BarredEwe/MoyaNetworkClient.git at master
========================================
Build
========================================
Selected platform:         linux
Swift version:             6.4
Building package at path:  $PWD
https://github.com/BarredEwe/MoyaNetworkClient.git
Running build ...
bash -c docker run --pull=always --rm -v "checkouts-53886769-0":/host -w "$PWD" -e JAVA_HOME="/root/.sdkman/candidates/java/current" -e SPI_BUILD="1" -e SPI_PROCESSING="1" registry.gitlab.com/saguaro1/spi-images:basic-6.4-latest swift build --triple x86_64-unknown-linux-gnu 2>&1
basic-6.4-latest: Pulling from saguaro1/spi-images
Digest: sha256:c77fcce225e223ac0fafed844619173fc6de8d62dd560eeb28db3182af6a282b
Status: Image is up to date for registry.gitlab.com/saguaro1/spi-images:basic-6.4-latest
Fetching https://github.com/Moya/Moya.git
[1/25315] Fetching moya
Fetched https://github.com/Moya/Moya.git (1.49s)
Computing version for https://github.com/Moya/Moya.git
Computed https://github.com/Moya/Moya.git at 14.0.1 (1.69s)
Fetching https://github.com/shibapm/Rocket
Fetching https://github.com/ReactiveX/RxSwift.git
Fetching https://github.com/Alamofire/Alamofire.git
Fetching https://github.com/Quick/Quick.git
Fetching https://github.com/Quick/Nimble.git
[1/1386] Fetching rocket
[15/16311] Fetching rocket, quick
[16163/36297] Fetching rocket, quick, nimble
[17312/69191] Fetching rocket, quick, nimble, alamofire
[17313/123719] Fetching rocket, quick, nimble, alamofire, rxswift
Fetched https://github.com/Quick/Quick.git (1.07s)
Fetching https://github.com/Moya/ReactiveSwift.git
Fetched https://github.com/Quick/Nimble.git (1.08s)
[21832/88808] Fetching rocket, alamofire, rxswift
[35977/134671] Fetching rocket, alamofire, rxswift, reactiveswift
Fetched https://github.com/Moya/ReactiveSwift.git (1.49s)
Fetching https://github.com/AliSoftware/OHHTTPStubs.git
Fetched https://github.com/Alamofire/Alamofire.git (3.57s)
[1/7900] Fetching ohhttpstubs
Fetched https://github.com/shibapm/Rocket (4.09s)
Fetched https://github.com/AliSoftware/OHHTTPStubs.git (0.55s)
Fetched https://github.com/ReactiveX/RxSwift.git (4.15s)
Computing version for https://github.com/Moya/ReactiveSwift.git
Computed https://github.com/Moya/ReactiveSwift.git at 6.1.0 (4.36s)
Computing version for https://github.com/AliSoftware/OHHTTPStubs.git
Computed https://github.com/AliSoftware/OHHTTPStubs.git at 9.1.0 (0.18s)
Computing version for https://github.com/Quick/Quick.git
Computed https://github.com/Quick/Quick.git at 2.2.1 (0.19s)
Computing version for https://github.com/shibapm/Rocket
Computed https://github.com/shibapm/Rocket at 1.3.0 (0.17s)
Fetching https://github.com/jpsim/Yams
Fetching https://github.com/shibapm/Logger
Fetching https://github.com/shibapm/PackageConfig.git
Fetching https://github.com/kareman/SwiftShell
[1/4891] Fetching swiftshell
[1420/5471] Fetching swiftshell, packageconfig
[5472/17332] Fetching swiftshell, packageconfig, yams
Fetched https://github.com/shibapm/PackageConfig.git (0.50s)
[5010/16752] Fetching swiftshell, yams
Fetched https://github.com/kareman/SwiftShell (0.53s)
[831/11861] Fetching yams
[8304/11977] Fetching yams, logger
Fetched https://github.com/shibapm/Logger (0.89s)
[8659/11861] Fetching yams
Fetched https://github.com/jpsim/Yams (1.19s)
Computing version for https://github.com/kareman/SwiftShell
Computed https://github.com/kareman/SwiftShell at 5.1.1 (1.39s)
Computing version for https://github.com/shibapm/Logger
Computed https://github.com/shibapm/Logger at 0.2.3 (1.04s)
Computing version for https://github.com/ReactiveX/RxSwift.git
Computed https://github.com/ReactiveX/RxSwift.git at 5.1.3 (0.20s)
Computing version for https://github.com/shibapm/PackageConfig.git
Computed https://github.com/shibapm/PackageConfig.git at 1.1.3 (0.18s)
Computing version for https://github.com/Quick/Nimble.git
Computed https://github.com/Quick/Nimble.git at 8.1.2 (0.18s)
Computing version for https://github.com/jpsim/Yams
Computed https://github.com/jpsim/Yams at 5.4.0 (0.18s)
Computing version for https://github.com/Alamofire/Alamofire.git
Computed https://github.com/Alamofire/Alamofire.git at 5.12.2 (0.17s)
Creating working copy for https://github.com/Alamofire/Alamofire.git
Working copy of https://github.com/Alamofire/Alamofire.git resolved at 5.12.2
Creating working copy for https://github.com/Moya/Moya.git
Working copy of https://github.com/Moya/Moya.git resolved at 14.0.1
Creating working copy for https://github.com/Quick/Nimble.git
Working copy of https://github.com/Quick/Nimble.git resolved at 8.1.2
Creating working copy for https://github.com/AliSoftware/OHHTTPStubs.git
Working copy of https://github.com/AliSoftware/OHHTTPStubs.git resolved at 9.1.0
Creating working copy for https://github.com/shibapm/Logger
Working copy of https://github.com/shibapm/Logger resolved at 0.2.3
Creating working copy for https://github.com/Moya/ReactiveSwift.git
Working copy of https://github.com/Moya/ReactiveSwift.git resolved at 6.1.0
Creating working copy for https://github.com/ReactiveX/RxSwift.git
Working copy of https://github.com/ReactiveX/RxSwift.git resolved at 5.1.3
Creating working copy for https://github.com/shibapm/PackageConfig.git
Working copy of https://github.com/shibapm/PackageConfig.git resolved at 1.1.3
Creating working copy for https://github.com/shibapm/Rocket
Working copy of https://github.com/shibapm/Rocket resolved at 1.3.0
Creating working copy for https://github.com/Quick/Quick.git
Working copy of https://github.com/Quick/Quick.git resolved at 2.2.1
Creating working copy for https://github.com/jpsim/Yams
Working copy of https://github.com/jpsim/Yams resolved at 5.4.0
Creating working copy for https://github.com/kareman/SwiftShell
Working copy of https://github.com/kareman/SwiftShell resolved at 5.1.1
warning: 'spi-builder-workspace': Invalid Exclude '/host/spi-builder-workspace/Sources/MoyaNC/fastlane': File not found.
warning: 'spi-builder-workspace': Invalid Exclude '/host/spi-builder-workspace/Sources/MoyaNC/Example': File not found.
warning: 'spi-builder-workspace': Invalid Exclude '/host/spi-builder-workspace/Sources/FutureMoyaNC/Example': File not found.
warning: 'spi-builder-workspace': Invalid Exclude '/host/spi-builder-workspace/Sources/FutureMoyaNC/fastlane': File not found.
warning: 'spi-builder-workspace': Invalid Exclude '/host/spi-builder-workspace/Sources/CacheMoyaNC/Example': File not found.
warning: 'spi-builder-workspace': Invalid Exclude '/host/spi-builder-workspace/Sources/CacheMoyaNC/fastlane': File not found.
warning: 'spi-builder-workspace': Invalid Exclude '/host/spi-builder-workspace/Sources/MoyaNC/fastlane': File not found.
warning: 'spi-builder-workspace': Invalid Exclude '/host/spi-builder-workspace/Sources/MoyaNC/Example': File not found.
warning: 'spi-builder-workspace': Invalid Exclude '/host/spi-builder-workspace/Sources/FutureMoyaNC/Example': File not found.
warning: 'spi-builder-workspace': Invalid Exclude '/host/spi-builder-workspace/Sources/FutureMoyaNC/fastlane': File not found.
warning: 'spi-builder-workspace': Invalid Exclude '/host/spi-builder-workspace/Sources/CacheMoyaNC/Example': File not found.
warning: 'spi-builder-workspace': Invalid Exclude '/host/spi-builder-workspace/Sources/CacheMoyaNC/fastlane': File not found.
Building for debugging...
[Computing dependencies]
[Pre-planning 1 / 271]
[Starting]
[60 / 98] Alamofire
[71 / 108] Moya
error: SwiftCompile normal x86_64 /host/spi-builder-workspace/.build/checkouts/Moya/Sources/Moya/Image.swift failed with a nonzero exit code. Command line:     cd /host
    builtin-SwiftPerFileCompile Image.swift
error: SwiftCompile normal x86_64 /host/spi-builder-workspace/.build/checkouts/Moya/Sources/Moya/Moya+Alamofire.swift failed with a nonzero exit code. Command line:     cd /host
    builtin-SwiftPerFileCompile Moya+Alamofire.swift
/host/spi-builder-workspace/.build/checkouts/Moya/Sources/Moya/Image.swift:10:26: error: cannot find type 'ImageType' in scope
 8 |
 9 | /// An alias for the SDK's image type.
10 | public typealias Image = ImageType
   |                          `- error: cannot find type 'ImageType' in scope
11 |
/host/spi-builder-workspace/.build/checkouts/Moya/Sources/Moya/Plugin.swift:39:18: error: cannot find type 'URLRequest' in scope
37 |
38 |     /// Retrieve an `NSURLRequest` representation.
39 |     var request: URLRequest? { get }
   |                  `- error: cannot find type 'URLRequest' in scope
40 |
41 |     ///  Additional headers appended to the request when added to the session.
/host/spi-builder-workspace/.build/checkouts/Moya/Sources/Moya/Plugin.swift:45:86: error: 'Persistence' is not a member type of type 'Foundation.URLCredential' (aka 'AnyObject')
43 |
44 |     /// Authenticates the request with a username and password.
45 |     func authenticate(username: String, password: String, persistence: URLCredential.Persistence) -> Self
   |                                                                                      `- error: 'Persistence' is not a member type of type 'Foundation.URLCredential' (aka 'AnyObject')
46 |
47 |     /// Authenticates the request with an `NSURLCredential` instance.
/host/spi-builder-workspace/.build/checkouts/Moya/Sources/Moya/Moya+Alamofire.swift:27:1: error: type 'Request' does not conform to protocol 'RequestType'
 25 |
 26 | /// Make the Alamofire Request type conform to our type, to prevent leaking Alamofire to plugins.
 27 | extension Request: RequestType {
    | |- error: type 'Request' does not conform to protocol 'RequestType'
    | `- note: add stubs for conformance
 28 |     public var sessionHeaders: [String: String] {
 29 |         return delegate?.sessionConfiguration.httpAdditionalHeaders as? [String: String] ?? [:]
/host/spi-builder-workspace/.build/checkouts/Alamofire/Source/Core/Request.swift:816:17: note: candidate has non-matching type '(URLCredential) -> Self'
 814 |     /// - Returns:              The instance.
 815 |     @discardableResult
 816 |     public func authenticate(with credential: URLCredential) -> Self {
     |                 `- note: candidate has non-matching type '(URLCredential) -> Self'
 817 |         self.credential = credential
 818 |
/host/spi-builder-workspace/.build/checkouts/Moya/Sources/Moya/Plugin.swift:48:10: note: protocol requires function 'authenticate(with:)' with type '(URLCredential) -> Self' (aka '(AnyObject) -> Self')
46 |
47 |     /// Authenticates the request with an `NSURLCredential` instance.
48 |     func authenticate(with credential: URLCredential) -> Self
   |          `- note: protocol requires function 'authenticate(with:)' with type '(URLCredential) -> Self' (aka '(AnyObject) -> Self')
49 |
50 |     /// cURL representation of the instance.
Failed frontend command:
/usr/bin/swift-frontend -frontend -c /host/spi-builder-workspace/.build/checkouts/Moya/Sources/Moya/AnyEncodable.swift /host/spi-builder-workspace/.build/checkouts/Moya/Sources/Moya/Cancellable.swift /host/spi-builder-workspace/.build/checkouts/Moya/Sources/Moya/Endpoint.swift -primary-file /host/spi-builder-workspace/.build/checkouts/Moya/Sources/Moya/Image.swift -primary-file /host/spi-builder-workspace/.build/checkouts/Moya/Sources/Moya/Moya+Alamofire.swift -primary-file /host/spi-builder-workspace/.build/checkouts/Moya/Sources/Moya/MoyaError.swift /host/spi-builder-workspace/.build/checkouts/Moya/Sources/Moya/MoyaProvider+Defaults.swift /host/spi-builder-workspace/.build/checkouts/Moya/Sources/Moya/MoyaProvider+Internal.swift /host/spi-builder-workspace/.build/checkouts/Moya/Sources/Moya/MoyaProvider.swift /host/spi-builder-workspace/.build/checkouts/Moya/Sources/Moya/MultiTarget.swift /host/spi-builder-workspace/.build/checkouts/Moya/Sources/Moya/MultipartFormData.swift /host/spi-builder-workspace/.build/checkouts/Moya/Sources/Moya/Plugin.swift /host/spi-builder-workspace/.build/checkouts/Moya/Sources/Moya/Plugins/AccessTokenPlugin.swift /host/spi-builder-workspace/.build/checkouts/Moya/Sources/Moya/Plugins/CredentialsPlugin.swift /host/spi-builder-workspace/.build/checkouts/Moya/Sources/Moya/Plugins/NetworkActivityPlugin.swift /host/spi-builder-workspace/.build/checkouts/Moya/Sources/Moya/Plugins/NetworkLoggerPlugin.swift /host/spi-builder-workspace/.build/checkouts/Moya/Sources/Moya/RequestTypeWrapper.swift /host/spi-builder-workspace/.build/checkouts/Moya/Sources/Moya/Response.swift /host/spi-builder-workspace/.build/checkouts/Moya/Sources/Moya/TargetType.swift /host/spi-builder-workspace/.build/checkouts/Moya/Sources/Moya/Task.swift /host/spi-builder-workspace/.build/checkouts/Moya/Sources/Moya/URL+Moya.swift /host/spi-builder-workspace/.build/checkouts/Moya/Sources/Moya/URLRequest+Encoding.swift /host/spi-builder-workspace/.build/checkouts/Moya/Sources/Moya/ValidationType.swift -supplementary-output-file-map /host/spi-builder-workspace/.build/out/Intermediates.noindex/Moya.build/Debug-linux-x86_64/Moya-t.build/Objects-normal/x86_64/supplementaryOutputs-10 -target x86_64-unknown-linux-gnu -disable-objc-interop -I /host/spi-builder-workspace/.build/out/Products/Debug-linux-x86_64 -module-cache-path /host/spi-builder-workspace/.build/out/ModuleCache.noindex -color-diagnostics -Xcc -fcolor-diagnostics -enable-testing -g -debug-info-format\=dwarf -dwarf-version\=4 -suppress-warnings -swift-version 5 -Onone -D SWIFT_PACKAGE -D DEBUG -D SWIFT_MODULE_RESOURCE_BUNDLE_UNAVAILABLE -D Xcode -serialize-debugging-options -enable-experimental-feature DebugDescriptionMacro -empty-abi-descriptor -external-plugin-path /usr/lib/swift/host/plugins/testing\#/usr/bin/swift-plugin-server -validate-clang-modules-once -clang-build-session-file /host/spi-builder-workspace/.build/out/ModuleCache.noindex/Session.modulevalidation -Xcc -working-directory -Xcc /host -enable-anonymous-context-mangled-names -file-compilation-dir /host -Xcc -fno-omit-frame-pointer -Xcc -D_LIBCPP_HARDENING_MODE\=_LIBCPP_HARDENING_MODE_DEBUG -Xcc -fmodules-prune-interval\=86400 -Xcc -fmodules-prune-after\=345600 -Xcc -I/host/spi-builder-workspace/.build/out/Products/Debug-linux-x86_64/include -Xcc -I/host/spi-builder-workspace/.build/out/Intermediates.noindex/Moya.build/Debug-linux-x86_64/Moya-t.build/DerivedSources-normal/x86_64 -Xcc -I/host/spi-builder-workspace/.build/out/Intermediates.noindex/Moya.build/Debug-linux-x86_64/Moya-t.build/DerivedSources/x86_64 -Xcc -I/host/spi-builder-workspace/.build/out/Intermediates.noindex/Moya.build/Debug-linux-x86_64/Moya-t.build/DerivedSources -Xcc -DSWIFT_PACKAGE -Xcc -DDEBUG\=1 -no-auto-bridging-header-chaining -module-name Moya -const-gather-protocols-file /host/spi-builder-workspace/.build/out/Intermediates.noindex/Moya.build/Debug-linux-x86_64/Moya-t.build/Objects-normal/x86_64/Moya_const_extract_protocols.json -in-process-plugin-server-path /usr/lib/swift/host/libSwiftInProcPluginServer.so -plugin-path /usr/lib/swift/host/plugins -plugin-path /usr/local/lib/swift/host/plugins -parse-as-library -o /host/spi-builder-workspace/.build/out/Intermediates.noindex/Moya.build/Debug-linux-x86_64/Moya-t.build/Objects-normal/x86_64/Image.o -o /host/spi-builder-workspace/.build/out/Intermediates.noindex/Moya.build/Debug-linux-x86_64/Moya-t.build/Objects-normal/x86_64/Moya+Alamofire.o -o /host/spi-builder-workspace/.build/out/Intermediates.noindex/Moya.build/Debug-linux-x86_64/Moya-t.build/Objects-normal/x86_64/MoyaError.o -index-unit-output-path /Moya.build/Debug-linux-x86_64/Moya-t.build/Objects-normal/x86_64/Image.o -index-unit-output-path /Moya.build/Debug-linux-x86_64/Moya-t.build/Objects-normal/x86_64/Moya+Alamofire.o -index-unit-output-path /Moya.build/Debug-linux-x86_64/Moya-t.build/Objects-normal/x86_64/MoyaError.o -index-store-path /host/spi-builder-workspace/.build/out -index-system-modules
error: SwiftCompile normal x86_64 /host/spi-builder-workspace/.build/checkouts/Moya/Sources/Moya/URLRequest+Encoding.swift failed with a nonzero exit code. Command line:     cd /host
    builtin-SwiftPerFileCompile URLRequest+Encoding.swift
/host/spi-builder-workspace/.build/checkouts/Moya/Sources/Moya/URLRequest+Encoding.swift:3:20: error: cannot find type 'URLRequest' in scope
 1 | import Foundation
 2 |
 3 | internal extension URLRequest {
   |                    `- error: cannot find type 'URLRequest' in scope
 4 |
 5 |     mutating func encoded(encodable: Encodable, encoder: JSONEncoder = JSONEncoder()) throws -> URLRequest {
/host/spi-builder-workspace/.build/checkouts/Moya/Sources/Moya/URLRequest+Encoding.swift:5:97: error: cannot find type 'URLRequest' in scope
 3 | internal extension URLRequest {
 4 |
 5 |     mutating func encoded(encodable: Encodable, encoder: JSONEncoder = JSONEncoder()) throws -> URLRequest {
   |                                                                                                 `- error: cannot find type 'URLRequest' in scope
 6 |         do {
 7 |             let encodable = AnyEncodable(encodable)
/host/spi-builder-workspace/.build/checkouts/Moya/Sources/Moya/URLRequest+Encoding.swift:21:93: error: cannot find type 'URLRequest' in scope
19 |     }
20 |
21 |     func encoded(parameters: [String: Any], parameterEncoding: ParameterEncoding) throws -> URLRequest {
   |                                                                                             `- error: cannot find type 'URLRequest' in scope
22 |         do {
23 |             return try parameterEncoding.encode(self, with: parameters)
Failed frontend command:
/usr/bin/swift-frontend -frontend -c /host/spi-builder-workspace/.build/checkouts/Moya/Sources/Moya/AnyEncodable.swift /host/spi-builder-workspace/.build/checkouts/Moya/Sources/Moya/Cancellable.swift /host/spi-builder-workspace/.build/checkouts/Moya/Sources/Moya/Endpoint.swift /host/spi-builder-workspace/.build/checkouts/Moya/Sources/Moya/Image.swift /host/spi-builder-workspace/.build/checkouts/Moya/Sources/Moya/Moya+Alamofire.swift /host/spi-builder-workspace/.build/checkouts/Moya/Sources/Moya/MoyaError.swift /host/spi-builder-workspace/.build/checkouts/Moya/Sources/Moya/MoyaProvider+Defaults.swift /host/spi-builder-workspace/.build/checkouts/Moya/Sources/Moya/MoyaProvider+Internal.swift /host/spi-builder-workspace/.build/checkouts/Moya/Sources/Moya/MoyaProvider.swift /host/spi-builder-workspace/.build/checkouts/Moya/Sources/Moya/MultiTarget.swift /host/spi-builder-workspace/.build/checkouts/Moya/Sources/Moya/MultipartFormData.swift /host/spi-builder-workspace/.build/checkouts/Moya/Sources/Moya/Plugin.swift /host/spi-builder-workspace/.build/checkouts/Moya/Sources/Moya/Plugins/AccessTokenPlugin.swift /host/spi-builder-workspace/.build/checkouts/Moya/Sources/Moya/Plugins/CredentialsPlugin.swift /host/spi-builder-workspace/.build/checkouts/Moya/Sources/Moya/Plugins/NetworkActivityPlugin.swift /host/spi-builder-workspace/.build/checkouts/Moya/Sources/Moya/Plugins/NetworkLoggerPlugin.swift /host/spi-builder-workspace/.build/checkouts/Moya/Sources/Moya/RequestTypeWrapper.swift /host/spi-builder-workspace/.build/checkouts/Moya/Sources/Moya/Response.swift /host/spi-builder-workspace/.build/checkouts/Moya/Sources/Moya/TargetType.swift /host/spi-builder-workspace/.build/checkouts/Moya/Sources/Moya/Task.swift /host/spi-builder-workspace/.build/checkouts/Moya/Sources/Moya/URL+Moya.swift -primary-file /host/spi-builder-workspace/.build/checkouts/Moya/Sources/Moya/URLRequest+Encoding.swift -primary-file /host/spi-builder-workspace/.build/checkouts/Moya/Sources/Moya/ValidationType.swift -emit-dependencies-path /host/spi-builder-workspace/.build/out/Intermediates.noindex/Moya.build/Debug-linux-x86_64/Moya-t.build/Objects-normal/x86_64/URLRequest+Encoding.d -emit-const-values-path /host/spi-builder-workspace/.build/out/Intermediates.noindex/Moya.build/Debug-linux-x86_64/Moya-t.build/Objects-normal/x86_64/URLRequest+Encoding.swiftconstvalues -emit-reference-dependencies-path /host/spi-builder-workspace/.build/out/Intermediates.noindex/Moya.build/Debug-linux-x86_64/Moya-t.build/Objects-normal/x86_64/URLRequest+Encoding.swiftdeps -serialize-diagnostics-path /host/spi-builder-workspace/.build/out/Intermediates.noindex/Moya.build/Debug-linux-x86_64/Moya-t.build/Objects-normal/x86_64/URLRequest+Encoding.dia -emit-dependencies-path /host/spi-builder-workspace/.build/out/Intermediates.noindex/Moya.build/Debug-linux-x86_64/Moya-t.build/Objects-normal/x86_64/ValidationType.d -emit-const-values-path /host/spi-builder-workspace/.build/out/Intermediates.noindex/Moya.build/Debug-linux-x86_64/Moya-t.build/Objects-normal/x86_64/ValidationType.swiftconstvalues -emit-reference-dependencies-path /host/spi-builder-workspace/.build/out/Intermediates.noindex/Moya.build/Debug-linux-x86_64/Moya-t.build/Objects-normal/x86_64/ValidationType.swiftdeps -serialize-diagnostics-path /host/spi-builder-workspace/.build/out/Intermediates.noindex/Moya.build/Debug-linux-x86_64/Moya-t.build/Objects-normal/x86_64/ValidationType.dia -target x86_64-unknown-linux-gnu -disable-objc-interop -I /host/spi-builder-workspace/.build/out/Products/Debug-linux-x86_64 -module-cache-path /host/spi-builder-workspace/.build/out/ModuleCache.noindex -color-diagnostics -Xcc -fcolor-diagnostics -enable-testing -g -debug-info-format\=dwarf -dwarf-version\=4 -suppress-warnings -swift-version 5 -Onone -D SWIFT_PACKAGE -D DEBUG -D SWIFT_MODULE_RESOURCE_BUNDLE_UNAVAILABLE -D Xcode -serialize-debugging-options -enable-experimental-feature DebugDescriptionMacro -empty-abi-descriptor -external-plugin-path /usr/lib/swift/host/plugins/testing\#/usr/bin/swift-plugin-server -validate-clang-modules-once -clang-build-session-file /host/spi-builder-workspace/.build/out/ModuleCache.noindex/Session.modulevalidation -Xcc -working-directory -Xcc /host -enable-anonymous-context-mangled-names -file-compilation-dir /host -Xcc -fno-omit-frame-pointer -Xcc -D_LIBCPP_HARDENING_MODE\=_LIBCPP_HARDENING_MODE_DEBUG -Xcc -fmodules-prune-interval\=86400 -Xcc -fmodules-prune-after\=345600 -Xcc -I/host/spi-builder-workspace/.build/out/Products/Debug-linux-x86_64/include -Xcc -I/host/spi-builder-workspace/.build/out/Intermediates.noindex/Moya.build/Debug-linux-x86_64/Moya-t.build/DerivedSources-normal/x86_64 -Xcc -I/host/spi-builder-workspace/.build/out/Intermediates.noindex/Moya.build/Debug-linux-x86_64/Moya-t.build/DerivedSources/x86_64 -Xcc -I/host/spi-builder-workspace/.build/out/Intermediates.noindex/Moya.build/Debug-linux-x86_64/Moya-t.build/DerivedSources -Xcc -DSWIFT_PACKAGE -Xcc -DDEBUG\=1 -no-auto-bridging-header-chaining -module-name Moya -const-gather-protocols-file /host/spi-builder-workspace/.build/out/Intermediates.noindex/Moya.build/Debug-linux-x86_64/Moya-t.build/Objects-normal/x86_64/Moya_const_extract_protocols.json -in-process-plugin-server-path /usr/lib/swift/host/libSwiftInProcPluginServer.so -plugin-path /usr/lib/swift/host/plugins -plugin-path /usr/local/lib/swift/host/plugins -parse-as-library -o /host/spi-builder-workspace/.build/out/Intermediates.noindex/Moya.build/Debug-linux-x86_64/Moya-t.build/Objects-normal/x86_64/URLRequest+Encoding.o -o /host/spi-builder-workspace/.build/out/Intermediates.noindex/Moya.build/Debug-linux-x86_64/Moya-t.build/Objects-normal/x86_64/ValidationType.o -index-unit-output-path /Moya.build/Debug-linux-x86_64/Moya-t.build/Objects-normal/x86_64/URLRequest+Encoding.o -index-unit-output-path /Moya.build/Debug-linux-x86_64/Moya-t.build/Objects-normal/x86_64/ValidationType.o -index-store-path /host/spi-builder-workspace/.build/out -index-system-modules
error: SwiftCompile normal x86_64 /host/spi-builder-workspace/.build/checkouts/Moya/Sources/Moya/Plugins/AccessTokenPlugin.swift failed with a nonzero exit code. Command line:     cd /host
    builtin-SwiftPerFileCompile AccessTokenPlugin.swift
error: SwiftCompile normal x86_64 /host/spi-builder-workspace/.build/checkouts/Moya/Sources/Moya/Plugins/CredentialsPlugin.swift failed with a nonzero exit code. Command line:     cd /host
    builtin-SwiftPerFileCompile CredentialsPlugin.swift
/host/spi-builder-workspace/.build/checkouts/Moya/Sources/Moya/Plugins/AccessTokenPlugin.swift:88:71: error: cannot find type 'URLRequest' in scope
 86 |      - returns: The modified `URLRequest`.
 87 |      */
 88 |     public func prepare(_ request: URLRequest, target: TargetType) -> URLRequest {
    |                                                                       `- error: cannot find type 'URLRequest' in scope
 89 |
 90 |         guard let authorizable = target as? AccessTokenAuthorizable,
/host/spi-builder-workspace/.build/checkouts/Moya/Sources/Moya/Plugins/AccessTokenPlugin.swift:88:36: error: cannot find type 'URLRequest' in scope
 86 |      - returns: The modified `URLRequest`.
 87 |      */
 88 |     public func prepare(_ request: URLRequest, target: TargetType) -> URLRequest {
    |                                    `- error: cannot find type 'URLRequest' in scope
 89 |
 90 |         guard let authorizable = target as? AccessTokenAuthorizable,
/host/spi-builder-workspace/.build/checkouts/Moya/Sources/Moya/Plugin.swift:11:64: error: cannot find type 'URLRequest' in scope
 9 | public protocol PluginType {
10 |     /// Called to modify a request before sending.
11 |     func prepare(_ request: URLRequest, target: TargetType) -> URLRequest
   |                                                                `- error: cannot find type 'URLRequest' in scope
12 |
13 |     /// Called immediately before a request is sent over the network (or stubbed).
/host/spi-builder-workspace/.build/checkouts/Moya/Sources/Moya/Plugin.swift:11:29: error: cannot find type 'URLRequest' in scope
 9 | public protocol PluginType {
10 |     /// Called to modify a request before sending.
11 |     func prepare(_ request: URLRequest, target: TargetType) -> URLRequest
   |                             `- error: cannot find type 'URLRequest' in scope
12 |
13 |     /// Called immediately before a request is sent over the network (or stubbed).
/host/spi-builder-workspace/.build/checkouts/Moya/Sources/Moya/Plugins/CredentialsPlugin.swift:6:58: error: 'URLCredential' is unavailable: This type has moved to the FoundationNetworking module. Import that module to use it.
 4 | public final class CredentialsPlugin: PluginType {
 5 |
 6 |     public typealias CredentialClosure = (TargetType) -> URLCredential?
   |                                                          `- error: 'URLCredential' is unavailable: This type has moved to the FoundationNetworking module. Import that module to use it.
 7 |     let credentialsClosure: CredentialClosure
 8 |
Foundation.URLCredential:2:18: note: 'URLCredential' has been explicitly marked unavailable here
1 | @available(*, unavailable, message: "This type has moved to the FoundationNetworking module. Import that module to use it.")
2 | public typealias URLCredential = AnyObject
  |                  `- note: 'URLCredential' has been explicitly marked unavailable here
/host/spi-builder-workspace/.build/checkouts/Moya/Sources/Moya/Plugin.swift:39:18: error: cannot find type 'URLRequest' in scope
37 |
38 |     /// Retrieve an `NSURLRequest` representation.
39 |     var request: URLRequest? { get }
   |                  `- error: cannot find type 'URLRequest' in scope
40 |
41 |     ///  Additional headers appended to the request when added to the session.
/host/spi-builder-workspace/.build/checkouts/Moya/Sources/Moya/Plugin.swift:45:86: error: 'Persistence' is not a member type of type 'Foundation.URLCredential' (aka 'AnyObject')
43 |
44 |     /// Authenticates the request with a username and password.
45 |     func authenticate(username: String, password: String, persistence: URLCredential.Persistence) -> Self
   |                                                                                      `- error: 'Persistence' is not a member type of type 'Foundation.URLCredential' (aka 'AnyObject')
46 |
47 |     /// Authenticates the request with an `NSURLCredential` instance.
Failed frontend command:
/usr/bin/swift-frontend -frontend -c /host/spi-builder-workspace/.build/checkouts/Moya/Sources/Moya/AnyEncodable.swift /host/spi-builder-workspace/.build/checkouts/Moya/Sources/Moya/Cancellable.swift /host/spi-builder-workspace/.build/checkouts/Moya/Sources/Moya/Endpoint.swift /host/spi-builder-workspace/.build/checkouts/Moya/Sources/Moya/Image.swift /host/spi-builder-workspace/.build/checkouts/Moya/Sources/Moya/Moya+Alamofire.swift /host/spi-builder-workspace/.build/checkouts/Moya/Sources/Moya/MoyaError.swift /host/spi-builder-workspace/.build/checkouts/Moya/Sources/Moya/MoyaProvider+Defaults.swift /host/spi-builder-workspace/.build/checkouts/Moya/Sources/Moya/MoyaProvider+Internal.swift /host/spi-builder-workspace/.build/checkouts/Moya/Sources/Moya/MoyaProvider.swift /host/spi-builder-workspace/.build/checkouts/Moya/Sources/Moya/MultiTarget.swift /host/spi-builder-workspace/.build/checkouts/Moya/Sources/Moya/MultipartFormData.swift /host/spi-builder-workspace/.build/checkouts/Moya/Sources/Moya/Plugin.swift -primary-file /host/spi-builder-workspace/.build/checkouts/Moya/Sources/Moya/Plugins/AccessTokenPlugin.swift -primary-file /host/spi-builder-workspace/.build/checkouts/Moya/Sources/Moya/Plugins/CredentialsPlugin.swift -primary-file /host/spi-builder-workspace/.build/checkouts/Moya/Sources/Moya/Plugins/NetworkActivityPlugin.swift /host/spi-builder-workspace/.build/checkouts/Moya/Sources/Moya/Plugins/NetworkLoggerPlugin.swift /host/spi-builder-workspace/.build/checkouts/Moya/Sources/Moya/RequestTypeWrapper.swift /host/spi-builder-workspace/.build/checkouts/Moya/Sources/Moya/Response.swift /host/spi-builder-workspace/.build/checkouts/Moya/Sources/Moya/TargetType.swift /host/spi-builder-workspace/.build/checkouts/Moya/Sources/Moya/Task.swift /host/spi-builder-workspace/.build/checkouts/Moya/Sources/Moya/URL+Moya.swift /host/spi-builder-workspace/.build/checkouts/Moya/Sources/Moya/URLRequest+Encoding.swift /host/spi-builder-workspace/.build/checkouts/Moya/Sources/Moya/ValidationType.swift -supplementary-output-file-map /host/spi-builder-workspace/.build/out/Intermediates.noindex/Moya.build/Debug-linux-x86_64/Moya-t.build/Objects-normal/x86_64/supplementaryOutputs-13 -target x86_64-unknown-linux-gnu -disable-objc-interop -I /host/spi-builder-workspace/.build/out/Products/Debug-linux-x86_64 -module-cache-path /host/spi-builder-workspace/.build/out/ModuleCache.noindex -color-diagnostics -Xcc -fcolor-diagnostics -enable-testing -g -debug-info-format\=dwarf -dwarf-version\=4 -suppress-warnings -swift-version 5 -Onone -D SWIFT_PACKAGE -D DEBUG -D SWIFT_MODULE_RESOURCE_BUNDLE_UNAVAILABLE -D Xcode -serialize-debugging-options -enable-experimental-feature DebugDescriptionMacro -empty-abi-descriptor -external-plugin-path /usr/lib/swift/host/plugins/testing\#/usr/bin/swift-plugin-server -validate-clang-modules-once -clang-build-session-file /host/spi-builder-workspace/.build/out/ModuleCache.noindex/Session.modulevalidation -Xcc -working-directory -Xcc /host -enable-anonymous-context-mangled-names -file-compilation-dir /host -Xcc -fno-omit-frame-pointer -Xcc -D_LIBCPP_HARDENING_MODE\=_LIBCPP_HARDENING_MODE_DEBUG -Xcc -fmodules-prune-interval\=86400 -Xcc -fmodules-prune-after\=345600 -Xcc -I/host/spi-builder-workspace/.build/out/Products/Debug-linux-x86_64/include -Xcc -I/host/spi-builder-workspace/.build/out/Intermediates.noindex/Moya.build/Debug-linux-x86_64/Moya-t.build/DerivedSources-normal/x86_64 -Xcc -I/host/spi-builder-workspace/.build/out/Intermediates.noindex/Moya.build/Debug-linux-x86_64/Moya-t.build/DerivedSources/x86_64 -Xcc -I/host/spi-builder-workspace/.build/out/Intermediates.noindex/Moya.build/Debug-linux-x86_64/Moya-t.build/DerivedSources -Xcc -DSWIFT_PACKAGE -Xcc -DDEBUG\=1 -no-auto-bridging-header-chaining -module-name Moya -const-gather-protocols-file /host/spi-builder-workspace/.build/out/Intermediates.noindex/Moya.build/Debug-linux-x86_64/Moya-t.build/Objects-normal/x86_64/Moya_const_extract_protocols.json -in-process-plugin-server-path /usr/lib/swift/host/libSwiftInProcPluginServer.so -plugin-path /usr/lib/swift/host/plugins -plugin-path /usr/local/lib/swift/host/plugins -parse-as-library -o /host/spi-builder-workspace/.build/out/Intermediates.noindex/Moya.build/Debug-linux-x86_64/Moya-t.build/Objects-normal/x86_64/AccessTokenPlugin.o -o /host/spi-builder-workspace/.build/out/Intermediates.noindex/Moya.build/Debug-linux-x86_64/Moya-t.build/Objects-normal/x86_64/CredentialsPlugin.o -o /host/spi-builder-workspace/.build/out/Intermediates.noindex/Moya.build/Debug-linux-x86_64/Moya-t.build/Objects-normal/x86_64/NetworkActivityPlugin.o -index-unit-output-path /Moya.build/Debug-linux-x86_64/Moya-t.build/Objects-normal/x86_64/AccessTokenPlugin.o -index-unit-output-path /Moya.build/Debug-linux-x86_64/Moya-t.build/Objects-normal/x86_64/CredentialsPlugin.o -index-unit-output-path /Moya.build/Debug-linux-x86_64/Moya-t.build/Objects-normal/x86_64/NetworkActivityPlugin.o -index-store-path /host/spi-builder-workspace/.build/out -index-system-modules
error: Build failed
BUILD FAILURE 6.4 linux