Build Information
Failed to build BuildABuddyKit, reference step-1 (437936), with Swift 6.4 for macOS (Xcode) using Xcode 27.0 on 19 Sep 2026 02:52:01 UTC.
Build Command
env DEVELOPER_DIR=/Applications/Xcode-27.0.0-Release.Candidate.app xcrun xcodebuild -IDEClonedSourcePackagesDirPathOverride=$PWD/.dependencies -skipMacroValidation -skipPackagePluginValidation -derivedDataPath $PWD/.derivedData build -scheme BuildABuddyKit -destination platform=macOS,arch=arm64Build Log
========================================
RunAll
========================================
Builder version: 5.1.0
Interrupt handler set up.
========================================
Checkout
========================================
Clone URL: https://github.com/simonbs/BuildABuddyKit.git
Reference: step-1
Initialized empty Git repository in /Users/admin/builder/spi-builder-workspace/.git/
From https://github.com/simonbs/BuildABuddyKit
* branch step-1 -> FETCH_HEAD
* [new branch] step-1 -> origin/step-1
HEAD is now at 4379366 Update README.md
Cloned https://github.com/simonbs/BuildABuddyKit.git
Revision (git rev-parse @):
4379366f7419a20b36f1466e0c05cbaaffcb3629
SPI manifest file found: $PWD/.spi.yml
SUCCESS checkout https://github.com/simonbs/BuildABuddyKit.git at step-1
========================================
Build
========================================
Selected platform: macosXcodebuild
Swift version: 6.4
Building package at path: $PWD
https://github.com/simonbs/BuildABuddyKit.git
Command line invocation:
/Applications/Xcode-27.0.0-Release.Candidate.app/Contents/Developer/usr/bin/xcodebuild -IDEClonedSourcePackagesDirPathOverride=/Users/admin/builder/spi-builder-workspace/.dependencies -resolvePackageDependencies
Resolve Package Graph
Resolve Package Graph
Resolved source packages:
BuildABuddyKit: /Users/admin/builder/spi-builder-workspace
resolved source packages: BuildABuddyKit
2026-09-18 22:51:08.734 xcodebuild[528:3069] [MT] IDERunDestination: Supported platforms for the buildables in the current scheme is empty.
{
"dependencies" : [
],
"manifest_display_name" : "BuildABuddyKit",
"name" : "BuildABuddyKit",
"path" : "/Users/admin/builder/spi-builder-workspace",
"platforms" : [
{
"name" : "ios",
"version" : "13.0"
}
],
"products" : [
{
"name" : "BuildABuddyKit",
"targets" : [
"BuildABuddyKit"
],
"type" : {
"library" : [
"automatic"
]
}
}
],
"targets" : [
{
"c99name" : "BuildABuddyKit",
"module_type" : "SwiftTarget",
"name" : "BuildABuddyKit",
"path" : "Sources/BuildABuddyKit",
"product_memberships" : [
"BuildABuddyKit"
],
"resources" : [
{
"path" : "/Users/admin/builder/spi-builder-workspace/Sources/BuildABuddyKit/Assets.xcassets",
"rule" : {
"process" : {
}
}
}
],
"sources" : [
"Internal/Asset.swift",
"Internal/Buddy+Helpers.swift",
"Internal/Eye+Helper.swift",
"Internal/Eyebrow+Helpers.swift",
"Internal/Hair+Helpers.swift",
"Internal/Mouth+Helpers.swift",
"Internal/Nose+Helpers.swift",
"Internal/Pants+Helpers.swift",
"Internal/Pose.swift",
"Internal/Shirt+Helpers.swift",
"Internal/Shoe+Helpers.swift",
"Internal/Skin+Helpers.swift",
"Internal/UIImage+Helpers.swift",
"Public/Buddy.swift",
"Public/BuddyImage.swift",
"Public/BuddyRenderer.swift",
"Public/Eye.swift",
"Public/Eyebrow.swift",
"Public/Hair.swift",
"Public/Mouth.swift",
"Public/Nose.swift",
"Public/Pants.swift",
"Public/Shirt.swift",
"Public/Shoe.swift",
"Public/Skin.swift"
],
"type" : "library"
}
],
"tools_version" : "5.6"
}
{
"workspace" : {
"name" : "BuildABuddyKit",
"schemes" : [
"BuildABuddyKit"
]
}
}
2026-09-18 22:51:49.952 xcodebuild[697:4492] [MT] IDERunDestination: Supported platforms for the buildables in the current scheme is empty.
Running build ...
env DEVELOPER_DIR=/Applications/Xcode-27.0.0-Release.Candidate.app xcrun xcodebuild -IDEClonedSourcePackagesDirPathOverride=$PWD/.dependencies -skipMacroValidation -skipPackagePluginValidation -derivedDataPath $PWD/.derivedData build -scheme BuildABuddyKit -destination platform=macOS,arch=arm64
Command line invocation:
/Applications/Xcode-27.0.0-Release.Candidate.app/Contents/Developer/usr/bin/xcodebuild -IDEClonedSourcePackagesDirPathOverride=/Users/admin/builder/spi-builder-workspace/.dependencies -skipMacroValidation -skipPackagePluginValidation -derivedDataPath /Users/admin/builder/spi-builder-workspace/.derivedData build -scheme BuildABuddyKit -destination platform=macOS,arch=arm64
Resolve Package Graph
Resolved source packages:
BuildABuddyKit: /Users/admin/builder/spi-builder-workspace
ComputePackagePrebuildTargetDependencyGraph
Prepare packages
CreateBuildRequest
SendProjectDescription
CreateBuildOperation
ComputeTargetDependencyGraph
note: Building targets in dependency order
note: Target dependency graph (3 targets)
Target 'BuildABuddyKit-product' in project 'BuildABuddyKit'
➜ Explicit dependency on target 'BuildABuddyKit' in project 'BuildABuddyKit'
➜ Explicit dependency on target 'BuildABuddyKit_BuildABuddyKit' in project 'BuildABuddyKit'
Target 'BuildABuddyKit' in project 'BuildABuddyKit'
➜ Explicit dependency on target 'BuildABuddyKit_BuildABuddyKit' in project 'BuildABuddyKit'
Target 'BuildABuddyKit_BuildABuddyKit' in project 'BuildABuddyKit' (no dependencies)
GatherProvisioningInputs
CreateBuildDescription
ExecuteExternalTool /Applications/Xcode-27.0.0-Release.Candidate.app/Contents/Developer/Toolchains/XcodeDefault.xctoolchain/usr/bin/clang -v -E -dM -isysroot /Applications/Xcode-27.0.0-Release.Candidate.app/Contents/Developer/Platforms/MacOSX.platform/Developer/SDKs/MacOSX27.0.sdk -x c -c /dev/null
ExecuteExternalTool /Applications/Xcode-27.0.0-Release.Candidate.app/Contents/Developer/usr/bin/actool --version --output-format xml1
ExecuteExternalTool /Applications/Xcode-27.0.0-Release.Candidate.app/Contents/Developer/Toolchains/XcodeDefault.xctoolchain/usr/bin/swiftc --version
ExecuteExternalTool /Applications/Xcode-27.0.0-Release.Candidate.app/Contents/Developer/Toolchains/XcodeDefault.xctoolchain/usr/bin/ld -version_details
Build description signature: e6199696e5e0d659d055145922879eda
Build description path: /Users/admin/builder/spi-builder-workspace/.derivedData/Build/Intermediates.noindex/XCBuildData/e6199696e5e0d659d055145922879eda.xcbuilddata
CreateBuildDirectory /Users/admin/builder/spi-builder-workspace/.derivedData/SDKExplicitPrecompiledModules
cd /Users/admin/builder/spi-builder-workspace/.swiftpm/xcode
builtin-create-build-directory /Users/admin/builder/spi-builder-workspace/.derivedData/SDKExplicitPrecompiledModules
CreateBuildDirectory /Users/admin/builder/spi-builder-workspace/.derivedData/CompilationCache.noindex
cd /Users/admin/builder/spi-builder-workspace/.swiftpm/xcode
builtin-create-build-directory /Users/admin/builder/spi-builder-workspace/.derivedData/CompilationCache.noindex
CreateBuildDirectory /Users/admin/builder/spi-builder-workspace/.derivedData/ModuleCache.noindex
cd /Users/admin/builder/spi-builder-workspace/.swiftpm/xcode
builtin-create-build-directory /Users/admin/builder/spi-builder-workspace/.derivedData/ModuleCache.noindex
ClangStatCache /Applications/Xcode-27.0.0-Release.Candidate.app/Contents/Developer/Toolchains/XcodeDefault.xctoolchain/usr/bin/clang-stat-cache /Applications/Xcode-27.0.0-Release.Candidate.app/Contents/Developer/Platforms/MacOSX.platform/Developer/SDKs/MacOSX27.0.sdk /Users/admin/builder/spi-builder-workspace/.derivedData/SDKStatCaches.noindex/macosx27.0-26A425-e829b21a6f8c9b70876ba0858053c0446a22442a12e9d48fe1a705f55a1adfc4.sdkstatcache
cd /Users/admin/builder/spi-builder-workspace/.swiftpm/xcode
/Applications/Xcode-27.0.0-Release.Candidate.app/Contents/Developer/Toolchains/XcodeDefault.xctoolchain/usr/bin/clang-stat-cache /Applications/Xcode-27.0.0-Release.Candidate.app/Contents/Developer/Platforms/MacOSX.platform/Developer/SDKs/MacOSX27.0.sdk -o /Users/admin/builder/spi-builder-workspace/.derivedData/SDKStatCaches.noindex/macosx27.0-26A425-e829b21a6f8c9b70876ba0858053c0446a22442a12e9d48fe1a705f55a1adfc4.sdkstatcache
CreateBuildDirectory /Users/admin/builder/spi-builder-workspace/.derivedData/Build/Products
cd /Users/admin/builder/spi-builder-workspace/.swiftpm/xcode
builtin-create-build-directory /Users/admin/builder/spi-builder-workspace/.derivedData/Build/Products
CreateBuildDirectory /Users/admin/builder/spi-builder-workspace/.derivedData/Build/Intermediates.noindex
cd /Users/admin/builder/spi-builder-workspace/.swiftpm/xcode
builtin-create-build-directory /Users/admin/builder/spi-builder-workspace/.derivedData/Build/Intermediates.noindex
CreateBuildDirectory /Users/admin/builder/spi-builder-workspace/.derivedData/Build/Intermediates.noindex/SwiftExplicitPrecompiledModules
cd /Users/admin/builder/spi-builder-workspace/.swiftpm/xcode
builtin-create-build-directory /Users/admin/builder/spi-builder-workspace/.derivedData/Build/Intermediates.noindex/SwiftExplicitPrecompiledModules
CreateBuildDirectory /Users/admin/builder/spi-builder-workspace/.derivedData/Build/Products/Debug
cd /Users/admin/builder/spi-builder-workspace/.swiftpm/xcode
builtin-create-build-directory /Users/admin/builder/spi-builder-workspace/.derivedData/Build/Products/Debug
CreateBuildDirectory /Users/admin/builder/spi-builder-workspace/.derivedData/Build/Intermediates.noindex/ExplicitPrecompiledModules
cd /Users/admin/builder/spi-builder-workspace/.swiftpm/xcode
builtin-create-build-directory /Users/admin/builder/spi-builder-workspace/.derivedData/Build/Intermediates.noindex/ExplicitPrecompiledModules
CreateBuildDirectory /Users/admin/builder/spi-builder-workspace/.derivedData/Build/Intermediates.noindex/PrecompiledHeaders
cd /Users/admin/builder/spi-builder-workspace/.swiftpm/xcode
builtin-create-build-directory /Users/admin/builder/spi-builder-workspace/.derivedData/Build/Intermediates.noindex/PrecompiledHeaders
CreateBuildDirectory /Users/admin/builder/spi-builder-workspace/.derivedData/Build/Intermediates.noindex/EagerLinkingTBDs/Debug
cd /Users/admin/builder/spi-builder-workspace/.swiftpm/xcode
builtin-create-build-directory /Users/admin/builder/spi-builder-workspace/.derivedData/Build/Intermediates.noindex/EagerLinkingTBDs/Debug
CreateBuildDirectory /Users/admin/builder/spi-builder-workspace/.derivedData/Build/Products/Debug/PackageFrameworks
cd /Users/admin/builder/spi-builder-workspace/.swiftpm/xcode
builtin-create-build-directory /Users/admin/builder/spi-builder-workspace/.derivedData/Build/Products/Debug/PackageFrameworks
WriteAuxiliaryFile /Users/admin/builder/spi-builder-workspace/.derivedData/Build/Intermediates.noindex/BuildABuddyKit.build/Debug/BuildABuddyKit_BuildABuddyKit-b.build/BuildABuddyKit_BuildABuddyKit.DependencyStaticMetadataFileList (in target 'BuildABuddyKit_BuildABuddyKit' from project 'BuildABuddyKit')
cd /Users/admin/builder/spi-builder-workspace
write-file /Users/admin/builder/spi-builder-workspace/.derivedData/Build/Intermediates.noindex/BuildABuddyKit.build/Debug/BuildABuddyKit_BuildABuddyKit-b.build/BuildABuddyKit_BuildABuddyKit.DependencyStaticMetadataFileList
WriteAuxiliaryFile /Users/admin/builder/spi-builder-workspace/.derivedData/Build/Intermediates.noindex/BuildABuddyKit.build/Debug/BuildABuddyKit_BuildABuddyKit-b.build/empty-BuildABuddyKit_BuildABuddyKit.plist (in target 'BuildABuddyKit_BuildABuddyKit' from project 'BuildABuddyKit')
cd /Users/admin/builder/spi-builder-workspace
write-file /Users/admin/builder/spi-builder-workspace/.derivedData/Build/Intermediates.noindex/BuildABuddyKit.build/Debug/BuildABuddyKit_BuildABuddyKit-b.build/empty-BuildABuddyKit_BuildABuddyKit.plist
WriteAuxiliaryFile /Users/admin/builder/spi-builder-workspace/.derivedData/Build/Intermediates.noindex/BuildABuddyKit.build/Debug/BuildABuddyKit_BuildABuddyKit-b.build/BuildABuddyKit_BuildABuddyKit.DependencyMetadataFileList (in target 'BuildABuddyKit_BuildABuddyKit' from project 'BuildABuddyKit')
cd /Users/admin/builder/spi-builder-workspace
write-file /Users/admin/builder/spi-builder-workspace/.derivedData/Build/Intermediates.noindex/BuildABuddyKit.build/Debug/BuildABuddyKit_BuildABuddyKit-b.build/BuildABuddyKit_BuildABuddyKit.DependencyMetadataFileList
WriteAuxiliaryFile /Users/admin/builder/spi-builder-workspace/.derivedData/Build/Intermediates.noindex/BuildABuddyKit.build/Debug/BuildABuddyKit-t.build/Objects-normal/arm64/BuildABuddyKit.LinkFileList (in target 'BuildABuddyKit' from project 'BuildABuddyKit')
cd /Users/admin/builder/spi-builder-workspace
write-file /Users/admin/builder/spi-builder-workspace/.derivedData/Build/Intermediates.noindex/BuildABuddyKit.build/Debug/BuildABuddyKit-t.build/Objects-normal/arm64/BuildABuddyKit.LinkFileList
WriteAuxiliaryFile /Users/admin/builder/spi-builder-workspace/.derivedData/Build/Intermediates.noindex/BuildABuddyKit.build/Debug/BuildABuddyKit-t.build/Objects-normal/arm64/BuildABuddyKit.SwiftFileList (in target 'BuildABuddyKit' from project 'BuildABuddyKit')
cd /Users/admin/builder/spi-builder-workspace
write-file /Users/admin/builder/spi-builder-workspace/.derivedData/Build/Intermediates.noindex/BuildABuddyKit.build/Debug/BuildABuddyKit-t.build/Objects-normal/arm64/BuildABuddyKit.SwiftFileList
WriteAuxiliaryFile /Users/admin/builder/spi-builder-workspace/.derivedData/Build/Intermediates.noindex/BuildABuddyKit.build/Debug/BuildABuddyKit-t.build/DerivedSources/resource_bundle_accessor.swift (in target 'BuildABuddyKit' from project 'BuildABuddyKit')
cd /Users/admin/builder/spi-builder-workspace
write-file /Users/admin/builder/spi-builder-workspace/.derivedData/Build/Intermediates.noindex/BuildABuddyKit.build/Debug/BuildABuddyKit-t.build/DerivedSources/resource_bundle_accessor.swift
WriteAuxiliaryFile /Users/admin/builder/spi-builder-workspace/.derivedData/Build/Intermediates.noindex/BuildABuddyKit.build/Debug/BuildABuddyKit-t.build/Objects-normal/arm64/BuildABuddyKit_const_extract_protocols.json (in target 'BuildABuddyKit' from project 'BuildABuddyKit')
cd /Users/admin/builder/spi-builder-workspace
write-file /Users/admin/builder/spi-builder-workspace/.derivedData/Build/Intermediates.noindex/BuildABuddyKit.build/Debug/BuildABuddyKit-t.build/Objects-normal/arm64/BuildABuddyKit_const_extract_protocols.json
WriteAuxiliaryFile /Users/admin/builder/spi-builder-workspace/.derivedData/Build/Intermediates.noindex/BuildABuddyKit.build/Debug/BuildABuddyKit-t.build/Objects-normal/arm64/BuildABuddyKit.SwiftConstValuesFileList (in target 'BuildABuddyKit' from project 'BuildABuddyKit')
cd /Users/admin/builder/spi-builder-workspace
write-file /Users/admin/builder/spi-builder-workspace/.derivedData/Build/Intermediates.noindex/BuildABuddyKit.build/Debug/BuildABuddyKit-t.build/Objects-normal/arm64/BuildABuddyKit.SwiftConstValuesFileList
WriteAuxiliaryFile /Users/admin/builder/spi-builder-workspace/.derivedData/Build/Intermediates.noindex/BuildABuddyKit.build/Debug/BuildABuddyKit-t.build/Objects-normal/arm64/BuildABuddyKit-OutputFileMap.json (in target 'BuildABuddyKit' from project 'BuildABuddyKit')
cd /Users/admin/builder/spi-builder-workspace
write-file /Users/admin/builder/spi-builder-workspace/.derivedData/Build/Intermediates.noindex/BuildABuddyKit.build/Debug/BuildABuddyKit-t.build/Objects-normal/arm64/BuildABuddyKit-OutputFileMap.json
WriteAuxiliaryFile /Users/admin/builder/spi-builder-workspace/.derivedData/Build/Intermediates.noindex/BuildABuddyKit.build/Debug/BuildABuddyKit-t.build/BuildABuddyKit.modulemap (in target 'BuildABuddyKit' from project 'BuildABuddyKit')
cd /Users/admin/builder/spi-builder-workspace
write-file /Users/admin/builder/spi-builder-workspace/.derivedData/Build/Intermediates.noindex/BuildABuddyKit.build/Debug/BuildABuddyKit-t.build/BuildABuddyKit.modulemap
WriteAuxiliaryFile /Users/admin/builder/spi-builder-workspace/.derivedData/Build/Intermediates.noindex/BuildABuddyKit.build/Debug/BuildABuddyKit-t.build/BuildABuddyKit.DependencyStaticMetadataFileList (in target 'BuildABuddyKit' from project 'BuildABuddyKit')
cd /Users/admin/builder/spi-builder-workspace
write-file /Users/admin/builder/spi-builder-workspace/.derivedData/Build/Intermediates.noindex/BuildABuddyKit.build/Debug/BuildABuddyKit-t.build/BuildABuddyKit.DependencyStaticMetadataFileList
WriteAuxiliaryFile /Users/admin/builder/spi-builder-workspace/.derivedData/Build/Intermediates.noindex/BuildABuddyKit.build/Debug/BuildABuddyKit-t.build/BuildABuddyKit.DependencyMetadataFileList (in target 'BuildABuddyKit' from project 'BuildABuddyKit')
cd /Users/admin/builder/spi-builder-workspace
write-file /Users/admin/builder/spi-builder-workspace/.derivedData/Build/Intermediates.noindex/BuildABuddyKit.build/Debug/BuildABuddyKit-t.build/BuildABuddyKit.DependencyMetadataFileList
MkDir /Users/admin/builder/spi-builder-workspace/.derivedData/Build/Products/Debug/BuildABuddyKit_BuildABuddyKit.bundle (in target 'BuildABuddyKit_BuildABuddyKit' from project 'BuildABuddyKit')
cd /Users/admin/builder/spi-builder-workspace
/bin/mkdir -p /Users/admin/builder/spi-builder-workspace/.derivedData/Build/Products/Debug/BuildABuddyKit_BuildABuddyKit.bundle
MkDir /Users/admin/builder/spi-builder-workspace/.derivedData/Build/Products/Debug/BuildABuddyKit_BuildABuddyKit.bundle/Contents (in target 'BuildABuddyKit_BuildABuddyKit' from project 'BuildABuddyKit')
cd /Users/admin/builder/spi-builder-workspace
/bin/mkdir -p /Users/admin/builder/spi-builder-workspace/.derivedData/Build/Products/Debug/BuildABuddyKit_BuildABuddyKit.bundle/Contents
MkDir /Users/admin/builder/spi-builder-workspace/.derivedData/Build/Products/Debug/BuildABuddyKit_BuildABuddyKit.bundle/Contents/Resources (in target 'BuildABuddyKit_BuildABuddyKit' from project 'BuildABuddyKit')
cd /Users/admin/builder/spi-builder-workspace
/bin/mkdir -p /Users/admin/builder/spi-builder-workspace/.derivedData/Build/Products/Debug/BuildABuddyKit_BuildABuddyKit.bundle/Contents/Resources
Copy /Users/admin/builder/spi-builder-workspace/.derivedData/Build/Intermediates.noindex/GeneratedModuleMaps/BuildABuddyKit.modulemap /Users/admin/builder/spi-builder-workspace/.derivedData/Build/Intermediates.noindex/BuildABuddyKit.build/Debug/BuildABuddyKit-t.build/BuildABuddyKit.modulemap (in target 'BuildABuddyKit' from project 'BuildABuddyKit')
cd /Users/admin/builder/spi-builder-workspace
builtin-copy -exclude .DS_Store -exclude CVS -exclude .svn -exclude .git -exclude .hg -resolve-src-symlinks /Users/admin/builder/spi-builder-workspace/.derivedData/Build/Intermediates.noindex/BuildABuddyKit.build/Debug/BuildABuddyKit-t.build/BuildABuddyKit.modulemap /Users/admin/builder/spi-builder-workspace/.derivedData/Build/Intermediates.noindex/GeneratedModuleMaps
MkDir /Users/admin/builder/spi-builder-workspace/.derivedData/Build/Intermediates.noindex/BuildABuddyKit.build/Debug/BuildABuddyKit_BuildABuddyKit-b.build/assetcatalog_output/thinned (in target 'BuildABuddyKit_BuildABuddyKit' from project 'BuildABuddyKit')
cd /Users/admin/builder/spi-builder-workspace
/bin/mkdir -p /Users/admin/builder/spi-builder-workspace/.derivedData/Build/Intermediates.noindex/BuildABuddyKit.build/Debug/BuildABuddyKit_BuildABuddyKit-b.build/assetcatalog_output/thinned
MkDir /Users/admin/builder/spi-builder-workspace/.derivedData/Build/Intermediates.noindex/BuildABuddyKit.build/Debug/BuildABuddyKit_BuildABuddyKit-b.build/assetcatalog_output/unthinned (in target 'BuildABuddyKit_BuildABuddyKit' from project 'BuildABuddyKit')
cd /Users/admin/builder/spi-builder-workspace
/bin/mkdir -p /Users/admin/builder/spi-builder-workspace/.derivedData/Build/Intermediates.noindex/BuildABuddyKit.build/Debug/BuildABuddyKit_BuildABuddyKit-b.build/assetcatalog_output/unthinned
CompileAssetCatalogVariant thinned /Users/admin/builder/spi-builder-workspace/.derivedData/Build/Products/Debug/BuildABuddyKit_BuildABuddyKit.bundle/Contents/Resources /Users/admin/builder/spi-builder-workspace/Sources/BuildABuddyKit/Assets.xcassets (in target 'BuildABuddyKit_BuildABuddyKit' from project 'BuildABuddyKit')
cd /Users/admin/builder/spi-builder-workspace
/Applications/Xcode-27.0.0-Release.Candidate.app/Contents/Developer/usr/bin/actool /Users/admin/builder/spi-builder-workspace/Sources/BuildABuddyKit/Assets.xcassets --compile /Users/admin/builder/spi-builder-workspace/.derivedData/Build/Intermediates.noindex/BuildABuddyKit.build/Debug/BuildABuddyKit_BuildABuddyKit-b.build/assetcatalog_output/thinned --output-format human-readable-text --notices --warnings --export-dependency-info /Users/admin/builder/spi-builder-workspace/.derivedData/Build/Intermediates.noindex/BuildABuddyKit.build/Debug/BuildABuddyKit_BuildABuddyKit-b.build/assetcatalog_dependencies_thinned --output-partial-info-plist /Users/admin/builder/spi-builder-workspace/.derivedData/Build/Intermediates.noindex/BuildABuddyKit.build/Debug/BuildABuddyKit_BuildABuddyKit-b.build/assetcatalog_generated_info.plist_thinned --enable-on-demand-resources NO --development-region en --target-device mac --minimum-deployment-target 12.0 --platform macosx
/* com.apple.actool.compilation-results */
/Users/admin/builder/spi-builder-workspace/.derivedData/Build/Intermediates.noindex/BuildABuddyKit.build/Debug/BuildABuddyKit_BuildABuddyKit-b.build/assetcatalog_generated_info.plist_thinned
/Users/admin/builder/spi-builder-workspace/.derivedData/Build/Intermediates.noindex/BuildABuddyKit.build/Debug/BuildABuddyKit_BuildABuddyKit-b.build/assetcatalog_output/thinned/Assets.car
GenerateAssetSymbols /Users/admin/builder/spi-builder-workspace/Sources/BuildABuddyKit/Assets.xcassets (in target 'BuildABuddyKit' from project 'BuildABuddyKit')
cd /Users/admin/builder/spi-builder-workspace
/Applications/Xcode-27.0.0-Release.Candidate.app/Contents/Developer/usr/bin/actool /Users/admin/builder/spi-builder-workspace/Sources/BuildABuddyKit/Assets.xcassets --compile /Users/admin/builder/spi-builder-workspace/.derivedData/Build/Products/Debug --output-format human-readable-text --notices --warnings --export-dependency-info /Users/admin/builder/spi-builder-workspace/.derivedData/Build/Intermediates.noindex/BuildABuddyKit.build/Debug/BuildABuddyKit-t.build/assetcatalog_dependencies --output-partial-info-plist /Users/admin/builder/spi-builder-workspace/.derivedData/Build/Intermediates.noindex/BuildABuddyKit.build/Debug/BuildABuddyKit-t.build/assetcatalog_generated_info.plist --enable-on-demand-resources NO --development-region en --target-device mac --minimum-deployment-target 12.0 --platform macosx --bundle-identifier spi-builder-workspace.BuildABuddyKit --generate-swift-asset-symbol-extensions NO --generate-swift-asset-symbols /Users/admin/builder/spi-builder-workspace/.derivedData/Build/Intermediates.noindex/BuildABuddyKit.build/Debug/BuildABuddyKit-t.build/DerivedSources/GeneratedAssetSymbols.swift --generate-objc-asset-symbols /Users/admin/builder/spi-builder-workspace/.derivedData/Build/Intermediates.noindex/BuildABuddyKit.build/Debug/BuildABuddyKit-t.build/DerivedSources/GeneratedAssetSymbols.h --generate-asset-symbol-index /Users/admin/builder/spi-builder-workspace/.derivedData/Build/Intermediates.noindex/BuildABuddyKit.build/Debug/BuildABuddyKit-t.build/DerivedSources/GeneratedAssetSymbols-Index.plist
/* com.apple.actool.compilation-results */
/Users/admin/builder/spi-builder-workspace/.derivedData/Build/Intermediates.noindex/BuildABuddyKit.build/Debug/BuildABuddyKit-t.build/DerivedSources/GeneratedAssetSymbols-Index.plist
/Users/admin/builder/spi-builder-workspace/.derivedData/Build/Intermediates.noindex/BuildABuddyKit.build/Debug/BuildABuddyKit-t.build/DerivedSources/GeneratedAssetSymbols.h
/Users/admin/builder/spi-builder-workspace/.derivedData/Build/Intermediates.noindex/BuildABuddyKit.build/Debug/BuildABuddyKit-t.build/DerivedSources/GeneratedAssetSymbols.swift
LinkAssetCatalog /Users/admin/builder/spi-builder-workspace/Sources/BuildABuddyKit/Assets.xcassets (in target 'BuildABuddyKit_BuildABuddyKit' from project 'BuildABuddyKit')
cd /Users/admin/builder/spi-builder-workspace
builtin-linkAssetCatalog --thinned /Users/admin/builder/spi-builder-workspace/.derivedData/Build/Intermediates.noindex/BuildABuddyKit.build/Debug/BuildABuddyKit_BuildABuddyKit-b.build/assetcatalog_output/thinned --thinned-dependencies /Users/admin/builder/spi-builder-workspace/.derivedData/Build/Intermediates.noindex/BuildABuddyKit.build/Debug/BuildABuddyKit_BuildABuddyKit-b.build/assetcatalog_dependencies_thinned --thinned-info-plist-content /Users/admin/builder/spi-builder-workspace/.derivedData/Build/Intermediates.noindex/BuildABuddyKit.build/Debug/BuildABuddyKit_BuildABuddyKit-b.build/assetcatalog_generated_info.plist_thinned --unthinned /Users/admin/builder/spi-builder-workspace/.derivedData/Build/Intermediates.noindex/BuildABuddyKit.build/Debug/BuildABuddyKit_BuildABuddyKit-b.build/assetcatalog_output/unthinned --unthinned-dependencies /Users/admin/builder/spi-builder-workspace/.derivedData/Build/Intermediates.noindex/BuildABuddyKit.build/Debug/BuildABuddyKit_BuildABuddyKit-b.build/assetcatalog_dependencies_unthinned --unthinned-info-plist-content /Users/admin/builder/spi-builder-workspace/.derivedData/Build/Intermediates.noindex/BuildABuddyKit.build/Debug/BuildABuddyKit_BuildABuddyKit-b.build/assetcatalog_generated_info.plist_unthinned --output /Users/admin/builder/spi-builder-workspace/.derivedData/Build/Products/Debug/BuildABuddyKit_BuildABuddyKit.bundle/Contents/Resources --plist-output /Users/admin/builder/spi-builder-workspace/.derivedData/Build/Intermediates.noindex/BuildABuddyKit.build/Debug/BuildABuddyKit_BuildABuddyKit-b.build/assetcatalog_generated_info.plist
note: Emplaced /Users/admin/builder/spi-builder-workspace/.derivedData/Build/Products/Debug/BuildABuddyKit_BuildABuddyKit.bundle/Contents/Resources/Assets.car (in target 'BuildABuddyKit_BuildABuddyKit' from project 'BuildABuddyKit')
ProcessInfoPlistFile /Users/admin/builder/spi-builder-workspace/.derivedData/Build/Products/Debug/BuildABuddyKit_BuildABuddyKit.bundle/Contents/Info.plist /Users/admin/builder/spi-builder-workspace/.derivedData/Build/Intermediates.noindex/BuildABuddyKit.build/Debug/BuildABuddyKit_BuildABuddyKit-b.build/empty-BuildABuddyKit_BuildABuddyKit.plist (in target 'BuildABuddyKit_BuildABuddyKit' from project 'BuildABuddyKit')
cd /Users/admin/builder/spi-builder-workspace
builtin-infoPlistUtility /Users/admin/builder/spi-builder-workspace/.derivedData/Build/Intermediates.noindex/BuildABuddyKit.build/Debug/BuildABuddyKit_BuildABuddyKit-b.build/empty-BuildABuddyKit_BuildABuddyKit.plist -producttype com.apple.product-type.bundle -expandbuildsettings -platform macosx -additionalcontentfile /Users/admin/builder/spi-builder-workspace/.derivedData/Build/Intermediates.noindex/BuildABuddyKit.build/Debug/BuildABuddyKit_BuildABuddyKit-b.build/assetcatalog_generated_info.plist -o /Users/admin/builder/spi-builder-workspace/.derivedData/Build/Products/Debug/BuildABuddyKit_BuildABuddyKit.bundle/Contents/Info.plist
RegisterExecutionPolicyException /Users/admin/builder/spi-builder-workspace/.derivedData/Build/Products/Debug/BuildABuddyKit_BuildABuddyKit.bundle (in target 'BuildABuddyKit_BuildABuddyKit' from project 'BuildABuddyKit')
cd /Users/admin/builder/spi-builder-workspace
builtin-RegisterExecutionPolicyException /Users/admin/builder/spi-builder-workspace/.derivedData/Build/Products/Debug/BuildABuddyKit_BuildABuddyKit.bundle
Touch /Users/admin/builder/spi-builder-workspace/.derivedData/Build/Products/Debug/BuildABuddyKit_BuildABuddyKit.bundle (in target 'BuildABuddyKit_BuildABuddyKit' from project 'BuildABuddyKit')
cd /Users/admin/builder/spi-builder-workspace
/usr/bin/touch -c /Users/admin/builder/spi-builder-workspace/.derivedData/Build/Products/Debug/BuildABuddyKit_BuildABuddyKit.bundle
SwiftDriver BuildABuddyKit normal arm64 com.apple.xcode.tools.swift.compiler (in target 'BuildABuddyKit' from project 'BuildABuddyKit')
cd /Users/admin/builder/spi-builder-workspace/.swiftpm/xcode
builtin-SwiftDriver -- /Applications/Xcode-27.0.0-Release.Candidate.app/Contents/Developer/Toolchains/XcodeDefault.xctoolchain/usr/bin/swiftc -parse-as-library -module-name BuildABuddyKit -Onone @/Users/admin/builder/spi-builder-workspace/.derivedData/Build/Intermediates.noindex/BuildABuddyKit.build/Debug/BuildABuddyKit-t.build/Objects-normal/arm64/BuildABuddyKit.SwiftFileList -DSWIFT_PACKAGE -DDEBUG -DSWIFT_MODULE_RESOURCE_BUNDLE_AVAILABLE -DXcode -plugin-path /Applications/Xcode-27.0.0-Release.Candidate.app/Contents/Developer/Toolchains/XcodeDefault.xctoolchain/usr/lib/swift/host/plugins/testing -enable-experimental-feature DebugDescriptionMacro -sdk /Applications/Xcode-27.0.0-Release.Candidate.app/Contents/Developer/Platforms/MacOSX.platform/Developer/SDKs/MacOSX27.0.sdk -target arm64-apple-macos12.0 -g -module-cache-path /Users/admin/builder/spi-builder-workspace/.derivedData/ModuleCache.noindex -Xfrontend -serialize-debugging-options -enable-testing -index-store-path /Users/admin/builder/spi-builder-workspace/.derivedData/Index.noindex/DataStore -Xcc -D_LIBCPP_HARDENING_MODE\=_LIBCPP_HARDENING_MODE_DEBUG -swift-version 5 -I /Users/admin/builder/spi-builder-workspace/.derivedData/Build/Products/Debug -Isystem /Applications/Xcode-27.0.0-Release.Candidate.app/Contents/Developer/Platforms/MacOSX.platform/Developer/usr/lib -F /Users/admin/builder/spi-builder-workspace/.derivedData/Build/Products/Debug -F /Applications/Xcode-27.0.0-Release.Candidate.app/Contents/Developer/Platforms/MacOSX.platform/Developer/Library/Frameworks -c -j10 -enable-batch-mode -incremental -Xcc -ivfsstatcache -Xcc /Users/admin/builder/spi-builder-workspace/.derivedData/SDKStatCaches.noindex/macosx27.0-26A425-e829b21a6f8c9b70876ba0858053c0446a22442a12e9d48fe1a705f55a1adfc4.sdkstatcache -output-file-map /Users/admin/builder/spi-builder-workspace/.derivedData/Build/Intermediates.noindex/BuildABuddyKit.build/Debug/BuildABuddyKit-t.build/Objects-normal/arm64/BuildABuddyKit-OutputFileMap.json -save-temps -no-color-diagnostics -explicit-module-build -module-cache-path /Users/admin/builder/spi-builder-workspace/.derivedData/Build/Intermediates.noindex/SwiftExplicitPrecompiledModules -clang-scanner-module-cache-path /Users/admin/builder/spi-builder-workspace/.derivedData/ModuleCache.noindex -sdk-module-cache-path /Users/admin/builder/spi-builder-workspace/.derivedData/SDKExplicitPrecompiledModules -emit-dependencies -emit-module -emit-module-path /Users/admin/builder/spi-builder-workspace/.derivedData/Build/Intermediates.noindex/BuildABuddyKit.build/Debug/BuildABuddyKit-t.build/Objects-normal/arm64/BuildABuddyKit.swiftmodule -serialize-diagnostics -dependency-scan-serialize-diagnostics-path /Users/admin/builder/spi-builder-workspace/.derivedData/Build/Intermediates.noindex/BuildABuddyKit.build/Debug/BuildABuddyKit-t.build/Objects-normal/arm64/BuildABuddyKit-dependency-scan.dia -validate-clang-modules-once -clang-build-session-file /Users/admin/builder/spi-builder-workspace/.derivedData/ModuleCache.noindex/Session.modulevalidation -Xcc -fmodules-prune-interval\=86400 -Xcc -fmodules-prune-after\=345600 -emit-const-values -const-gather-protocols-list /Users/admin/builder/spi-builder-workspace/.derivedData/Build/Intermediates.noindex/BuildABuddyKit.build/Debug/BuildABuddyKit-t.build/Objects-normal/arm64/BuildABuddyKit_const_extract_protocols.json -Xcc -I/Users/admin/builder/spi-builder-workspace/.derivedData/Build/Products/Debug/include -Xcc -I/Users/admin/builder/spi-builder-workspace/.derivedData/Build/Intermediates.noindex/BuildABuddyKit.build/Debug/BuildABuddyKit-t.build/DerivedSources-normal/arm64 -Xcc -I/Users/admin/builder/spi-builder-workspace/.derivedData/Build/Intermediates.noindex/BuildABuddyKit.build/Debug/BuildABuddyKit-t.build/DerivedSources/arm64 -Xcc -I/Users/admin/builder/spi-builder-workspace/.derivedData/Build/Intermediates.noindex/BuildABuddyKit.build/Debug/BuildABuddyKit-t.build/DerivedSources -Xcc -DSWIFT_PACKAGE -Xcc -DDEBUG\=1 -emit-objc-header -emit-objc-header-path /Users/admin/builder/spi-builder-workspace/.derivedData/Build/Intermediates.noindex/BuildABuddyKit.build/Debug/BuildABuddyKit-t.build/Objects-normal/arm64/BuildABuddyKit-Swift.h -working-directory /Users/admin/builder/spi-builder-workspace/.swiftpm/xcode -experimental-emit-module-separately -disable-cmo
/Users/admin/builder/spi-builder-workspace/Sources/BuildABuddyKit/Internal/Asset.swift:1:8: error: Unable to resolve module dependency: 'UIKit' (in target 'BuildABuddyKit' from project 'BuildABuddyKit')
note: A dependency of main module 'BuildABuddyKit'
/Users/admin/builder/spi-builder-workspace/Sources/BuildABuddyKit/Internal/UIImage+Helpers.swift:1:8: note: Also imported here
/Users/admin/builder/spi-builder-workspace/Sources/BuildABuddyKit/Public/BuddyRenderer.swift:1:8: note: Also imported here
/Users/admin/builder/spi-builder-workspace/Sources/BuildABuddyKit/Internal/Asset.swift:1:8: note: A dependency of main module 'BuildABuddyKit'
import UIKit
^ (in target 'BuildABuddyKit' from project 'BuildABuddyKit')
/Users/admin/builder/spi-builder-workspace/Sources/BuildABuddyKit/Internal/UIImage+Helpers.swift:1:8: note: Also imported here
import UIKit
^ (in target 'BuildABuddyKit' from project 'BuildABuddyKit')
/Users/admin/builder/spi-builder-workspace/Sources/BuildABuddyKit/Public/BuddyRenderer.swift:1:8: note: Also imported here
import UIKit
^ (in target 'BuildABuddyKit' from project 'BuildABuddyKit')
PruneExplicitPrecompiledModules /Users/admin/builder/spi-builder-workspace/.derivedData/Build/Intermediates.noindex/ExplicitPrecompiledModules
PruneExplicitPrecompiledModules /Users/admin/builder/spi-builder-workspace/.derivedData/Build/Intermediates.noindex/SwiftExplicitPrecompiledModules
PruneExplicitPrecompiledModules /Users/admin/builder/spi-builder-workspace/.derivedData/SDKExplicitPrecompiledModules
2026-09-18 22:51:51.491 xcodebuild[698:4531] [MT] IDERunDestination: Supported platforms for the buildables in the current scheme is empty.
--- xcodebuild: WARNING: Using the first of multiple matching destinations:
{ platform:macOS, arch:arm64, id:1e111b15fce96a415578a5dba90e94ad2d7d4423, name:My Mac }
{ platform:macOS, arch:arm64, variant:Mac Catalyst, id:1e111b15fce96a415578a5dba90e94ad2d7d4423, name:My Mac }
{ platform:macOS, arch:arm64, variant:DriverKit, id:1e111b15fce96a415578a5dba90e94ad2d7d4423, name:My Mac }
{ platform:macOS, arch:arm64, variant:Designed for [iPad,iPhone], id:1e111b15fce96a415578a5dba90e94ad2d7d4423, name:My Mac }
** BUILD FAILED **
The following build commands failed:
SwiftDriver BuildABuddyKit normal arm64 com.apple.xcode.tools.swift.compiler (in target 'BuildABuddyKit' from project 'BuildABuddyKit')
Building workspace BuildABuddyKit with scheme BuildABuddyKit
(2 failures)
Command line invocation:
/Applications/Xcode-27.0.0-Release.Candidate.app/Contents/Developer/usr/bin/xcodebuild -IDEClonedSourcePackagesDirPathOverride=/Users/admin/builder/spi-builder-workspace/.dependencies -resolvePackageDependencies
Resolve Package Graph
Resolved source packages:
BuildABuddyKit: /Users/admin/builder/spi-builder-workspace
resolved source packages: BuildABuddyKit
2026-09-18 22:51:58.494 xcodebuild[721:4795] [MT] IDERunDestination: Supported platforms for the buildables in the current scheme is empty.
{
"dependencies" : [
],
"manifest_display_name" : "BuildABuddyKit",
"name" : "BuildABuddyKit",
"path" : "/Users/admin/builder/spi-builder-workspace",
"platforms" : [
{
"name" : "ios",
"version" : "13.0"
}
],
"products" : [
{
"name" : "BuildABuddyKit",
"targets" : [
"BuildABuddyKit"
],
"type" : {
"library" : [
"automatic"
]
}
}
],
"targets" : [
{
"c99name" : "BuildABuddyKit",
"module_type" : "SwiftTarget",
"name" : "BuildABuddyKit",
"path" : "Sources/BuildABuddyKit",
"product_memberships" : [
"BuildABuddyKit"
],
"resources" : [
{
"path" : "/Users/admin/builder/spi-builder-workspace/Sources/BuildABuddyKit/Assets.xcassets",
"rule" : {
"process" : {
}
}
}
],
"sources" : [
"Internal/Asset.swift",
"Internal/Buddy+Helpers.swift",
"Internal/Eye+Helper.swift",
"Internal/Eyebrow+Helpers.swift",
"Internal/Hair+Helpers.swift",
"Internal/Mouth+Helpers.swift",
"Internal/Nose+Helpers.swift",
"Internal/Pants+Helpers.swift",
"Internal/Pose.swift",
"Internal/Shirt+Helpers.swift",
"Internal/Shoe+Helpers.swift",
"Internal/Skin+Helpers.swift",
"Internal/UIImage+Helpers.swift",
"Public/Buddy.swift",
"Public/BuddyImage.swift",
"Public/BuddyRenderer.swift",
"Public/Eye.swift",
"Public/Eyebrow.swift",
"Public/Hair.swift",
"Public/Mouth.swift",
"Public/Nose.swift",
"Public/Pants.swift",
"Public/Shirt.swift",
"Public/Shoe.swift",
"Public/Skin.swift"
],
"type" : "library"
}
],
"tools_version" : "5.6"
}
{
"workspace" : {
"name" : "BuildABuddyKit",
"schemes" : [
"BuildABuddyKit"
]
}
}
2026-09-18 22:51:59.671 xcodebuild[729:4851] [MT] IDERunDestination: Supported platforms for the buildables in the current scheme is empty.
Running build ...
env DEVELOPER_DIR=/Applications/Xcode-27.0.0-Release.Candidate.app xcrun xcodebuild -IDEClonedSourcePackagesDirPathOverride=$PWD/.dependencies -skipMacroValidation -skipPackagePluginValidation -derivedDataPath $PWD/.derivedData build -scheme BuildABuddyKit -destination platform=macOS,arch=arm64
Command line invocation:
/Applications/Xcode-27.0.0-Release.Candidate.app/Contents/Developer/usr/bin/xcodebuild -IDEClonedSourcePackagesDirPathOverride=/Users/admin/builder/spi-builder-workspace/.dependencies -skipMacroValidation -skipPackagePluginValidation -derivedDataPath /Users/admin/builder/spi-builder-workspace/.derivedData build -scheme BuildABuddyKit -destination platform=macOS,arch=arm64
Resolve Package Graph
Resolved source packages:
BuildABuddyKit: /Users/admin/builder/spi-builder-workspace
ComputePackagePrebuildTargetDependencyGraph
Prepare packages
CreateBuildRequest
SendProjectDescription
CreateBuildOperation
ComputeTargetDependencyGraph
note: Building targets in dependency order
note: Target dependency graph (3 targets)
Target 'BuildABuddyKit-product' in project 'BuildABuddyKit'
➜ Explicit dependency on target 'BuildABuddyKit' in project 'BuildABuddyKit'
➜ Explicit dependency on target 'BuildABuddyKit_BuildABuddyKit' in project 'BuildABuddyKit'
Target 'BuildABuddyKit' in project 'BuildABuddyKit'
➜ Explicit dependency on target 'BuildABuddyKit_BuildABuddyKit' in project 'BuildABuddyKit'
Target 'BuildABuddyKit_BuildABuddyKit' in project 'BuildABuddyKit' (no dependencies)
GatherProvisioningInputs
CreateBuildDescription
ClangStatCache /Applications/Xcode-27.0.0-Release.Candidate.app/Contents/Developer/Toolchains/XcodeDefault.xctoolchain/usr/bin/clang-stat-cache /Applications/Xcode-27.0.0-Release.Candidate.app/Contents/Developer/Platforms/MacOSX.platform/Developer/SDKs/MacOSX27.0.sdk /Users/admin/builder/spi-builder-workspace/.derivedData/SDKStatCaches.noindex/macosx27.0-26A425-e829b21a6f8c9b70876ba0858053c0446a22442a12e9d48fe1a705f55a1adfc4.sdkstatcache
cd /Users/admin/builder/spi-builder-workspace/.swiftpm/xcode
/Applications/Xcode-27.0.0-Release.Candidate.app/Contents/Developer/Toolchains/XcodeDefault.xctoolchain/usr/bin/clang-stat-cache /Applications/Xcode-27.0.0-Release.Candidate.app/Contents/Developer/Platforms/MacOSX.platform/Developer/SDKs/MacOSX27.0.sdk -o /Users/admin/builder/spi-builder-workspace/.derivedData/SDKStatCaches.noindex/macosx27.0-26A425-e829b21a6f8c9b70876ba0858053c0446a22442a12e9d48fe1a705f55a1adfc4.sdkstatcache
SwiftDriver BuildABuddyKit normal arm64 com.apple.xcode.tools.swift.compiler (in target 'BuildABuddyKit' from project 'BuildABuddyKit')
cd /Users/admin/builder/spi-builder-workspace/.swiftpm/xcode
builtin-SwiftDriver -- /Applications/Xcode-27.0.0-Release.Candidate.app/Contents/Developer/Toolchains/XcodeDefault.xctoolchain/usr/bin/swiftc -parse-as-library -module-name BuildABuddyKit -Onone @/Users/admin/builder/spi-builder-workspace/.derivedData/Build/Intermediates.noindex/BuildABuddyKit.build/Debug/BuildABuddyKit-t.build/Objects-normal/arm64/BuildABuddyKit.SwiftFileList -DSWIFT_PACKAGE -DDEBUG -DSWIFT_MODULE_RESOURCE_BUNDLE_AVAILABLE -DXcode -plugin-path /Applications/Xcode-27.0.0-Release.Candidate.app/Contents/Developer/Toolchains/XcodeDefault.xctoolchain/usr/lib/swift/host/plugins/testing -enable-experimental-feature DebugDescriptionMacro -sdk /Applications/Xcode-27.0.0-Release.Candidate.app/Contents/Developer/Platforms/MacOSX.platform/Developer/SDKs/MacOSX27.0.sdk -target arm64-apple-macos12.0 -g -module-cache-path /Users/admin/builder/spi-builder-workspace/.derivedData/ModuleCache.noindex -Xfrontend -serialize-debugging-options -enable-testing -index-store-path /Users/admin/builder/spi-builder-workspace/.derivedData/Index.noindex/DataStore -Xcc -D_LIBCPP_HARDENING_MODE\=_LIBCPP_HARDENING_MODE_DEBUG -swift-version 5 -I /Users/admin/builder/spi-builder-workspace/.derivedData/Build/Products/Debug -Isystem /Applications/Xcode-27.0.0-Release.Candidate.app/Contents/Developer/Platforms/MacOSX.platform/Developer/usr/lib -F /Users/admin/builder/spi-builder-workspace/.derivedData/Build/Products/Debug -F /Applications/Xcode-27.0.0-Release.Candidate.app/Contents/Developer/Platforms/MacOSX.platform/Developer/Library/Frameworks -c -j10 -enable-batch-mode -incremental -Xcc -ivfsstatcache -Xcc /Users/admin/builder/spi-builder-workspace/.derivedData/SDKStatCaches.noindex/macosx27.0-26A425-e829b21a6f8c9b70876ba0858053c0446a22442a12e9d48fe1a705f55a1adfc4.sdkstatcache -output-file-map /Users/admin/builder/spi-builder-workspace/.derivedData/Build/Intermediates.noindex/BuildABuddyKit.build/Debug/BuildABuddyKit-t.build/Objects-normal/arm64/BuildABuddyKit-OutputFileMap.json -save-temps -no-color-diagnostics -explicit-module-build -module-cache-path /Users/admin/builder/spi-builder-workspace/.derivedData/Build/Intermediates.noindex/SwiftExplicitPrecompiledModules -clang-scanner-module-cache-path /Users/admin/builder/spi-builder-workspace/.derivedData/ModuleCache.noindex -sdk-module-cache-path /Users/admin/builder/spi-builder-workspace/.derivedData/SDKExplicitPrecompiledModules -emit-dependencies -emit-module -emit-module-path /Users/admin/builder/spi-builder-workspace/.derivedData/Build/Intermediates.noindex/BuildABuddyKit.build/Debug/BuildABuddyKit-t.build/Objects-normal/arm64/BuildABuddyKit.swiftmodule -serialize-diagnostics -dependency-scan-serialize-diagnostics-path /Users/admin/builder/spi-builder-workspace/.derivedData/Build/Intermediates.noindex/BuildABuddyKit.build/Debug/BuildABuddyKit-t.build/Objects-normal/arm64/BuildABuddyKit-dependency-scan.dia -validate-clang-modules-once -clang-build-session-file /Users/admin/builder/spi-builder-workspace/.derivedData/ModuleCache.noindex/Session.modulevalidation -Xcc -fmodules-prune-interval\=86400 -Xcc -fmodules-prune-after\=345600 -emit-const-values -const-gather-protocols-list /Users/admin/builder/spi-builder-workspace/.derivedData/Build/Intermediates.noindex/BuildABuddyKit.build/Debug/BuildABuddyKit-t.build/Objects-normal/arm64/BuildABuddyKit_const_extract_protocols.json -Xcc -I/Users/admin/builder/spi-builder-workspace/.derivedData/Build/Products/Debug/include -Xcc -I/Users/admin/builder/spi-builder-workspace/.derivedData/Build/Intermediates.noindex/BuildABuddyKit.build/Debug/BuildABuddyKit-t.build/DerivedSources-normal/arm64 -Xcc -I/Users/admin/builder/spi-builder-workspace/.derivedData/Build/Intermediates.noindex/BuildABuddyKit.build/Debug/BuildABuddyKit-t.build/DerivedSources/arm64 -Xcc -I/Users/admin/builder/spi-builder-workspace/.derivedData/Build/Intermediates.noindex/BuildABuddyKit.build/Debug/BuildABuddyKit-t.build/DerivedSources -Xcc -DSWIFT_PACKAGE -Xcc -DDEBUG\=1 -emit-objc-header -emit-objc-header-path /Users/admin/builder/spi-builder-workspace/.derivedData/Build/Intermediates.noindex/BuildABuddyKit.build/Debug/BuildABuddyKit-t.build/Objects-normal/arm64/BuildABuddyKit-Swift.h -working-directory /Users/admin/builder/spi-builder-workspace/.swiftpm/xcode -experimental-emit-module-separately -disable-cmo
/Users/admin/builder/spi-builder-workspace/Sources/BuildABuddyKit/Internal/Asset.swift:1:8: error: Unable to resolve module dependency: 'UIKit' (in target 'BuildABuddyKit' from project 'BuildABuddyKit')
note: A dependency of main module 'BuildABuddyKit'
/Users/admin/builder/spi-builder-workspace/Sources/BuildABuddyKit/Internal/UIImage+Helpers.swift:1:8: note: Also imported here
/Users/admin/builder/spi-builder-workspace/Sources/BuildABuddyKit/Public/BuddyRenderer.swift:1:8: note: Also imported here
/Users/admin/builder/spi-builder-workspace/Sources/BuildABuddyKit/Internal/Asset.swift:1:8: note: A dependency of main module 'BuildABuddyKit'
import UIKit
^ (in target 'BuildABuddyKit' from project 'BuildABuddyKit')
/Users/admin/builder/spi-builder-workspace/Sources/BuildABuddyKit/Internal/UIImage+Helpers.swift:1:8: note: Also imported here
import UIKit
^ (in target 'BuildABuddyKit' from project 'BuildABuddyKit')
/Users/admin/builder/spi-builder-workspace/Sources/BuildABuddyKit/Public/BuddyRenderer.swift:1:8: note: Also imported here
import UIKit
^ (in target 'BuildABuddyKit' from project 'BuildABuddyKit')
PruneExplicitPrecompiledModules /Users/admin/builder/spi-builder-workspace/.derivedData/Build/Intermediates.noindex/ExplicitPrecompiledModules
PruneExplicitPrecompiledModules /Users/admin/builder/spi-builder-workspace/.derivedData/SDKExplicitPrecompiledModules
PruneExplicitPrecompiledModules /Users/admin/builder/spi-builder-workspace/.derivedData/Build/Intermediates.noindex/SwiftExplicitPrecompiledModules
2026-09-18 22:52:00.655 xcodebuild[730:4874] [MT] IDERunDestination: Supported platforms for the buildables in the current scheme is empty.
--- xcodebuild: WARNING: Using the first of multiple matching destinations:
{ platform:macOS, arch:arm64, id:1e111b15fce96a415578a5dba90e94ad2d7d4423, name:My Mac }
{ platform:macOS, arch:arm64, variant:Mac Catalyst, id:1e111b15fce96a415578a5dba90e94ad2d7d4423, name:My Mac }
{ platform:macOS, arch:arm64, variant:DriverKit, id:1e111b15fce96a415578a5dba90e94ad2d7d4423, name:My Mac }
{ platform:macOS, arch:arm64, variant:Designed for [iPad,iPhone], id:1e111b15fce96a415578a5dba90e94ad2d7d4423, name:My Mac }
** BUILD FAILED **
The following build commands failed:
SwiftDriver BuildABuddyKit normal arm64 com.apple.xcode.tools.swift.compiler (in target 'BuildABuddyKit' from project 'BuildABuddyKit')
Building workspace BuildABuddyKit with scheme BuildABuddyKit
(2 failures)
BUILD FAILURE 6.4 macosXcodebuild