The Swift Package Index logo.Swift Package Index

Build Information

Failed to build swift-kurrentdb, reference 2.6.0 (97ba60), with Swift 6.2 for macOS (Xcode) using Xcode 26.3 on 27 Oct 2026 15:45:59 UTC.

Build Command

env DEVELOPER_DIR=/Applications/Xcode-26.3.0.app xcrun xcodebuild -IDEClonedSourcePackagesDirPathOverride=$PWD/.dependencies -skipMacroValidation -skipPackagePluginValidation -derivedDataPath $PWD/.derivedData build -scheme swift-kurrentdb-Package -destination platform=macOS,arch=arm64

Build Log

Copy /Users/admin/builder/spi-builder-workspace/.derivedData/Build/Products/Debug/ServiceLifecycle.swiftmodule/Project/arm64-apple-macos.swiftsourceinfo /Users/admin/builder/spi-builder-workspace/.derivedData/Build/Intermediates.noindex/swift-service-lifecycle.build/Debug/ServiceLifecycle.build/Objects-normal/arm64/ServiceLifecycle.swiftsourceinfo (in target 'ServiceLifecycle' from project 'swift-service-lifecycle')
    cd /Users/admin/builder/spi-builder-workspace/.dependencies/checkouts/swift-service-lifecycle
    builtin-copy -exclude .DS_Store -exclude CVS -exclude .svn -exclude .git -exclude .hg -resolve-src-symlinks -rename /Users/admin/builder/spi-builder-workspace/.derivedData/Build/Intermediates.noindex/swift-service-lifecycle.build/Debug/ServiceLifecycle.build/Objects-normal/arm64/ServiceLifecycle.swiftsourceinfo /Users/admin/builder/spi-builder-workspace/.derivedData/Build/Products/Debug/ServiceLifecycle.swiftmodule/Project/arm64-apple-macos.swiftsourceinfo
SwiftCompile normal arm64 Compiling\ ServiceGroup.swift /Users/admin/builder/spi-builder-workspace/.dependencies/checkouts/swift-service-lifecycle/Sources/ServiceLifecycle/ServiceGroup.swift (in target 'ServiceLifecycle' from project 'swift-service-lifecycle')
SwiftCompile normal arm64 /Users/admin/builder/spi-builder-workspace/.dependencies/checkouts/swift-service-lifecycle/Sources/ServiceLifecycle/ServiceGroup.swift (in target 'ServiceLifecycle' from project 'swift-service-lifecycle')
    cd /Users/admin/builder/spi-builder-workspace/.swiftpm/xcode

SwiftDriverJobDiscovery normal arm64 Compiling AsyncCancelOnGracefulShutdownSequence.swift (in target 'ServiceLifecycle' from project 'swift-service-lifecycle')
SwiftCompile normal arm64 Compiling\ ServiceRunnerError.swift /Users/admin/builder/spi-builder-workspace/.dependencies/checkouts/swift-service-lifecycle/Sources/ServiceLifecycle/ServiceRunnerError.swift (in target 'ServiceLifecycle' from project 'swift-service-lifecycle')
SwiftCompile normal arm64 /Users/admin/builder/spi-builder-workspace/.dependencies/checkouts/swift-service-lifecycle/Sources/ServiceLifecycle/ServiceRunnerError.swift (in target 'ServiceLifecycle' from project 'swift-service-lifecycle')
    cd /Users/admin/builder/spi-builder-workspace/.swiftpm/xcode

SwiftDriverJobDiscovery normal arm64 Compiling Service.swift (in target 'ServiceLifecycle' from project 'swift-service-lifecycle')
SwiftCompile normal arm64 Compiling\ ServiceGroupConfiguration.swift /Users/admin/builder/spi-builder-workspace/.dependencies/checkouts/swift-service-lifecycle/Sources/ServiceLifecycle/ServiceGroupConfiguration.swift (in target 'ServiceLifecycle' from project 'swift-service-lifecycle')
SwiftCompile normal arm64 /Users/admin/builder/spi-builder-workspace/.dependencies/checkouts/swift-service-lifecycle/Sources/ServiceLifecycle/ServiceGroupConfiguration.swift (in target 'ServiceLifecycle' from project 'swift-service-lifecycle')
    cd /Users/admin/builder/spi-builder-workspace/.swiftpm/xcode

SwiftCompile normal arm64 Compiling\ ClosureService.swift /Users/admin/builder/spi-builder-workspace/.dependencies/checkouts/swift-service-lifecycle/Sources/ServiceLifecycle/ClosureService.swift (in target 'ServiceLifecycle' from project 'swift-service-lifecycle')
SwiftCompile normal arm64 /Users/admin/builder/spi-builder-workspace/.dependencies/checkouts/swift-service-lifecycle/Sources/ServiceLifecycle/ClosureService.swift (in target 'ServiceLifecycle' from project 'swift-service-lifecycle')
    cd /Users/admin/builder/spi-builder-workspace/.swiftpm/xcode

SwiftDriverJobDiscovery normal arm64 Compiling ArgumentDefinition.swift, ArgumentSet.swift, CommandParser.swift, InputKey.swift (in target 'ArgumentParser' from project 'swift-argument-parser')
SwiftCompile normal arm64 Compiling\ RPCError+GoogleRPCStatus.swift /Users/admin/builder/spi-builder-workspace/.dependencies/checkouts/grpc-swift-protobuf/Sources/GRPCProtobuf/Errors/RPCError+GoogleRPCStatus.swift (in target 'GRPCProtobuf' from project 'grpc-swift-protobuf')
SwiftCompile normal arm64 /Users/admin/builder/spi-builder-workspace/.dependencies/checkouts/grpc-swift-protobuf/Sources/GRPCProtobuf/Errors/RPCError+GoogleRPCStatus.swift (in target 'GRPCProtobuf' from project 'grpc-swift-protobuf')
    cd /Users/admin/builder/spi-builder-workspace/.swiftpm/xcode

SwiftDriverJobDiscovery normal arm64 Emitting module for BenchmarkBoilerplateGenerator (in target 'BenchmarkBoilerplateGenerator' from project 'Benchmark')
SwiftDriver\ Compilation\ Requirements BenchmarkBoilerplateGenerator normal arm64 com.apple.xcode.tools.swift.compiler (in target 'BenchmarkBoilerplateGenerator' from project 'Benchmark')
    cd /Users/admin/builder/spi-builder-workspace/.swiftpm/xcode
    builtin-Swift-Compilation-Requirements -- /Applications/Xcode-26.3.0.app/Contents/Developer/Toolchains/XcodeDefault.xctoolchain/usr/bin/swiftc -module-name BenchmarkBoilerplateGenerator -Onone -enforce-exclusivity\=checked @/Users/admin/builder/spi-builder-workspace/.derivedData/Build/Intermediates.noindex/Benchmark.build/Debug/BenchmarkBoilerplateGenerator.build/Objects-normal/arm64/BenchmarkBoilerplateGenerator.SwiftFileList -DSWIFT_PACKAGE -DDEBUG -DJemalloc -DXcode -plugin-path /Applications/Xcode-26.3.0.app/Contents/Developer/Toolchains/XcodeDefault.xctoolchain/usr/lib/swift/host/plugins/testing -enable-experimental-feature DebugDescriptionMacro -sdk /Applications/Xcode-26.3.0.app/Contents/Developer/Platforms/MacOSX.platform/Developer/SDKs/MacOSX26.2.sdk -target arm64-apple-macos13.0 -g -module-cache-path /Users/admin/builder/spi-builder-workspace/.derivedData/ModuleCache.noindex -Xfrontend -serialize-debugging-options -profile-coverage-mapping -profile-generate -enable-testing -suppress-warnings -index-store-path /Users/admin/builder/spi-builder-workspace/.derivedData/Index.noindex/DataStore -Xcc -D_LIBCPP_HARDENING_MODE\=_LIBCPP_HARDENING_MODE_DEBUG -swift-version 6 -I /Users/admin/builder/spi-builder-workspace/.derivedData/Build/Products/Debug -Isystem /Applications/Xcode-26.3.0.app/Contents/Developer/Platforms/MacOSX.platform/Developer/usr/lib -F /Users/admin/builder/spi-builder-workspace/.derivedData/Build/Products/Debug/PackageFrameworks -F /Users/admin/builder/spi-builder-workspace/.derivedData/Build/Products/Debug/PackageFrameworks -F /Users/admin/builder/spi-builder-workspace/.derivedData/Build/Products/Debug/PackageFrameworks -F /Users/admin/builder/spi-builder-workspace/.derivedData/Build/Products/Debug/PackageFrameworks -F /Users/admin/builder/spi-builder-workspace/.derivedData/Build/Products/Debug -F /Applications/Xcode-26.3.0.app/Contents/Developer/Platforms/MacOSX.platform/Developer/Library/Frameworks -parse-as-library -c -j10 -enable-batch-mode -incremental -Xcc -ivfsstatcache -Xcc /Users/admin/builder/spi-builder-workspace/.derivedData/SDKStatCaches.noindex/macosx26.2-25C58-dc75598d0054f22ec865fa860f139d726b10091eae1b9012e514a50b0de53ce7.sdkstatcache -output-file-map /Users/admin/builder/spi-builder-workspace/.derivedData/Build/Intermediates.noindex/Benchmark.build/Debug/BenchmarkBoilerplateGenerator.build/Objects-normal/arm64/BenchmarkBoilerplateGenerator-OutputFileMap.json -use-frontend-parseable-output -save-temps -no-color-diagnostics -explicit-module-build -module-cache-path /Users/admin/builder/spi-builder-workspace/.derivedData/Build/Intermediates.noindex/SwiftExplicitPrecompiledModules -clang-scanner-module-cache-path /Users/admin/builder/spi-builder-workspace/.derivedData/ModuleCache.noindex -sdk-module-cache-path /Users/admin/builder/spi-builder-workspace/.derivedData/ModuleCache.noindex -serialize-diagnostics -emit-dependencies -emit-module -emit-module-path /Users/admin/builder/spi-builder-workspace/.derivedData/Build/Intermediates.noindex/Benchmark.build/Debug/BenchmarkBoilerplateGenerator.build/Objects-normal/arm64/BenchmarkBoilerplateGenerator.swiftmodule -user-module-version 1.38.1 -validate-clang-modules-once -clang-build-session-file /Users/admin/builder/spi-builder-workspace/.derivedData/ModuleCache.noindex/Session.modulevalidation -package-name benchmark -emit-const-values -Xfrontend -const-gather-protocols-file -Xfrontend /Users/admin/builder/spi-builder-workspace/.derivedData/Build/Intermediates.noindex/Benchmark.build/Debug/BenchmarkBoilerplateGenerator.build/Objects-normal/arm64/BenchmarkBoilerplateGenerator_const_extract_protocols.json -Xcc -I/Users/admin/builder/spi-builder-workspace/.dependencies/checkouts/swift-system/Sources/CSystem/include -Xcc -I/Users/admin/builder/spi-builder-workspace/.derivedData/Build/Products/Debug/include -Xcc -I/Users/admin/builder/spi-builder-workspace/.derivedData/Build/Intermediates.noindex/Benchmark.build/Debug/BenchmarkBoilerplateGenerator.build/DerivedSources-normal/arm64 -Xcc -I/Users/admin/builder/spi-builder-workspace/.derivedData/Build/Intermediates.noindex/Benchmark.build/Debug/BenchmarkBoilerplateGenerator.build/DerivedSources/arm64 -Xcc -I/Users/admin/builder/spi-builder-workspace/.derivedData/Build/Intermediates.noindex/Benchmark.build/Debug/BenchmarkBoilerplateGenerator.build/DerivedSources -Xcc -DSWIFT_PACKAGE -Xcc -DDEBUG\=1 -working-directory /Users/admin/builder/spi-builder-workspace/.swiftpm/xcode -experimental-emit-module-separately -disable-cmo
SwiftDriverJobDiscovery normal arm64 Emitting module for GRPCProtobuf (in target 'GRPCProtobuf' from project 'grpc-swift-protobuf')
SwiftDriver\ Compilation\ Requirements GRPCProtobuf normal arm64 com.apple.xcode.tools.swift.compiler (in target 'GRPCProtobuf' from project 'grpc-swift-protobuf')
    cd /Users/admin/builder/spi-builder-workspace/.swiftpm/xcode
    builtin-Swift-Compilation-Requirements -- /Applications/Xcode-26.3.0.app/Contents/Developer/Toolchains/XcodeDefault.xctoolchain/usr/bin/swiftc -module-name GRPCProtobuf -Onone -enforce-exclusivity\=checked @/Users/admin/builder/spi-builder-workspace/.derivedData/Build/Intermediates.noindex/grpc-swift-protobuf.build/Debug/GRPCProtobuf.build/Objects-normal/arm64/GRPCProtobuf.SwiftFileList -DSWIFT_PACKAGE -DDEBUG -DSWIFT_MODULE_RESOURCE_BUNDLE_UNAVAILABLE -DXcode -enable-experimental-feature AvailabilityMacro\=gRPCSwiftProtobuf\ 2.0:macOS\ 15.0,\ iOS\ 18.0,\ watchOS\ 11.0,\ tvOS\ 18.0,\ visionOS\ 2.0 -enable-experimental-feature AvailabilityMacro\=gRPCSwiftProtobuf\ 2.1:macOS\ 15.0,\ iOS\ 18.0,\ watchOS\ 11.0,\ tvOS\ 18.0,\ visionOS\ 2.0 -enable-upcoming-feature ExistentialAny -enable-upcoming-feature InternalImportsByDefault -enable-upcoming-feature MemberImportVisibility -plugin-path /Applications/Xcode-26.3.0.app/Contents/Developer/Toolchains/XcodeDefault.xctoolchain/usr/lib/swift/host/plugins/testing -enable-experimental-feature DebugDescriptionMacro -sdk /Applications/Xcode-26.3.0.app/Contents/Developer/Platforms/MacOSX.platform/Developer/SDKs/MacOSX26.2.sdk -target arm64-apple-macos10.13 -g -module-cache-path /Users/admin/builder/spi-builder-workspace/.derivedData/ModuleCache.noindex -Xfrontend -serialize-debugging-options -profile-coverage-mapping -profile-generate -enable-testing -suppress-warnings -index-store-path /Users/admin/builder/spi-builder-workspace/.derivedData/Index.noindex/DataStore -Xcc -D_LIBCPP_HARDENING_MODE\=_LIBCPP_HARDENING_MODE_DEBUG -swift-version 6 -I /Users/admin/builder/spi-builder-workspace/.derivedData/Build/Products/Debug -Isystem /Applications/Xcode-26.3.0.app/Contents/Developer/Platforms/MacOSX.platform/Developer/usr/lib -F /Users/admin/builder/spi-builder-workspace/.derivedData/Build/Products/Debug/PackageFrameworks -F /Users/admin/builder/spi-builder-workspace/.derivedData/Build/Products/Debug/PackageFrameworks -F /Users/admin/builder/spi-builder-workspace/.derivedData/Build/Products/Debug/PackageFrameworks -F /Users/admin/builder/spi-builder-workspace/.derivedData/Build/Products/Debug/PackageFrameworks -F /Users/admin/builder/spi-builder-workspace/.derivedData/Build/Products/Debug/PackageFrameworks -F /Users/admin/builder/spi-builder-workspace/.derivedData/Build/Products/Debug -F /Applications/Xcode-26.3.0.app/Contents/Developer/Platforms/MacOSX.platform/Developer/Library/Frameworks -c -j10 -enable-batch-mode -incremental -Xcc -ivfsstatcache -Xcc /Users/admin/builder/spi-builder-workspace/.derivedData/SDKStatCaches.noindex/macosx26.2-25C58-dc75598d0054f22ec865fa860f139d726b10091eae1b9012e514a50b0de53ce7.sdkstatcache -output-file-map /Users/admin/builder/spi-builder-workspace/.derivedData/Build/Intermediates.noindex/grpc-swift-protobuf.build/Debug/GRPCProtobuf.build/Objects-normal/arm64/GRPCProtobuf-OutputFileMap.json -use-frontend-parseable-output -save-temps -no-color-diagnostics -explicit-module-build -module-cache-path /Users/admin/builder/spi-builder-workspace/.derivedData/Build/Intermediates.noindex/SwiftExplicitPrecompiledModules -clang-scanner-module-cache-path /Users/admin/builder/spi-builder-workspace/.derivedData/ModuleCache.noindex -sdk-module-cache-path /Users/admin/builder/spi-builder-workspace/.derivedData/ModuleCache.noindex -serialize-diagnostics -emit-dependencies -emit-module -emit-module-path /Users/admin/builder/spi-builder-workspace/.derivedData/Build/Intermediates.noindex/grpc-swift-protobuf.build/Debug/GRPCProtobuf.build/Objects-normal/arm64/GRPCProtobuf.swiftmodule -user-module-version 2.5.0 -validate-clang-modules-once -clang-build-session-file /Users/admin/builder/spi-builder-workspace/.derivedData/ModuleCache.noindex/Session.modulevalidation -package-name grpc_swift_protobuf -Xcc -I/Users/admin/builder/spi-builder-workspace/.derivedData/Build/Intermediates.noindex/grpc-swift-protobuf.build/Debug/GRPCProtobuf.build/swift-overrides.hmap -emit-const-values -Xfrontend -const-gather-protocols-file -Xfrontend /Users/admin/builder/spi-builder-workspace/.derivedData/Build/Intermediates.noindex/grpc-swift-protobuf.build/Debug/GRPCProtobuf.build/Objects-normal/arm64/GRPCProtobuf_const_extract_protocols.json -Xcc -I/Users/admin/builder/spi-builder-workspace/.derivedData/Build/Products/Debug/include -Xcc -I/Users/admin/builder/spi-builder-workspace/.derivedData/Build/Intermediates.noindex/grpc-swift-protobuf.build/Debug/GRPCProtobuf.build/DerivedSources-normal/arm64 -Xcc -I/Users/admin/builder/spi-builder-workspace/.derivedData/Build/Intermediates.noindex/grpc-swift-protobuf.build/Debug/GRPCProtobuf.build/DerivedSources/arm64 -Xcc -I/Users/admin/builder/spi-builder-workspace/.derivedData/Build/Intermediates.noindex/grpc-swift-protobuf.build/Debug/GRPCProtobuf.build/DerivedSources -Xcc -DSWIFT_PACKAGE -Xcc -DDEBUG\=1 -emit-objc-header -emit-objc-header-path /Users/admin/builder/spi-builder-workspace/.derivedData/Build/Intermediates.noindex/grpc-swift-protobuf.build/Debug/GRPCProtobuf.build/Objects-normal/arm64/GRPCProtobuf-Swift.h -working-directory /Users/admin/builder/spi-builder-workspace/.swiftpm/xcode -experimental-emit-module-separately -disable-cmo
Copy /Users/admin/builder/spi-builder-workspace/.derivedData/Build/Products/Debug/BenchmarkBoilerplateGenerator.swiftmodule/arm64-apple-macos.swiftmodule /Users/admin/builder/spi-builder-workspace/.derivedData/Build/Intermediates.noindex/Benchmark.build/Debug/BenchmarkBoilerplateGenerator.build/Objects-normal/arm64/BenchmarkBoilerplateGenerator.swiftmodule (in target 'BenchmarkBoilerplateGenerator' from project 'Benchmark')
    cd /Users/admin/builder/spi-builder-workspace/.dependencies/checkouts/benchmark
    builtin-copy -exclude .DS_Store -exclude CVS -exclude .svn -exclude .git -exclude .hg -resolve-src-symlinks -rename /Users/admin/builder/spi-builder-workspace/.derivedData/Build/Intermediates.noindex/Benchmark.build/Debug/BenchmarkBoilerplateGenerator.build/Objects-normal/arm64/BenchmarkBoilerplateGenerator.swiftmodule /Users/admin/builder/spi-builder-workspace/.derivedData/Build/Products/Debug/BenchmarkBoilerplateGenerator.swiftmodule/arm64-apple-macos.swiftmodule
SwiftMergeGeneratedHeaders /Users/admin/builder/spi-builder-workspace/.derivedData/Build/Intermediates.noindex/GeneratedModuleMaps/GRPCProtobuf-Swift.h /Users/admin/builder/spi-builder-workspace/.derivedData/Build/Intermediates.noindex/grpc-swift-protobuf.build/Debug/GRPCProtobuf.build/Objects-normal/arm64/GRPCProtobuf-Swift.h (in target 'GRPCProtobuf' from project 'grpc-swift-protobuf')
    cd /Users/admin/builder/spi-builder-workspace/.dependencies/checkouts/grpc-swift-protobuf
    builtin-swiftHeaderTool -arch arm64 /Users/admin/builder/spi-builder-workspace/.derivedData/Build/Intermediates.noindex/grpc-swift-protobuf.build/Debug/GRPCProtobuf.build/Objects-normal/arm64/GRPCProtobuf-Swift.h -o /Users/admin/builder/spi-builder-workspace/.derivedData/Build/Intermediates.noindex/GeneratedModuleMaps/GRPCProtobuf-Swift.h
Copy /Users/admin/builder/spi-builder-workspace/.derivedData/Build/Products/Debug/GRPCProtobuf.swiftmodule/arm64-apple-macos.swiftmodule /Users/admin/builder/spi-builder-workspace/.derivedData/Build/Intermediates.noindex/grpc-swift-protobuf.build/Debug/GRPCProtobuf.build/Objects-normal/arm64/GRPCProtobuf.swiftmodule (in target 'GRPCProtobuf' from project 'grpc-swift-protobuf')
    cd /Users/admin/builder/spi-builder-workspace/.dependencies/checkouts/grpc-swift-protobuf
    builtin-copy -exclude .DS_Store -exclude CVS -exclude .svn -exclude .git -exclude .hg -resolve-src-symlinks -rename /Users/admin/builder/spi-builder-workspace/.derivedData/Build/Intermediates.noindex/grpc-swift-protobuf.build/Debug/GRPCProtobuf.build/Objects-normal/arm64/GRPCProtobuf.swiftmodule /Users/admin/builder/spi-builder-workspace/.derivedData/Build/Products/Debug/GRPCProtobuf.swiftmodule/arm64-apple-macos.swiftmodule
Copy /Users/admin/builder/spi-builder-workspace/.derivedData/Build/Products/Debug/GRPCProtobuf.swiftmodule/arm64-apple-macos.swiftdoc /Users/admin/builder/spi-builder-workspace/.derivedData/Build/Intermediates.noindex/grpc-swift-protobuf.build/Debug/GRPCProtobuf.build/Objects-normal/arm64/GRPCProtobuf.swiftdoc (in target 'GRPCProtobuf' from project 'grpc-swift-protobuf')
    cd /Users/admin/builder/spi-builder-workspace/.dependencies/checkouts/grpc-swift-protobuf
    builtin-copy -exclude .DS_Store -exclude CVS -exclude .svn -exclude .git -exclude .hg -resolve-src-symlinks -rename /Users/admin/builder/spi-builder-workspace/.derivedData/Build/Intermediates.noindex/grpc-swift-protobuf.build/Debug/GRPCProtobuf.build/Objects-normal/arm64/GRPCProtobuf.swiftdoc /Users/admin/builder/spi-builder-workspace/.derivedData/Build/Products/Debug/GRPCProtobuf.swiftmodule/arm64-apple-macos.swiftdoc
Copy /Users/admin/builder/spi-builder-workspace/.derivedData/Build/Products/Debug/GRPCProtobuf.swiftmodule/arm64-apple-macos.abi.json /Users/admin/builder/spi-builder-workspace/.derivedData/Build/Intermediates.noindex/grpc-swift-protobuf.build/Debug/GRPCProtobuf.build/Objects-normal/arm64/GRPCProtobuf.abi.json (in target 'GRPCProtobuf' from project 'grpc-swift-protobuf')
    cd /Users/admin/builder/spi-builder-workspace/.dependencies/checkouts/grpc-swift-protobuf
    builtin-copy -exclude .DS_Store -exclude CVS -exclude .svn -exclude .git -exclude .hg -resolve-src-symlinks -rename /Users/admin/builder/spi-builder-workspace/.derivedData/Build/Intermediates.noindex/grpc-swift-protobuf.build/Debug/GRPCProtobuf.build/Objects-normal/arm64/GRPCProtobuf.abi.json /Users/admin/builder/spi-builder-workspace/.derivedData/Build/Products/Debug/GRPCProtobuf.swiftmodule/arm64-apple-macos.abi.json
Copy /Users/admin/builder/spi-builder-workspace/.derivedData/Build/Products/Debug/GRPCProtobuf.swiftmodule/Project/arm64-apple-macos.swiftsourceinfo /Users/admin/builder/spi-builder-workspace/.derivedData/Build/Intermediates.noindex/grpc-swift-protobuf.build/Debug/GRPCProtobuf.build/Objects-normal/arm64/GRPCProtobuf.swiftsourceinfo (in target 'GRPCProtobuf' from project 'grpc-swift-protobuf')
    cd /Users/admin/builder/spi-builder-workspace/.dependencies/checkouts/grpc-swift-protobuf
    builtin-copy -exclude .DS_Store -exclude CVS -exclude .svn -exclude .git -exclude .hg -resolve-src-symlinks -rename /Users/admin/builder/spi-builder-workspace/.derivedData/Build/Intermediates.noindex/grpc-swift-protobuf.build/Debug/GRPCProtobuf.build/Objects-normal/arm64/GRPCProtobuf.swiftsourceinfo /Users/admin/builder/spi-builder-workspace/.derivedData/Build/Products/Debug/GRPCProtobuf.swiftmodule/Project/arm64-apple-macos.swiftsourceinfo
Copy /Users/admin/builder/spi-builder-workspace/.derivedData/Build/Products/Debug/BenchmarkBoilerplateGenerator.swiftmodule/arm64-apple-macos.swiftdoc /Users/admin/builder/spi-builder-workspace/.derivedData/Build/Intermediates.noindex/Benchmark.build/Debug/BenchmarkBoilerplateGenerator.build/Objects-normal/arm64/BenchmarkBoilerplateGenerator.swiftdoc (in target 'BenchmarkBoilerplateGenerator' from project 'Benchmark')
    cd /Users/admin/builder/spi-builder-workspace/.dependencies/checkouts/benchmark
    builtin-copy -exclude .DS_Store -exclude CVS -exclude .svn -exclude .git -exclude .hg -resolve-src-symlinks -rename /Users/admin/builder/spi-builder-workspace/.derivedData/Build/Intermediates.noindex/Benchmark.build/Debug/BenchmarkBoilerplateGenerator.build/Objects-normal/arm64/BenchmarkBoilerplateGenerator.swiftdoc /Users/admin/builder/spi-builder-workspace/.derivedData/Build/Products/Debug/BenchmarkBoilerplateGenerator.swiftmodule/arm64-apple-macos.swiftdoc
Copy /Users/admin/builder/spi-builder-workspace/.derivedData/Build/Products/Debug/BenchmarkBoilerplateGenerator.swiftmodule/arm64-apple-macos.abi.json /Users/admin/builder/spi-builder-workspace/.derivedData/Build/Intermediates.noindex/Benchmark.build/Debug/BenchmarkBoilerplateGenerator.build/Objects-normal/arm64/BenchmarkBoilerplateGenerator.abi.json (in target 'BenchmarkBoilerplateGenerator' from project 'Benchmark')
    cd /Users/admin/builder/spi-builder-workspace/.dependencies/checkouts/benchmark
    builtin-copy -exclude .DS_Store -exclude CVS -exclude .svn -exclude .git -exclude .hg -resolve-src-symlinks -rename /Users/admin/builder/spi-builder-workspace/.derivedData/Build/Intermediates.noindex/Benchmark.build/Debug/BenchmarkBoilerplateGenerator.build/Objects-normal/arm64/BenchmarkBoilerplateGenerator.abi.json /Users/admin/builder/spi-builder-workspace/.derivedData/Build/Products/Debug/BenchmarkBoilerplateGenerator.swiftmodule/arm64-apple-macos.abi.json
Copy /Users/admin/builder/spi-builder-workspace/.derivedData/Build/Products/Debug/BenchmarkBoilerplateGenerator.swiftmodule/Project/arm64-apple-macos.swiftsourceinfo /Users/admin/builder/spi-builder-workspace/.derivedData/Build/Intermediates.noindex/Benchmark.build/Debug/BenchmarkBoilerplateGenerator.build/Objects-normal/arm64/BenchmarkBoilerplateGenerator.swiftsourceinfo (in target 'BenchmarkBoilerplateGenerator' from project 'Benchmark')
    cd /Users/admin/builder/spi-builder-workspace/.dependencies/checkouts/benchmark
    builtin-copy -exclude .DS_Store -exclude CVS -exclude .svn -exclude .git -exclude .hg -resolve-src-symlinks -rename /Users/admin/builder/spi-builder-workspace/.derivedData/Build/Intermediates.noindex/Benchmark.build/Debug/BenchmarkBoilerplateGenerator.build/Objects-normal/arm64/BenchmarkBoilerplateGenerator.swiftsourceinfo /Users/admin/builder/spi-builder-workspace/.derivedData/Build/Products/Debug/BenchmarkBoilerplateGenerator.swiftmodule/Project/arm64-apple-macos.swiftsourceinfo
SwiftCompile normal arm64 Compiling\ GoogleRPCStatus.swift /Users/admin/builder/spi-builder-workspace/.dependencies/checkouts/grpc-swift-protobuf/Sources/GRPCProtobuf/Errors/GoogleRPCStatus.swift (in target 'GRPCProtobuf' from project 'grpc-swift-protobuf')
SwiftCompile normal arm64 /Users/admin/builder/spi-builder-workspace/.dependencies/checkouts/grpc-swift-protobuf/Sources/GRPCProtobuf/Errors/GoogleRPCStatus.swift (in target 'GRPCProtobuf' from project 'grpc-swift-protobuf')
    cd /Users/admin/builder/spi-builder-workspace/.swiftpm/xcode

SwiftCompile normal arm64 Compiling\ Coding.swift,\ ContiguousBytesAdapter.swift /Users/admin/builder/spi-builder-workspace/.dependencies/checkouts/grpc-swift-protobuf/Sources/GRPCProtobuf/Coding.swift /Users/admin/builder/spi-builder-workspace/.dependencies/checkouts/grpc-swift-protobuf/Sources/GRPCProtobuf/ContiguousBytesAdapter.swift (in target 'GRPCProtobuf' from project 'grpc-swift-protobuf')
SwiftCompile normal arm64 /Users/admin/builder/spi-builder-workspace/.dependencies/checkouts/grpc-swift-protobuf/Sources/GRPCProtobuf/Coding.swift (in target 'GRPCProtobuf' from project 'grpc-swift-protobuf')
    cd /Users/admin/builder/spi-builder-workspace/.swiftpm/xcode

SwiftCompile normal arm64 /Users/admin/builder/spi-builder-workspace/.dependencies/checkouts/grpc-swift-protobuf/Sources/GRPCProtobuf/ContiguousBytesAdapter.swift (in target 'GRPCProtobuf' from project 'grpc-swift-protobuf')
    cd /Users/admin/builder/spi-builder-workspace/.swiftpm/xcode

SwiftDriverJobDiscovery normal arm64 Compiling GracefulShutdown.swift (in target 'ServiceLifecycle' from project 'swift-service-lifecycle')
SwiftCompile normal arm64 Compiling\ error_details.pb.swift /Users/admin/builder/spi-builder-workspace/.dependencies/checkouts/grpc-swift-protobuf/Sources/GRPCProtobuf/Errors/Generated/error_details.pb.swift (in target 'GRPCProtobuf' from project 'grpc-swift-protobuf')
SwiftCompile normal arm64 /Users/admin/builder/spi-builder-workspace/.dependencies/checkouts/grpc-swift-protobuf/Sources/GRPCProtobuf/Errors/Generated/error_details.pb.swift (in target 'GRPCProtobuf' from project 'grpc-swift-protobuf')
    cd /Users/admin/builder/spi-builder-workspace/.swiftpm/xcode

SwiftDriverJobDiscovery normal arm64 Compiling ClosureService.swift (in target 'ServiceLifecycle' from project 'swift-service-lifecycle')
SwiftCompile normal arm64 Compiling\ ErrorDetails+CustomStringConvertible.swift /Users/admin/builder/spi-builder-workspace/.dependencies/checkouts/grpc-swift-protobuf/Sources/GRPCProtobuf/Errors/ErrorDetails+CustomStringConvertible.swift (in target 'GRPCProtobuf' from project 'grpc-swift-protobuf')
SwiftCompile normal arm64 /Users/admin/builder/spi-builder-workspace/.dependencies/checkouts/grpc-swift-protobuf/Sources/GRPCProtobuf/Errors/ErrorDetails+CustomStringConvertible.swift (in target 'GRPCProtobuf' from project 'grpc-swift-protobuf')
    cd /Users/admin/builder/spi-builder-workspace/.swiftpm/xcode

SwiftDriverJobDiscovery normal arm64 Compiling HelpGenerator.swift, MessageInfo.swift, UsageGenerator.swift, CollectionExtensions.swift (in target 'ArgumentParser' from project 'swift-argument-parser')
SwiftCompile normal arm64 Compiling\ ErrorDetails+AnyPacking.swift /Users/admin/builder/spi-builder-workspace/.dependencies/checkouts/grpc-swift-protobuf/Sources/GRPCProtobuf/Errors/ErrorDetails+AnyPacking.swift (in target 'GRPCProtobuf' from project 'grpc-swift-protobuf')
SwiftDriverJobDiscovery normal arm64 Compiling ServiceRunnerError.swift (in target 'ServiceLifecycle' from project 'swift-service-lifecycle')
SwiftCompile normal arm64 Compiling\ status.pb.swift /Users/admin/builder/spi-builder-workspace/.dependencies/checkouts/grpc-swift-protobuf/Sources/GRPCProtobuf/Errors/Generated/status.pb.swift (in target 'GRPCProtobuf' from project 'grpc-swift-protobuf')
SwiftDriverJobDiscovery normal arm64 Emitting module for NIOCore (in target 'NIOCore' from project 'swift-nio')
SwiftDriver\ Compilation\ Requirements NIOCore normal arm64 com.apple.xcode.tools.swift.compiler (in target 'NIOCore' from project 'swift-nio')
    cd /Users/admin/builder/spi-builder-workspace/.swiftpm/xcode
    builtin-Swift-Compilation-Requirements -- /Applications/Xcode-26.3.0.app/Contents/Developer/Toolchains/XcodeDefault.xctoolchain/usr/bin/swiftc -module-name NIOCore -Onone -enforce-exclusivity\=checked @/Users/admin/builder/spi-builder-workspace/.derivedData/Build/Intermediates.noindex/swift-nio.build/Debug/NIOCore.build/Objects-normal/arm64/NIOCore.SwiftFileList -DSWIFT_PACKAGE -DDEBUG -DSWIFT_MODULE_RESOURCE_BUNDLE_UNAVAILABLE -Xcc -fmodule-map-file\=/Users/admin/builder/spi-builder-workspace/.derivedData/Build/Intermediates.noindex/GeneratedModuleMaps/CNIOWASI.modulemap -Xcc -fmodule-map-file\=/Users/admin/builder/spi-builder-workspace/.derivedData/Build/Intermediates.noindex/GeneratedModuleMaps/CNIOLinux.modulemap -Xcc -fmodule-map-file\=/Users/admin/builder/spi-builder-workspace/.derivedData/Build/Intermediates.noindex/GeneratedModuleMaps/CNIODarwin.modulemap -Xcc -fmodule-map-file\=/Users/admin/builder/spi-builder-workspace/.derivedData/Build/Intermediates.noindex/GeneratedModuleMaps/CNIOFreeBSD.modulemap -Xcc -fmodule-map-file\=/Users/admin/builder/spi-builder-workspace/.derivedData/Build/Intermediates.noindex/GeneratedModuleMaps/CNIOOpenBSD.modulemap -Xcc -fmodule-map-file\=/Users/admin/builder/spi-builder-workspace/.derivedData/Build/Intermediates.noindex/GeneratedModuleMaps/CNIOAtomics.modulemap -DXcode -enable-experimental-feature Lifetimes -enable-upcoming-feature MemberImportVisibility -plugin-path /Applications/Xcode-26.3.0.app/Contents/Developer/Toolchains/XcodeDefault.xctoolchain/usr/lib/swift/host/plugins/testing -enable-experimental-feature DebugDescriptionMacro -sdk /Applications/Xcode-26.3.0.app/Contents/Developer/Platforms/MacOSX.platform/Developer/SDKs/MacOSX26.2.sdk -target arm64-apple-macos10.13 -g -module-cache-path /Users/admin/builder/spi-builder-workspace/.derivedData/ModuleCache.noindex -Xfrontend -serialize-debugging-options -profile-coverage-mapping -profile-generate -enable-testing -suppress-warnings -index-store-path /Users/admin/builder/spi-builder-workspace/.derivedData/Index.noindex/DataStore -Xcc -D_LIBCPP_HARDENING_MODE\=_LIBCPP_HARDENING_MODE_DEBUG -swift-version 6 -I /Users/admin/builder/spi-builder-workspace/.derivedData/Build/Products/Debug -Isystem /Applications/Xcode-26.3.0.app/Contents/Developer/Platforms/MacOSX.platform/Developer/usr/lib -F /Users/admin/builder/spi-builder-workspace/.derivedData/Build/Products/Debug/PackageFrameworks -F /Users/admin/builder/spi-builder-workspace/.derivedData/Build/Products/Debug/PackageFrameworks -F /Users/admin/builder/spi-builder-workspace/.derivedData/Build/Products/Debug/PackageFrameworks -F /Users/admin/builder/spi-builder-workspace/.derivedData/Build/Products/Debug/PackageFrameworks -F /Users/admin/builder/spi-builder-workspace/.derivedData/Build/Products/Debug/PackageFrameworks -F /Users/admin/builder/spi-builder-workspace/.derivedData/Build/Products/Debug/PackageFrameworks -F /Users/admin/builder/spi-builder-workspace/.derivedData/Build/Products/Debug/PackageFrameworks -F /Users/admin/builder/spi-builder-workspace/.derivedData/Build/Products/Debug/PackageFrameworks -F /Users/admin/builder/spi-builder-workspace/.derivedData/Build/Products/Debug/PackageFrameworks -F /Users/admin/builder/spi-builder-workspace/.derivedData/Build/Products/Debug/PackageFrameworks -F /Users/admin/builder/spi-builder-workspace/.derivedData/Build/Products/Debug/PackageFrameworks -F /Users/admin/builder/spi-builder-workspace/.derivedData/Build/Products/Debug/PackageFrameworks -F /Users/admin/builder/spi-builder-workspace/.derivedData/Build/Products/Debug/PackageFrameworks -F /Users/admin/builder/spi-builder-workspace/.derivedData/Build/Products/Debug/PackageFrameworks -F /Users/admin/builder/spi-builder-workspace/.derivedData/Build/Products/Debug/PackageFrameworks -F /Users/admin/builder/spi-builder-workspace/.derivedData/Build/Products/Debug -F /Applications/Xcode-26.3.0.app/Contents/Developer/Platforms/MacOSX.platform/Developer/Library/Frameworks -c -j10 -enable-batch-mode -incremental -Xcc -ivfsstatcache -Xcc /Users/admin/builder/spi-builder-workspace/.derivedData/SDKStatCaches.noindex/macosx26.2-25C58-dc75598d0054f22ec865fa860f139d726b10091eae1b9012e514a50b0de53ce7.sdkstatcache -output-file-map /Users/admin/builder/spi-builder-workspace/.derivedData/Build/Intermediates.noindex/swift-nio.build/Debug/NIOCore.build/Objects-normal/arm64/NIOCore-OutputFileMap.json -use-frontend-parseable-output -save-temps -no-color-diagnostics -explicit-module-build -module-cache-path /Users/admin/builder/spi-builder-workspace/.derivedData/Build/Intermediates.noindex/SwiftExplicitPrecompiledModules -clang-scanner-module-cache-path /Users/admin/builder/spi-builder-workspace/.derivedData/ModuleCache.noindex -sdk-module-cache-path /Users/admin/builder/spi-builder-workspace/.derivedData/ModuleCache.noindex -serialize-diagnostics -emit-dependencies -emit-module -emit-module-path /Users/admin/builder/spi-builder-workspace/.derivedData/Build/Intermediates.noindex/swift-nio.build/Debug/NIOCore.build/Objects-normal/arm64/NIOCore.swiftmodule -user-module-version 2.104.0 -validate-clang-modules-once -clang-build-session-file /Users/admin/builder/spi-builder-workspace/.derivedData/ModuleCache.noindex/Session.modulevalidation -package-name swift_nio -Xcc -I/Users/admin/builder/spi-builder-workspace/.derivedData/Build/Intermediates.noindex/swift-nio.build/Debug/NIOCore.build/swift-overrides.hmap -emit-const-values -Xfrontend -const-gather-protocols-file -Xfrontend /Users/admin/builder/spi-builder-workspace/.derivedData/Build/Intermediates.noindex/swift-nio.build/Debug/NIOCore.build/Objects-normal/arm64/NIOCore_const_extract_protocols.json -Xcc -I/Users/admin/builder/spi-builder-workspace/.dependencies/checkouts/swift-atomics/Sources/_AtomicsShims/include -Xcc -I/Users/admin/builder/spi-builder-workspace/.dependencies/checkouts/swift-nio/Sources/CNIOWASI/include -Xcc -I/Users/admin/builder/spi-builder-workspace/.dependencies/checkouts/swift-nio/Sources/CNIOWindows/include -Xcc -I/Users/admin/builder/spi-builder-workspace/.dependencies/checkouts/swift-nio/Sources/CNIOLinux/include -Xcc -I/Users/admin/builder/spi-builder-workspace/.dependencies/checkouts/swift-nio/Sources/CNIODarwin/include -Xcc -I/Users/admin/builder/spi-builder-workspace/.dependencies/checkouts/swift-nio/Sources/CNIOFreeBSD/include -Xcc -I/Users/admin/builder/spi-builder-workspace/.dependencies/checkouts/swift-nio/Sources/CNIOOpenBSD/include -Xcc -I/Users/admin/builder/spi-builder-workspace/.dependencies/checkouts/swift-nio/Sources/CNIOAtomics/include -Xcc -I/Users/admin/builder/spi-builder-workspace/.derivedData/Build/Products/Debug/include -Xcc -I/Users/admin/builder/spi-builder-workspace/.derivedData/Build/Intermediates.noindex/swift-nio.build/Debug/NIOCore.build/DerivedSources-normal/arm64 -Xcc -I/Users/admin/builder/spi-builder-workspace/.derivedData/Build/Intermediates.noindex/swift-nio.build/Debug/NIOCore.build/DerivedSources/arm64 -Xcc -I/Users/admin/builder/spi-builder-workspace/.derivedData/Build/Intermediates.noindex/swift-nio.build/Debug/NIOCore.build/DerivedSources -Xcc -DSWIFT_PACKAGE -Xcc -DDEBUG\=1 -emit-objc-header -emit-objc-header-path /Users/admin/builder/spi-builder-workspace/.derivedData/Build/Intermediates.noindex/swift-nio.build/Debug/NIOCore.build/Objects-normal/arm64/NIOCore-Swift.h -working-directory /Users/admin/builder/spi-builder-workspace/.swiftpm/xcode -experimental-emit-module-separately -disable-cmo
2026-10-27 11:44:45.718 xcodebuild[1874:9403] [MT] IDERunDestination: Supported platforms for the buildables in the current scheme is empty.
--- xcodebuild: WARNING: Using the first of multiple matching destinations:
{ platform:macOS, arch:arm64, id:4dafe4ba65bdeaaf9794845ee3cd1f8635f76694, name:My Mac }
{ platform:macOS, arch:arm64, variant:Mac Catalyst, id:4dafe4ba65bdeaaf9794845ee3cd1f8635f76694, name:My Mac }
{ platform:macOS, arch:arm64, variant:DriverKit, id:4dafe4ba65bdeaaf9794845ee3cd1f8635f76694, name:My Mac }
{ platform:macOS, arch:arm64, variant:Designed for [iPad,iPhone], id:4dafe4ba65bdeaaf9794845ee3cd1f8635f76694, name:My Mac }
error: Clang dependency scanner failure: While building module 'jemalloc' imported from jemalloc-7fb65762.input:1:
In file included from <module-includes>:1:
/Users/admin/builder/spi-builder-workspace/.dependencies/checkouts/package-jemalloc/Sources/jemalloc/../../Headers/jemalloc.h:1:10: fatal error: 'jemalloc/jemalloc.h' file not found
jemalloc-7fb65762.input:1:1: fatal error: could not build module 'jemalloc'
error: Clang dependency scanner failure: While building module 'jemalloc' imported from jemalloc-b4cf8639.input:1:
In file included from <module-includes>:1:
/Users/admin/builder/spi-builder-workspace/.dependencies/checkouts/package-jemalloc/Sources/jemalloc/../../Headers/jemalloc.h:1:10: fatal error: 'jemalloc/jemalloc.h' file not found
jemalloc-b4cf8639.input:1:1: fatal error: could not build module 'jemalloc'
error: Clang dependency scanner failure: While building module 'jemalloc' imported from jemalloc-ff55ae96.input:1:
In file included from <module-includes>:1:
/Users/admin/builder/spi-builder-workspace/.dependencies/checkouts/package-jemalloc/Sources/jemalloc/../../Headers/jemalloc.h:1:10: fatal error: 'jemalloc/jemalloc.h' file not found
jemalloc-ff55ae96.input:1:1: fatal error: could not build module 'jemalloc'
error: Clang dependency scanner failure: While building module 'jemalloc' imported from jemalloc-1c4b769f.input:1:
In file included from <module-includes>:1:
/Users/admin/builder/spi-builder-workspace/.dependencies/checkouts/package-jemalloc/Sources/jemalloc/../../Headers/jemalloc.h:1:10: fatal error: 'jemalloc/jemalloc.h' file not found
jemalloc-1c4b769f.input:1:1: fatal error: could not build module 'jemalloc'
error: Clang dependency scanner failure: While building module 'jemalloc' imported from jemalloc-66eb4977.input:1:
In file included from <module-includes>:1:
/Users/admin/builder/spi-builder-workspace/.dependencies/checkouts/package-jemalloc/Sources/jemalloc/../../Headers/jemalloc.h:1:10: fatal error: 'jemalloc/jemalloc.h' file not found
jemalloc-66eb4977.input:1:1: fatal error: could not build module 'jemalloc'
error: Clang dependency scanner failure: While building module 'jemalloc' imported from jemalloc-8bbf31d0.input:1:
In file included from <module-includes>:1:
/Users/admin/builder/spi-builder-workspace/.dependencies/checkouts/package-jemalloc/Sources/jemalloc/../../Headers/jemalloc.h:1:10: fatal error: 'jemalloc/jemalloc.h' file not found
jemalloc-8bbf31d0.input:1:1: fatal error: could not build module 'jemalloc'
error: Clang dependency scanner failure: While building module 'jemalloc' imported from jemalloc-20bd3e95.input:1:
In file included from <module-includes>:1:
/Users/admin/builder/spi-builder-workspace/.dependencies/checkouts/package-jemalloc/Sources/jemalloc/../../Headers/jemalloc.h:1:10: fatal error: 'jemalloc/jemalloc.h' file not found
jemalloc-20bd3e95.input:1:1: fatal error: could not build module 'jemalloc'
error: Clang dependency scanner failure: While building module 'jemalloc' imported from jemalloc-2dab90a1.input:1:
In file included from <module-includes>:1:
/Users/admin/builder/spi-builder-workspace/.dependencies/checkouts/package-jemalloc/Sources/jemalloc/../../Headers/jemalloc.h:1:10: fatal error: 'jemalloc/jemalloc.h' file not found
jemalloc-2dab90a1.input:1:1: fatal error: could not build module 'jemalloc'
error: Clang dependency scanner failure: While building module 'jemalloc' imported from jemalloc-9fd67acd.input:1:
In file included from <module-includes>:1:
/Users/admin/builder/spi-builder-workspace/.dependencies/checkouts/package-jemalloc/Sources/jemalloc/../../Headers/jemalloc.h:1:10: fatal error: 'jemalloc/jemalloc.h' file not found
jemalloc-9fd67acd.input:1:1: fatal error: could not build module 'jemalloc'
error: Clang dependency scanner failure: While building module 'jemalloc' imported from jemalloc-92e793d5.input:1:
In file included from <module-includes>:1:
/Users/admin/builder/spi-builder-workspace/.dependencies/checkouts/package-jemalloc/Sources/jemalloc/../../Headers/jemalloc.h:1:10: fatal error: 'jemalloc/jemalloc.h' file not found
jemalloc-92e793d5.input:1:1: fatal error: could not build module 'jemalloc'
/Users/admin/builder/spi-builder-workspace/.dependencies/checkouts/benchmark/Sources/Benchmark/MallocStats/MallocStatsProducer+jemalloc.swift:14:8: error: Unable to find module dependency: 'jemalloc'
import jemalloc
       ^
/Users/admin/builder/spi-builder-workspace/.dependencies/checkouts/benchmark/Sources/Benchmark/MallocStats/MallocStatsProducer+jemalloc.swift:14:8: note: a dependency of main module 'Benchmark'
import jemalloc
       ^
** BUILD FAILED **
The following build commands failed:
	SwiftDriver Benchmark normal arm64 com.apple.xcode.tools.swift.compiler (in target 'Benchmark' from project 'Benchmark')
	Building workspace spi-builder-workspace with scheme swift-kurrentdb-Package
(2 failures)
Command line invocation:
    /Applications/Xcode-26.3.0.app/Contents/Developer/usr/bin/xcodebuild -IDEClonedSourcePackagesDirPathOverride=/Users/admin/builder/spi-builder-workspace/.dependencies -resolvePackageDependencies
Resolve Package Graph
failed to retrieve search paths with pkg-config; maybe pkg-config is not installedyou may be able to install jemalloc using your system-packager:
    brew install jemalloc
Resolved source packages:
  Benchmark: https://github.com/ordo-one/benchmark.git @ 1.38.1
  swift-collections: https://github.com/apple/swift-collections.git @ 1.7.5
  swift-certificates: https://github.com/apple/swift-certificates.git @ 1.21.1
  swift-nio-ssl: https://github.com/apple/swift-nio-ssl.git @ 2.37.5
  swift-argument-parser: https://github.com/apple/swift-argument-parser.git @ 1.5.1
  swift-atomics: https://github.com/apple/swift-atomics.git @ 1.3.1
  swift-log: https://github.com/apple/swift-log.git @ 1.16.2
  grpc-swift-nio-transport: https://github.com/grpc/grpc-swift-nio-transport.git @ 2.11.0
  SwiftProtobuf: https://github.com/apple/swift-protobuf.git @ 1.39.0
  swift-nio-extras: https://github.com/apple/swift-nio-extras.git @ 1.35.2
  swift-http-structured-headers: https://github.com/apple/swift-http-structured-headers.git @ 1.7.0
  swift-nio-http2: https://github.com/apple/swift-nio-http2.git @ 1.46.0
  swift-crypto: https://github.com/apple/swift-crypto.git @ 5.0.3
  swift-numerics: https://github.com/apple/swift-numerics @ 1.1.1
  package-histogram: https://github.com/HdrHistogram/hdrhistogram-swift.git @ 0.2.0
  swift-nio-transport-services: https://github.com/apple/swift-nio-transport-services.git @ 1.28.0
  swift-http-types: https://github.com/apple/swift-http-types.git @ 1.8.0
  swift-kurrentdb: /Users/admin/builder/spi-builder-workspace
  grpc-swift-2: https://github.com/grpc/grpc-swift-2.git @ 2.4.4
  swift-asn1: https://github.com/apple/swift-asn1.git @ 1.7.3
  swift-system: https://github.com/apple/swift-system.git @ 1.8.1
  swift-async-algorithms: https://github.com/apple/swift-async-algorithms.git @ 1.1.7
  swift-algorithms: https://github.com/apple/swift-algorithms.git @ 1.2.1
  swift-nio: https://github.com/apple/swift-nio.git @ 2.104.0
  jemalloc: https://github.com/ordo-one/package-jemalloc.git @ 1.0.0
  swift-service-lifecycle: https://github.com/swift-server/swift-service-lifecycle.git @ 2.13.0
  grpc-swift-protobuf: https://github.com/grpc/grpc-swift-protobuf.git @ 2.5.0
  TextTable: https://github.com/ordo-one/TextTable.git @ 0.0.2
resolved source packages: Benchmark, swift-collections, swift-certificates, swift-nio-ssl, swift-argument-parser, swift-atomics, swift-log, grpc-swift-nio-transport, SwiftProtobuf, swift-nio-extras, swift-http-structured-headers, swift-nio-http2, swift-crypto, swift-numerics, package-histogram, swift-nio-transport-services, swift-http-types, swift-kurrentdb, grpc-swift-2, swift-asn1, swift-system, swift-async-algorithms, swift-algorithms, swift-nio, jemalloc, swift-service-lifecycle, grpc-swift-protobuf, TextTable
2026-10-27 11:45:43.925 xcodebuild[4670:16755] [MT] IDERunDestination: Supported platforms for the buildables in the current scheme is empty.
{
  "dependencies" : [
    {
      "identity" : "grpc-swift-2",
      "requirement" : {
        "range" : [
          {
            "lower_bound" : "2.0.0",
            "upper_bound" : "3.0.0"
          }
        ]
      },
      "type" : "sourceControl",
      "url" : "https://github.com/grpc/grpc-swift-2.git"
    },
    {
      "identity" : "grpc-swift-nio-transport",
      "requirement" : {
        "range" : [
          {
            "lower_bound" : "2.0.0",
            "upper_bound" : "3.0.0"
          }
        ]
      },
      "type" : "sourceControl",
      "url" : "https://github.com/grpc/grpc-swift-nio-transport.git"
    },
    {
      "identity" : "grpc-swift-protobuf",
      "requirement" : {
        "range" : [
          {
            "lower_bound" : "2.0.0",
            "upper_bound" : "3.0.0"
          }
        ]
      },
      "type" : "sourceControl",
      "url" : "https://github.com/grpc/grpc-swift-protobuf.git"
    },
    {
      "identity" : "swift-log",
      "requirement" : {
        "range" : [
          {
            "lower_bound" : "1.0.0",
            "upper_bound" : "2.0.0"
          }
        ]
      },
      "type" : "sourceControl",
      "url" : "https://github.com/apple/swift-log.git"
    },
    {
      "identity" : "swift-protobuf",
      "requirement" : {
        "range" : [
          {
            "lower_bound" : "1.33.3",
            "upper_bound" : "2.0.0"
          }
        ]
      },
      "type" : "sourceControl",
      "url" : "https://github.com/apple/swift-protobuf.git"
    },
    {
      "identity" : "benchmark",
      "requirement" : {
        "range" : [
          {
            "lower_bound" : "1.36.2",
            "upper_bound" : "2.0.0"
          }
        ]
      },
      "type" : "sourceControl",
      "url" : "https://github.com/ordo-one/benchmark.git"
    }
  ],
  "manifest_display_name" : "swift-kurrentdb",
  "name" : "swift-kurrentdb",
  "path" : "/Users/admin/builder/spi-builder-workspace",
  "platforms" : [
    {
      "name" : "macos",
      "version" : "15.0"
    },
    {
      "name" : "ios",
      "version" : "18.0"
    },
    {
      "name" : "tvos",
      "version" : "18.0"
    },
    {
      "name" : "watchos",
      "version" : "11.0"
    },
    {
      "name" : "visionos",
      "version" : "2.0"
    }
  ],
  "products" : [
    {
      "name" : "KurrentDB",
      "targets" : [
        "KurrentDB"
      ],
      "type" : {
        "library" : [
          "automatic"
        ]
      }
    },
    {
      "name" : "KurrentDB_V1",
      "targets" : [
        "KurrentDB_V1"
      ],
      "type" : {
        "library" : [
          "automatic"
        ]
      }
    },
    {
      "name" : "KurrentDBPool",
      "targets" : [
        "KurrentDBPool"
      ],
      "type" : {
        "library" : [
          "automatic"
        ]
      }
    },
    {
      "name" : "OfflineBenchmarks",
      "targets" : [
        "OfflineBenchmarks"
      ],
      "type" : {
        "executable" : null
      }
    }
  ],
  "targets" : [
    {
      "c99name" : "_GRPCProtobufGenerated",
      "module_type" : "SwiftTarget",
      "name" : "_GRPCProtobufGenerated",
      "path" : "Sources/_GRPCProtobufGenerated",
      "product_dependencies" : [
        "GRPCProtobuf",
        "SwiftProtobuf"
      ],
      "product_memberships" : [
        "KurrentDB",
        "KurrentDB_V1",
        "KurrentDBPool",
        "OfflineBenchmarks"
      ],
      "sources" : [
        "google_rpc_code.grpc.swift",
        "google_rpc_code.pb.swift",
        "kurrent_rpc_errors.grpc.swift",
        "kurrent_rpc_errors.pb.swift",
        "kurrent_rpc_rpc.grpc.swift",
        "kurrent_rpc_rpc.pb.swift",
        "kurrentdb_v1_cluster.grpc.swift",
        "kurrentdb_v1_cluster.pb.swift",
        "kurrentdb_v1_gossip.grpc.swift",
        "kurrentdb_v1_gossip.pb.swift",
        "kurrentdb_v1_monitoring.grpc.swift",
        "kurrentdb_v1_monitoring.pb.swift",
        "kurrentdb_v1_operations.grpc.swift",
        "kurrentdb_v1_operations.pb.swift",
        "kurrentdb_v1_persistent.grpc.swift",
        "kurrentdb_v1_persistent.pb.swift",
        "kurrentdb_v1_projections.grpc.swift",
        "kurrentdb_v1_projections.pb.swift",
        "kurrentdb_v1_redaction.grpc.swift",
        "kurrentdb_v1_redaction.pb.swift",
        "kurrentdb_v1_serverfeatures.grpc.swift",
        "kurrentdb_v1_serverfeatures.pb.swift",
        "kurrentdb_v1_shared.grpc.swift",
        "kurrentdb_v1_shared.pb.swift",
        "kurrentdb_v1_status.grpc.swift",
        "kurrentdb_v1_status.pb.swift",
        "kurrentdb_v1_streams.grpc.swift",
        "kurrentdb_v1_streams.pb.swift",
        "kurrentdb_v1_users.grpc.swift",
        "kurrentdb_v1_users.pb.swift",
        "kurrentdb_v2_streams_errors.grpc.swift",
        "kurrentdb_v2_streams_errors.pb.swift",
        "kurrentdb_v2_streams_streams.grpc.swift",
        "kurrentdb_v2_streams_streams.pb.swift"
      ],
      "type" : "library"
    },
    {
      "c99name" : "X509Tests",
      "module_type" : "SwiftTarget",
      "name" : "X509Tests",
      "path" : "Tests/X509Tests",
      "sources" : [
        "X509Tests.swift"
      ],
      "target_dependencies" : [
        "KurrentDB"
      ],
      "type" : "test"
    },
    {
      "c99name" : "UsersTests",
      "module_type" : "SwiftTarget",
      "name" : "UsersTests",
      "path" : "Tests/UsersTests",
      "resources" : [
        {
          "path" : "/Users/admin/builder/spi-builder-workspace/Tests/UsersTests/Resources/ca.crt",
          "rule" : {
            "copy" : {
            }
          }
        },
        {
          "path" : "/Users/admin/builder/spi-builder-workspace/Tests/UsersTests/Resources/multiple-events.json",
          "rule" : {
            "copy" : {
            }
          }
        }
      ],
      "sources" : [
        "UsersTests.swift"
      ],
      "target_dependencies" : [
        "KurrentDB"
      ],
      "type" : "test"
    },
    {
      "c99name" : "StreamsTests",
      "module_type" : "SwiftTarget",
      "name" : "StreamsTests",
      "path" : "Tests/StreamsTests",
      "resources" : [
        {
          "path" : "/Users/admin/builder/spi-builder-workspace/Tests/StreamsTests/Resources/ca.crt",
          "rule" : {
            "copy" : {
            }
          }
        },
        {
          "path" : "/Users/admin/builder/spi-builder-workspace/Tests/StreamsTests/Resources/multiple-events.json",
          "rule" : {
            "copy" : {
            }
          }
        }
      ],
      "sources" : [
        "AllStreamsTargetTests.swift",
        "AppendRecordsTests.swift",
        "BatchAppendTests.swift",
        "ConnectionReuseLiveTests.swift",
        "DefaultDeadlineLiveTests.swift",
        "LazyReadLiveTests.swift",
        "PerCallCredentialsTests.swift",
        "StreamsReadTests.swift",
        "StreamsTargetTests.swift",
        "StreamsTests.swift",
        "SubscriptionBackpressureLiveTests.swift"
      ],
      "target_dependencies" : [
        "KurrentDB"
      ],
      "type" : "test"
    },
    {
      "c99name" : "ProjectionsTests",
      "module_type" : "SwiftTarget",
      "name" : "ProjectionsTests",
      "path" : "Tests/ProjectionsTests",
      "resources" : [
        {
          "path" : "/Users/admin/builder/spi-builder-workspace/Tests/ProjectionsTests/Resources/ca.crt",
          "rule" : {
            "copy" : {
            }
          }
        },
        {
          "path" : "/Users/admin/builder/spi-builder-workspace/Tests/ProjectionsTests/Resources/multiple-events.json",
          "rule" : {
            "copy" : {
            }
          }
        }
      ],
      "sources" : [
        "ProjectionsAdvancedTests.swift",
        "ProjectionsTests.swift"
      ],
      "target_dependencies" : [
        "KurrentDB"
      ],
      "type" : "test"
    },
    {
      "c99name" : "PersistentSubscriptionsTests",
      "module_type" : "SwiftTarget",
      "name" : "PersistentSubscriptionsTests",
      "path" : "Tests/PersistentSubscriptionsTests",
      "resources" : [
        {
          "path" : "/Users/admin/builder/spi-builder-workspace/Tests/PersistentSubscriptionsTests/Resources/ca.crt",
          "rule" : {
            "copy" : {
            }
          }
        },
        {
          "path" : "/Users/admin/builder/spi-builder-workspace/Tests/PersistentSubscriptionsTests/Resources/multiple-events.json",
          "rule" : {
            "copy" : {
            }
          }
        }
      ],
      "sources" : [
        "PersistentSubscriptionAdvancedTests.swift",
        "PresistentSubscriptionTests.swift",
        "SubscriptionLifecycleTests.swift",
        "SubscriptionRetainCycleLiveTests.swift"
      ],
      "target_dependencies" : [
        "KurrentDB"
      ],
      "type" : "test"
    },
    {
      "c99name" : "OperationsTests",
      "module_type" : "SwiftTarget",
      "name" : "OperationsTests",
      "path" : "Tests/OperationsTests",
      "resources" : [
        {
          "path" : "/Users/admin/builder/spi-builder-workspace/Tests/OperationsTests/Resources/ca.crt",
          "rule" : {
            "copy" : {
            }
          }
        }
      ],
      "sources" : [
        "OperationsTests.swift"
      ],
      "target_dependencies" : [
        "KurrentDB"
      ],
      "type" : "test"
    },
    {
      "c99name" : "OfflineBenchmarks",
      "module_type" : "SwiftTarget",
      "name" : "OfflineBenchmarks",
      "path" : "Benchmarks/OfflineBenchmarks",
      "product_dependencies" : [
        "Benchmark",
        "BenchmarkPlugin"
      ],
      "product_memberships" : [
        "OfflineBenchmarks"
      ],
      "sources" : [
        "OfflineBenchmarks.swift"
      ],
      "target_dependencies" : [
        "KurrentDB"
      ],
      "type" : "executable"
    },
    {
      "c99name" : "MonitoringTests",
      "module_type" : "SwiftTarget",
      "name" : "MonitoringTests",
      "path" : "Tests/MonitoringTests",
      "resources" : [
        {
          "path" : "/Users/admin/builder/spi-builder-workspace/Tests/MonitoringTests/Resources/ca.crt",
          "rule" : {
            "copy" : {
            }
          }
        },
        {
          "path" : "/Users/admin/builder/spi-builder-workspace/Tests/MonitoringTests/Resources/multiple-events.json",
          "rule" : {
            "copy" : {
            }
          }
        }
      ],
      "sources" : [
        "MonitoringTests.swift"
      ],
      "target_dependencies" : [
        "KurrentDB"
      ],
      "type" : "test"
    },
    {
      "c99name" : "MockClientTests",
      "module_type" : "SwiftTarget",
      "name" : "MockClientTests",
      "path" : "Tests/MockClientTests",
      "sources" : [
        "ConnectionProviderTests.swift",
        "CurrentRevisionStateRenameTests.swift",
        "DeadlineCancellationTests.swift",
        "DefaultDeadlinePathTests.swift",
        "DeleteWrongExpectedVersionTests.swift",
        "LazyReadPathTests.swift",
        "LegacyCertificatePathTests.swift",
        "MockClientTests.swift",
        "MockKurrentDBClient.swift",
        "ReadOverloadResolutionTests.swift",
        "ResponseHandoffTests.swift",
        "ServerExceptionMappingTests.swift",
        "SilentListener.swift",
        "UnaryStreamConnectionPathTests.swift"
      ],
      "target_dependencies" : [
        "KurrentDB"
      ],
      "type" : "test"
    },
    {
      "c99name" : "KurrentDB_V1",
      "module_type" : "SwiftTarget",
      "name" : "KurrentDB_V1",
      "path" : "Sources/KurrentDB_V1",
      "product_memberships" : [
        "KurrentDB_V1"
      ],
      "sources" : [
        "KurrentDBClient+V1Operations.swift",
        "KurrentDBClient+V1PersistentSubscriptions.swift",
        "KurrentDBClient+V1Projections.swift",
        "KurrentDBClient+V1Streams.swift",
        "KurrentDBClient+V1Users.swift",
        "PersistentSubscriptionsOptions.swift",
        "ProjectionsOptions.swift",
        "StreamsOptions.swift"
      ],
      "target_dependencies" : [
        "KurrentDB"
      ],
      "type" : "library"
    },
    {
      "c99name" : "KurrentDBPoolTests",
      "module_type" : "SwiftTarget",
      "name" : "KurrentDBPoolTests",
      "path" : "Tests/KurrentDBPoolTests",
      "sources" : [
        "KurrentDBPoolLiveTests.swift",
        "KurrentDBPoolTests.swift"
      ],
      "target_dependencies" : [
        "KurrentDB",
        "KurrentDBPool"
      ],
      "type" : "test"
    },
    {
      "c99name" : "KurrentDBPool",
      "module_type" : "SwiftTarget",
      "name" : "KurrentDBPool",
      "path" : "Sources/KurrentDBPool",
      "product_memberships" : [
        "KurrentDBPool"
      ],
      "sources" : [
        "BorrowedClient.swift",
        "KurrentDBPool+Borrow.swift",
        "KurrentDBPool+Env.swift",
        "KurrentDBPool.swift",
        "withBorrowedClient.swift"
      ],
      "target_dependencies" : [
        "KurrentDB"
      ],
      "type" : "library"
    },
    {
      "c99name" : "KurrentDB",
      "module_type" : "SwiftTarget",
      "name" : "KurrentDB",
      "path" : "Sources/KurrentDB",
      "product_dependencies" : [
        "Logging"
      ],
      "product_memberships" : [
        "KurrentDB",
        "KurrentDB_V1",
        "KurrentDBPool",
        "OfflineBenchmarks"
      ],
      "sources" : [
        "Core/Additions/CallOptions+DefaultDeadline.swift",
        "Core/Additions/EventStore_Client_StreamIdentifier+Additions.swift",
        "Core/Additions/EventStore_Client_UUID+Additions.swift",
        "Core/Additions/Metadata+Additions.swift",
        "Core/Additions/NIOSSLTrustRoots+Additions.swift",
        "Core/Additions/String+Additions.swift",
        "Core/Additions/TLSConfig.CertificateSource+Bundle.swift",
        "Core/Additions/UUID+Additions.swift",
        "Core/Additions/Usecase/StreamStream.swift",
        "Core/Additions/Usecase/StreamUnary.swift",
        "Core/Additions/Usecase/UnaryStream+BufferedStreamResponse.swift",
        "Core/Additions/Usecase/UnaryStream+Scoped.swift",
        "Core/Additions/Usecase/UnaryStream.swift",
        "Core/Additions/Usecase/UnaryUnary.swift",
        "Core/Additions/WireIntegers.swift",
        "Core/ClientSettings/Authentication.swift",
        "Core/ClientSettings/CertificateFallback.swift",
        "Core/ClientSettings/ClientSettings.swift",
        "Core/ClientSettings/ConnectionStringPolicy.swift",
        "Core/ClientSettings/Endpoint.swift",
        "Core/ClientSettings/EndpointResolutionPreference.swift",
        "Core/ClientSettings/KeepAlive.swift",
        "Core/ClientSettings/Node.swift",
        "Core/ClientSettings/NodePreference.swift",
        "Core/ClientSettings/Parser/ConnectionString.swift",
        "Core/ClientSettings/TopologyClusterMode.swift",
        "Core/ClientSettings/URLScheme.swift",
        "Core/ConnectionProvider.swift",
        "Core/Cursor/PositionCursor.swift",
        "Core/Cursor/RevisionCursor.swift",
        "Core/DeadlineCancellation.swift",
        "Core/Direction.swift",
        "Core/Error/KurrentError+ConsistencyViolation.swift",
        "Core/Error/KurrentError+Revision.swift",
        "Core/Error/KurrentError+WrongExpectedVersion.swift",
        "Core/Error/KurrentError.swift",
        "Core/Event/ConsistencyCheck.swift",
        "Core/Event/ContentType.swift",
        "Core/Event/EventData.swift",
        "Core/Event/EventRecord.swift",
        "Core/Event/EventStoreEvent.swift",
        "Core/Event/ReadEvent.swift",
        "Core/Event/RecordedEvent.swift",
        "Core/Event/StreamEvent.swift",
        "Core/KurrentCore.swift",
        "Core/NodeSelector.swift",
        "Core/PersistenSubscription/PersistenSubscription.EventResult.swift",
        "Core/PersistenSubscription/PersistentSubscription.ConnectionInfo.swift",
        "Core/PersistenSubscription/PersistentSubscription.Measurement.swift",
        "Core/PersistenSubscription/PersistentSubscription.Settings.swift",
        "Core/PersistenSubscription/PersistentSubscription.StreamSelection.swift",
        "Core/PersistenSubscription/PersistentSubscription.SubscriptionInfo.swift",
        "Core/PersistenSubscription/PersistentSubscription.SystemConsumerStrategy.swift",
        "Core/PersistenSubscription/PersistentSubscription.swift",
        "Core/Projection/Projection.Detail.swift",
        "Core/Projection/Projection.Mode.swift",
        "Core/Projection/Projection.Status.swift",
        "Core/Projection/Projection.swift",
        "Core/ResponseHandoff.swift",
        "Core/RetryPolicy.swift",
        "Core/Stream/StreamIdentifier.swift",
        "Core/Stream/StreamMetadata.swift",
        "Core/Stream/StreamPosition.swift",
        "Core/Stream/StreamRevisionRule.swift",
        "Core/Stream/StreamSelector.swift",
        "Core/StreamFilter.swift",
        "Core/TimeSpan.swift",
        "Core/UUIDOption.swift",
        "Gossip/Gossip.swift",
        "Gossip/KurrentDBClient+Gossip.swift",
        "Gossip/MemberInfo.swift",
        "Gossip/Usecase/Gossip.Read.swift",
        "Gossip/VNodeState.swift",
        "KurrentDBClient.swift",
        "KurrentDBClientProtocol.swift",
        "Monitoring/KurrentDBClient+Monitoring.swift",
        "Monitoring/Monitoring.swift",
        "Monitoring/Usecase/Monitoring.Stats.swift",
        "Operations/KurrentDBClient+ServerOperations.swift",
        "Operations/Operations.swift",
        "Operations/OperationsTarget.swift",
        "Operations/Protocols/NodeControllable.swift",
        "Operations/Protocols/ScavengeControllable.swift",
        "Operations/Protocols/ScavengeCreatable.swift",
        "Operations/Protocols/SystemControllable.swift",
        "Operations/ScavengeResponse.swift",
        "Operations/Targets/ActiveScavenge.swift",
        "Operations/Targets/NodeOperations.swift",
        "Operations/Targets/ScavengeOperations.swift",
        "Operations/Targets/SystemOperations.swift",
        "Operations/Usecase/Operations.MergeIndexes.swift",
        "Operations/Usecase/Operations.ResignNode.swift",
        "Operations/Usecase/Operations.RestartPersistentSubscriptions.swift",
        "Operations/Usecase/Operations.SetNodePriority.swift",
        "Operations/Usecase/Operations.Shutdown.swift",
        "Operations/Usecase/Operations.StartScavenge.swift",
        "Operations/Usecase/Operations.StopScavenge.swift",
        "PersistentSubscriptions/API/PersistentSubscriptions+All.swift",
        "PersistentSubscriptions/API/PersistentSubscriptions+AllStream.swift",
        "PersistentSubscriptions/API/PersistentSubscriptions+FilterStream.swift",
        "PersistentSubscriptions/API/PersistentSubscriptions+Specified.swift",
        "PersistentSubscriptions/Additions/EventStore_Client_PersistentSubscriptions+Additions.swift",
        "PersistentSubscriptions/Additions/ReadEvent+Additions.swift",
        "PersistentSubscriptions/KurrentDBClient+PersistentSubscriptions.swift",
        "PersistentSubscriptions/PersistentSubscriptionStreamSelection.swift",
        "PersistentSubscriptions/PersistentSubscriptions.ReadResponse.swift",
        "PersistentSubscriptions/PersistentSubscriptions.StreamSelection.swift",
        "PersistentSubscriptions/PersistentSubscriptions.Subscription.swift",
        "PersistentSubscriptions/PersistentSubscriptions.swift",
        "PersistentSubscriptions/PersistentSubscriptionsSettingsBuildable.swift",
        "PersistentSubscriptions/SubscriptionEventResult.swift",
        "PersistentSubscriptions/Target/AllPersistentSubscriptionTarget.swift",
        "PersistentSubscriptions/Target/AllStreamPersistentSubscriptionTarget.swift",
        "PersistentSubscriptions/Target/AnyPersistentSubscriptionTarget.swift",
        "PersistentSubscriptions/Target/FilterStreamPersistentSubscriptionTarget.swift",
        "PersistentSubscriptions/Target/PersistentSubscriptionTarget.swift",
        "PersistentSubscriptions/Target/SpecifiedPersistentSubscriptionTarget.swift",
        "PersistentSubscriptions/Usecase/All/PersistentSubscriptions.ListForAll.swift",
        "PersistentSubscriptions/Usecase/AllStream/PersistentSubscriptions.AllStream.Create.swift",
        "PersistentSubscriptions/Usecase/AllStream/PersistentSubscriptions.AllStream.Delete.swift",
        "PersistentSubscriptions/Usecase/AllStream/PersistentSubscriptions.AllStream.GetInfo.swift",
        "PersistentSubscriptions/Usecase/AllStream/PersistentSubscriptions.AllStream.List.swift",
        "PersistentSubscriptions/Usecase/AllStream/PersistentSubscriptions.AllStream.Read.swift",
        "PersistentSubscriptions/Usecase/AllStream/PersistentSubscriptions.AllStream.ReplayParked.swift",
        "PersistentSubscriptions/Usecase/AllStream/PersistentSubscriptions.AllStream.Update.swift",
        "PersistentSubscriptions/Usecase/PersistentSubscriptions.Ack.swift",
        "PersistentSubscriptions/Usecase/PersistentSubscriptions.Nack.swift",
        "PersistentSubscriptions/Usecase/PersistentSubscriptions.RestartSubsystem.swift",
        "PersistentSubscriptions/Usecase/Specified/PersistentSubscriptions.SpecifiedStream.Create.swift",
        "PersistentSubscriptions/Usecase/Specified/PersistentSubscriptions.SpecifiedStream.Delete.swift",
        "PersistentSubscriptions/Usecase/Specified/PersistentSubscriptions.SpecifiedStream.GetInfo.swift",
        "PersistentSubscriptions/Usecase/Specified/PersistentSubscriptions.SpecifiedStream.List.swift",
        "PersistentSubscriptions/Usecase/Specified/PersistentSubscriptions.SpecifiedStream.Read.swift",
        "PersistentSubscriptions/Usecase/Specified/PersistentSubscriptions.SpecifiedStream.ReplayParked.swift",
        "PersistentSubscriptions/Usecase/Specified/PersistentSubscriptions.SpecifiedStream.Update.swift",
        "Projections/API/Projections+AnyMode.swift",
        "Projections/API/Projections+ContinuousMode.swift",
        "Projections/API/Projections+OneTimeMode.swift",
        "Projections/API/Projections+TransientMode.swift",
        "Projections/KurrentDBClient+Projections.swift",
        "Projections/Projections.swift",
        "Projections/Target/AnyProjectionsTarget.swift",
        "Projections/Target/NameTarget.swift",
        "Projections/Target/OneTimeProjectionTarget.swift",
        "Projections/Target/ProjectionControlable.swift",
        "Projections/Target/ProjectionsTarget.swift",
        "Projections/Target/SpecifiedContinuousProjectionTarget.swift",
        "Projections/Target/SpecifiedTransientProjectionTarget.swift",
        "Projections/Target/UnspecifiedContinuousProjectionTarget.swift",
        "Projections/Target/UnspecifiedTransientProjectionTarget.swift",
        "Projections/Usecase/Create/Projections.ContinuousCreate.swift",
        "Projections/Usecase/Create/Projections.OneTimeCreate.swift",
        "Projections/Usecase/Create/Projections.TransientCreate.swift",
        "Projections/Usecase/Projections.Delete.swift",
        "Projections/Usecase/Projections.Disable.swift",
        "Projections/Usecase/Projections.Enable.swift",
        "Projections/Usecase/Projections.Reset.swift",
        "Projections/Usecase/Projections.RestartSubsystem.swift",
        "Projections/Usecase/Projections.Result.swift",
        "Projections/Usecase/Projections.State.swift",
        "Projections/Usecase/Projections.Statistics.swift",
        "Projections/Usecase/Projections.Update.swift",
        "ServerFeatures/ServerFeatures.swift",
        "ServerFeatures/ServiceInfo.swift",
        "ServerFeatures/SupportedMethod.swift",
        "ServerFeatures/Usecase/ServerFeatures.GetSupportedMethods.swift",
        "Streams/API/Streams+AllStreamsTarget.swift",
        "Streams/API/Streams+ProjectionStream.swift",
        "Streams/API/Streams+SpecifiedStreamTarget.swift",
        "Streams/Additions/StreamIdentifier+Additions.swift",
        "Streams/KurrentDBClient+Streams.swift",
        "Streams/StreamFilter+Build.swift",
        "Streams/Streams.ReadCall.swift",
        "Streams/Streams.ReadResponse.swift",
        "Streams/Streams.Subscription.swift",
        "Streams/Streams.swift",
        "Streams/Target/AllStreamsTarget.swift",
        "Streams/Target/AnyStreamTarget.swift",
        "Streams/Target/MultiStreamsTarget.swift",
        "Streams/Target/ProjectionStream.swift",
        "Streams/Target/SpecifiedStream.swift",
        "Streams/Target/SpecifiedStreamTarget.swift",
        "Streams/Target/StreamsTarget.swift",
        "Streams/Target/String+StreamsTarget.swift",
        "Streams/Usecase/All/Streams.ReadAll.swift",
        "Streams/Usecase/All/Streams.SubscribeAll.swift",
        "Streams/Usecase/Specified/Streams.Append.swift",
        "Streams/Usecase/Specified/Streams.AppendRecords.swift",
        "Streams/Usecase/Specified/Streams.AppendSession.swift",
        "Streams/Usecase/Specified/Streams.BatchAppend.swift",
        "Streams/Usecase/Specified/Streams.Delete.swift",
        "Streams/Usecase/Specified/Streams.Read.swift",
        "Streams/Usecase/Specified/Streams.Subscribe.swift",
        "Streams/Usecase/Specified/Streams.Tombstone.swift",
        "Users/KurrentDBClient+Users.swift",
        "Users/Target/AllUsersTarget.swift",
        "Users/Target/SpecifiedUserTarget.swift",
        "Users/Target/UserControllable.swift",
        "Users/Target/UserCreatable.swift",
        "Users/Target/UsersTarget.swift",
        "Users/Usecase/Users.ChangePassword.swift",
        "Users/Usecase/Users.Create.swift",
        "Users/Usecase/Users.Details.swift",
        "Users/Usecase/Users.Disable.swift",
        "Users/Usecase/Users.Enable.swift",
        "Users/Usecase/Users.ResetPassword.swift",
        "Users/Usecase/Users.Update.swift",
        "Users/UserDetails.swift",
        "Users/UserGroup.swift",
        "Users/Users.swift"
      ],
      "target_dependencies" : [
        "GRPCEncapsulates"
      ],
      "type" : "library"
    },
    {
      "c99name" : "KurrentCoreTests",
      "module_type" : "SwiftTarget",
      "name" : "KurrentCoreTests",
      "path" : "Tests/KurrentCoreTests",
      "resources" : [
        {
          "path" : "/Users/admin/builder/spi-builder-workspace/Tests/KurrentCoreTests/Resources/ca.crt",
          "rule" : {
            "copy" : {
            }
          }
        },
        {
          "path" : "/Users/admin/builder/spi-builder-workspace/Tests/KurrentCoreTests/Resources/multiple-events.json",
          "rule" : {
            "copy" : {
            }
          }
        }
      ],
      "sources" : [
        "AuthenticationTests.swift",
        "CertificateFallbackTests.swift",
        "ConnectionStringParserTests.swift",
        "ConnectionStringTests.swift",
        "ConnectionStringValidationTests.swift",
        "DefaultDeadlineTests.swift",
        "EventDataTests.swift",
        "GRPCClientLifecycleCharacterizationTests.swift",
        "ProjectionStatusTests.swift",
        "RPCErrorMappingTests.swift",
        "RetryPolicyTests.swift",
        "StreamFilterTests.swift",
        "StreamIdentifierTests.swift",
        "StreamMetadataTests.swift",
        "UntrustedInputTests.swift"
      ],
      "target_dependencies" : [
        "KurrentDB"
      ],
      "type" : "test"
    },
    {
      "c99name" : "GossipTests",
      "module_type" : "SwiftTarget",
      "name" : "GossipTests",
      "path" : "Tests/GossipTests",
      "resources" : [
        {
          "path" : "/Users/admin/builder/spi-builder-workspace/Tests/GossipTests/Resources/ca.crt",
          "rule" : {
            "copy" : {
            }
          }
        },
        {
          "path" : "/Users/admin/builder/spi-builder-workspace/Tests/GossipTests/Resources/multiple-events.json",
          "rule" : {
            "copy" : {
            }
          }
        }
      ],
      "sources" : [
        "GossipTests.swift"
      ],
      "target_dependencies" : [
        "KurrentDB"
      ],
      "type" : "test"
    },
    {
      "c99name" : "GRPCEncapsulates",
      "module_type" : "SwiftTarget",
      "name" : "GRPCEncapsulates",
      "path" : "Sources/GRPCEncapsulates",
      "product_dependencies" : [
        "GRPCCore",
        "GRPCNIOTransportHTTP2"
      ],
      "product_memberships" : [
        "KurrentDB",
        "KurrentDB_V1",
        "KurrentDBPool",
        "OfflineBenchmarks"
      ],
      "sources" : [
        "Buildable.swift",
        "ConcreteService.swift",
        "ExpectedStreamRevisionProtocol.swift",
        "Exported.swift",
        "GRPCBridge.swift",
        "GRPCConcreteService.swift",
        "GRPCServiceClient.swift",
        "GoogleProtobufValueProtocol.swift",
        "RequestBuildable.swift",
        "ResponseHandlable.swift",
        "Usecase/StreamStream.swift",
        "Usecase/StreamUnary.swift",
        "Usecase/UnaryStream.swift",
        "Usecase/UnaryUnary.swift",
        "Usecase/Usecase.swift"
      ],
      "target_dependencies" : [
        "_GRPCProtobufGenerated"
      ],
      "type" : "library"
    },
    {
      "c99name" : "DocSnippetsTests",
      "module_type" : "SwiftTarget",
      "name" : "DocSnippetsTests",
      "path" : "Tests/DocSnippetsTests",
      "sources" : [
        "Prelude.swift"
      ],
      "target_dependencies" : [
        "KurrentDB",
        "KurrentDBPool"
      ],
      "type" : "test"
    }
  ],
  "tools_version" : "6.0"
}
{
  "workspace" : {
    "name" : "spi-builder-workspace",
    "schemes" : [
      "KurrentDB",
      "KurrentDB_V1",
      "KurrentDBPool",
      "OfflineBenchmarks",
      "swift-kurrentdb-Package"
    ]
  }
}
2026-10-27 11:45:49.011 xcodebuild[4785:17206] [MT] IDERunDestination: Supported platforms for the buildables in the current scheme is empty.
Running build ...
env DEVELOPER_DIR=/Applications/Xcode-26.3.0.app xcrun xcodebuild -IDEClonedSourcePackagesDirPathOverride=$PWD/.dependencies -skipMacroValidation -skipPackagePluginValidation -derivedDataPath $PWD/.derivedData build -scheme swift-kurrentdb-Package -destination platform=macOS,arch=arm64
Command line invocation:
    /Applications/Xcode-26.3.0.app/Contents/Developer/usr/bin/xcodebuild -IDEClonedSourcePackagesDirPathOverride=/Users/admin/builder/spi-builder-workspace/.dependencies -skipMacroValidation -skipPackagePluginValidation -derivedDataPath /Users/admin/builder/spi-builder-workspace/.derivedData build -scheme swift-kurrentdb-Package -destination platform=macOS,arch=arm64
Resolve Package Graph
failed to retrieve search paths with pkg-config; maybe pkg-config is not installedyou may be able to install jemalloc using your system-packager:
    brew install jemalloc
Resolved source packages:
  swift-async-algorithms: https://github.com/apple/swift-async-algorithms.git @ 1.1.7
  swift-algorithms: https://github.com/apple/swift-algorithms.git @ 1.2.1
  SwiftProtobuf: https://github.com/apple/swift-protobuf.git @ 1.39.0
  grpc-swift-protobuf: https://github.com/grpc/grpc-swift-protobuf.git @ 2.5.0
  grpc-swift-nio-transport: https://github.com/grpc/grpc-swift-nio-transport.git @ 2.11.0
  swift-http-types: https://github.com/apple/swift-http-types.git @ 1.8.0
  swift-argument-parser: https://github.com/apple/swift-argument-parser.git @ 1.5.1
  swift-nio-extras: https://github.com/apple/swift-nio-extras.git @ 1.35.2
  swift-certificates: https://github.com/apple/swift-certificates.git @ 1.21.1
  swift-nio-transport-services: https://github.com/apple/swift-nio-transport-services.git @ 1.28.0
  swift-nio-http2: https://github.com/apple/swift-nio-http2.git @ 1.46.0
  swift-collections: https://github.com/apple/swift-collections.git @ 1.7.5
  package-histogram: https://github.com/HdrHistogram/hdrhistogram-swift.git @ 0.2.0
  swift-atomics: https://github.com/apple/swift-atomics.git @ 1.3.1
  swift-service-lifecycle: https://github.com/swift-server/swift-service-lifecycle.git @ 2.13.0
  grpc-swift-2: https://github.com/grpc/grpc-swift-2.git @ 2.4.4
  swift-crypto: https://github.com/apple/swift-crypto.git @ 5.0.3
  jemalloc: https://github.com/ordo-one/package-jemalloc.git @ 1.0.0
  swift-nio: https://github.com/apple/swift-nio.git @ 2.104.0
  swift-log: https://github.com/apple/swift-log.git @ 1.16.2
  swift-asn1: https://github.com/apple/swift-asn1.git @ 1.7.3
  swift-numerics: https://github.com/apple/swift-numerics @ 1.1.1
  swift-kurrentdb: /Users/admin/builder/spi-builder-workspace
  swift-system: https://github.com/apple/swift-system.git @ 1.8.1
  TextTable: https://github.com/ordo-one/TextTable.git @ 0.0.2
  swift-nio-ssl: https://github.com/apple/swift-nio-ssl.git @ 2.37.5
  swift-http-structured-headers: https://github.com/apple/swift-http-structured-headers.git @ 1.7.0
  Benchmark: https://github.com/ordo-one/benchmark.git @ 1.38.1
ComputePackagePrebuildTargetDependencyGraph
Prepare packages
Compile plug-in “BenchmarkPlugin” in package “benchmark”
[debug]: Compiling plugin to executable at /Users/admin/builder/spi-builder-workspace/.derivedData/Build/Products/PluginExecutables/BenchmarkPlugin
[debug]: Using compiler /Applications/Xcode-26.3.0.app/Contents/Developer/Toolchains/XcodeDefault.xctoolchain/usr/bin/swiftc
[debug]: Plugin compilation output directory '/Users/admin/builder/spi-builder-workspace/.derivedData/Build/Products/PluginExecutables'
[debug]: Computed hash of plugin compilation inputs: 09e0f577fa2b47abc8da164a2d06e00b07515015d546ee2ae779d47725886bd5
Apply build tool plug-in “BenchmarkPlugin” to target “OfflineBenchmarks” in package “spi-builder-workspace”
Process build tool plug-in results
package: <IDESwiftPackageCore.IDESwiftPackage:0x705c50000 path:'/Users/admin/builder/spi-builder-workspace'>
    target: OfflineBenchmarks
        prebuildCommandOutputPaths: []
        buildCommands: [SwiftPM.SPMCustomBuildCommand(displayName: Optional("Generating plugin support files"), executable: "/${BUILD_DIR}/${CONFIGURATION}/BenchmarkBoilerplateGenerator", arguments: ["--target", "OfflineBenchmarks", "--output", "/Users/admin/builder/spi-builder-workspace/.derivedData/Build/Intermediates.noindex/BuildToolPluginIntermediates/spi-builder-workspace.output/OfflineBenchmarks/BenchmarkPlugin/__BenchmarkBoilerplate.swift"], environment: [:], workingDir: nil, inputPaths: [SwiftPM.SPMAbsolutePath(absolutePath: <AbsolutePath:"/Users/admin/builder/spi-builder-workspace/Benchmarks/OfflineBenchmarks/OfflineBenchmarks.swift">)], outputPaths: ["/Users/admin/builder/spi-builder-workspace/.derivedData/Build/Intermediates.noindex/BuildToolPluginIntermediates/spi-builder-workspace.output/OfflineBenchmarks/BenchmarkPlugin/__BenchmarkBoilerplate.swift"], sandboxProfile: Optional(SwiftPM.SPMSandboxProfile(strictness: Basics.Sandbox.Strictness.writableTemporaryDirectory, writableDirectories: [<AbsolutePath:"/Users/admin/builder/spi-builder-workspace/.derivedData/Build/Intermediates.noindex/BuildToolPluginIntermediates/spi-builder-workspace.output/OfflineBenchmarks/BenchmarkPlugin">], readOnlyDirectories: [<AbsolutePath:"/Users/admin/builder/spi-builder-workspace">])))]
        allDerivedOutputPaths: [SwiftPM.SPMAbsolutePath(absolutePath: <AbsolutePath:"/Users/admin/builder/spi-builder-workspace/.derivedData/Build/Intermediates.noindex/BuildToolPluginIntermediates/spi-builder-workspace.output/OfflineBenchmarks/BenchmarkPlugin/__BenchmarkBoilerplate.swift">)]
CreateBuildRequest
SendProjectDescription
CreateBuildOperation
ComputeTargetDependencyGraph
note: Building targets in dependency order
note: Target dependency graph (120 targets)
    Target 'OfflineBenchmarks' in project 'swift-kurrentdb'
        ➜ Explicit dependency on target '_GRPCProtobufGenerated' in project 'swift-kurrentdb'
        ➜ Explicit dependency on target 'GRPCEncapsulates' in project 'swift-kurrentdb'
        ➜ Explicit dependency on target 'KurrentDB' in project 'swift-kurrentdb'
        ➜ Explicit dependency on target 'BenchmarkPlugin' in project 'Benchmark'
        ➜ Explicit dependency on target 'GRPCProtobuf' in project 'grpc-swift-protobuf'
        ➜ Explicit dependency on target 'SwiftProtobuf' in project 'SwiftProtobuf'
        ➜ Explicit dependency on target 'GRPCCore' in project 'grpc-swift-2'
        ➜ Explicit dependency on target 'GRPCNIOTransportHTTP2' in project 'grpc-swift-nio-transport'
        ➜ Explicit dependency on target 'Logging' in project 'swift-log'
        ➜ Explicit dependency on target 'Benchmark' in project 'Benchmark'
    Target 'Benchmark' in project 'Benchmark'
        ➜ Explicit dependency on target 'Benchmark' in project 'Benchmark'
        ➜ Explicit dependency on target 'CDarwinOperatingSystemStats' in project 'Benchmark'
        ➜ Explicit dependency on target 'SwiftRuntimeHooks' in project 'Benchmark'
        ➜ Explicit dependency on target 'BenchmarkShared' in project 'Benchmark'
        ➜ Explicit dependency on target 'Histogram' in project 'package-histogram'
        ➜ Explicit dependency on target 'ArgumentParser' in project 'swift-argument-parser'
        ➜ Explicit dependency on target 'SystemPackage' in project 'swift-system'
        ➜ Explicit dependency on target 'Atomics' in project 'swift-atomics'
        ➜ Explicit dependency on target 'jemalloc' in project 'jemalloc'
    Target 'Benchmark' in project 'Benchmark'
        ➜ Explicit dependency on target 'CDarwinOperatingSystemStats' in project 'Benchmark'
        ➜ Explicit dependency on target 'SwiftRuntimeHooks' in project 'Benchmark'
        ➜ Explicit dependency on target 'BenchmarkShared' in project 'Benchmark'
        ➜ Explicit dependency on target 'Histogram' in project 'package-histogram'
        ➜ Explicit dependency on target 'ArgumentParser' in project 'swift-argument-parser'
        ➜ Explicit dependency on target 'SystemPackage' in project 'swift-system'
        ➜ Explicit dependency on target 'Atomics' in project 'swift-atomics'
        ➜ Explicit dependency on target 'jemalloc' in project 'jemalloc'
    Target 'jemalloc' in project 'jemalloc'
        ➜ Explicit dependency on target 'jemalloc' in project 'jemalloc'
    Target 'jemalloc' in project 'jemalloc' (no dependencies)
    Target 'Histogram' in project 'package-histogram'
        ➜ Explicit dependency on target 'Histogram' in project 'package-histogram'
        ➜ Explicit dependency on target 'Numerics' in project 'swift-numerics'
    Target 'Histogram' in project 'package-histogram'
        ➜ Explicit dependency on target 'Numerics' in project 'swift-numerics'
    Target 'Numerics' in project 'swift-numerics'
        ➜ Explicit dependency on target 'Numerics' in project 'swift-numerics'
        ➜ Explicit dependency on target '_NumericsShims' in project 'swift-numerics'
        ➜ Explicit dependency on target 'RealModule' in project 'swift-numerics'
        ➜ Explicit dependency on target 'ComplexModule' in project 'swift-numerics'
    Target 'Numerics' in project 'swift-numerics'
        ➜ Explicit dependency on target '_NumericsShims' in project 'swift-numerics'
        ➜ Explicit dependency on target 'RealModule' in project 'swift-numerics'
        ➜ Explicit dependency on target 'ComplexModule' in project 'swift-numerics'
    Target 'ComplexModule' in project 'swift-numerics'
        ➜ Explicit dependency on target '_NumericsShims' in project 'swift-numerics'
        ➜ Explicit dependency on target 'RealModule' in project 'swift-numerics'
    Target 'RealModule' in project 'swift-numerics'
        ➜ Explicit dependency on target '_NumericsShims' in project 'swift-numerics'
    Target '_NumericsShims' in project 'swift-numerics' (no dependencies)
    Target 'BenchmarkShared' in project 'Benchmark' (no dependencies)
    Target 'SwiftRuntimeHooks' in project 'Benchmark' (no dependencies)
    Target 'CDarwinOperatingSystemStats' in project 'Benchmark' (no dependencies)
    Target 'BenchmarkPlugin' in project 'Benchmark'
        ➜ Explicit dependency on target 'BenchmarkPlugin' in project 'Benchmark'
    Target 'BenchmarkPlugin' in project 'Benchmark'
        ➜ Explicit dependency on target 'BenchmarkBoilerplateGenerator' in project 'Benchmark'
        ➜ Explicit dependency on target 'ArgumentParser' in project 'swift-argument-parser'
        ➜ Explicit dependency on target 'SystemPackage' in project 'swift-system'
    Target 'BenchmarkBoilerplateGenerator' in project 'Benchmark'
        ➜ Explicit dependency on target 'ArgumentParser' in project 'swift-argument-parser'
        ➜ Explicit dependency on target 'SystemPackage' in project 'swift-system'
    Target 'SystemPackage' in project 'swift-system'
        ➜ Explicit dependency on target 'SystemPackage' in project 'swift-system'
        ➜ Explicit dependency on target 'CSystem' in project 'swift-system'
    Target 'SystemPackage' in project 'swift-system'
        ➜ Explicit dependency on target 'CSystem' in project 'swift-system'
    Target 'CSystem' in project 'swift-system' (no dependencies)
    Target 'ArgumentParser' in project 'swift-argument-parser'
        ➜ Explicit dependency on target 'ArgumentParser' in project 'swift-argument-parser'
        ➜ Explicit dependency on target 'ArgumentParserToolInfo' in project 'swift-argument-parser'
    Target 'ArgumentParser' in project 'swift-argument-parser'
        ➜ Explicit dependency on target 'ArgumentParserToolInfo' in project 'swift-argument-parser'
    Target 'ArgumentParserToolInfo' in project 'swift-argument-parser' (no dependencies)
    Target 'KurrentDB_V1' in project 'swift-kurrentdb'
        ➜ Explicit dependency on target 'KurrentDB_V1' in project 'swift-kurrentdb'
        ➜ Explicit dependency on target '_GRPCProtobufGenerated' in project 'swift-kurrentdb'
        ➜ Explicit dependency on target 'GRPCEncapsulates' in project 'swift-kurrentdb'
        ➜ Explicit dependency on target 'KurrentDB' in project 'swift-kurrentdb'
        ➜ Explicit dependency on target 'GRPCProtobuf' in project 'grpc-swift-protobuf'
        ➜ Explicit dependency on target 'SwiftProtobuf' in project 'SwiftProtobuf'
        ➜ Explicit dependency on target 'GRPCCore' in project 'grpc-swift-2'
        ➜ Explicit dependency on target 'GRPCNIOTransportHTTP2' in project 'grpc-swift-nio-transport'
        ➜ Explicit dependency on target 'Logging' in project 'swift-log'
    Target 'KurrentDB_V1' in project 'swift-kurrentdb'
        ➜ Explicit dependency on target '_GRPCProtobufGenerated' in project 'swift-kurrentdb'
        ➜ Explicit dependency on target 'GRPCEncapsulates' in project 'swift-kurrentdb'
        ➜ Explicit dependency on target 'KurrentDB' in project 'swift-kurrentdb'
        ➜ Explicit dependency on target 'GRPCProtobuf' in project 'grpc-swift-protobuf'
        ➜ Explicit dependency on target 'SwiftProtobuf' in project 'SwiftProtobuf'
        ➜ Explicit dependency on target 'GRPCCore' in project 'grpc-swift-2'
        ➜ Explicit dependency on target 'GRPCNIOTransportHTTP2' in project 'grpc-swift-nio-transport'
        ➜ Explicit dependency on target 'Logging' in project 'swift-log'
    Target 'KurrentDBPool' in project 'swift-kurrentdb'
        ➜ Explicit dependency on target 'KurrentDBPool' in project 'swift-kurrentdb'
        ➜ Explicit dependency on target '_GRPCProtobufGenerated' in project 'swift-kurrentdb'
        ➜ Explicit dependency on target 'GRPCEncapsulates' in project 'swift-kurrentdb'
        ➜ Explicit dependency on target 'KurrentDB' in project 'swift-kurrentdb'
        ➜ Explicit dependency on target 'GRPCProtobuf' in project 'grpc-swift-protobuf'
        ➜ Explicit dependency on target 'SwiftProtobuf' in project 'SwiftProtobuf'
        ➜ Explicit dependency on target 'GRPCCore' in project 'grpc-swift-2'
        ➜ Explicit dependency on target 'GRPCNIOTransportHTTP2' in project 'grpc-swift-nio-transport'
        ➜ Explicit dependency on target 'Logging' in project 'swift-log'
    Target 'KurrentDBPool' in project 'swift-kurrentdb'
        ➜ Explicit dependency on target '_GRPCProtobufGenerated' in project 'swift-kurrentdb'
        ➜ Explicit dependency on target 'GRPCEncapsulates' in project 'swift-kurrentdb'
        ➜ Explicit dependency on target 'KurrentDB' in project 'swift-kurrentdb'
        ➜ Explicit dependency on target 'GRPCProtobuf' in project 'grpc-swift-protobuf'
        ➜ Explicit dependency on target 'SwiftProtobuf' in project 'SwiftProtobuf'
        ➜ Explicit dependency on target 'GRPCCore' in project 'grpc-swift-2'
        ➜ Explicit dependency on target 'GRPCNIOTransportHTTP2' in project 'grpc-swift-nio-transport'
        ➜ Explicit dependency on target 'Logging' in project 'swift-log'
    Target 'KurrentDB' in project 'swift-kurrentdb'
        ➜ Explicit dependency on target 'KurrentDB' in project 'swift-kurrentdb'
        ➜ Explicit dependency on target '_GRPCProtobufGenerated' in project 'swift-kurrentdb'
        ➜ Explicit dependency on target 'GRPCEncapsulates' in project 'swift-kurrentdb'
        ➜ Explicit dependency on target 'GRPCProtobuf' in project 'grpc-swift-protobuf'
        ➜ Explicit dependency on target 'SwiftProtobuf' in project 'SwiftProtobuf'
        ➜ Explicit dependency on target 'GRPCCore' in project 'grpc-swift-2'
        ➜ Explicit dependency on target 'GRPCNIOTransportHTTP2' in project 'grpc-swift-nio-transport'
        ➜ Explicit dependency on target 'Logging' in project 'swift-log'
    Target 'KurrentDB' in project 'swift-kurrentdb'
        ➜ Explicit dependency on target '_GRPCProtobufGenerated' in project 'swift-kurrentdb'
        ➜ Explicit dependency on target 'GRPCEncapsulates' in project 'swift-kurrentdb'
        ➜ Explicit dependency on target 'GRPCProtobuf' in project 'grpc-swift-protobuf'
        ➜ Explicit dependency on target 'SwiftProtobuf' in project 'SwiftProtobuf'
        ➜ Explicit dependency on target 'GRPCCore' in project 'grpc-swift-2'
        ➜ Explicit dependency on target 'GRPCNIOTransportHTTP2' in project 'grpc-swift-nio-transport'
        ➜ Explicit dependency on target 'Logging' in project 'swift-log'
    Target 'GRPCEncapsulates' in project 'swift-kurrentdb'
        ➜ Explicit dependency on target '_GRPCProtobufGenerated' in project 'swift-kurrentdb'
        ➜ Explicit dependency on target 'GRPCProtobuf' in project 'grpc-swift-protobuf'
        ➜ Explicit dependency on target 'SwiftProtobuf' in project 'SwiftProtobuf'
        ➜ Explicit dependency on target 'GRPCCore' in project 'grpc-swift-2'
        ➜ Explicit dependency on target 'GRPCNIOTransportHTTP2' in project 'grpc-swift-nio-transport'
    Target 'GRPCNIOTransportHTTP2' in project 'grpc-swift-nio-transport'
        ➜ Explicit dependency on target 'GRPCNIOTransportHTTP2' in project 'grpc-swift-nio-transport'
        ➜ Explicit dependency on target 'CGRPCNIOTransportZlib' in project 'grpc-swift-nio-transport'
        ➜ Explicit dependency on target 'GRPCNIOTransportCore' in project 'grpc-swift-nio-transport'
        ➜ Explicit dependency on target 'GRPCNIOTransportHTTP2Posix' in project 'grpc-swift-nio-transport'
        ➜ Explicit dependency on target 'GRPCNIOTransportHTTP2TransportServices' in project 'grpc-swift-nio-transport'
        ➜ Explicit dependency on target 'GRPCCore' in project 'grpc-swift-2'
        ➜ Explicit dependency on target 'NIOCore' in project 'swift-nio'
        ➜ Explicit dependency on target 'NIOHTTP1' in project 'swift-nio'
        ➜ Explicit dependency on target 'NIOTLS' in project 'swift-nio'
        ➜ Explicit dependency on target 'NIOHTTP2' in project 'swift-nio-http2'
        ➜ Explicit dependency on target 'NIOExtras' in project 'swift-nio-extras'
        ➜ Explicit dependency on target 'NIOPosix' in project 'swift-nio'
        ➜ Explicit dependency on target 'NIOSSL' in project 'swift-nio-ssl'
        ➜ Explicit dependency on target 'X509' in project 'swift-certificates'
        ➜ Explicit dependency on target 'SwiftASN1' in project 'swift-asn1'
        ➜ Explicit dependency on target 'NIOCertificateReloading' in project 'swift-nio-extras'
        ➜ Explicit dependency on target 'NIOTransportServices' in project 'swift-nio-transport-services'
    Target 'GRPCNIOTransportHTTP2' in project 'grpc-swift-nio-transport'
        ➜ Explicit dependency on target 'CGRPCNIOTransportZlib' in project 'grpc-swift-nio-transport'
        ➜ Explicit dependency on target 'GRPCNIOTransportCore' in project 'grpc-swift-nio-transport'
        ➜ Explicit dependency on target 'GRPCNIOTransportHTTP2Posix' in project 'grpc-swift-nio-transport'
        ➜ Explicit dependency on target 'GRPCNIOTransportHTTP2TransportServices' in project 'grpc-swift-nio-transport'
        ➜ Explicit dependency on target 'GRPCCore' in project 'grpc-swift-2'
        ➜ Explicit dependency on target 'NIOCore' in project 'swift-nio'
        ➜ Explicit dependency on target 'NIOHTTP1' in project 'swift-nio'
        ➜ Explicit dependency on target 'NIOTLS' in project 'swift-nio'
        ➜ Explicit dependency on target 'NIOHTTP2' in project 'swift-nio-http2'
        ➜ Explicit dependency on target 'NIOExtras' in project 'swift-nio-extras'
        ➜ Explicit dependency on target 'NIOPosix' in project 'swift-nio'
        ➜ Explicit dependency on target 'NIOSSL' in project 'swift-nio-ssl'
        ➜ Explicit dependency on target 'X509' in project 'swift-certificates'
        ➜ Explicit dependency on target 'SwiftASN1' in project 'swift-asn1'
        ➜ Explicit dependency on target 'NIOCertificateReloading' in project 'swift-nio-extras'
        ➜ Explicit dependency on target 'NIOTransportServices' in project 'swift-nio-transport-services'
    Target 'GRPCNIOTransportHTTP2TransportServices' in project 'grpc-swift-nio-transport'
        ➜ Explicit dependency on target 'CGRPCNIOTransportZlib' in project 'grpc-swift-nio-transport'
        ➜ Explicit dependency on target 'GRPCNIOTransportCore' in project 'grpc-swift-nio-transport'
        ➜ Explicit dependency on target 'GRPCCore' in project 'grpc-swift-2'
        ➜ Explicit dependency on target 'NIOCore' in project 'swift-nio'
        ➜ Explicit dependency on target 'NIOHTTP1' in project 'swift-nio'
        ➜ Explicit dependency on target 'NIOTLS' in project 'swift-nio'
        ➜ Explicit dependency on target 'NIOHTTP2' in project 'swift-nio-http2'
        ➜ Explicit dependency on target 'NIOExtras' in project 'swift-nio-extras'
        ➜ Explicit dependency on target 'NIOTransportServices' in project 'swift-nio-transport-services'
    Target 'NIOTransportServices' in project 'swift-nio-transport-services'
        ➜ Explicit dependency on target 'NIOTransportServices' in project 'swift-nio-transport-services'
        ➜ Explicit dependency on target 'NIO' in project 'swift-nio'
        ➜ Explicit dependency on target 'NIOCore' in project 'swift-nio'
        ➜ Explicit dependency on target 'NIOFoundationCompat' in project 'swift-nio'
        ➜ Explicit dependency on target 'NIOTLS' in project 'swift-nio'
        ➜ Explicit dependency on target 'Atomics' in project 'swift-atomics'
    Target 'NIOTransportServices' in project 'swift-nio-transport-services'
        ➜ Explicit dependency on target 'NIO' in project 'swift-nio'
        ➜ Explicit dependency on target 'NIOCore' in project 'swift-nio'
        ➜ Explicit dependency on target 'NIOFoundationCompat' in project 'swift-nio'
        ➜ Explicit dependency on target 'NIOTLS' in project 'swift-nio'
        ➜ Explicit dependency on target 'Atomics' in project 'swift-atomics'
    Target 'NIOFoundationCompat' in project 'swift-nio'
        ➜ Explicit dependency on target 'NIOFoundationCompat' in project 'swift-nio'
        ➜ Explicit dependency on target 'CNIOAtomics' in project 'swift-nio'
        ➜ Explicit dependency on target 'NIOConcurrencyHelpers' in project 'swift-nio'
        ➜ Explicit dependency on target '_NIOBase64' in project 'swift-nio'
        ➜ Explicit dependency on target 'CNIOOpenBSD' in project 'swift-nio'
        ➜ Explicit dependency on target 'CNIOFreeBSD' in project 'swift-nio'
        ➜ Explicit dependency on target 'CNIODarwin' in project 'swift-nio'
        ➜ Explicit dependency on target 'CNIOLinux' in project 'swift-nio'
        ➜ Explicit dependency on target 'CNIOWindows' in project 'swift-nio'
        ➜ Explicit dependency on target 'CNIOWASI' in project 'swift-nio'
        ➜ Explicit dependency on target '_NIODataStructures' in project 'swift-nio'
        ➜ Explicit dependency on target 'NIOCore' in project 'swift-nio'
        ➜ Explicit dependency on target 'NIOEmbedded' in project 'swift-nio'
        ➜ Explicit dependency on target 'CNIOPosix' in project 'swift-nio'
        ➜ Explicit dependency on target 'NIOPosix' in project 'swift-nio'
        ➜ Explicit dependency on target 'NIO' in project 'swift-nio'
        ➜ Explicit dependency on target 'NIOFoundationEssentialsCompat' in project 'swift-nio'
        ➜ Explicit dependency on target 'DequeModule' in project 'swift-collections'
        ➜ Explicit dependency on target 'Atomics' in project 'swift-atomics'
    Target 'NIOFoundationCompat' in project 'swift-nio'
        ➜ Explicit dependency on target 'CNIOAtomics' in project 'swift-nio'
        ➜ Explicit dependency on target 'NIOConcurrencyHelpers' in project 'swift-nio'
        ➜ Explicit dependency on target '_NIOBase64' in project 'swift-nio'
        ➜ Explicit dependency on target 'CNIOOpenBSD' in project 'swift-nio'
        ➜ Explicit dependency on target 'CNIOFreeBSD' in project 'swift-nio'
        ➜ Explicit dependency on target 'CNIODarwin' in project 'swift-nio'
        ➜ Explicit dependency on target 'CNIOLinux' in project 'swift-nio'
        ➜ Explicit dependency on target 'CNIOWindows' in project 'swift-nio'
        ➜ Explicit dependency on target 'CNIOWASI' in project 'swift-nio'
        ➜ Explicit dependency on target '_NIODataStructures' in project 'swift-nio'
        ➜ Explicit dependency on target 'NIOCore' in project 'swift-nio'
        ➜ Explicit dependency on target 'NIOEmbedded' in project 'swift-nio'
        ➜ Explicit dependency on target 'CNIOPosix' in project 'swift-nio'
        ➜ Explicit dependency on target 'NIOPosix' in project 'swift-nio'
        ➜ Explicit dependency on target 'NIO' in project 'swift-nio'
        ➜ Explicit dependency on target 'NIOFoundationEssentialsCompat' in project 'swift-nio'
        ➜ Explicit dependency on target 'DequeModule' in project 'swift-collections'
        ➜ Explicit dependency on target 'Atomics' in project 'swift-atomics'
    Target 'NIOFoundationEssentialsCompat' in project 'swift-nio'
        ➜ Explicit dependency on target 'CNIOAtomics' in project 'swift-nio'
        ➜ Explicit dependency on target 'NIOConcurrencyHelpers' in project 'swift-nio'
        ➜ Explicit dependency on target '_NIOBase64' in project 'swift-nio'
        ➜ Explicit dependency on target 'CNIOOpenBSD' in project 'swift-nio'
        ➜ Explicit dependency on target 'CNIOFreeBSD' in project 'swift-nio'
        ➜ Explicit dependency on target 'CNIODarwin' in project 'swift-nio'
        ➜ Explicit dependency on target 'CNIOLinux' in project 'swift-nio'
        ➜ Explicit dependency on target 'CNIOWindows' in project 'swift-nio'
        ➜ Explicit dependency on target 'CNIOWASI' in project 'swift-nio'
        ➜ Explicit dependency on target '_NIODataStructures' in project 'swift-nio'
        ➜ Explicit dependency on target 'NIOCore' in project 'swift-nio'
        ➜ Explicit dependency on target 'DequeModule' in project 'swift-collections'
        ➜ Explicit dependency on target 'Atomics' in project 'swift-atomics'
    Target 'GRPCNIOTransportHTTP2Posix' in project 'grpc-swift-nio-transport'
        ➜ Explicit dependency on target 'CGRPCNIOTransportZlib' in project 'grpc-swift-nio-transport'
        ➜ Explicit dependency on target 'GRPCNIOTransportCore' in project 'grpc-swift-nio-transport'
        ➜ Explicit dependency on target 'GRPCCore' in project 'grpc-swift-2'
        ➜ Explicit dependency on target 'NIOCore' in project 'swift-nio'
        ➜ Explicit dependency on target 'NIOHTTP1' in project 'swift-nio'
        ➜ Explicit dependency on target 'NIOTLS' in project 'swift-nio'
        ➜ Explicit dependency on target 'NIOHTTP2' in project 'swift-nio-http2'
        ➜ Explicit dependency on target 'NIOExtras' in project 'swift-nio-extras'
        ➜ Explicit dependency on target 'NIOPosix' in project 'swift-nio'
        ➜ Explicit dependency on target 'NIOSSL' in project 'swift-nio-ssl'
        ➜ Explicit dependency on target 'X509' in project 'swift-certificates'
        ➜ Explicit dependency on target 'SwiftASN1' in project 'swift-asn1'
        ➜ Explicit dependency on target 'NIOCertificateReloading' in project 'swift-nio-extras'
    Target 'NIOCertificateReloading' in project 'swift-nio-extras'
        ➜ Explicit dependency on target 'NIOCertificateReloading' in project 'swift-nio-extras'
        ➜ Explicit dependency on target 'NIOCore' in project 'swift-nio'
        ➜ Explicit dependency on target 'NIOSSL' in project 'swift-nio-ssl'
        ➜ Explicit dependency on target 'X509' in project 'swift-certificates'
        ➜ Explicit dependency on target 'SwiftASN1' in project 'swift-asn1'
        ➜ Explicit dependency on target 'ServiceLifecycle' in project 'swift-service-lifecycle'
        ➜ Explicit dependency on target 'AsyncAlgorithms' in project 'swift-async-algorithms'
        ➜ Explicit dependency on target 'Logging' in project 'swift-log'
    Target 'NIOCertificateReloading' in project 'swift-nio-extras'
        ➜ Explicit dependency on target 'NIOCore' in project 'swift-nio'
        ➜ Explicit dependency on target 'NIOSSL' in project 'swift-nio-ssl'
        ➜ Explicit dependency on target 'X509' in project 'swift-certificates'
        ➜ Explicit dependency on target 'SwiftASN1' in project 'swift-asn1'
        ➜ Explicit dependency on target 'ServiceLifecycle' in project 'swift-service-lifecycle'
        ➜ Explicit dependency on target 'AsyncAlgorithms' in project 'swift-async-algorithms'
        ➜ Explicit dependency on target 'Logging' in project 'swift-log'
    Target 'ServiceLifecycle' in project 'swift-service-lifecycle'
        ➜ Explicit dependency on target 'ServiceLifecycle' in project 'swift-service-lifecycle'
        ➜ Explicit dependency on target 'ConcurrencyHelpers' in project 'swift-service-lifecycle'
        ➜ Explicit dependency on target 'UnixSignals' in project 'swift-service-lifecycle'
        ➜ Explicit dependency on target 'Logging' in project 'swift-log'
        ➜ Explicit dependency on target 'AsyncAlgorithms' in project 'swift-async-algorithms'
    Target 'ServiceLifecycle' in project 'swift-service-lifecycle'
        ➜ Explicit dependency on target 'ConcurrencyHelpers' in project 'swift-service-lifecycle'
        ➜ Explicit dependency on target 'UnixSignals' in project 'swift-service-lifecycle'
        ➜ Explicit dependency on target 'Logging' in project 'swift-log'
        ➜ Explicit dependency on target 'AsyncAlgorithms' in project 'swift-async-algorithms'
    Target 'AsyncAlgorithms' in project 'swift-async-algorithms'
        ➜ Explicit dependency on target 'AsyncAlgorithms' in project 'swift-async-algorithms'
        ➜ Explicit dependency on target 'OrderedCollections' in project 'swift-collections'
        ➜ Explicit dependency on target 'DequeModule' in project 'swift-collections'
    Target 'AsyncAlgorithms' in project 'swift-async-algorithms'
        ➜ Explicit dependency on target 'OrderedCollections' in project 'swift-collections'
        ➜ Explicit dependency on target 'DequeModule' in project 'swift-collections'
    Target 'OrderedCollections' in project 'swift-collections'
        ➜ Explicit dependency on target 'OrderedCollections' in project 'swift-collections'
        ➜ Explicit dependency on target 'InternalCollectionsUtilities' in project 'swift-collections'
    Target 'OrderedCollections' in project 'swift-collections'
        ➜ Explicit dependency on target 'InternalCollectionsUtilities' in project 'swift-collections'
    Target 'Logging' in project 'swift-log'
        ➜ Explicit dependency on target 'Logging' in project 'swift-log'
    Target 'Logging' in project 'swift-log' (no dependencies)
    Target 'UnixSignals' in project 'swift-service-lifecycle'
        ➜ Explicit dependency on target 'ConcurrencyHelpers' in project 'swift-service-lifecycle'
    Target 'ConcurrencyHelpers' in project 'swift-service-lifecycle' (no dependencies)
    Target 'X509' in project 'swift-certificates'
        ➜ Explicit dependency on target 'X509' in project 'swift-certificates'
        ➜ Explicit dependency on target '_CertificateInternals' in project 'swift-certificates'
        ➜ Explicit dependency on target 'SwiftASN1' in project 'swift-asn1'
        ➜ Explicit dependency on target 'Crypto' in project 'swift-crypto'
        ➜ Explicit dependency on target '_CryptoExtras' in project 'swift-crypto'
    Target 'X509' in project 'swift-certificates'
        ➜ Explicit dependency on target '_CertificateInternals' in project 'swift-certificates'
        ➜ Explicit dependency on target 'SwiftASN1' in project 'swift-asn1'
        ➜ Explicit dependency on target 'Crypto' in project 'swift-crypto'
        ➜ Explicit dependency on target '_CryptoExtras' in project 'swift-crypto'
    Target '_CryptoExtras' in project 'swift-crypto'
        ➜ Explicit dependency on target '_CryptoExtras' in project 'swift-crypto'
        ➜ Explicit dependency on target 'CCryptoBoringSSL' in project 'swift-crypto'
        ➜ Explicit dependency on target 'CryptoBoringWrapper' in project 'swift-crypto'
        ➜ Explicit dependency on target 'Crypto' in project 'swift-crypto'
        ➜ Explicit dependency on target 'CryptoExtras' in project 'swift-crypto'
        ➜ Explicit dependency on target 'SwiftASN1' in project 'swift-asn1'
    Target '_CryptoExtras' in project 'swift-crypto'
        ➜ Explicit dependency on target 'CCryptoBoringSSL' in project 'swift-crypto'
        ➜ Explicit dependency on target 'CryptoBoringWrapper' in project 'swift-crypto'
        ➜ Explicit dependency on target 'Crypto' in project 'swift-crypto'
        ➜ Explicit dependency on target 'CryptoExtras' in project 'swift-crypto'
        ➜ Explicit dependency on target 'SwiftASN1' in project 'swift-asn1'
    Target 'CryptoExtras' in project 'swift-crypto'
        ➜ Explicit dependency on target 'swift-crypto_CryptoExtras' in project 'swift-crypto'
        ➜ Explicit dependency on target 'CCryptoBoringSSL' in project 'swift-crypto'
        ➜ Explicit dependency on target 'CryptoBoringWrapper' in project 'swift-crypto'
        ➜ Explicit dependency on target 'Crypto' in project 'swift-crypto'
        ➜ Explicit dependency on target 'SwiftASN1' in project 'swift-asn1'
    Target 'swift-crypto_CryptoExtras' in project 'swift-crypto' (no dependencies)
    Target 'CryptoBoringWrapper' in project 'swift-crypto'
        ➜ Explicit dependency on target 'swift-crypto_CryptoBoringWrapper' in project 'swift-crypto'
        ➜ Explicit dependency on target 'CCryptoBoringSSL' in project 'swift-crypto'
    Target 'swift-crypto_CryptoBoringWrapper' in project 'swift-crypto' (no dependencies)
    Target 'CCryptoBoringSSL' in project 'swift-crypto'
        ➜ Explicit dependency on target 'swift-crypto_CCryptoBoringSSL' in project 'swift-crypto'
    Target 'swift-crypto_CCryptoBoringSSL' in project 'swift-crypto' (no dependencies)
    Target 'Crypto' in project 'swift-crypto'
        ➜ Explicit dependency on target 'Crypto' in project 'swift-crypto'
        ➜ Explicit dependency on target 'swift-crypto_Crypto' in project 'swift-crypto'
    Target 'Crypto' in project 'swift-crypto'
        ➜ Explicit dependency on target 'swift-crypto_Crypto' in project 'swift-crypto'
    Target 'swift-crypto_Crypto' in project 'swift-crypto' (no dependencies)
    Target 'SwiftASN1' in project 'swift-asn1'
        ➜ Explicit dependency on target 'SwiftASN1' in project 'swift-asn1'
    Target 'SwiftASN1' in project 'swift-asn1' (no dependencies)
    Target '_CertificateInternals' in project 'swift-certificates' (no dependencies)
    Target 'NIOSSL' in project 'swift-nio-ssl'
        ➜ Explicit dependency on target 'NIOSSL' in project 'swift-nio-ssl'
        ➜ Explicit dependency on target 'swift-nio-ssl_NIOSSL' in project 'swift-nio-ssl'
        ➜ Explicit dependency on target 'CNIOBoringSSL' in project 'swift-nio-ssl'
        ➜ Explicit dependency on target 'CNIOBoringSSLShims' in project 'swift-nio-ssl'
        ➜ Explicit dependency on target 'NIO' in project 'swift-nio'
        ➜ Explicit dependency on target 'NIOCore' in project 'swift-nio'
        ➜ Explicit dependency on target 'NIOConcurrencyHelpers' in project 'swift-nio'
        ➜ Explicit dependency on target 'NIOTLS' in project 'swift-nio'
    Target 'NIOSSL' in project 'swift-nio-ssl'
        ➜ Explicit dependency on target 'swift-nio-ssl_NIOSSL' in project 'swift-nio-ssl'
        ➜ Explicit dependency on target 'CNIOBoringSSL' in project 'swift-nio-ssl'
        ➜ Explicit dependency on target 'CNIOBoringSSLShims' in project 'swift-nio-ssl'
        ➜ Explicit dependency on target 'NIO' in project 'swift-nio'
        ➜ Explicit dependency on target 'NIOCore' in project 'swift-nio'
        ➜ Explicit dependency on target 'NIOConcurrencyHelpers' in project 'swift-nio'
        ➜ Explicit dependency on target 'NIOTLS' in project 'swift-nio'
    Target 'CNIOBoringSSLShims' in project 'swift-nio-ssl'
        ➜ Explicit dependency on target 'CNIOBoringSSL' in project 'swift-nio-ssl'
    Target 'CNIOBoringSSL' in project 'swift-nio-ssl' (no dependencies)
    Target 'swift-nio-ssl_NIOSSL' in project 'swift-nio-ssl' (no dependencies)
    Target 'NIOPosix' in project 'swift-nio'
        ➜ Explicit dependency on target 'NIOPosix' in project 'swift-nio'
        ➜ Explicit dependency on target 'swift-nio_NIOPosix' in project 'swift-nio'
        ➜ Explicit dependency on target 'CNIOOpenBSD' in project 'swift-nio'
        ➜ Explicit dependency on target 'CNIOLinux' in project 'swift-nio'
        ➜ Explicit dependency on target 'CNIODarwin' in project 'swift-nio'
        ➜ Explicit dependency on target 'CNIOWindows' in project 'swift-nio'
        ➜ Explicit dependency on target 'CNIOAtomics' in project 'swift-nio'
        ➜ Explicit dependency on target 'NIOConcurrencyHelpers' in project 'swift-nio'
        ➜ Explicit dependency on target '_NIOBase64' in project 'swift-nio'
        ➜ Explicit dependency on target 'CNIOFreeBSD' in project 'swift-nio'
        ➜ Explicit dependency on target 'CNIOWASI' in project 'swift-nio'
        ➜ Explicit dependency on target '_NIODataStructures' in project 'swift-nio'
        ➜ Explicit dependency on target 'NIOCore' in project 'swift-nio'
        ➜ Explicit dependency on target 'CNIOPosix' in project 'swift-nio'
        ➜ Explicit dependency on target 'DequeModule' in project 'swift-collections'
        ➜ Explicit dependency on target 'Atomics' in project 'swift-atomics'
    Target 'GRPCNIOTransportCore' in project 'grpc-swift-nio-transport'
        ➜ Explicit dependency on target 'CGRPCNIOTransportZlib' in project 'grpc-swift-nio-transport'
        ➜ Explicit dependency on target 'GRPCCore' in project 'grpc-swift-2'
        ➜ Explicit dependency on target 'NIOCore' in project 'swift-nio'
        ➜ Explicit dependency on target 'NIOHTTP1' in project 'swift-nio'
        ➜ Explicit dependency on target 'NIOTLS' in project 'swift-nio'
        ➜ Explicit dependency on target 'NIOHTTP2' in project 'swift-nio-http2'
        ➜ Explicit dependency on target 'NIOExtras' in project 'swift-nio-extras'
    Target 'NIOExtras' in project 'swift-nio-extras'
        ➜ Explicit dependency on target 'NIOExtras' in project 'swift-nio-extras'
        ➜ Explicit dependency on target 'NIO' in project 'swift-nio'
        ➜ Explicit dependency on target 'NIOCore' in project 'swift-nio'
        ➜ Explicit dependency on target 'NIOHTTP1' in project 'swift-nio'
    Target 'NIOExtras' in project 'swift-nio-extras'
        ➜ Explicit dependency on target 'NIO' in project 'swift-nio'
        ➜ Explicit dependency on target 'NIOCore' in project 'swift-nio'
        ➜ Explicit dependency on target 'NIOHTTP1' in project 'swift-nio'
    Target 'NIOHTTP2' in project 'swift-nio-http2'
        ➜ Explicit dependency on target 'NIOHTTP2' in project 'swift-nio-http2'
        ➜ Explicit dependency on target 'NIOHPACK' in project 'swift-nio-http2'
        ➜ Explicit dependency on target 'NIO' in project 'swift-nio'
        ➜ Explicit dependency on target 'NIOCore' in project 'swift-nio'
        ➜ Explicit dependency on target 'NIOConcurrencyHelpers' in project 'swift-nio'
        ➜ Explicit dependency on target 'NIOHTTP1' in project 'swift-nio'
        ➜ Explicit dependency on target 'NIOTLS' in project 'swift-nio'
        ➜ Explicit dependency on target 'Atomics' in project 'swift-atomics'
    Target 'NIOHTTP2' in project 'swift-nio-http2'
        ➜ Explicit dependency on target 'NIOHPACK' in project 'swift-nio-http2'
        ➜ Explicit dependency on target 'NIO' in project 'swift-nio'
        ➜ Explicit dependency on target 'NIOCore' in project 'swift-nio'
        ➜ Explicit dependency on target 'NIOConcurrencyHelpers' in project 'swift-nio'
        ➜ Explicit dependency on target 'NIOHTTP1' in project 'swift-nio'
        ➜ Explicit dependency on target 'NIOTLS' in project 'swift-nio'
        ➜ Explicit dependency on target 'Atomics' in project 'swift-atomics'
    Target 'NIOHPACK' in project 'swift-nio-http2'
        ➜ Explicit dependency on target 'NIO' in project 'swift-nio'
        ➜ Explicit dependency on target 'NIOCore' in project 'swift-nio'
        ➜ Explicit dependency on target 'NIOConcurrencyHelpers' in project 'swift-nio'
        ➜ Explicit dependency on target 'NIOHTTP1' in project 'swift-nio'
    Target 'NIOConcurrencyHelpers' in project 'swift-nio'
        ➜ Explicit dependency on target 'NIOConcurrencyHelpers' in project 'swift-nio'
        ➜ Explicit dependency on target 'CNIOAtomics' in project 'swift-nio'
    Target 'NIO' in project 'swift-nio'
        ➜ Explicit dependency on target 'NIO' in project 'swift-nio'
        ➜ Explicit dependency on target 'CNIOAtomics' in project 'swift-nio'
        ➜ Explicit dependency on target 'NIOConcurrencyHelpers' in project 'swift-nio'
        ➜ Explicit dependency on target '_NIOBase64' in project 'swift-nio'
        ➜ Explicit dependency on target 'CNIOOpenBSD' in project 'swift-nio'
        ➜ Explicit dependency on target 'CNIOFreeBSD' in project 'swift-nio'
        ➜ Explicit dependency on target 'CNIODarwin' in project 'swift-nio'
        ➜ Explicit dependency on target 'CNIOLinux' in project 'swift-nio'
        ➜ Explicit dependency on target 'CNIOWindows' in project 'swift-nio'
        ➜ Explicit dependency on target 'CNIOWASI' in project 'swift-nio'
        ➜ Explicit dependency on target '_NIODataStructures' in project 'swift-nio'
        ➜ Explicit dependency on target 'NIOCore' in project 'swift-nio'
        ➜ Explicit dependency on target 'NIOEmbedded' in project 'swift-nio'
        ➜ Explicit dependency on target 'CNIOPosix' in project 'swift-nio'
        ➜ Explicit dependency on target 'NIOPosix' in project 'swift-nio'
        ➜ Explicit dependency on target 'DequeModule' in project 'swift-collections'
        ➜ Explicit dependency on target 'Atomics' in project 'swift-atomics'
    Target 'NIOTLS' in project 'swift-nio'
        ➜ Explicit dependency on target 'NIOTLS' in project 'swift-nio'
        ➜ Explicit dependency on target 'CNIOAtomics' in project 'swift-nio'
        ➜ Explicit dependency on target 'NIOConcurrencyHelpers' in project 'swift-nio'
        ➜ Explicit dependency on target '_NIOBase64' in project 'swift-nio'
        ➜ Explicit dependency on target 'CNIOOpenBSD' in project 'swift-nio'
        ➜ Explicit dependency on target 'CNIOFreeBSD' in project 'swift-nio'
        ➜ Explicit dependency on target 'CNIODarwin' in project 'swift-nio'
        ➜ Explicit dependency on target 'CNIOLinux' in project 'swift-nio'
        ➜ Explicit dependency on target 'CNIOWindows' in project 'swift-nio'
        ➜ Explicit dependency on target 'CNIOWASI' in project 'swift-nio'
        ➜ Explicit dependency on target '_NIODataStructures' in project 'swift-nio'
        ➜ Explicit dependency on target 'NIOCore' in project 'swift-nio'
        ➜ Explicit dependency on target 'NIOEmbedded' in project 'swift-nio'
        ➜ Explicit dependency on target 'CNIOPosix' in project 'swift-nio'
        ➜ Explicit dependency on target 'NIOPosix' in project 'swift-nio'
        ➜ Explicit dependency on target 'NIO' in project 'swift-nio'
        ➜ Explicit dependency on target 'DequeModule' in project 'swift-collections'
        ➜ Explicit dependency on target 'Atomics' in project 'swift-atomics'
    Target 'NIOTLS' in project 'swift-nio'
        ➜ Explicit dependency on target 'CNIOAtomics' in project 'swift-nio'
        ➜ Explicit dependency on target 'NIOConcurrencyHelpers' in project 'swift-nio'
        ➜ Explicit dependency on target '_NIOBase64' in project 'swift-nio'
        ➜ Explicit dependency on target 'CNIOOpenBSD' in project 'swift-nio'
        ➜ Explicit dependency on target 'CNIOFreeBSD' in project 'swift-nio'
        ➜ Explicit dependency on target 'CNIODarwin' in project 'swift-nio'
        ➜ Explicit dependency on target 'CNIOLinux' in project 'swift-nio'
        ➜ Explicit dependency on target 'CNIOWindows' in project 'swift-nio'
        ➜ Explicit dependency on target 'CNIOWASI' in project 'swift-nio'
        ➜ Explicit dependency on target '_NIODataStructures' in project 'swift-nio'
        ➜ Explicit dependency on target 'NIOCore' in project 'swift-nio'
        ➜ Explicit dependency on target 'NIOEmbedded' in project 'swift-nio'
        ➜ Explicit dependency on target 'CNIOPosix' in project 'swift-nio'
        ➜ Explicit dependency on target 'NIOPosix' in project 'swift-nio'
        ➜ Explicit dependency on target 'NIO' in project 'swift-nio'
        ➜ Explicit dependency on target 'DequeModule' in project 'swift-collections'
        ➜ Explicit dependency on target 'Atomics' in project 'swift-atomics'
    Target 'NIOHTTP1' in project 'swift-nio'
        ➜ Explicit dependency on target 'NIOHTTP1' in project 'swift-nio'
        ➜ Explicit dependency on target 'CNIOAtomics' in project 'swift-nio'
        ➜ Explicit dependency on target 'NIOConcurrencyHelpers' in project 'swift-nio'
        ➜ Explicit dependency on target '_NIOBase64' in project 'swift-nio'
        ➜ Explicit dependency on target 'CNIOOpenBSD' in project 'swift-nio'
        ➜ Explicit dependency on target 'CNIOFreeBSD' in project 'swift-nio'
        ➜ Explicit dependency on target 'CNIODarwin' in project 'swift-nio'
        ➜ Explicit dependency on target 'CNIOLinux' in project 'swift-nio'
        ➜ Explicit dependency on target 'CNIOWindows' in project 'swift-nio'
        ➜ Explicit dependency on target 'CNIOWASI' in project 'swift-nio'
        ➜ Explicit dependency on target '_NIODataStructures' in project 'swift-nio'
        ➜ Explicit dependency on target 'NIOCore' in project 'swift-nio'
        ➜ Explicit dependency on target 'NIOEmbedded' in project 'swift-nio'
        ➜ Explicit dependency on target 'CNIOPosix' in project 'swift-nio'
        ➜ Explicit dependency on target 'NIOPosix' in project 'swift-nio'
        ➜ Explicit dependency on target 'NIO' in project 'swift-nio'
        ➜ Explicit dependency on target 'CNIOLLHTTP' in project 'swift-nio'
        ➜ Explicit dependency on target 'DequeModule' in project 'swift-collections'
        ➜ Explicit dependency on target 'Atomics' in project 'swift-atomics'
    Target 'NIOHTTP1' in project 'swift-nio'
        ➜ Explicit dependency on target 'CNIOAtomics' in project 'swift-nio'
        ➜ Explicit dependency on target 'NIOConcurrencyHelpers' in project 'swift-nio'
        ➜ Explicit dependency on target '_NIOBase64' in project 'swift-nio'
        ➜ Explicit dependency on target 'CNIOOpenBSD' in project 'swift-nio'
        ➜ Explicit dependency on target 'CNIOFreeBSD' in project 'swift-nio'
        ➜ Explicit dependency on target 'CNIODarwin' in project 'swift-nio'
        ➜ Explicit dependency on target 'CNIOLinux' in project 'swift-nio'
        ➜ Explicit dependency on target 'CNIOWindows' in project 'swift-nio'
        ➜ Explicit dependency on target 'CNIOWASI' in project 'swift-nio'
        ➜ Explicit dependency on target '_NIODataStructures' in project 'swift-nio'
        ➜ Explicit dependency on target 'NIOCore' in project 'swift-nio'
        ➜ Explicit dependency on target 'NIOEmbedded' in project 'swift-nio'
        ➜ Explicit dependency on target 'CNIOPosix' in project 'swift-nio'
        ➜ Explicit dependency on target 'NIOPosix' in project 'swift-nio'
        ➜ Explicit dependency on target 'NIO' in project 'swift-nio'
        ➜ Explicit dependency on target 'CNIOLLHTTP' in project 'swift-nio'
        ➜ Explicit dependency on target 'DequeModule' in project 'swift-collections'
        ➜ Explicit dependency on target 'Atomics' in project 'swift-atomics'
    Target 'CNIOLLHTTP' in project 'swift-nio' (no dependencies)
    Target 'NIO' in project 'swift-nio'
        ➜ Explicit dependency on target 'CNIOAtomics' in project 'swift-nio'
        ➜ Explicit dependency on target 'NIOConcurrencyHelpers' in project 'swift-nio'
        ➜ Explicit dependency on target '_NIOBase64' in project 'swift-nio'
        ➜ Explicit dependency on target 'CNIOOpenBSD' in project 'swift-nio'
        ➜ Explicit dependency on target 'CNIOFreeBSD' in project 'swift-nio'
        ➜ Explicit dependency on target 'CNIODarwin' in project 'swift-nio'
        ➜ Explicit dependency on target 'CNIOLinux' in project 'swift-nio'
        ➜ Explicit dependency on target 'CNIOWindows' in project 'swift-nio'
        ➜ Explicit dependency on target 'CNIOWASI' in project 'swift-nio'
        ➜ Explicit dependency on target '_NIODataStructures' in project 'swift-nio'
        ➜ Explicit dependency on target 'NIOCore' in project 'swift-nio'
        ➜ Explicit dependency on target 'NIOEmbedded' in project 'swift-nio'
        ➜ Explicit dependency on target 'CNIOPosix' in project 'swift-nio'
        ➜ Explicit dependency on target 'NIOPosix' in project 'swift-nio'
        ➜ Explicit dependency on target 'DequeModule' in project 'swift-collections'
        ➜ Explicit dependency on target 'Atomics' in project 'swift-atomics'
    Target 'NIOPosix' in project 'swift-nio'
        ➜ Explicit dependency on target 'swift-nio_NIOPosix' in project 'swift-nio'
        ➜ Explicit dependency on target 'CNIOOpenBSD' in project 'swift-nio'
        ➜ Explicit dependency on target 'CNIOLinux' in project 'swift-nio'
        ➜ Explicit dependency on target 'CNIODarwin' in project 'swift-nio'
        ➜ Explicit dependency on target 'CNIOWindows' in project 'swift-nio'
        ➜ Explicit dependency on target 'CNIOAtomics' in project 'swift-nio'
        ➜ Explicit dependency on target 'NIOConcurrencyHelpers' in project 'swift-nio'
        ➜ Explicit dependency on target '_NIOBase64' in project 'swift-nio'
        ➜ Explicit dependency on target 'CNIOFreeBSD' in project 'swift-nio'
        ➜ Explicit dependency on target 'CNIOWASI' in project 'swift-nio'
        ➜ Explicit dependency on target '_NIODataStructures' in project 'swift-nio'
        ➜ Explicit dependency on target 'NIOCore' in project 'swift-nio'
        ➜ Explicit dependency on target 'CNIOPosix' in project 'swift-nio'
        ➜ Explicit dependency on target 'DequeModule' in project 'swift-collections'
        ➜ Explicit dependency on target 'Atomics' in project 'swift-atomics'
    Target 'swift-nio_NIOPosix' in project 'swift-nio' (no dependencies)
    Target 'CNIOPosix' in project 'swift-nio' (no dependencies)
    Target 'NIOEmbedded' in project 'swift-nio'
        ➜ Explicit dependency on target 'CNIOAtomics' in project 'swift-nio'
        ➜ Explicit dependency on target 'NIOConcurrencyHelpers' in project 'swift-nio'
        ➜ Explicit dependency on target '_NIOBase64' in project 'swift-nio'
        ➜ Explicit dependency on target 'CNIOOpenBSD' in project 'swift-nio'
        ➜ Explicit dependency on target 'CNIOFreeBSD' in project 'swift-nio'
        ➜ Explicit dependency on target 'CNIODarwin' in project 'swift-nio'
        ➜ Explicit dependency on target 'CNIOLinux' in project 'swift-nio'
        ➜ Explicit dependency on target 'CNIOWindows' in project 'swift-nio'
        ➜ Explicit dependency on target 'CNIOWASI' in project 'swift-nio'
        ➜ Explicit dependency on target '_NIODataStructures' in project 'swift-nio'
        ➜ Explicit dependency on target 'NIOCore' in project 'swift-nio'
        ➜ Explicit dependency on target 'DequeModule' in project 'swift-collections'
        ➜ Explicit dependency on target 'Atomics' in project 'swift-atomics'
    Target 'NIOCore' in project 'swift-nio'
        ➜ Explicit dependency on target 'NIOCore' in project 'swift-nio'
        ➜ Explicit dependency on target 'CNIOAtomics' in project 'swift-nio'
        ➜ Explicit dependency on target 'NIOConcurrencyHelpers' in project 'swift-nio'
        ➜ Explicit dependency on target '_NIOBase64' in project 'swift-nio'
        ➜ Explicit dependency on target 'CNIOOpenBSD' in project 'swift-nio'
        ➜ Explicit dependency on target 'CNIOFreeBSD' in project 'swift-nio'
        ➜ Explicit dependency on target 'CNIODarwin' in project 'swift-nio'
        ➜ Explicit dependency on target 'CNIOLinux' in project 'swift-nio'
        ➜ Explicit dependency on target 'CNIOWindows' in project 'swift-nio'
        ➜ Explicit dependency on target 'CNIOWASI' in project 'swift-nio'
        ➜ Explicit dependency on target '_NIODataStructures' in project 'swift-nio'
        ➜ Explicit dependency on target 'DequeModule' in project 'swift-collections'
        ➜ Explicit dependency on target 'Atomics' in project 'swift-atomics'
    Target 'NIOCore' in project 'swift-nio'
        ➜ Explicit dependency on target 'CNIOAtomics' in project 'swift-nio'
        ➜ Explicit dependency on target 'NIOConcurrencyHelpers' in project 'swift-nio'
        ➜ Explicit dependency on target '_NIOBase64' in project 'swift-nio'
        ➜ Explicit dependency on target 'CNIOOpenBSD' in project 'swift-nio'
        ➜ Explicit dependency on target 'CNIOFreeBSD' in project 'swift-nio'
        ➜ Explicit dependency on target 'CNIODarwin' in project 'swift-nio'
        ➜ Explicit dependency on target 'CNIOLinux' in project 'swift-nio'
        ➜ Explicit dependency on target 'CNIOWindows' in project 'swift-nio'
        ➜ Explicit dependency on target 'CNIOWASI' in project 'swift-nio'
        ➜ Explicit dependency on target '_NIODataStructures' in project 'swift-nio'
        ➜ Explicit dependency on target 'DequeModule' in project 'swift-collections'
        ➜ Explicit dependency on target 'Atomics' in project 'swift-atomics'
    Target 'Atomics' in project 'swift-atomics'
        ➜ Explicit dependency on target 'Atomics' in project 'swift-atomics'
        ➜ Explicit dependency on target '_AtomicsShims' in project 'swift-atomics'
    Target 'Atomics' in project 'swift-atomics'
        ➜ Explicit dependency on target '_AtomicsShims' in project 'swift-atomics'
    Target '_AtomicsShims' in project 'swift-atomics' (no dependencies)
    Target '_NIODataStructures' in project 'swift-nio' (no dependencies)
    Target 'CNIOWASI' in project 'swift-nio' (no dependencies)
    Target 'CNIOWindows' in project 'swift-nio' (no dependencies)
    Target 'CNIOLinux' in project 'swift-nio' (no dependencies)
    Target 'CNIODarwin' in project 'swift-nio' (no dependencies)
    Target 'CNIOFreeBSD' in project 'swift-nio' (no dependencies)
    Target 'CNIOOpenBSD' in project 'swift-nio' (no dependencies)
    Target '_NIOBase64' in project 'swift-nio' (no dependencies)
    Target 'NIOConcurrencyHelpers' in project 'swift-nio'
        ➜ Explicit dependency on target 'CNIOAtomics' in project 'swift-nio'
    Target 'CNIOAtomics' in project 'swift-nio' (no dependencies)
    Target 'CGRPCNIOTransportZlib' in project 'grpc-swift-nio-transport' (no dependencies)
    Target '_GRPCProtobufGenerated' in project 'swift-kurrentdb'
        ➜ Explicit dependency on target 'GRPCProtobuf' in project 'grpc-swift-protobuf'
        ➜ Explicit dependency on target 'SwiftProtobuf' in project 'SwiftProtobuf'
    Target 'GRPCProtobuf' in project 'grpc-swift-protobuf'
        ➜ Explicit dependency on target 'GRPCProtobuf' in project 'grpc-swift-protobuf'
        ➜ Explicit dependency on target 'GRPCCore' in project 'grpc-swift-2'
        ➜ Explicit dependency on target 'SwiftProtobuf' in project 'SwiftProtobuf'
    Target 'GRPCProtobuf' in project 'grpc-swift-protobuf'
        ➜ Explicit dependency on target 'GRPCCore' in project 'grpc-swift-2'
        ➜ Explicit dependency on target 'SwiftProtobuf' in project 'SwiftProtobuf'
    Target 'SwiftProtobuf' in project 'SwiftProtobuf'
        ➜ Explicit dependency on target 'SwiftProtobuf' in project 'SwiftProtobuf'
        ➜ Explicit dependency on target 'SwiftProtobuf_SwiftProtobuf' in project 'SwiftProtobuf'
    Target 'SwiftProtobuf' in project 'SwiftProtobuf'
        ➜ Explicit dependency on target 'SwiftProtobuf_SwiftProtobuf' in project 'SwiftProtobuf'
    Target 'SwiftProtobuf_SwiftProtobuf' in project 'SwiftProtobuf' (no dependencies)
    Target 'GRPCCore' in project 'grpc-swift-2'
        ➜ Explicit dependency on target 'GRPCCore' in project 'grpc-swift-2'
        ➜ Explicit dependency on target 'DequeModule' in project 'swift-collections'
    Target 'GRPCCore' in project 'grpc-swift-2'
        ➜ Explicit dependency on target 'DequeModule' in project 'swift-collections'
    Target 'DequeModule' in project 'swift-collections'
        ➜ Explicit dependency on target 'DequeModule' in project 'swift-collections'
        ➜ Explicit dependency on target 'InternalCollectionsUtilities' in project 'swift-collections'
        ➜ Explicit dependency on target 'SpanPreview' in project 'swift-collections'
    Target 'DequeModule' in project 'swift-collections'
        ➜ Explicit dependency on target 'InternalCollectionsUtilities' in project 'swift-collections'
        ➜ Explicit dependency on target 'SpanPreview' in project 'swift-collections'
    Target 'SpanPreview' in project 'swift-collections'
        ➜ Explicit dependency on target 'InternalCollectionsUtilities' in project 'swift-collections'
    Target 'InternalCollectionsUtilities' in project 'swift-collections' (no dependencies)
GatherProvisioningInputs
CreateBuildDescription
ClangStatCache /Applications/Xcode-26.3.0.app/Contents/Developer/Toolchains/XcodeDefault.xctoolchain/usr/bin/clang-stat-cache /Applications/Xcode-26.3.0.app/Contents/Developer/Platforms/MacOSX.platform/Developer/SDKs/MacOSX26.2.sdk /Users/admin/builder/spi-builder-workspace/.derivedData/SDKStatCaches.noindex/macosx26.2-25C58-dc75598d0054f22ec865fa860f139d726b10091eae1b9012e514a50b0de53ce7.sdkstatcache
    cd /Users/admin/builder/spi-builder-workspace/.swiftpm/xcode
    /Applications/Xcode-26.3.0.app/Contents/Developer/Toolchains/XcodeDefault.xctoolchain/usr/bin/clang-stat-cache /Applications/Xcode-26.3.0.app/Contents/Developer/Platforms/MacOSX.platform/Developer/SDKs/MacOSX26.2.sdk -o /Users/admin/builder/spi-builder-workspace/.derivedData/SDKStatCaches.noindex/macosx26.2-25C58-dc75598d0054f22ec865fa860f139d726b10091eae1b9012e514a50b0de53ce7.sdkstatcache
SwiftDriver ServiceLifecycle normal arm64 com.apple.xcode.tools.swift.compiler (in target 'ServiceLifecycle' from project 'swift-service-lifecycle')
    cd /Users/admin/builder/spi-builder-workspace/.swiftpm/xcode
    builtin-SwiftDriver -- /Applications/Xcode-26.3.0.app/Contents/Developer/Toolchains/XcodeDefault.xctoolchain/usr/bin/swiftc -module-name ServiceLifecycle -Onone -enforce-exclusivity\=checked @/Users/admin/builder/spi-builder-workspace/.derivedData/Build/Intermediates.noindex/swift-service-lifecycle.build/Debug/ServiceLifecycle.build/Objects-normal/arm64/ServiceLifecycle.SwiftFileList -DSWIFT_PACKAGE -DDEBUG -DSWIFT_MODULE_RESOURCE_BUNDLE_UNAVAILABLE -DXcode -plugin-path /Applications/Xcode-26.3.0.app/Contents/Developer/Toolchains/XcodeDefault.xctoolchain/usr/lib/swift/host/plugins/testing -enable-experimental-feature DebugDescriptionMacro -sdk /Applications/Xcode-26.3.0.app/Contents/Developer/Platforms/MacOSX.platform/Developer/SDKs/MacOSX26.2.sdk -target arm64-apple-macos10.13 -g -module-cache-path /Users/admin/builder/spi-builder-workspace/.derivedData/ModuleCache.noindex -Xfrontend -serialize-debugging-options -profile-coverage-mapping -profile-generate -enable-testing -suppress-warnings -index-store-path /Users/admin/builder/spi-builder-workspace/.derivedData/Index.noindex/DataStore -Xcc -D_LIBCPP_HARDENING_MODE\=_LIBCPP_HARDENING_MODE_DEBUG -swift-version 6 -I /Users/admin/builder/spi-builder-workspace/.derivedData/Build/Products/Debug -Isystem /Applications/Xcode-26.3.0.app/Contents/Developer/Platforms/MacOSX.platform/Developer/usr/lib -F /Users/admin/builder/spi-builder-workspace/.derivedData/Build/Products/Debug/PackageFrameworks -F /Users/admin/builder/spi-builder-workspace/.derivedData/Build/Products/Debug/PackageFrameworks -F /Users/admin/builder/spi-builder-workspace/.derivedData/Build/Products/Debug/PackageFrameworks -F /Users/admin/builder/spi-builder-workspace/.derivedData/Build/Products/Debug/PackageFrameworks -F /Users/admin/builder/spi-builder-workspace/.derivedData/Build/Products/Debug/PackageFrameworks -F /Users/admin/builder/spi-builder-workspace/.derivedData/Build/Products/Debug/PackageFrameworks -F /Users/admin/builder/spi-builder-workspace/.derivedData/Build/Products/Debug/PackageFrameworks -F /Users/admin/builder/spi-builder-workspace/.derivedData/Build/Products/Debug/PackageFrameworks -F /Users/admin/builder/spi-builder-workspace/.derivedData/Build/Products/Debug -F /Applications/Xcode-26.3.0.app/Contents/Developer/Platforms/MacOSX.platform/Developer/Library/Frameworks -c -j10 -enable-batch-mode -incremental -Xcc -ivfsstatcache -Xcc /Users/admin/builder/spi-builder-workspace/.derivedData/SDKStatCaches.noindex/macosx26.2-25C58-dc75598d0054f22ec865fa860f139d726b10091eae1b9012e514a50b0de53ce7.sdkstatcache -output-file-map /Users/admin/builder/spi-builder-workspace/.derivedData/Build/Intermediates.noindex/swift-service-lifecycle.build/Debug/ServiceLifecycle.build/Objects-normal/arm64/ServiceLifecycle-OutputFileMap.json -use-frontend-parseable-output -save-temps -no-color-diagnostics -explicit-module-build -module-cache-path /Users/admin/builder/spi-builder-workspace/.derivedData/Build/Intermediates.noindex/SwiftExplicitPrecompiledModules -clang-scanner-module-cache-path /Users/admin/builder/spi-builder-workspace/.derivedData/ModuleCache.noindex -sdk-module-cache-path /Users/admin/builder/spi-builder-workspace/.derivedData/ModuleCache.noindex -serialize-diagnostics -emit-dependencies -emit-module -emit-module-path /Users/admin/builder/spi-builder-workspace/.derivedData/Build/Intermediates.noindex/swift-service-lifecycle.build/Debug/ServiceLifecycle.build/Objects-normal/arm64/ServiceLifecycle.swiftmodule -user-module-version 2.13.0 -validate-clang-modules-once -clang-build-session-file /Users/admin/builder/spi-builder-workspace/.derivedData/ModuleCache.noindex/Session.modulevalidation -package-name swift_service_lifecycle -Xcc -I/Users/admin/builder/spi-builder-workspace/.derivedData/Build/Intermediates.noindex/swift-service-lifecycle.build/Debug/ServiceLifecycle.build/swift-overrides.hmap -emit-const-values -Xfrontend -const-gather-protocols-file -Xfrontend /Users/admin/builder/spi-builder-workspace/.derivedData/Build/Intermediates.noindex/swift-service-lifecycle.build/Debug/ServiceLifecycle.build/Objects-normal/arm64/ServiceLifecycle_const_extract_protocols.json -Xcc -I/Users/admin/builder/spi-builder-workspace/.derivedData/Build/Products/Debug/include -Xcc -I/Users/admin/builder/spi-builder-workspace/.derivedData/Build/Intermediates.noindex/swift-service-lifecycle.build/Debug/ServiceLifecycle.build/DerivedSources-normal/arm64 -Xcc -I/Users/admin/builder/spi-builder-workspace/.derivedData/Build/Intermediates.noindex/swift-service-lifecycle.build/Debug/ServiceLifecycle.build/DerivedSources/arm64 -Xcc -I/Users/admin/builder/spi-builder-workspace/.derivedData/Build/Intermediates.noindex/swift-service-lifecycle.build/Debug/ServiceLifecycle.build/DerivedSources -Xcc -DSWIFT_PACKAGE -Xcc -DDEBUG\=1 -emit-objc-header -emit-objc-header-path /Users/admin/builder/spi-builder-workspace/.derivedData/Build/Intermediates.noindex/swift-service-lifecycle.build/Debug/ServiceLifecycle.build/Objects-normal/arm64/ServiceLifecycle-Swift.h -working-directory /Users/admin/builder/spi-builder-workspace/.swiftpm/xcode -experimental-emit-module-separately -disable-cmo
SwiftDriver NIOCore normal arm64 com.apple.xcode.tools.swift.compiler (in target 'NIOCore' from project 'swift-nio')
    cd /Users/admin/builder/spi-builder-workspace/.swiftpm/xcode
    builtin-SwiftDriver -- /Applications/Xcode-26.3.0.app/Contents/Developer/Toolchains/XcodeDefault.xctoolchain/usr/bin/swiftc -module-name NIOCore -Onone -enforce-exclusivity\=checked @/Users/admin/builder/spi-builder-workspace/.derivedData/Build/Intermediates.noindex/swift-nio.build/Debug/NIOCore.build/Objects-normal/arm64/NIOCore.SwiftFileList -DSWIFT_PACKAGE -DDEBUG -DSWIFT_MODULE_RESOURCE_BUNDLE_UNAVAILABLE -Xcc -fmodule-map-file\=/Users/admin/builder/spi-builder-workspace/.derivedData/Build/Intermediates.noindex/GeneratedModuleMaps/CNIOWASI.modulemap -Xcc -fmodule-map-file\=/Users/admin/builder/spi-builder-workspace/.derivedData/Build/Intermediates.noindex/GeneratedModuleMaps/CNIOLinux.modulemap -Xcc -fmodule-map-file\=/Users/admin/builder/spi-builder-workspace/.derivedData/Build/Intermediates.noindex/GeneratedModuleMaps/CNIODarwin.modulemap -Xcc -fmodule-map-file\=/Users/admin/builder/spi-builder-workspace/.derivedData/Build/Intermediates.noindex/GeneratedModuleMaps/CNIOFreeBSD.modulemap -Xcc -fmodule-map-file\=/Users/admin/builder/spi-builder-workspace/.derivedData/Build/Intermediates.noindex/GeneratedModuleMaps/CNIOOpenBSD.modulemap -Xcc -fmodule-map-file\=/Users/admin/builder/spi-builder-workspace/.derivedData/Build/Intermediates.noindex/GeneratedModuleMaps/CNIOAtomics.modulemap -DXcode -enable-experimental-feature Lifetimes -enable-upcoming-feature MemberImportVisibility -plugin-path /Applications/Xcode-26.3.0.app/Contents/Developer/Toolchains/XcodeDefault.xctoolchain/usr/lib/swift/host/plugins/testing -enable-experimental-feature DebugDescriptionMacro -sdk /Applications/Xcode-26.3.0.app/Contents/Developer/Platforms/MacOSX.platform/Developer/SDKs/MacOSX26.2.sdk -target arm64-apple-macos10.13 -g -module-cache-path /Users/admin/builder/spi-builder-workspace/.derivedData/ModuleCache.noindex -Xfrontend -serialize-debugging-options -profile-coverage-mapping -profile-generate -enable-testing -suppress-warnings -index-store-path /Users/admin/builder/spi-builder-workspace/.derivedData/Index.noindex/DataStore -Xcc -D_LIBCPP_HARDENING_MODE\=_LIBCPP_HARDENING_MODE_DEBUG -swift-version 6 -I /Users/admin/builder/spi-builder-workspace/.derivedData/Build/Products/Debug -Isystem /Applications/Xcode-26.3.0.app/Contents/Developer/Platforms/MacOSX.platform/Developer/usr/lib -F /Users/admin/builder/spi-builder-workspace/.derivedData/Build/Products/Debug/PackageFrameworks -F /Users/admin/builder/spi-builder-workspace/.derivedData/Build/Products/Debug/PackageFrameworks -F /Users/admin/builder/spi-builder-workspace/.derivedData/Build/Products/Debug/PackageFrameworks -F /Users/admin/builder/spi-builder-workspace/.derivedData/Build/Products/Debug/PackageFrameworks -F /Users/admin/builder/spi-builder-workspace/.derivedData/Build/Products/Debug/PackageFrameworks -F /Users/admin/builder/spi-builder-workspace/.derivedData/Build/Products/Debug/PackageFrameworks -F /Users/admin/builder/spi-builder-workspace/.derivedData/Build/Products/Debug/PackageFrameworks -F /Users/admin/builder/spi-builder-workspace/.derivedData/Build/Products/Debug/PackageFrameworks -F /Users/admin/builder/spi-builder-workspace/.derivedData/Build/Products/Debug/PackageFrameworks -F /Users/admin/builder/spi-builder-workspace/.derivedData/Build/Products/Debug/PackageFrameworks -F /Users/admin/builder/spi-builder-workspace/.derivedData/Build/Products/Debug/PackageFrameworks -F /Users/admin/builder/spi-builder-workspace/.derivedData/Build/Products/Debug/PackageFrameworks -F /Users/admin/builder/spi-builder-workspace/.derivedData/Build/Products/Debug/PackageFrameworks -F /Users/admin/builder/spi-builder-workspace/.derivedData/Build/Products/Debug/PackageFrameworks -F /Users/admin/builder/spi-builder-workspace/.derivedData/Build/Products/Debug/PackageFrameworks -F /Users/admin/builder/spi-builder-workspace/.derivedData/Build/Products/Debug -F /Applications/Xcode-26.3.0.app/Contents/Developer/Platforms/MacOSX.platform/Developer/Library/Frameworks -c -j10 -enable-batch-mode -incremental -Xcc -ivfsstatcache -Xcc /Users/admin/builder/spi-builder-workspace/.derivedData/SDKStatCaches.noindex/macosx26.2-25C58-dc75598d0054f22ec865fa860f139d726b10091eae1b9012e514a50b0de53ce7.sdkstatcache -output-file-map /Users/admin/builder/spi-builder-workspace/.derivedData/Build/Intermediates.noindex/swift-nio.build/Debug/NIOCore.build/Objects-normal/arm64/NIOCore-OutputFileMap.json -use-frontend-parseable-output -save-temps -no-color-diagnostics -explicit-module-build -module-cache-path /Users/admin/builder/spi-builder-workspace/.derivedData/Build/Intermediates.noindex/SwiftExplicitPrecompiledModules -clang-scanner-module-cache-path /Users/admin/builder/spi-builder-workspace/.derivedData/ModuleCache.noindex -sdk-module-cache-path /Users/admin/builder/spi-builder-workspace/.derivedData/ModuleCache.noindex -serialize-diagnostics -emit-dependencies -emit-module -emit-module-path /Users/admin/builder/spi-builder-workspace/.derivedData/Build/Intermediates.noindex/swift-nio.build/Debug/NIOCore.build/Objects-normal/arm64/NIOCore.swiftmodule -user-module-version 2.104.0 -validate-clang-modules-once -clang-build-session-file /Users/admin/builder/spi-builder-workspace/.derivedData/ModuleCache.noindex/Session.modulevalidation -package-name swift_nio -Xcc -I/Users/admin/builder/spi-builder-workspace/.derivedData/Build/Intermediates.noindex/swift-nio.build/Debug/NIOCore.build/swift-overrides.hmap -emit-const-values -Xfrontend -const-gather-protocols-file -Xfrontend /Users/admin/builder/spi-builder-workspace/.derivedData/Build/Intermediates.noindex/swift-nio.build/Debug/NIOCore.build/Objects-normal/arm64/NIOCore_const_extract_protocols.json -Xcc -I/Users/admin/builder/spi-builder-workspace/.dependencies/checkouts/swift-atomics/Sources/_AtomicsShims/include -Xcc -I/Users/admin/builder/spi-builder-workspace/.dependencies/checkouts/swift-nio/Sources/CNIOWASI/include -Xcc -I/Users/admin/builder/spi-builder-workspace/.dependencies/checkouts/swift-nio/Sources/CNIOWindows/include -Xcc -I/Users/admin/builder/spi-builder-workspace/.dependencies/checkouts/swift-nio/Sources/CNIOLinux/include -Xcc -I/Users/admin/builder/spi-builder-workspace/.dependencies/checkouts/swift-nio/Sources/CNIODarwin/include -Xcc -I/Users/admin/builder/spi-builder-workspace/.dependencies/checkouts/swift-nio/Sources/CNIOFreeBSD/include -Xcc -I/Users/admin/builder/spi-builder-workspace/.dependencies/checkouts/swift-nio/Sources/CNIOOpenBSD/include -Xcc -I/Users/admin/builder/spi-builder-workspace/.dependencies/checkouts/swift-nio/Sources/CNIOAtomics/include -Xcc -I/Users/admin/builder/spi-builder-workspace/.derivedData/Build/Products/Debug/include -Xcc -I/Users/admin/builder/spi-builder-workspace/.derivedData/Build/Intermediates.noindex/swift-nio.build/Debug/NIOCore.build/DerivedSources-normal/arm64 -Xcc -I/Users/admin/builder/spi-builder-workspace/.derivedData/Build/Intermediates.noindex/swift-nio.build/Debug/NIOCore.build/DerivedSources/arm64 -Xcc -I/Users/admin/builder/spi-builder-workspace/.derivedData/Build/Intermediates.noindex/swift-nio.build/Debug/NIOCore.build/DerivedSources -Xcc -DSWIFT_PACKAGE -Xcc -DDEBUG\=1 -emit-objc-header -emit-objc-header-path /Users/admin/builder/spi-builder-workspace/.derivedData/Build/Intermediates.noindex/swift-nio.build/Debug/NIOCore.build/Objects-normal/arm64/NIOCore-Swift.h -working-directory /Users/admin/builder/spi-builder-workspace/.swiftpm/xcode -experimental-emit-module-separately -disable-cmo
SwiftDriver GRPCProtobuf normal arm64 com.apple.xcode.tools.swift.compiler (in target 'GRPCProtobuf' from project 'grpc-swift-protobuf')
    cd /Users/admin/builder/spi-builder-workspace/.swiftpm/xcode
    builtin-SwiftDriver -- /Applications/Xcode-26.3.0.app/Contents/Developer/Toolchains/XcodeDefault.xctoolchain/usr/bin/swiftc -module-name GRPCProtobuf -Onone -enforce-exclusivity\=checked @/Users/admin/builder/spi-builder-workspace/.derivedData/Build/Intermediates.noindex/grpc-swift-protobuf.build/Debug/GRPCProtobuf.build/Objects-normal/arm64/GRPCProtobuf.SwiftFileList -DSWIFT_PACKAGE -DDEBUG -DSWIFT_MODULE_RESOURCE_BUNDLE_UNAVAILABLE -DXcode -enable-experimental-feature AvailabilityMacro\=gRPCSwiftProtobuf\ 2.0:macOS\ 15.0,\ iOS\ 18.0,\ watchOS\ 11.0,\ tvOS\ 18.0,\ visionOS\ 2.0 -enable-experimental-feature AvailabilityMacro\=gRPCSwiftProtobuf\ 2.1:macOS\ 15.0,\ iOS\ 18.0,\ watchOS\ 11.0,\ tvOS\ 18.0,\ visionOS\ 2.0 -enable-upcoming-feature ExistentialAny -enable-upcoming-feature InternalImportsByDefault -enable-upcoming-feature MemberImportVisibility -plugin-path /Applications/Xcode-26.3.0.app/Contents/Developer/Toolchains/XcodeDefault.xctoolchain/usr/lib/swift/host/plugins/testing -enable-experimental-feature DebugDescriptionMacro -sdk /Applications/Xcode-26.3.0.app/Contents/Developer/Platforms/MacOSX.platform/Developer/SDKs/MacOSX26.2.sdk -target arm64-apple-macos10.13 -g -module-cache-path /Users/admin/builder/spi-builder-workspace/.derivedData/ModuleCache.noindex -Xfrontend -serialize-debugging-options -profile-coverage-mapping -profile-generate -enable-testing -suppress-warnings -index-store-path /Users/admin/builder/spi-builder-workspace/.derivedData/Index.noindex/DataStore -Xcc -D_LIBCPP_HARDENING_MODE\=_LIBCPP_HARDENING_MODE_DEBUG -swift-version 6 -I /Users/admin/builder/spi-builder-workspace/.derivedData/Build/Products/Debug -Isystem /Applications/Xcode-26.3.0.app/Contents/Developer/Platforms/MacOSX.platform/Developer/usr/lib -F /Users/admin/builder/spi-builder-workspace/.derivedData/Build/Products/Debug/PackageFrameworks -F /Users/admin/builder/spi-builder-workspace/.derivedData/Build/Products/Debug/PackageFrameworks -F /Users/admin/builder/spi-builder-workspace/.derivedData/Build/Products/Debug/PackageFrameworks -F /Users/admin/builder/spi-builder-workspace/.derivedData/Build/Products/Debug/PackageFrameworks -F /Users/admin/builder/spi-builder-workspace/.derivedData/Build/Products/Debug/PackageFrameworks -F /Users/admin/builder/spi-builder-workspace/.derivedData/Build/Products/Debug -F /Applications/Xcode-26.3.0.app/Contents/Developer/Platforms/MacOSX.platform/Developer/Library/Frameworks -c -j10 -enable-batch-mode -incremental -Xcc -ivfsstatcache -Xcc /Users/admin/builder/spi-builder-workspace/.derivedData/SDKStatCaches.noindex/macosx26.2-25C58-dc75598d0054f22ec865fa860f139d726b10091eae1b9012e514a50b0de53ce7.sdkstatcache -output-file-map /Users/admin/builder/spi-builder-workspace/.derivedData/Build/Intermediates.noindex/grpc-swift-protobuf.build/Debug/GRPCProtobuf.build/Objects-normal/arm64/GRPCProtobuf-OutputFileMap.json -use-frontend-parseable-output -save-temps -no-color-diagnostics -explicit-module-build -module-cache-path /Users/admin/builder/spi-builder-workspace/.derivedData/Build/Intermediates.noindex/SwiftExplicitPrecompiledModules -clang-scanner-module-cache-path /Users/admin/builder/spi-builder-workspace/.derivedData/ModuleCache.noindex -sdk-module-cache-path /Users/admin/builder/spi-builder-workspace/.derivedData/ModuleCache.noindex -serialize-diagnostics -emit-dependencies -emit-module -emit-module-path /Users/admin/builder/spi-builder-workspace/.derivedData/Build/Intermediates.noindex/grpc-swift-protobuf.build/Debug/GRPCProtobuf.build/Objects-normal/arm64/GRPCProtobuf.swiftmodule -user-module-version 2.5.0 -validate-clang-modules-once -clang-build-session-file /Users/admin/builder/spi-builder-workspace/.derivedData/ModuleCache.noindex/Session.modulevalidation -package-name grpc_swift_protobuf -Xcc -I/Users/admin/builder/spi-builder-workspace/.derivedData/Build/Intermediates.noindex/grpc-swift-protobuf.build/Debug/GRPCProtobuf.build/swift-overrides.hmap -emit-const-values -Xfrontend -const-gather-protocols-file -Xfrontend /Users/admin/builder/spi-builder-workspace/.derivedData/Build/Intermediates.noindex/grpc-swift-protobuf.build/Debug/GRPCProtobuf.build/Objects-normal/arm64/GRPCProtobuf_const_extract_protocols.json -Xcc -I/Users/admin/builder/spi-builder-workspace/.derivedData/Build/Products/Debug/include -Xcc -I/Users/admin/builder/spi-builder-workspace/.derivedData/Build/Intermediates.noindex/grpc-swift-protobuf.build/Debug/GRPCProtobuf.build/DerivedSources-normal/arm64 -Xcc -I/Users/admin/builder/spi-builder-workspace/.derivedData/Build/Intermediates.noindex/grpc-swift-protobuf.build/Debug/GRPCProtobuf.build/DerivedSources/arm64 -Xcc -I/Users/admin/builder/spi-builder-workspace/.derivedData/Build/Intermediates.noindex/grpc-swift-protobuf.build/Debug/GRPCProtobuf.build/DerivedSources -Xcc -DSWIFT_PACKAGE -Xcc -DDEBUG\=1 -emit-objc-header -emit-objc-header-path /Users/admin/builder/spi-builder-workspace/.derivedData/Build/Intermediates.noindex/grpc-swift-protobuf.build/Debug/GRPCProtobuf.build/Objects-normal/arm64/GRPCProtobuf-Swift.h -working-directory /Users/admin/builder/spi-builder-workspace/.swiftpm/xcode -experimental-emit-module-separately -disable-cmo
SwiftDriver BenchmarkBoilerplateGenerator normal arm64 com.apple.xcode.tools.swift.compiler (in target 'BenchmarkBoilerplateGenerator' from project 'Benchmark')
    cd /Users/admin/builder/spi-builder-workspace/.swiftpm/xcode
    builtin-SwiftDriver -- /Applications/Xcode-26.3.0.app/Contents/Developer/Toolchains/XcodeDefault.xctoolchain/usr/bin/swiftc -module-name BenchmarkBoilerplateGenerator -Onone -enforce-exclusivity\=checked @/Users/admin/builder/spi-builder-workspace/.derivedData/Build/Intermediates.noindex/Benchmark.build/Debug/BenchmarkBoilerplateGenerator.build/Objects-normal/arm64/BenchmarkBoilerplateGenerator.SwiftFileList -DSWIFT_PACKAGE -DDEBUG -DJemalloc -DXcode -plugin-path /Applications/Xcode-26.3.0.app/Contents/Developer/Toolchains/XcodeDefault.xctoolchain/usr/lib/swift/host/plugins/testing -enable-experimental-feature DebugDescriptionMacro -sdk /Applications/Xcode-26.3.0.app/Contents/Developer/Platforms/MacOSX.platform/Developer/SDKs/MacOSX26.2.sdk -target arm64-apple-macos13.0 -g -module-cache-path /Users/admin/builder/spi-builder-workspace/.derivedData/ModuleCache.noindex -Xfrontend -serialize-debugging-options -profile-coverage-mapping -profile-generate -enable-testing -suppress-warnings -index-store-path /Users/admin/builder/spi-builder-workspace/.derivedData/Index.noindex/DataStore -Xcc -D_LIBCPP_HARDENING_MODE\=_LIBCPP_HARDENING_MODE_DEBUG -swift-version 6 -I /Users/admin/builder/spi-builder-workspace/.derivedData/Build/Products/Debug -Isystem /Applications/Xcode-26.3.0.app/Contents/Developer/Platforms/MacOSX.platform/Developer/usr/lib -F /Users/admin/builder/spi-builder-workspace/.derivedData/Build/Products/Debug/PackageFrameworks -F /Users/admin/builder/spi-builder-workspace/.derivedData/Build/Products/Debug/PackageFrameworks -F /Users/admin/builder/spi-builder-workspace/.derivedData/Build/Products/Debug/PackageFrameworks -F /Users/admin/builder/spi-builder-workspace/.derivedData/Build/Products/Debug/PackageFrameworks -F /Users/admin/builder/spi-builder-workspace/.derivedData/Build/Products/Debug -F /Applications/Xcode-26.3.0.app/Contents/Developer/Platforms/MacOSX.platform/Developer/Library/Frameworks -parse-as-library -c -j10 -enable-batch-mode -incremental -Xcc -ivfsstatcache -Xcc /Users/admin/builder/spi-builder-workspace/.derivedData/SDKStatCaches.noindex/macosx26.2-25C58-dc75598d0054f22ec865fa860f139d726b10091eae1b9012e514a50b0de53ce7.sdkstatcache -output-file-map /Users/admin/builder/spi-builder-workspace/.derivedData/Build/Intermediates.noindex/Benchmark.build/Debug/BenchmarkBoilerplateGenerator.build/Objects-normal/arm64/BenchmarkBoilerplateGenerator-OutputFileMap.json -use-frontend-parseable-output -save-temps -no-color-diagnostics -explicit-module-build -module-cache-path /Users/admin/builder/spi-builder-workspace/.derivedData/Build/Intermediates.noindex/SwiftExplicitPrecompiledModules -clang-scanner-module-cache-path /Users/admin/builder/spi-builder-workspace/.derivedData/ModuleCache.noindex -sdk-module-cache-path /Users/admin/builder/spi-builder-workspace/.derivedData/ModuleCache.noindex -serialize-diagnostics -emit-dependencies -emit-module -emit-module-path /Users/admin/builder/spi-builder-workspace/.derivedData/Build/Intermediates.noindex/Benchmark.build/Debug/BenchmarkBoilerplateGenerator.build/Objects-normal/arm64/BenchmarkBoilerplateGenerator.swiftmodule -user-module-version 1.38.1 -validate-clang-modules-once -clang-build-session-file /Users/admin/builder/spi-builder-workspace/.derivedData/ModuleCache.noindex/Session.modulevalidation -package-name benchmark -emit-const-values -Xfrontend -const-gather-protocols-file -Xfrontend /Users/admin/builder/spi-builder-workspace/.derivedData/Build/Intermediates.noindex/Benchmark.build/Debug/BenchmarkBoilerplateGenerator.build/Objects-normal/arm64/BenchmarkBoilerplateGenerator_const_extract_protocols.json -Xcc -I/Users/admin/builder/spi-builder-workspace/.dependencies/checkouts/swift-system/Sources/CSystem/include -Xcc -I/Users/admin/builder/spi-builder-workspace/.derivedData/Build/Products/Debug/include -Xcc -I/Users/admin/builder/spi-builder-workspace/.derivedData/Build/Intermediates.noindex/Benchmark.build/Debug/BenchmarkBoilerplateGenerator.build/DerivedSources-normal/arm64 -Xcc -I/Users/admin/builder/spi-builder-workspace/.derivedData/Build/Intermediates.noindex/Benchmark.build/Debug/BenchmarkBoilerplateGenerator.build/DerivedSources/arm64 -Xcc -I/Users/admin/builder/spi-builder-workspace/.derivedData/Build/Intermediates.noindex/Benchmark.build/Debug/BenchmarkBoilerplateGenerator.build/DerivedSources -Xcc -DSWIFT_PACKAGE -Xcc -DDEBUG\=1 -working-directory /Users/admin/builder/spi-builder-workspace/.swiftpm/xcode -experimental-emit-module-separately -disable-cmo
SwiftDriver Benchmark normal arm64 com.apple.xcode.tools.swift.compiler (in target 'Benchmark' from project 'Benchmark')
    cd /Users/admin/builder/spi-builder-workspace/.swiftpm/xcode
    builtin-SwiftDriver -- /Applications/Xcode-26.3.0.app/Contents/Developer/Toolchains/XcodeDefault.xctoolchain/usr/bin/swiftc -module-name Benchmark -Onone -enforce-exclusivity\=checked @/Users/admin/builder/spi-builder-workspace/.derivedData/Build/Intermediates.noindex/Benchmark.build/Debug/Benchmark.build/Objects-normal/arm64/Benchmark.SwiftFileList -DSWIFT_PACKAGE -DDEBUG -DSWIFT_MODULE_RESOURCE_BUNDLE_UNAVAILABLE -DJemalloc -Xcc -fmodule-map-file\=/Users/admin/builder/spi-builder-workspace/.dependencies/checkouts/package-jemalloc/Sources/jemalloc/module.modulemap -Xcc -fmodule-map-file\=/Users/admin/builder/spi-builder-workspace/.derivedData/Build/Intermediates.noindex/GeneratedModuleMaps/SwiftRuntimeHooks.modulemap -Xcc -fmodule-map-file\=/Users/admin/builder/spi-builder-workspace/.derivedData/Build/Intermediates.noindex/GeneratedModuleMaps/CDarwinOperatingSystemStats.modulemap -DXcode -plugin-path /Applications/Xcode-26.3.0.app/Contents/Developer/Toolchains/XcodeDefault.xctoolchain/usr/lib/swift/host/plugins/testing -enable-experimental-feature DebugDescriptionMacro -sdk /Applications/Xcode-26.3.0.app/Contents/Developer/Platforms/MacOSX.platform/Developer/SDKs/MacOSX26.2.sdk -target arm64-apple-macos13.0 -g -module-cache-path /Users/admin/builder/spi-builder-workspace/.derivedData/ModuleCache.noindex -Xfrontend -serialize-debugging-options -profile-coverage-mapping -profile-generate -enable-testing -suppress-warnings -index-store-path /Users/admin/builder/spi-builder-workspace/.derivedData/Index.noindex/DataStore -Xcc -D_LIBCPP_HARDENING_MODE\=_LIBCPP_HARDENING_MODE_DEBUG -swift-version 5 -I /Users/admin/builder/spi-builder-workspace/.derivedData/Build/Products/Debug -Isystem /Applications/Xcode-26.3.0.app/Contents/Developer/Platforms/MacOSX.platform/Developer/usr/lib -F /Users/admin/builder/spi-builder-workspace/.derivedData/Build/Products/Debug/PackageFrameworks -F /Users/admin/builder/spi-builder-workspace/.derivedData/Build/Products/Debug/PackageFrameworks -F /Users/admin/builder/spi-builder-workspace/.derivedData/Build/Products/Debug/PackageFrameworks -F /Users/admin/builder/spi-builder-workspace/.derivedData/Build/Products/Debug/PackageFrameworks -F /Users/admin/builder/spi-builder-workspace/.derivedData/Build/Products/Debug/PackageFrameworks -F /Users/admin/builder/spi-builder-workspace/.derivedData/Build/Products/Debug/PackageFrameworks -F /Users/admin/builder/spi-builder-workspace/.derivedData/Build/Products/Debug/PackageFrameworks -F /Users/admin/builder/spi-builder-workspace/.derivedData/Build/Products/Debug/PackageFrameworks -F /Users/admin/builder/spi-builder-workspace/.derivedData/Build/Products/Debug/PackageFrameworks -F /Users/admin/builder/spi-builder-workspace/.derivedData/Build/Products/Debug/PackageFrameworks -F /Users/admin/builder/spi-builder-workspace/.derivedData/Build/Products/Debug/PackageFrameworks -F /Users/admin/builder/spi-builder-workspace/.derivedData/Build/Products/Debug/PackageFrameworks -F /Users/admin/builder/spi-builder-workspace/.derivedData/Build/Products/Debug/PackageFrameworks -F /Users/admin/builder/spi-builder-workspace/.derivedData/Build/Products/Debug/PackageFrameworks -F /Users/admin/builder/spi-builder-workspace/.derivedData/Build/Products/Debug -F /Applications/Xcode-26.3.0.app/Contents/Developer/Platforms/MacOSX.platform/Developer/Library/Frameworks -c -j10 -enable-batch-mode -incremental -Xcc -ivfsstatcache -Xcc /Users/admin/builder/spi-builder-workspace/.derivedData/SDKStatCaches.noindex/macosx26.2-25C58-dc75598d0054f22ec865fa860f139d726b10091eae1b9012e514a50b0de53ce7.sdkstatcache -output-file-map /Users/admin/builder/spi-builder-workspace/.derivedData/Build/Intermediates.noindex/Benchmark.build/Debug/Benchmark.build/Objects-normal/arm64/Benchmark-OutputFileMap.json -use-frontend-parseable-output -save-temps -no-color-diagnostics -explicit-module-build -module-cache-path /Users/admin/builder/spi-builder-workspace/.derivedData/Build/Intermediates.noindex/SwiftExplicitPrecompiledModules -clang-scanner-module-cache-path /Users/admin/builder/spi-builder-workspace/.derivedData/ModuleCache.noindex -sdk-module-cache-path /Users/admin/builder/spi-builder-workspace/.derivedData/ModuleCache.noindex -serialize-diagnostics -emit-dependencies -emit-module -emit-module-path /Users/admin/builder/spi-builder-workspace/.derivedData/Build/Intermediates.noindex/Benchmark.build/Debug/Benchmark.build/Objects-normal/arm64/Benchmark.swiftmodule -user-module-version 1.38.1 -validate-clang-modules-once -clang-build-session-file /Users/admin/builder/spi-builder-workspace/.derivedData/ModuleCache.noindex/Session.modulevalidation -package-name benchmark -Xcc -I/Users/admin/builder/spi-builder-workspace/.derivedData/Build/Intermediates.noindex/Benchmark.build/Debug/Benchmark.build/swift-overrides.hmap -emit-const-values -Xfrontend -const-gather-protocols-file -Xfrontend /Users/admin/builder/spi-builder-workspace/.derivedData/Build/Intermediates.noindex/Benchmark.build/Debug/Benchmark.build/Objects-normal/arm64/Benchmark_const_extract_protocols.json -Xcc -I/Users/admin/builder/spi-builder-workspace/.dependencies/checkouts/swift-numerics/Sources/_NumericsShims/include -Xcc -I/Users/admin/builder/spi-builder-workspace/.dependencies/checkouts/swift-system/Sources/CSystem/include -Xcc -I/Users/admin/builder/spi-builder-workspace/.dependencies/checkouts/swift-atomics/Sources/_AtomicsShims/include -Xcc -I/Users/admin/builder/spi-builder-workspace/.dependencies/checkouts/benchmark/Sources/SwiftRuntimeHooks/include -Xcc -I/Users/admin/builder/spi-builder-workspace/.dependencies/checkouts/benchmark/Platform/CDarwinOperatingSystemStats/include -Xcc -I/Users/admin/builder/spi-builder-workspace/.derivedData/Build/Products/Debug/include -Xcc -I/Users/admin/builder/spi-builder-workspace/.derivedData/Build/Intermediates.noindex/Benchmark.build/Debug/Benchmark.build/DerivedSources-normal/arm64 -Xcc -I/Users/admin/builder/spi-builder-workspace/.derivedData/Build/Intermediates.noindex/Benchmark.build/Debug/Benchmark.build/DerivedSources/arm64 -Xcc -I/Users/admin/builder/spi-builder-workspace/.derivedData/Build/Intermediates.noindex/Benchmark.build/Debug/Benchmark.build/DerivedSources -Xcc -DSWIFT_PACKAGE -Xcc -DDEBUG\=1 -emit-objc-header -emit-objc-header-path /Users/admin/builder/spi-builder-workspace/.derivedData/Build/Intermediates.noindex/Benchmark.build/Debug/Benchmark.build/Objects-normal/arm64/Benchmark-Swift.h -working-directory /Users/admin/builder/spi-builder-workspace/.swiftpm/xcode -experimental-emit-module-separately -disable-cmo
error: Clang dependency scanner failure: While building module 'jemalloc' imported from jemalloc-7fee14fd.input:1:
In file included from <module-includes>:1:
/Users/admin/builder/spi-builder-workspace/.dependencies/checkouts/package-jemalloc/Sources/jemalloc/../../Headers/jemalloc.h:1:10: fatal error: 'jemalloc/jemalloc.h' file not found
jemalloc-7fee14fd.input:1:1: fatal error: could not build module 'jemalloc'
 (in target 'Benchmark' from project 'Benchmark')
error: Clang dependency scanner failure: While building module 'jemalloc' imported from jemalloc-4bf626ef.input:1:
In file included from <module-includes>:1:
/Users/admin/builder/spi-builder-workspace/.dependencies/checkouts/package-jemalloc/Sources/jemalloc/../../Headers/jemalloc.h:1:10: fatal error: 'jemalloc/jemalloc.h' file not found
jemalloc-4bf626ef.input:1:1: fatal error: could not build module 'jemalloc'
 (in target 'Benchmark' from project 'Benchmark')
error: Clang dependency scanner failure: While building module 'jemalloc' imported from jemalloc-c64e9e54.input:1:
In file included from <module-includes>:1:
/Users/admin/builder/spi-builder-workspace/.dependencies/checkouts/package-jemalloc/Sources/jemalloc/../../Headers/jemalloc.h:1:10: fatal error: 'jemalloc/jemalloc.h' file not found
jemalloc-c64e9e54.input:1:1: fatal error: could not build module 'jemalloc'
 (in target 'Benchmark' from project 'Benchmark')
error: Clang dependency scanner failure: While building module 'jemalloc' imported from jemalloc-52b1ca95.input:1:
In file included from <module-includes>:1:
/Users/admin/builder/spi-builder-workspace/.dependencies/checkouts/package-jemalloc/Sources/jemalloc/../../Headers/jemalloc.h:1:10: fatal error: 'jemalloc/jemalloc.h' file not found
jemalloc-52b1ca95.input:1:1: fatal error: could not build module 'jemalloc'
 (in target 'Benchmark' from project 'Benchmark')
error: Clang dependency scanner failure: While building module 'jemalloc' imported from jemalloc-a1f118e4.input:1:
In file included from <module-includes>:1:
/Users/admin/builder/spi-builder-workspace/.dependencies/checkouts/package-jemalloc/Sources/jemalloc/../../Headers/jemalloc.h:1:10: fatal error: 'jemalloc/jemalloc.h' file not found
jemalloc-a1f118e4.input:1:1: fatal error: could not build module 'jemalloc'
 (in target 'Benchmark' from project 'Benchmark')
error: Clang dependency scanner failure: While building module 'jemalloc' imported from jemalloc-63abc84f.input:1:
In file included from <module-includes>:1:
/Users/admin/builder/spi-builder-workspace/.dependencies/checkouts/package-jemalloc/Sources/jemalloc/../../Headers/jemalloc.h:1:10: fatal error: 'jemalloc/jemalloc.h' file not found
jemalloc-63abc84f.input:1:1: fatal error: could not build module 'jemalloc'
 (in target 'Benchmark' from project 'Benchmark')
error: Clang dependency scanner failure: While building module 'jemalloc' imported from jemalloc-17b25fd8.input:1:
In file included from <module-includes>:1:
/Users/admin/builder/spi-builder-workspace/.dependencies/checkouts/package-jemalloc/Sources/jemalloc/../../Headers/jemalloc.h:1:10: fatal error: 'jemalloc/jemalloc.h' file not found
jemalloc-17b25fd8.input:1:1: fatal error: could not build module 'jemalloc'
 (in target 'Benchmark' from project 'Benchmark')
error: Clang dependency scanner failure: While building module 'jemalloc' imported from jemalloc-ef13a678.input:1:
In file included from <module-includes>:1:
/Users/admin/builder/spi-builder-workspace/.dependencies/checkouts/package-jemalloc/Sources/jemalloc/../../Headers/jemalloc.h:1:10: fatal error: 'jemalloc/jemalloc.h' file not found
jemalloc-ef13a678.input:1:1: fatal error: could not build module 'jemalloc'
 (in target 'Benchmark' from project 'Benchmark')
error: Clang dependency scanner failure: While building module 'jemalloc' imported from jemalloc-44c6d5b5.input:1:
In file included from <module-includes>:1:
/Users/admin/builder/spi-builder-workspace/.dependencies/checkouts/package-jemalloc/Sources/jemalloc/../../Headers/jemalloc.h:1:10: fatal error: 'jemalloc/jemalloc.h' file not found
jemalloc-44c6d5b5.input:1:1: fatal error: could not build module 'jemalloc'
 (in target 'Benchmark' from project 'Benchmark')
error: Clang dependency scanner failure: While building module 'jemalloc' imported from jemalloc-4198233b.input:1:
In file included from <module-includes>:1:
/Users/admin/builder/spi-builder-workspace/.dependencies/checkouts/package-jemalloc/Sources/jemalloc/../../Headers/jemalloc.h:1:10: fatal error: 'jemalloc/jemalloc.h' file not found
jemalloc-4198233b.input:1:1: fatal error: could not build module 'jemalloc'
 (in target 'Benchmark' from project 'Benchmark')
/Users/admin/builder/spi-builder-workspace/.dependencies/checkouts/benchmark/Sources/Benchmark/MallocStats/MallocStatsProducer+jemalloc.swift:14:8: error: Unable to find module dependency: 'jemalloc'
import jemalloc
       ^ (in target 'Benchmark' from project 'Benchmark')
/Users/admin/builder/spi-builder-workspace/.dependencies/checkouts/benchmark/Sources/Benchmark/MallocStats/MallocStatsProducer+jemalloc.swift:14:8: note: A dependency of main module 'Benchmark'
import jemalloc
       ^ (in target 'Benchmark' from project 'Benchmark')
SwiftDriver AsyncAlgorithms normal arm64 com.apple.xcode.tools.swift.compiler (in target 'AsyncAlgorithms' from project 'swift-async-algorithms')
    cd /Users/admin/builder/spi-builder-workspace/.swiftpm/xcode
    builtin-SwiftDriver -- /Applications/Xcode-26.3.0.app/Contents/Developer/Toolchains/XcodeDefault.xctoolchain/usr/bin/swiftc -module-name AsyncAlgorithms -Onone -enforce-exclusivity\=checked @/Users/admin/builder/spi-builder-workspace/.derivedData/Build/Intermediates.noindex/swift-async-algorithms.build/Debug/AsyncAlgorithms.build/Objects-normal/arm64/AsyncAlgorithms.SwiftFileList -DSWIFT_PACKAGE -DDEBUG -DSWIFT_MODULE_RESOURCE_BUNDLE_UNAVAILABLE -DXcode -enable-experimental-feature AvailabilityMacro\=AsyncAlgorithms\ 1.0:macOS\ 10.15,\ iOS\ 13.0,\ tvOS\ 13.0,\ watchOS\ 6.0 -enable-experimental-feature AvailabilityMacro\=AsyncAlgorithms\ 1.1:macOS\ 15.0,\ iOS\ 18.0,\ tvOS\ 18.0,\ watchOS\ 11.0,\ visionOS\ 2.0 -enable-experimental-feature AvailabilityMacro\=AsyncAlgorithms\ 1.2:macOS\ 15.0,\ iOS\ 18.0,\ tvOS\ 18.0,\ watchOS\ 11.0,\ visionOS\ 2.0 -enable-experimental-feature AvailabilityMacro\=AsyncAlgorithms\ 1.3:macOS\ 15.0,\ iOS\ 18.0,\ tvOS\ 18.0,\ watchOS\ 11.0,\ visionOS\ 2.0 -enable-experimental-feature StrictConcurrency\=complete -plugin-path /Applications/Xcode-26.3.0.app/Contents/Developer/Toolchains/XcodeDefault.xctoolchain/usr/lib/swift/host/plugins/testing -enable-experimental-feature DebugDescriptionMacro -sdk /Applications/Xcode-26.3.0.app/Contents/Developer/Platforms/MacOSX.platform/Developer/SDKs/MacOSX26.2.sdk -target arm64-apple-macos10.13 -g -module-cache-path /Users/admin/builder/spi-builder-workspace/.derivedData/ModuleCache.noindex -Xfrontend -serialize-debugging-options -profile-coverage-mapping -profile-generate -enable-testing -suppress-warnings -index-store-path /Users/admin/builder/spi-builder-workspace/.derivedData/Index.noindex/DataStore -Xcc -D_LIBCPP_HARDENING_MODE\=_LIBCPP_HARDENING_MODE_DEBUG -swift-version 6 -I /Users/admin/builder/spi-builder-workspace/.derivedData/Build/Products/Debug -Isystem /Applications/Xcode-26.3.0.app/Contents/Developer/Platforms/MacOSX.platform/Developer/usr/lib -F /Users/admin/builder/spi-builder-workspace/.derivedData/Build/Products/Debug/PackageFrameworks -F /Users/admin/builder/spi-builder-workspace/.derivedData/Build/Products/Debug/PackageFrameworks -F /Users/admin/builder/spi-builder-workspace/.derivedData/Build/Products/Debug/PackageFrameworks -F /Users/admin/builder/spi-builder-workspace/.derivedData/Build/Products/Debug/PackageFrameworks -F /Users/admin/builder/spi-builder-workspace/.derivedData/Build/Products/Debug -F /Applications/Xcode-26.3.0.app/Contents/Developer/Platforms/MacOSX.platform/Developer/Library/Frameworks -c -j10 -enable-batch-mode -incremental -Xcc -ivfsstatcache -Xcc /Users/admin/builder/spi-builder-workspace/.derivedData/SDKStatCaches.noindex/macosx26.2-25C58-dc75598d0054f22ec865fa860f139d726b10091eae1b9012e514a50b0de53ce7.sdkstatcache -output-file-map /Users/admin/builder/spi-builder-workspace/.derivedData/Build/Intermediates.noindex/swift-async-algorithms.build/Debug/AsyncAlgorithms.build/Objects-normal/arm64/AsyncAlgorithms-OutputFileMap.json -use-frontend-parseable-output -save-temps -no-color-diagnostics -explicit-module-build -module-cache-path /Users/admin/builder/spi-builder-workspace/.derivedData/Build/Intermediates.noindex/SwiftExplicitPrecompiledModules -clang-scanner-module-cache-path /Users/admin/builder/spi-builder-workspace/.derivedData/ModuleCache.noindex -sdk-module-cache-path /Users/admin/builder/spi-builder-workspace/.derivedData/ModuleCache.noindex -serialize-diagnostics -emit-dependencies -emit-module -emit-module-path /Users/admin/builder/spi-builder-workspace/.derivedData/Build/Intermediates.noindex/swift-async-algorithms.build/Debug/AsyncAlgorithms.build/Objects-normal/arm64/AsyncAlgorithms.swiftmodule -user-module-version 1.1.7 -validate-clang-modules-once -clang-build-session-file /Users/admin/builder/spi-builder-workspace/.derivedData/ModuleCache.noindex/Session.modulevalidation -package-name swift_async_algorithms -Xcc -I/Users/admin/builder/spi-builder-workspace/.derivedData/Build/Intermediates.noindex/swift-async-algorithms.build/Debug/AsyncAlgorithms.build/swift-overrides.hmap -emit-const-values -Xfrontend -const-gather-protocols-file -Xfrontend /Users/admin/builder/spi-builder-workspace/.derivedData/Build/Intermediates.noindex/swift-async-algorithms.build/Debug/AsyncAlgorithms.build/Objects-normal/arm64/AsyncAlgorithms_const_extract_protocols.json -Xcc -I/Users/admin/builder/spi-builder-workspace/.derivedData/Build/Products/Debug/include -Xcc -I/Users/admin/builder/spi-builder-workspace/.derivedData/Build/Intermediates.noindex/swift-async-algorithms.build/Debug/AsyncAlgorithms.build/DerivedSources-normal/arm64 -Xcc -I/Users/admin/builder/spi-builder-workspace/.derivedData/Build/Intermediates.noindex/swift-async-algorithms.build/Debug/AsyncAlgorithms.build/DerivedSources/arm64 -Xcc -I/Users/admin/builder/spi-builder-workspace/.derivedData/Build/Intermediates.noindex/swift-async-algorithms.build/Debug/AsyncAlgorithms.build/DerivedSources -Xcc -DSWIFT_PACKAGE -Xcc -DDEBUG\=1 -emit-objc-header -emit-objc-header-path /Users/admin/builder/spi-builder-workspace/.derivedData/Build/Intermediates.noindex/swift-async-algorithms.build/Debug/AsyncAlgorithms.build/Objects-normal/arm64/AsyncAlgorithms-Swift.h -working-directory /Users/admin/builder/spi-builder-workspace/.swiftpm/xcode -experimental-emit-module-separately -disable-cmo
SwiftDriver ArgumentParser normal arm64 com.apple.xcode.tools.swift.compiler (in target 'ArgumentParser' from project 'swift-argument-parser')
    cd /Users/admin/builder/spi-builder-workspace/.swiftpm/xcode
    builtin-SwiftDriver -- /Applications/Xcode-26.3.0.app/Contents/Developer/Toolchains/XcodeDefault.xctoolchain/usr/bin/swiftc -module-name ArgumentParser -Onone -enforce-exclusivity\=checked @/Users/admin/builder/spi-builder-workspace/.derivedData/Build/Intermediates.noindex/swift-argument-parser.build/Debug/ArgumentParser.build/Objects-normal/arm64/ArgumentParser.SwiftFileList -DSWIFT_PACKAGE -DDEBUG -DSWIFT_MODULE_RESOURCE_BUNDLE_UNAVAILABLE -DXcode -enable-experimental-feature StrictConcurrency -plugin-path /Applications/Xcode-26.3.0.app/Contents/Developer/Toolchains/XcodeDefault.xctoolchain/usr/lib/swift/host/plugins/testing -enable-experimental-feature DebugDescriptionMacro -sdk /Applications/Xcode-26.3.0.app/Contents/Developer/Platforms/MacOSX.platform/Developer/SDKs/MacOSX26.2.sdk -target arm64-apple-macos10.13 -g -module-cache-path /Users/admin/builder/spi-builder-workspace/.derivedData/ModuleCache.noindex -Xfrontend -serialize-debugging-options -profile-coverage-mapping -profile-generate -enable-testing -suppress-warnings -index-store-path /Users/admin/builder/spi-builder-workspace/.derivedData/Index.noindex/DataStore -Xcc -D_LIBCPP_HARDENING_MODE\=_LIBCPP_HARDENING_MODE_DEBUG -swift-version 5 -I /Users/admin/builder/spi-builder-workspace/.derivedData/Build/Products/Debug -Isystem /Applications/Xcode-26.3.0.app/Contents/Developer/Platforms/MacOSX.platform/Developer/usr/lib -F /Users/admin/builder/spi-builder-workspace/.derivedData/Build/Products/Debug/PackageFrameworks -F /Users/admin/builder/spi-builder-workspace/.derivedData/Build/Products/Debug -F /Applications/Xcode-26.3.0.app/Contents/Developer/Platforms/MacOSX.platform/Developer/Library/Frameworks -c -j10 -enable-batch-mode -incremental -Xcc -ivfsstatcache -Xcc /Users/admin/builder/spi-builder-workspace/.derivedData/SDKStatCaches.noindex/macosx26.2-25C58-dc75598d0054f22ec865fa860f139d726b10091eae1b9012e514a50b0de53ce7.sdkstatcache -output-file-map /Users/admin/builder/spi-builder-workspace/.derivedData/Build/Intermediates.noindex/swift-argument-parser.build/Debug/ArgumentParser.build/Objects-normal/arm64/ArgumentParser-OutputFileMap.json -use-frontend-parseable-output -save-temps -no-color-diagnostics -explicit-module-build -module-cache-path /Users/admin/builder/spi-builder-workspace/.derivedData/Build/Intermediates.noindex/SwiftExplicitPrecompiledModules -clang-scanner-module-cache-path /Users/admin/builder/spi-builder-workspace/.derivedData/ModuleCache.noindex -sdk-module-cache-path /Users/admin/builder/spi-builder-workspace/.derivedData/ModuleCache.noindex -serialize-diagnostics -emit-dependencies -emit-module -emit-module-path /Users/admin/builder/spi-builder-workspace/.derivedData/Build/Intermediates.noindex/swift-argument-parser.build/Debug/ArgumentParser.build/Objects-normal/arm64/ArgumentParser.swiftmodule -validate-clang-modules-once -clang-build-session-file /Users/admin/builder/spi-builder-workspace/.derivedData/ModuleCache.noindex/Session.modulevalidation -Xcc -I/Users/admin/builder/spi-builder-workspace/.derivedData/Build/Intermediates.noindex/swift-argument-parser.build/Debug/ArgumentParser.build/swift-overrides.hmap -emit-const-values -Xfrontend -const-gather-protocols-file -Xfrontend /Users/admin/builder/spi-builder-workspace/.derivedData/Build/Intermediates.noindex/swift-argument-parser.build/Debug/ArgumentParser.build/Objects-normal/arm64/ArgumentParser_const_extract_protocols.json -Xcc -I/Users/admin/builder/spi-builder-workspace/.derivedData/Build/Products/Debug/include -Xcc -I/Users/admin/builder/spi-builder-workspace/.derivedData/Build/Intermediates.noindex/swift-argument-parser.build/Debug/ArgumentParser.build/DerivedSources-normal/arm64 -Xcc -I/Users/admin/builder/spi-builder-workspace/.derivedData/Build/Intermediates.noindex/swift-argument-parser.build/Debug/ArgumentParser.build/DerivedSources/arm64 -Xcc -I/Users/admin/builder/spi-builder-workspace/.derivedData/Build/Intermediates.noindex/swift-argument-parser.build/Debug/ArgumentParser.build/DerivedSources -Xcc -DSWIFT_PACKAGE -Xcc -DDEBUG\=1 -emit-objc-header -emit-objc-header-path /Users/admin/builder/spi-builder-workspace/.derivedData/Build/Intermediates.noindex/swift-argument-parser.build/Debug/ArgumentParser.build/Objects-normal/arm64/ArgumentParser-Swift.h -working-directory /Users/admin/builder/spi-builder-workspace/.swiftpm/xcode -experimental-emit-module-separately -disable-cmo
RegisterExecutionPolicyException /Users/admin/builder/spi-builder-workspace/.derivedData/Build/Products/Debug/X509.o (in target 'X509' from project 'swift-certificates')
    cd /Users/admin/builder/spi-builder-workspace/.dependencies/checkouts/swift-certificates
    builtin-RegisterExecutionPolicyException /Users/admin/builder/spi-builder-workspace/.derivedData/Build/Products/Debug/X509.o
SwiftDriver _GRPCProtobufGenerated normal arm64 com.apple.xcode.tools.swift.compiler (in target '_GRPCProtobufGenerated' from project 'swift-kurrentdb')
    cd /Users/admin/builder/spi-builder-workspace/.swiftpm/xcode
    builtin-SwiftDriver -- /Applications/Xcode-26.3.0.app/Contents/Developer/Toolchains/XcodeDefault.xctoolchain/usr/bin/swiftc -module-name _GRPCProtobufGenerated -Onone -enforce-exclusivity\=checked @/Users/admin/builder/spi-builder-workspace/.derivedData/Build/Intermediates.noindex/swift-kurrentdb.build/Debug/_GRPCProtobufGenerated.build/Objects-normal/arm64/_GRPCProtobufGenerated.SwiftFileList -DSWIFT_PACKAGE -DDEBUG -DSWIFT_MODULE_RESOURCE_BUNDLE_UNAVAILABLE -DXcode -plugin-path /Applications/Xcode-26.3.0.app/Contents/Developer/Toolchains/XcodeDefault.xctoolchain/usr/lib/swift/host/plugins/testing -enable-experimental-feature DebugDescriptionMacro -sdk /Applications/Xcode-26.3.0.app/Contents/Developer/Platforms/MacOSX.platform/Developer/SDKs/MacOSX26.2.sdk -target arm64-apple-macos15.0 -g -module-cache-path /Users/admin/builder/spi-builder-workspace/.derivedData/ModuleCache.noindex -Xfrontend -serialize-debugging-options -profile-coverage-mapping -profile-generate -enable-testing -index-store-path /Users/admin/builder/spi-builder-workspace/.derivedData/Index.noindex/DataStore -Xcc -D_LIBCPP_HARDENING_MODE\=_LIBCPP_HARDENING_MODE_DEBUG -swift-version 6 -I /Users/admin/builder/spi-builder-workspace/.derivedData/Build/Products/Debug -Isystem /Applications/Xcode-26.3.0.app/Contents/Developer/Platforms/MacOSX.platform/Developer/usr/lib -F /Users/admin/builder/spi-builder-workspace/.derivedData/Build/Products/Debug/PackageFrameworks -F /Users/admin/builder/spi-builder-workspace/.derivedData/Build/Products/Debug/PackageFrameworks -F /Users/admin/builder/spi-builder-workspace/.derivedData/Build/Products/Debug/PackageFrameworks -F /Users/admin/builder/spi-builder-workspace/.derivedData/Build/Products/Debug/PackageFrameworks -F /Users/admin/builder/spi-builder-workspace/.derivedData/Build/Products/Debug/PackageFrameworks -F /Users/admin/builder/spi-builder-workspace/.derivedData/Build/Products/Debug/PackageFrameworks -F /Users/admin/builder/spi-builder-workspace/.derivedData/Build/Products/Debug -F /Applications/Xcode-26.3.0.app/Contents/Developer/Platforms/MacOSX.platform/Developer/Library/Frameworks -c -j10 -enable-batch-mode -incremental -Xcc -ivfsstatcache -Xcc /Users/admin/builder/spi-builder-workspace/.derivedData/SDKStatCaches.noindex/macosx26.2-25C58-dc75598d0054f22ec865fa860f139d726b10091eae1b9012e514a50b0de53ce7.sdkstatcache -output-file-map /Users/admin/builder/spi-builder-workspace/.derivedData/Build/Intermediates.noindex/swift-kurrentdb.build/Debug/_GRPCProtobufGenerated.build/Objects-normal/arm64/_GRPCProtobufGenerated-OutputFileMap.json -use-frontend-parseable-output -save-temps -no-color-diagnostics -explicit-module-build -module-cache-path /Users/admin/builder/spi-builder-workspace/.derivedData/Build/Intermediates.noindex/SwiftExplicitPrecompiledModules -clang-scanner-module-cache-path /Users/admin/builder/spi-builder-workspace/.derivedData/ModuleCache.noindex -sdk-module-cache-path /Users/admin/builder/spi-builder-workspace/.derivedData/ModuleCache.noindex -serialize-diagnostics -emit-dependencies -emit-module -emit-module-path /Users/admin/builder/spi-builder-workspace/.derivedData/Build/Intermediates.noindex/swift-kurrentdb.build/Debug/_GRPCProtobufGenerated.build/Objects-normal/arm64/_GRPCProtobufGenerated.swiftmodule -validate-clang-modules-once -clang-build-session-file /Users/admin/builder/spi-builder-workspace/.derivedData/ModuleCache.noindex/Session.modulevalidation -package-name spi_builder_workspace -Xcc -I/Users/admin/builder/spi-builder-workspace/.derivedData/Build/Intermediates.noindex/swift-kurrentdb.build/Debug/_GRPCProtobufGenerated.build/swift-overrides.hmap -emit-const-values -Xfrontend -const-gather-protocols-file -Xfrontend /Users/admin/builder/spi-builder-workspace/.derivedData/Build/Intermediates.noindex/swift-kurrentdb.build/Debug/_GRPCProtobufGenerated.build/Objects-normal/arm64/_GRPCProtobufGenerated_const_extract_protocols.json -Xcc -I/Users/admin/builder/spi-builder-workspace/.derivedData/Build/Products/Debug/include -Xcc -I/Users/admin/builder/spi-builder-workspace/.derivedData/Build/Intermediates.noindex/swift-kurrentdb.build/Debug/_GRPCProtobufGenerated.build/DerivedSources-normal/arm64 -Xcc -I/Users/admin/builder/spi-builder-workspace/.derivedData/Build/Intermediates.noindex/swift-kurrentdb.build/Debug/_GRPCProtobufGenerated.build/DerivedSources/arm64 -Xcc -I/Users/admin/builder/spi-builder-workspace/.derivedData/Build/Intermediates.noindex/swift-kurrentdb.build/Debug/_GRPCProtobufGenerated.build/DerivedSources -Xcc -DSWIFT_PACKAGE -Xcc -DDEBUG\=1 -emit-objc-header -emit-objc-header-path /Users/admin/builder/spi-builder-workspace/.derivedData/Build/Intermediates.noindex/swift-kurrentdb.build/Debug/_GRPCProtobufGenerated.build/Objects-normal/arm64/_GRPCProtobufGenerated-Swift.h -working-directory /Users/admin/builder/spi-builder-workspace/.swiftpm/xcode -experimental-emit-module-separately -disable-cmo
RegisterExecutionPolicyException /Users/admin/builder/spi-builder-workspace/.derivedData/Build/Products/Debug/GRPCCore.o (in target 'GRPCCore' from project 'grpc-swift-2')
    cd /Users/admin/builder/spi-builder-workspace/.dependencies/checkouts/grpc-swift-2
    builtin-RegisterExecutionPolicyException /Users/admin/builder/spi-builder-workspace/.derivedData/Build/Products/Debug/GRPCCore.o
SwiftCompile normal arm64 Compiling\ BenchmarkBoilerplateGenerator.swift /Users/admin/builder/spi-builder-workspace/.dependencies/checkouts/benchmark/Plugins/BenchmarkBoilerplateGenerator/BenchmarkBoilerplateGenerator.swift (in target 'BenchmarkBoilerplateGenerator' from project 'Benchmark')
SwiftCompile normal arm64 /Users/admin/builder/spi-builder-workspace/.dependencies/checkouts/benchmark/Plugins/BenchmarkBoilerplateGenerator/BenchmarkBoilerplateGenerator.swift (in target 'BenchmarkBoilerplateGenerator' from project 'Benchmark')
    cd /Users/admin/builder/spi-builder-workspace/.swiftpm/xcode

SwiftEmitModule normal arm64 Emitting\ module\ for\ BenchmarkBoilerplateGenerator (in target 'BenchmarkBoilerplateGenerator' from project 'Benchmark')
SwiftCompile normal arm64 /Users/admin/builder/spi-builder-workspace/.dependencies/checkouts/benchmark/Plugins/BenchmarkBoilerplateGenerator/BenchmarkBoilerplateGenerator.swift (in target 'BenchmarkBoilerplateGenerator' from project 'Benchmark')
    cd /Users/admin/builder/spi-builder-workspace/.swiftpm/xcode

SwiftDriverJobDiscovery normal arm64 Compiling BenchmarkBoilerplateGenerator.swift (in target 'BenchmarkBoilerplateGenerator' from project 'Benchmark')
SwiftDriver\ Compilation BenchmarkBoilerplateGenerator normal arm64 com.apple.xcode.tools.swift.compiler (in target 'BenchmarkBoilerplateGenerator' from project 'Benchmark')
    cd /Users/admin/builder/spi-builder-workspace/.swiftpm/xcode
    builtin-Swift-Compilation -- /Applications/Xcode-26.3.0.app/Contents/Developer/Toolchains/XcodeDefault.xctoolchain/usr/bin/swiftc -module-name BenchmarkBoilerplateGenerator -Onone -enforce-exclusivity\=checked @/Users/admin/builder/spi-builder-workspace/.derivedData/Build/Intermediates.noindex/Benchmark.build/Debug/BenchmarkBoilerplateGenerator.build/Objects-normal/arm64/BenchmarkBoilerplateGenerator.SwiftFileList -DSWIFT_PACKAGE -DDEBUG -DJemalloc -DXcode -plugin-path /Applications/Xcode-26.3.0.app/Contents/Developer/Toolchains/XcodeDefault.xctoolchain/usr/lib/swift/host/plugins/testing -enable-experimental-feature DebugDescriptionMacro -sdk /Applications/Xcode-26.3.0.app/Contents/Developer/Platforms/MacOSX.platform/Developer/SDKs/MacOSX26.2.sdk -target arm64-apple-macos13.0 -g -module-cache-path /Users/admin/builder/spi-builder-workspace/.derivedData/ModuleCache.noindex -Xfrontend -serialize-debugging-options -profile-coverage-mapping -profile-generate -enable-testing -suppress-warnings -index-store-path /Users/admin/builder/spi-builder-workspace/.derivedData/Index.noindex/DataStore -Xcc -D_LIBCPP_HARDENING_MODE\=_LIBCPP_HARDENING_MODE_DEBUG -swift-version 6 -I /Users/admin/builder/spi-builder-workspace/.derivedData/Build/Products/Debug -Isystem /Applications/Xcode-26.3.0.app/Contents/Developer/Platforms/MacOSX.platform/Developer/usr/lib -F /Users/admin/builder/spi-builder-workspace/.derivedData/Build/Products/Debug/PackageFrameworks -F /Users/admin/builder/spi-builder-workspace/.derivedData/Build/Products/Debug/PackageFrameworks -F /Users/admin/builder/spi-builder-workspace/.derivedData/Build/Products/Debug/PackageFrameworks -F /Users/admin/builder/spi-builder-workspace/.derivedData/Build/Products/Debug/PackageFrameworks -F /Users/admin/builder/spi-builder-workspace/.derivedData/Build/Products/Debug -F /Applications/Xcode-26.3.0.app/Contents/Developer/Platforms/MacOSX.platform/Developer/Library/Frameworks -parse-as-library -c -j10 -enable-batch-mode -incremental -Xcc -ivfsstatcache -Xcc /Users/admin/builder/spi-builder-workspace/.derivedData/SDKStatCaches.noindex/macosx26.2-25C58-dc75598d0054f22ec865fa860f139d726b10091eae1b9012e514a50b0de53ce7.sdkstatcache -output-file-map /Users/admin/builder/spi-builder-workspace/.derivedData/Build/Intermediates.noindex/Benchmark.build/Debug/BenchmarkBoilerplateGenerator.build/Objects-normal/arm64/BenchmarkBoilerplateGenerator-OutputFileMap.json -use-frontend-parseable-output -save-temps -no-color-diagnostics -explicit-module-build -module-cache-path /Users/admin/builder/spi-builder-workspace/.derivedData/Build/Intermediates.noindex/SwiftExplicitPrecompiledModules -clang-scanner-module-cache-path /Users/admin/builder/spi-builder-workspace/.derivedData/ModuleCache.noindex -sdk-module-cache-path /Users/admin/builder/spi-builder-workspace/.derivedData/ModuleCache.noindex -serialize-diagnostics -emit-dependencies -emit-module -emit-module-path /Users/admin/builder/spi-builder-workspace/.derivedData/Build/Intermediates.noindex/Benchmark.build/Debug/BenchmarkBoilerplateGenerator.build/Objects-normal/arm64/BenchmarkBoilerplateGenerator.swiftmodule -user-module-version 1.38.1 -validate-clang-modules-once -clang-build-session-file /Users/admin/builder/spi-builder-workspace/.derivedData/ModuleCache.noindex/Session.modulevalidation -package-name benchmark -emit-const-values -Xfrontend -const-gather-protocols-file -Xfrontend /Users/admin/builder/spi-builder-workspace/.derivedData/Build/Intermediates.noindex/Benchmark.build/Debug/BenchmarkBoilerplateGenerator.build/Objects-normal/arm64/BenchmarkBoilerplateGenerator_const_extract_protocols.json -Xcc -I/Users/admin/builder/spi-builder-workspace/.dependencies/checkouts/swift-system/Sources/CSystem/include -Xcc -I/Users/admin/builder/spi-builder-workspace/.derivedData/Build/Products/Debug/include -Xcc -I/Users/admin/builder/spi-builder-workspace/.derivedData/Build/Intermediates.noindex/Benchmark.build/Debug/BenchmarkBoilerplateGenerator.build/DerivedSources-normal/arm64 -Xcc -I/Users/admin/builder/spi-builder-workspace/.derivedData/Build/Intermediates.noindex/Benchmark.build/Debug/BenchmarkBoilerplateGenerator.build/DerivedSources/arm64 -Xcc -I/Users/admin/builder/spi-builder-workspace/.derivedData/Build/Intermediates.noindex/Benchmark.build/Debug/BenchmarkBoilerplateGenerator.build/DerivedSources -Xcc -DSWIFT_PACKAGE -Xcc -DDEBUG\=1 -working-directory /Users/admin/builder/spi-builder-workspace/.swiftpm/xcode -experimental-emit-module-separately -disable-cmo
SwiftCompile normal arm64 Compiling\ ErrorDetails+AnyPacking.swift /Users/admin/builder/spi-builder-workspace/.dependencies/checkouts/grpc-swift-protobuf/Sources/GRPCProtobuf/Errors/ErrorDetails+AnyPacking.swift (in target 'GRPCProtobuf' from project 'grpc-swift-protobuf')
SwiftCompile normal arm64 /Users/admin/builder/spi-builder-workspace/.dependencies/checkouts/grpc-swift-protobuf/Sources/GRPCProtobuf/Errors/ErrorDetails+AnyPacking.swift (in target 'GRPCProtobuf' from project 'grpc-swift-protobuf')
    cd /Users/admin/builder/spi-builder-workspace/.swiftpm/xcode

SwiftCompile normal arm64 Compiling\ Coding.swift,\ ContiguousBytesAdapter.swift /Users/admin/builder/spi-builder-workspace/.dependencies/checkouts/grpc-swift-protobuf/Sources/GRPCProtobuf/Coding.swift /Users/admin/builder/spi-builder-workspace/.dependencies/checkouts/grpc-swift-protobuf/Sources/GRPCProtobuf/ContiguousBytesAdapter.swift (in target 'GRPCProtobuf' from project 'grpc-swift-protobuf')
SwiftCompile normal arm64 /Users/admin/builder/spi-builder-workspace/.dependencies/checkouts/grpc-swift-protobuf/Sources/GRPCProtobuf/Coding.swift (in target 'GRPCProtobuf' from project 'grpc-swift-protobuf')
    cd /Users/admin/builder/spi-builder-workspace/.swiftpm/xcode

SwiftCompile normal arm64 /Users/admin/builder/spi-builder-workspace/.dependencies/checkouts/grpc-swift-protobuf/Sources/GRPCProtobuf/ContiguousBytesAdapter.swift (in target 'GRPCProtobuf' from project 'grpc-swift-protobuf')
    cd /Users/admin/builder/spi-builder-workspace/.swiftpm/xcode

SwiftCompile normal arm64 Compiling\ ErrorDetails+CustomStringConvertible.swift /Users/admin/builder/spi-builder-workspace/.dependencies/checkouts/grpc-swift-protobuf/Sources/GRPCProtobuf/Errors/ErrorDetails+CustomStringConvertible.swift (in target 'GRPCProtobuf' from project 'grpc-swift-protobuf')
SwiftCompile normal arm64 /Users/admin/builder/spi-builder-workspace/.dependencies/checkouts/grpc-swift-protobuf/Sources/GRPCProtobuf/Errors/ErrorDetails+CustomStringConvertible.swift (in target 'GRPCProtobuf' from project 'grpc-swift-protobuf')
    cd /Users/admin/builder/spi-builder-workspace/.swiftpm/xcode

SwiftCompile normal arm64 Compiling\ error_details.pb.swift /Users/admin/builder/spi-builder-workspace/.dependencies/checkouts/grpc-swift-protobuf/Sources/GRPCProtobuf/Errors/Generated/error_details.pb.swift (in target 'GRPCProtobuf' from project 'grpc-swift-protobuf')
SwiftCompile normal arm64 /Users/admin/builder/spi-builder-workspace/.dependencies/checkouts/grpc-swift-protobuf/Sources/GRPCProtobuf/Errors/Generated/error_details.pb.swift (in target 'GRPCProtobuf' from project 'grpc-swift-protobuf')
    cd /Users/admin/builder/spi-builder-workspace/.swiftpm/xcode

SwiftEmitModule normal arm64 Emitting\ module\ for\ GRPCProtobuf (in target 'GRPCProtobuf' from project 'grpc-swift-protobuf')
EmitSwiftModule normal arm64 (in target 'GRPCProtobuf' from project 'grpc-swift-protobuf')
    cd /Users/admin/builder/spi-builder-workspace/.swiftpm/xcode

SwiftDriverJobDiscovery normal arm64 Compiling Coding.swift, ContiguousBytesAdapter.swift (in target 'GRPCProtobuf' from project 'grpc-swift-protobuf')
SwiftCompile normal arm64 Compiling\ RPCError+GoogleRPCStatus.swift /Users/admin/builder/spi-builder-workspace/.dependencies/checkouts/grpc-swift-protobuf/Sources/GRPCProtobuf/Errors/RPCError+GoogleRPCStatus.swift (in target 'GRPCProtobuf' from project 'grpc-swift-protobuf')
SwiftCompile normal arm64 /Users/admin/builder/spi-builder-workspace/.dependencies/checkouts/grpc-swift-protobuf/Sources/GRPCProtobuf/Errors/RPCError+GoogleRPCStatus.swift (in target 'GRPCProtobuf' from project 'grpc-swift-protobuf')
    cd /Users/admin/builder/spi-builder-workspace/.swiftpm/xcode

SwiftDriverJobDiscovery normal arm64 Compiling ErrorDetails+AnyPacking.swift (in target 'GRPCProtobuf' from project 'grpc-swift-protobuf')
SwiftCompile normal arm64 Compiling\ code.pb.swift /Users/admin/builder/spi-builder-workspace/.dependencies/checkouts/grpc-swift-protobuf/Sources/GRPCProtobuf/Errors/Generated/code.pb.swift (in target 'GRPCProtobuf' from project 'grpc-swift-protobuf')
SwiftCompile normal arm64 /Users/admin/builder/spi-builder-workspace/.dependencies/checkouts/grpc-swift-protobuf/Sources/GRPCProtobuf/Errors/Generated/code.pb.swift (in target 'GRPCProtobuf' from project 'grpc-swift-protobuf')
    cd /Users/admin/builder/spi-builder-workspace/.swiftpm/xcode

SwiftDriverJobDiscovery normal arm64 Compiling ErrorDetails+CustomStringConvertible.swift (in target 'GRPCProtobuf' from project 'grpc-swift-protobuf')
SwiftCompile normal arm64 Compiling\ ErrorDetails+Types.swift /Users/admin/builder/spi-builder-workspace/.dependencies/checkouts/grpc-swift-protobuf/Sources/GRPCProtobuf/Errors/ErrorDetails+Types.swift (in target 'GRPCProtobuf' from project 'grpc-swift-protobuf')
SwiftCompile normal arm64 /Users/admin/builder/spi-builder-workspace/.dependencies/checkouts/grpc-swift-protobuf/Sources/GRPCProtobuf/Errors/ErrorDetails+Types.swift (in target 'GRPCProtobuf' from project 'grpc-swift-protobuf')
    cd /Users/admin/builder/spi-builder-workspace/.swiftpm/xcode

SwiftDriverJobDiscovery normal arm64 Compiling RPCError+GoogleRPCStatus.swift (in target 'GRPCProtobuf' from project 'grpc-swift-protobuf')
SwiftCompile normal arm64 Compiling\ GoogleRPCStatus.swift /Users/admin/builder/spi-builder-workspace/.dependencies/checkouts/grpc-swift-protobuf/Sources/GRPCProtobuf/Errors/GoogleRPCStatus.swift (in target 'GRPCProtobuf' from project 'grpc-swift-protobuf')
SwiftCompile normal arm64 /Users/admin/builder/spi-builder-workspace/.dependencies/checkouts/grpc-swift-protobuf/Sources/GRPCProtobuf/Errors/GoogleRPCStatus.swift (in target 'GRPCProtobuf' from project 'grpc-swift-protobuf')
    cd /Users/admin/builder/spi-builder-workspace/.swiftpm/xcode

SwiftDriverJobDiscovery normal arm64 Compiling code.pb.swift (in target 'GRPCProtobuf' from project 'grpc-swift-protobuf')
SwiftCompile normal arm64 Compiling\ ErrorDetails.swift /Users/admin/builder/spi-builder-workspace/.dependencies/checkouts/grpc-swift-protobuf/Sources/GRPCProtobuf/Errors/ErrorDetails.swift (in target 'GRPCProtobuf' from project 'grpc-swift-protobuf')
2026-10-27 11:45:53.828 xcodebuild[4894:17616] [MT] IDERunDestination: Supported platforms for the buildables in the current scheme is empty.
--- xcodebuild: WARNING: Using the first of multiple matching destinations:
{ platform:macOS, arch:arm64, id:4dafe4ba65bdeaaf9794845ee3cd1f8635f76694, name:My Mac }
{ platform:macOS, arch:arm64, variant:Mac Catalyst, id:4dafe4ba65bdeaaf9794845ee3cd1f8635f76694, name:My Mac }
{ platform:macOS, arch:arm64, variant:DriverKit, id:4dafe4ba65bdeaaf9794845ee3cd1f8635f76694, name:My Mac }
{ platform:macOS, arch:arm64, variant:Designed for [iPad,iPhone], id:4dafe4ba65bdeaaf9794845ee3cd1f8635f76694, name:My Mac }
error: Clang dependency scanner failure: While building module 'jemalloc' imported from jemalloc-7fee14fd.input:1:
In file included from <module-includes>:1:
/Users/admin/builder/spi-builder-workspace/.dependencies/checkouts/package-jemalloc/Sources/jemalloc/../../Headers/jemalloc.h:1:10: fatal error: 'jemalloc/jemalloc.h' file not found
jemalloc-7fee14fd.input:1:1: fatal error: could not build module 'jemalloc'
error: Clang dependency scanner failure: While building module 'jemalloc' imported from jemalloc-4bf626ef.input:1:
In file included from <module-includes>:1:
/Users/admin/builder/spi-builder-workspace/.dependencies/checkouts/package-jemalloc/Sources/jemalloc/../../Headers/jemalloc.h:1:10: fatal error: 'jemalloc/jemalloc.h' file not found
jemalloc-4bf626ef.input:1:1: fatal error: could not build module 'jemalloc'
error: Clang dependency scanner failure: While building module 'jemalloc' imported from jemalloc-c64e9e54.input:1:
In file included from <module-includes>:1:
/Users/admin/builder/spi-builder-workspace/.dependencies/checkouts/package-jemalloc/Sources/jemalloc/../../Headers/jemalloc.h:1:10: fatal error: 'jemalloc/jemalloc.h' file not found
jemalloc-c64e9e54.input:1:1: fatal error: could not build module 'jemalloc'
error: Clang dependency scanner failure: While building module 'jemalloc' imported from jemalloc-52b1ca95.input:1:
In file included from <module-includes>:1:
/Users/admin/builder/spi-builder-workspace/.dependencies/checkouts/package-jemalloc/Sources/jemalloc/../../Headers/jemalloc.h:1:10: fatal error: 'jemalloc/jemalloc.h' file not found
jemalloc-52b1ca95.input:1:1: fatal error: could not build module 'jemalloc'
error: Clang dependency scanner failure: While building module 'jemalloc' imported from jemalloc-a1f118e4.input:1:
In file included from <module-includes>:1:
/Users/admin/builder/spi-builder-workspace/.dependencies/checkouts/package-jemalloc/Sources/jemalloc/../../Headers/jemalloc.h:1:10: fatal error: 'jemalloc/jemalloc.h' file not found
jemalloc-a1f118e4.input:1:1: fatal error: could not build module 'jemalloc'
error: Clang dependency scanner failure: While building module 'jemalloc' imported from jemalloc-63abc84f.input:1:
In file included from <module-includes>:1:
/Users/admin/builder/spi-builder-workspace/.dependencies/checkouts/package-jemalloc/Sources/jemalloc/../../Headers/jemalloc.h:1:10: fatal error: 'jemalloc/jemalloc.h' file not found
jemalloc-63abc84f.input:1:1: fatal error: could not build module 'jemalloc'
error: Clang dependency scanner failure: While building module 'jemalloc' imported from jemalloc-17b25fd8.input:1:
In file included from <module-includes>:1:
/Users/admin/builder/spi-builder-workspace/.dependencies/checkouts/package-jemalloc/Sources/jemalloc/../../Headers/jemalloc.h:1:10: fatal error: 'jemalloc/jemalloc.h' file not found
jemalloc-17b25fd8.input:1:1: fatal error: could not build module 'jemalloc'
error: Clang dependency scanner failure: While building module 'jemalloc' imported from jemalloc-ef13a678.input:1:
In file included from <module-includes>:1:
/Users/admin/builder/spi-builder-workspace/.dependencies/checkouts/package-jemalloc/Sources/jemalloc/../../Headers/jemalloc.h:1:10: fatal error: 'jemalloc/jemalloc.h' file not found
jemalloc-ef13a678.input:1:1: fatal error: could not build module 'jemalloc'
error: Clang dependency scanner failure: While building module 'jemalloc' imported from jemalloc-44c6d5b5.input:1:
In file included from <module-includes>:1:
/Users/admin/builder/spi-builder-workspace/.dependencies/checkouts/package-jemalloc/Sources/jemalloc/../../Headers/jemalloc.h:1:10: fatal error: 'jemalloc/jemalloc.h' file not found
jemalloc-44c6d5b5.input:1:1: fatal error: could not build module 'jemalloc'
error: Clang dependency scanner failure: While building module 'jemalloc' imported from jemalloc-4198233b.input:1:
In file included from <module-includes>:1:
/Users/admin/builder/spi-builder-workspace/.dependencies/checkouts/package-jemalloc/Sources/jemalloc/../../Headers/jemalloc.h:1:10: fatal error: 'jemalloc/jemalloc.h' file not found
jemalloc-4198233b.input:1:1: fatal error: could not build module 'jemalloc'
/Users/admin/builder/spi-builder-workspace/.dependencies/checkouts/benchmark/Sources/Benchmark/MallocStats/MallocStatsProducer+jemalloc.swift:14:8: error: Unable to find module dependency: 'jemalloc'
import jemalloc
       ^
/Users/admin/builder/spi-builder-workspace/.dependencies/checkouts/benchmark/Sources/Benchmark/MallocStats/MallocStatsProducer+jemalloc.swift:14:8: note: a dependency of main module 'Benchmark'
import jemalloc
       ^
** BUILD FAILED **
The following build commands failed:
	SwiftDriver Benchmark normal arm64 com.apple.xcode.tools.swift.compiler (in target 'Benchmark' from project 'Benchmark')
	Building workspace spi-builder-workspace with scheme swift-kurrentdb-Package
(2 failures)
BUILD FAILURE 6.2 macosXcodebuild