Build Information
Failed to build SettingsViewController, reference master (b07469), with Swift 6.4 for tvOS using Xcode 27.0 on 18 Sep 2026 08:24:26 UTC.
Build Command
env DEVELOPER_DIR=/Applications/Xcode-27.0.0-Release.Candidate.app xcrun xcodebuild -IDEClonedSourcePackagesDirPathOverride=$PWD/.dependencies -skipMacroValidation -skipPackagePluginValidation -derivedDataPath $PWD/.derivedData build -scheme SettingsViewController -destination generic/platform=tvOSBuild Log
========================================
RunAll
========================================
Builder version: 5.1.0
Interrupt handler set up.
========================================
Checkout
========================================
Clone URL: https://github.com/eugenebokhan/settings-view-controller.git
Reference: master
Initialized empty Git repository in /Users/admin/builder/spi-builder-workspace/.git/
From https://github.com/eugenebokhan/settings-view-controller
* branch master -> FETCH_HEAD
* [new branch] master -> origin/master
HEAD is now at b074692 Merge pull request #2 from getaaron/patch-1
Cloned https://github.com/eugenebokhan/settings-view-controller.git
Revision (git rev-parse @):
b0746928d2505b1a9bab8caa87d0ee2ac0779d30
SUCCESS checkout https://github.com/eugenebokhan/settings-view-controller.git at master
========================================
Build
========================================
Selected platform: tvOS
Swift version: 6.4
Building package at path: $PWD
https://github.com/eugenebokhan/settings-view-controller.git
Command line invocation:
/Applications/Xcode-27.0.0-Release.Candidate.app/Contents/Developer/usr/bin/xcodebuild -IDEClonedSourcePackagesDirPathOverride=/Users/admin/builder/spi-builder-workspace/.dependencies -resolvePackageDependencies
Resolve Package Graph
Fetching from https://github.com/snapkit/snapkit.git
Creating working copy of package ‘snapkit’
Checking out 5.0.1 of package ‘snapkit’
Resolve Package Graph
Resolved source packages:
SettingsViewController: /Users/admin/builder/spi-builder-workspace
SnapKit: https://github.com/snapkit/snapkit.git @ 5.0.1
resolved source packages: SettingsViewController, SnapKit
2026-09-18 04:23:29.085 xcodebuild[529:3044] [MT] IDERunDestination: Supported platforms for the buildables in the current scheme is empty.
{
"dependencies" : [
{
"identity" : "snapkit",
"requirement" : {
"range" : [
{
"lower_bound" : "5.0.1",
"upper_bound" : "5.1.0"
}
]
},
"type" : "sourceControl",
"url" : "https://github.com/snapkit/snapkit.git"
}
],
"manifest_display_name" : "SettingsViewController",
"name" : "SettingsViewController",
"path" : "/Users/admin/builder/spi-builder-workspace",
"platforms" : [
{
"name" : "ios",
"version" : "13.0"
}
],
"products" : [
{
"name" : "SettingsViewController",
"targets" : [
"SettingsViewController"
],
"type" : {
"library" : [
"automatic"
]
}
}
],
"targets" : [
{
"c99name" : "SettingsViewController",
"module_type" : "SwiftTarget",
"name" : "SettingsViewController",
"path" : "Sources/SettingsViewController",
"product_dependencies" : [
"SnapKit"
],
"product_memberships" : [
"SettingsViewController"
],
"sources" : [
"SettingCell/BoolSettingCell.swift",
"SettingCell/FloatSettingCell.swift",
"SettingCell/SelectionSettingCell.swift",
"SettingCell/SettingCell.swift",
"Settings/BoolSetting.swift",
"Settings/FloatSetting.swift",
"Settings/SelectionSetting.swift",
"Settings/Setting.swift",
"Settings/TextSetting.swift",
"SettingsTableViewController.swift",
"SettingsViewController.swift",
"TableView+Extensions.swift"
],
"type" : "library"
}
],
"tools_version" : "5.2"
}
{
"workspace" : {
"name" : "SettingsViewController",
"schemes" : [
"SettingsViewController"
]
}
}
2026-09-18 04:24:10.356 xcodebuild[685:4296] [MT] IDERunDestination: Supported platforms for the buildables in the current scheme is empty.
Running build ...
env DEVELOPER_DIR=/Applications/Xcode-27.0.0-Release.Candidate.app xcrun xcodebuild -IDEClonedSourcePackagesDirPathOverride=$PWD/.dependencies -skipMacroValidation -skipPackagePluginValidation -derivedDataPath $PWD/.derivedData build -scheme SettingsViewController -destination generic/platform=tvOS
Command line invocation:
/Applications/Xcode-27.0.0-Release.Candidate.app/Contents/Developer/usr/bin/xcodebuild -IDEClonedSourcePackagesDirPathOverride=/Users/admin/builder/spi-builder-workspace/.dependencies -skipMacroValidation -skipPackagePluginValidation -derivedDataPath /Users/admin/builder/spi-builder-workspace/.derivedData build -scheme SettingsViewController -destination generic/platform=tvOS
Resolve Package Graph
Resolve Package Graph
Resolved source packages:
SnapKit: https://github.com/snapkit/snapkit.git @ 5.0.1
SettingsViewController: /Users/admin/builder/spi-builder-workspace
ComputePackagePrebuildTargetDependencyGraph
Prepare packages
CreateBuildRequest
SendProjectDescription
CreateBuildOperation
ComputeTargetDependencyGraph
note: Building targets in dependency order
note: Target dependency graph (4 targets)
Target 'SettingsViewController-product' in project 'SettingsViewController'
➜ Explicit dependency on target 'SettingsViewController' in project 'SettingsViewController'
➜ Explicit dependency on target 'SnapKit-product' in project 'SnapKit'
Target 'SettingsViewController' in project 'SettingsViewController'
➜ Explicit dependency on target 'SnapKit-product' in project 'SnapKit'
Target 'SnapKit-product' in project 'SnapKit'
➜ Explicit dependency on target 'SnapKit' in project 'SnapKit'
Target 'SnapKit' in project 'SnapKit' (no dependencies)
GatherProvisioningInputs
CreateBuildDescription
ExecuteExternalTool /Applications/Xcode-27.0.0-Release.Candidate.app/Contents/Developer/Toolchains/XcodeDefault.xctoolchain/usr/bin/clang -v -E -dM -isysroot /Applications/Xcode-27.0.0-Release.Candidate.app/Contents/Developer/Platforms/AppleTVOS.platform/Developer/SDKs/AppleTVOS27.0.sdk -x c -c /dev/null
ExecuteExternalTool /Applications/Xcode-27.0.0-Release.Candidate.app/Contents/Developer/Toolchains/XcodeDefault.xctoolchain/usr/bin/swiftc --version
ExecuteExternalTool /Applications/Xcode-27.0.0-Release.Candidate.app/Contents/Developer/Toolchains/XcodeDefault.xctoolchain/usr/bin/ld -version_details
Build description signature: 0d009385d3faa79b741eccd27ccbe037
Build description path: /Users/admin/builder/spi-builder-workspace/.derivedData/Build/Intermediates.noindex/XCBuildData/0d009385d3faa79b741eccd27ccbe037.xcbuilddata
CreateBuildDirectory /Users/admin/builder/spi-builder-workspace/.derivedData/SDKExplicitPrecompiledModules
cd /Users/admin/builder/spi-builder-workspace/.swiftpm/xcode
builtin-create-build-directory /Users/admin/builder/spi-builder-workspace/.derivedData/SDKExplicitPrecompiledModules
CreateBuildDirectory /Users/admin/builder/spi-builder-workspace/.derivedData/ModuleCache.noindex
cd /Users/admin/builder/spi-builder-workspace/.swiftpm/xcode
builtin-create-build-directory /Users/admin/builder/spi-builder-workspace/.derivedData/ModuleCache.noindex
CreateBuildDirectory /Users/admin/builder/spi-builder-workspace/.derivedData/CompilationCache.noindex
cd /Users/admin/builder/spi-builder-workspace/.swiftpm/xcode
builtin-create-build-directory /Users/admin/builder/spi-builder-workspace/.derivedData/CompilationCache.noindex
ClangStatCache /Applications/Xcode-27.0.0-Release.Candidate.app/Contents/Developer/Toolchains/XcodeDefault.xctoolchain/usr/bin/clang-stat-cache /Applications/Xcode-27.0.0-Release.Candidate.app/Contents/Developer/Platforms/AppleTVOS.platform/Developer/SDKs/AppleTVOS27.0.sdk /Users/admin/builder/spi-builder-workspace/.derivedData/SDKStatCaches.noindex/appletvos27.0-24J360-e829b21a6f8c9b70876ba0858053c044b32bfd8d43560033f8d89884cdb90028.sdkstatcache
cd /Users/admin/builder/spi-builder-workspace/.swiftpm/xcode
/Applications/Xcode-27.0.0-Release.Candidate.app/Contents/Developer/Toolchains/XcodeDefault.xctoolchain/usr/bin/clang-stat-cache /Applications/Xcode-27.0.0-Release.Candidate.app/Contents/Developer/Platforms/AppleTVOS.platform/Developer/SDKs/AppleTVOS27.0.sdk -o /Users/admin/builder/spi-builder-workspace/.derivedData/SDKStatCaches.noindex/appletvos27.0-24J360-e829b21a6f8c9b70876ba0858053c044b32bfd8d43560033f8d89884cdb90028.sdkstatcache
CreateBuildDirectory /Users/admin/builder/spi-builder-workspace/.derivedData/Build/Products
cd /Users/admin/builder/spi-builder-workspace/.swiftpm/xcode
builtin-create-build-directory /Users/admin/builder/spi-builder-workspace/.derivedData/Build/Products
CreateBuildDirectory /Users/admin/builder/spi-builder-workspace/.derivedData/Build/Intermediates.noindex
cd /Users/admin/builder/spi-builder-workspace/.swiftpm/xcode
builtin-create-build-directory /Users/admin/builder/spi-builder-workspace/.derivedData/Build/Intermediates.noindex
CreateBuildDirectory /Users/admin/builder/spi-builder-workspace/.derivedData/Build/Intermediates.noindex/SwiftExplicitPrecompiledModules
cd /Users/admin/builder/spi-builder-workspace/.swiftpm/xcode
builtin-create-build-directory /Users/admin/builder/spi-builder-workspace/.derivedData/Build/Intermediates.noindex/SwiftExplicitPrecompiledModules
CreateBuildDirectory /Users/admin/builder/spi-builder-workspace/.derivedData/Build/Intermediates.noindex/PrecompiledHeaders
cd /Users/admin/builder/spi-builder-workspace/.swiftpm/xcode
builtin-create-build-directory /Users/admin/builder/spi-builder-workspace/.derivedData/Build/Intermediates.noindex/PrecompiledHeaders
CreateBuildDirectory /Users/admin/builder/spi-builder-workspace/.derivedData/Build/Intermediates.noindex/ExplicitPrecompiledModules
cd /Users/admin/builder/spi-builder-workspace/.swiftpm/xcode
builtin-create-build-directory /Users/admin/builder/spi-builder-workspace/.derivedData/Build/Intermediates.noindex/ExplicitPrecompiledModules
CreateBuildDirectory /Users/admin/builder/spi-builder-workspace/.derivedData/Build/Intermediates.noindex/EagerLinkingTBDs/Debug-appletvos
cd /Users/admin/builder/spi-builder-workspace/.swiftpm/xcode
builtin-create-build-directory /Users/admin/builder/spi-builder-workspace/.derivedData/Build/Intermediates.noindex/EagerLinkingTBDs/Debug-appletvos
CreateBuildDirectory /Users/admin/builder/spi-builder-workspace/.derivedData/Build/Products/Debug-appletvos
cd /Users/admin/builder/spi-builder-workspace/.swiftpm/xcode
builtin-create-build-directory /Users/admin/builder/spi-builder-workspace/.derivedData/Build/Products/Debug-appletvos
CreateBuildDirectory /Users/admin/builder/spi-builder-workspace/.derivedData/Build/Products/Debug-appletvos/PackageFrameworks
cd /Users/admin/builder/spi-builder-workspace/.swiftpm/xcode
builtin-create-build-directory /Users/admin/builder/spi-builder-workspace/.derivedData/Build/Products/Debug-appletvos/PackageFrameworks
WriteAuxiliaryFile /Users/admin/builder/spi-builder-workspace/.derivedData/Build/Intermediates.noindex/SnapKit.build/Debug-appletvos/SnapKit-t.build/SnapKit.modulemap (in target 'SnapKit' from project 'SnapKit')
cd /Users/admin/builder/spi-builder-workspace/.dependencies/checkouts/snapkit
write-file /Users/admin/builder/spi-builder-workspace/.derivedData/Build/Intermediates.noindex/SnapKit.build/Debug-appletvos/SnapKit-t.build/SnapKit.modulemap
WriteAuxiliaryFile /Users/admin/builder/spi-builder-workspace/.derivedData/Build/Intermediates.noindex/SnapKit.build/Debug-appletvos/SnapKit-t.build/SnapKit.DependencyStaticMetadataFileList (in target 'SnapKit' from project 'SnapKit')
cd /Users/admin/builder/spi-builder-workspace/.dependencies/checkouts/snapkit
write-file /Users/admin/builder/spi-builder-workspace/.derivedData/Build/Intermediates.noindex/SnapKit.build/Debug-appletvos/SnapKit-t.build/SnapKit.DependencyStaticMetadataFileList
WriteAuxiliaryFile /Users/admin/builder/spi-builder-workspace/.derivedData/Build/Intermediates.noindex/SnapKit.build/Debug-appletvos/SnapKit-t.build/SnapKit.DependencyMetadataFileList (in target 'SnapKit' from project 'SnapKit')
cd /Users/admin/builder/spi-builder-workspace/.dependencies/checkouts/snapkit
write-file /Users/admin/builder/spi-builder-workspace/.derivedData/Build/Intermediates.noindex/SnapKit.build/Debug-appletvos/SnapKit-t.build/SnapKit.DependencyMetadataFileList
WriteAuxiliaryFile /Users/admin/builder/spi-builder-workspace/.derivedData/Build/Intermediates.noindex/SnapKit.build/Debug-appletvos/SnapKit-t.build/Objects-normal/arm64/SnapKit.SwiftConstValuesFileList (in target 'SnapKit' from project 'SnapKit')
cd /Users/admin/builder/spi-builder-workspace/.dependencies/checkouts/snapkit
write-file /Users/admin/builder/spi-builder-workspace/.derivedData/Build/Intermediates.noindex/SnapKit.build/Debug-appletvos/SnapKit-t.build/Objects-normal/arm64/SnapKit.SwiftConstValuesFileList
WriteAuxiliaryFile /Users/admin/builder/spi-builder-workspace/.derivedData/Build/Intermediates.noindex/SnapKit.build/Debug-appletvos/SnapKit-t.build/Objects-normal/arm64/SnapKit-OutputFileMap.json (in target 'SnapKit' from project 'SnapKit')
cd /Users/admin/builder/spi-builder-workspace/.dependencies/checkouts/snapkit
write-file /Users/admin/builder/spi-builder-workspace/.derivedData/Build/Intermediates.noindex/SnapKit.build/Debug-appletvos/SnapKit-t.build/Objects-normal/arm64/SnapKit-OutputFileMap.json
WriteAuxiliaryFile /Users/admin/builder/spi-builder-workspace/.derivedData/Build/Intermediates.noindex/SnapKit.build/Debug-appletvos/SnapKit-t.build/Objects-normal/arm64/SnapKit.LinkFileList (in target 'SnapKit' from project 'SnapKit')
cd /Users/admin/builder/spi-builder-workspace/.dependencies/checkouts/snapkit
write-file /Users/admin/builder/spi-builder-workspace/.derivedData/Build/Intermediates.noindex/SnapKit.build/Debug-appletvos/SnapKit-t.build/Objects-normal/arm64/SnapKit.LinkFileList
WriteAuxiliaryFile /Users/admin/builder/spi-builder-workspace/.derivedData/Build/Intermediates.noindex/SnapKit.build/Debug-appletvos/SnapKit-t.build/Objects-normal/arm64/SnapKit_const_extract_protocols.json (in target 'SnapKit' from project 'SnapKit')
cd /Users/admin/builder/spi-builder-workspace/.dependencies/checkouts/snapkit
write-file /Users/admin/builder/spi-builder-workspace/.derivedData/Build/Intermediates.noindex/SnapKit.build/Debug-appletvos/SnapKit-t.build/Objects-normal/arm64/SnapKit_const_extract_protocols.json
WriteAuxiliaryFile /Users/admin/builder/spi-builder-workspace/.derivedData/Build/Intermediates.noindex/SnapKit.build/Debug-appletvos/SnapKit-t.build/Objects-normal/arm64/SnapKit.SwiftFileList (in target 'SnapKit' from project 'SnapKit')
cd /Users/admin/builder/spi-builder-workspace/.dependencies/checkouts/snapkit
write-file /Users/admin/builder/spi-builder-workspace/.derivedData/Build/Intermediates.noindex/SnapKit.build/Debug-appletvos/SnapKit-t.build/Objects-normal/arm64/SnapKit.SwiftFileList
WriteAuxiliaryFile /Users/admin/builder/spi-builder-workspace/.derivedData/Build/Intermediates.noindex/SettingsViewController.build/Debug-appletvos/SettingsViewController-t.build/SettingsViewController.modulemap (in target 'SettingsViewController' from project 'SettingsViewController')
cd /Users/admin/builder/spi-builder-workspace
write-file /Users/admin/builder/spi-builder-workspace/.derivedData/Build/Intermediates.noindex/SettingsViewController.build/Debug-appletvos/SettingsViewController-t.build/SettingsViewController.modulemap
WriteAuxiliaryFile /Users/admin/builder/spi-builder-workspace/.derivedData/Build/Intermediates.noindex/SettingsViewController.build/Debug-appletvos/SettingsViewController-t.build/SettingsViewController.DependencyStaticMetadataFileList (in target 'SettingsViewController' from project 'SettingsViewController')
cd /Users/admin/builder/spi-builder-workspace
write-file /Users/admin/builder/spi-builder-workspace/.derivedData/Build/Intermediates.noindex/SettingsViewController.build/Debug-appletvos/SettingsViewController-t.build/SettingsViewController.DependencyStaticMetadataFileList
WriteAuxiliaryFile /Users/admin/builder/spi-builder-workspace/.derivedData/Build/Intermediates.noindex/SettingsViewController.build/Debug-appletvos/SettingsViewController-t.build/SettingsViewController.DependencyMetadataFileList (in target 'SettingsViewController' from project 'SettingsViewController')
cd /Users/admin/builder/spi-builder-workspace
write-file /Users/admin/builder/spi-builder-workspace/.derivedData/Build/Intermediates.noindex/SettingsViewController.build/Debug-appletvos/SettingsViewController-t.build/SettingsViewController.DependencyMetadataFileList
Copy /Users/admin/builder/spi-builder-workspace/.derivedData/Build/Intermediates.noindex/GeneratedModuleMaps-appletvos/SnapKit.modulemap /Users/admin/builder/spi-builder-workspace/.derivedData/Build/Intermediates.noindex/SnapKit.build/Debug-appletvos/SnapKit-t.build/SnapKit.modulemap (in target 'SnapKit' from project 'SnapKit')
cd /Users/admin/builder/spi-builder-workspace/.dependencies/checkouts/snapkit
builtin-copy -exclude .DS_Store -exclude CVS -exclude .svn -exclude .git -exclude .hg -resolve-src-symlinks /Users/admin/builder/spi-builder-workspace/.derivedData/Build/Intermediates.noindex/SnapKit.build/Debug-appletvos/SnapKit-t.build/SnapKit.modulemap /Users/admin/builder/spi-builder-workspace/.derivedData/Build/Intermediates.noindex/GeneratedModuleMaps-appletvos
WriteAuxiliaryFile /Users/admin/builder/spi-builder-workspace/.derivedData/Build/Intermediates.noindex/SettingsViewController.build/Debug-appletvos/SettingsViewController-t.build/Objects-normal/arm64/SettingsViewController_const_extract_protocols.json (in target 'SettingsViewController' from project 'SettingsViewController')
cd /Users/admin/builder/spi-builder-workspace
write-file /Users/admin/builder/spi-builder-workspace/.derivedData/Build/Intermediates.noindex/SettingsViewController.build/Debug-appletvos/SettingsViewController-t.build/Objects-normal/arm64/SettingsViewController_const_extract_protocols.json
WriteAuxiliaryFile /Users/admin/builder/spi-builder-workspace/.derivedData/Build/Intermediates.noindex/SettingsViewController.build/Debug-appletvos/SettingsViewController-t.build/Objects-normal/arm64/SettingsViewController.SwiftFileList (in target 'SettingsViewController' from project 'SettingsViewController')
cd /Users/admin/builder/spi-builder-workspace
write-file /Users/admin/builder/spi-builder-workspace/.derivedData/Build/Intermediates.noindex/SettingsViewController.build/Debug-appletvos/SettingsViewController-t.build/Objects-normal/arm64/SettingsViewController.SwiftFileList
WriteAuxiliaryFile /Users/admin/builder/spi-builder-workspace/.derivedData/Build/Intermediates.noindex/SettingsViewController.build/Debug-appletvos/SettingsViewController-t.build/Objects-normal/arm64/SettingsViewController.SwiftConstValuesFileList (in target 'SettingsViewController' from project 'SettingsViewController')
cd /Users/admin/builder/spi-builder-workspace
write-file /Users/admin/builder/spi-builder-workspace/.derivedData/Build/Intermediates.noindex/SettingsViewController.build/Debug-appletvos/SettingsViewController-t.build/Objects-normal/arm64/SettingsViewController.SwiftConstValuesFileList
WriteAuxiliaryFile /Users/admin/builder/spi-builder-workspace/.derivedData/Build/Intermediates.noindex/SettingsViewController.build/Debug-appletvos/SettingsViewController-t.build/Objects-normal/arm64/SettingsViewController.LinkFileList (in target 'SettingsViewController' from project 'SettingsViewController')
cd /Users/admin/builder/spi-builder-workspace
write-file /Users/admin/builder/spi-builder-workspace/.derivedData/Build/Intermediates.noindex/SettingsViewController.build/Debug-appletvos/SettingsViewController-t.build/Objects-normal/arm64/SettingsViewController.LinkFileList
WriteAuxiliaryFile /Users/admin/builder/spi-builder-workspace/.derivedData/Build/Intermediates.noindex/SettingsViewController.build/Debug-appletvos/SettingsViewController-t.build/Objects-normal/arm64/SettingsViewController-OutputFileMap.json (in target 'SettingsViewController' from project 'SettingsViewController')
cd /Users/admin/builder/spi-builder-workspace
write-file /Users/admin/builder/spi-builder-workspace/.derivedData/Build/Intermediates.noindex/SettingsViewController.build/Debug-appletvos/SettingsViewController-t.build/Objects-normal/arm64/SettingsViewController-OutputFileMap.json
Copy /Users/admin/builder/spi-builder-workspace/.derivedData/Build/Intermediates.noindex/GeneratedModuleMaps-appletvos/SettingsViewController.modulemap /Users/admin/builder/spi-builder-workspace/.derivedData/Build/Intermediates.noindex/SettingsViewController.build/Debug-appletvos/SettingsViewController-t.build/SettingsViewController.modulemap (in target 'SettingsViewController' from project 'SettingsViewController')
cd /Users/admin/builder/spi-builder-workspace
builtin-copy -exclude .DS_Store -exclude CVS -exclude .svn -exclude .git -exclude .hg -resolve-src-symlinks /Users/admin/builder/spi-builder-workspace/.derivedData/Build/Intermediates.noindex/SettingsViewController.build/Debug-appletvos/SettingsViewController-t.build/SettingsViewController.modulemap /Users/admin/builder/spi-builder-workspace/.derivedData/Build/Intermediates.noindex/GeneratedModuleMaps-appletvos
SwiftDriver SnapKit normal arm64 com.apple.xcode.tools.swift.compiler (in target 'SnapKit' from project 'SnapKit')
cd /Users/admin/builder/spi-builder-workspace/.swiftpm/xcode
builtin-SwiftDriver -- /Applications/Xcode-27.0.0-Release.Candidate.app/Contents/Developer/Toolchains/XcodeDefault.xctoolchain/usr/bin/swiftc -parse-as-library -module-name SnapKit -Onone @/Users/admin/builder/spi-builder-workspace/.derivedData/Build/Intermediates.noindex/SnapKit.build/Debug-appletvos/SnapKit-t.build/Objects-normal/arm64/SnapKit.SwiftFileList -DSWIFT_PACKAGE -DDEBUG -DSWIFT_MODULE_RESOURCE_BUNDLE_UNAVAILABLE -DXcode -plugin-path /Applications/Xcode-27.0.0-Release.Candidate.app/Contents/Developer/Toolchains/XcodeDefault.xctoolchain/usr/lib/swift/host/plugins/testing -enable-experimental-feature DebugDescriptionMacro -sdk /Applications/Xcode-27.0.0-Release.Candidate.app/Contents/Developer/Platforms/AppleTVOS.platform/Developer/SDKs/AppleTVOS27.0.sdk -target arm64-apple-tvos15.0 -g -module-cache-path /Users/admin/builder/spi-builder-workspace/.derivedData/ModuleCache.noindex -Xfrontend -serialize-debugging-options -enable-testing -suppress-warnings -index-store-path /Users/admin/builder/spi-builder-workspace/.derivedData/Index.noindex/DataStore -Xcc -D_LIBCPP_HARDENING_MODE\=_LIBCPP_HARDENING_MODE_DEBUG -swift-version 5 -I /Users/admin/builder/spi-builder-workspace/.derivedData/Build/Products/Debug-appletvos -Isystem /Applications/Xcode-27.0.0-Release.Candidate.app/Contents/Developer/Platforms/AppleTVOS.platform/Developer/usr/lib -F /Users/admin/builder/spi-builder-workspace/.derivedData/Build/Products/Debug-appletvos -F /Applications/Xcode-27.0.0-Release.Candidate.app/Contents/Developer/Platforms/AppleTVOS.platform/Developer/Library/Frameworks -F /Applications/Xcode-27.0.0-Release.Candidate.app/Contents/Developer/Platforms/AppleTVOS.platform/Developer/SDKs/AppleTVOS27.0.sdk/Developer/Library/Frameworks -c -j10 -enable-batch-mode -incremental -Xcc -ivfsstatcache -Xcc /Users/admin/builder/spi-builder-workspace/.derivedData/SDKStatCaches.noindex/appletvos27.0-24J360-e829b21a6f8c9b70876ba0858053c044b32bfd8d43560033f8d89884cdb90028.sdkstatcache -output-file-map /Users/admin/builder/spi-builder-workspace/.derivedData/Build/Intermediates.noindex/SnapKit.build/Debug-appletvos/SnapKit-t.build/Objects-normal/arm64/SnapKit-OutputFileMap.json -save-temps -no-color-diagnostics -explicit-module-build -module-cache-path /Users/admin/builder/spi-builder-workspace/.derivedData/Build/Intermediates.noindex/SwiftExplicitPrecompiledModules -clang-scanner-module-cache-path /Users/admin/builder/spi-builder-workspace/.derivedData/ModuleCache.noindex -sdk-module-cache-path /Users/admin/builder/spi-builder-workspace/.derivedData/SDKExplicitPrecompiledModules -emit-dependencies -emit-module -emit-module-path /Users/admin/builder/spi-builder-workspace/.derivedData/Build/Intermediates.noindex/SnapKit.build/Debug-appletvos/SnapKit-t.build/Objects-normal/arm64/SnapKit.swiftmodule -serialize-diagnostics -dependency-scan-serialize-diagnostics-path /Users/admin/builder/spi-builder-workspace/.derivedData/Build/Intermediates.noindex/SnapKit.build/Debug-appletvos/SnapKit-t.build/Objects-normal/arm64/SnapKit-dependency-scan.dia -validate-clang-modules-once -clang-build-session-file /Users/admin/builder/spi-builder-workspace/.derivedData/ModuleCache.noindex/Session.modulevalidation -Xcc -fmodules-prune-interval\=86400 -Xcc -fmodules-prune-after\=345600 -emit-const-values -const-gather-protocols-list /Users/admin/builder/spi-builder-workspace/.derivedData/Build/Intermediates.noindex/SnapKit.build/Debug-appletvos/SnapKit-t.build/Objects-normal/arm64/SnapKit_const_extract_protocols.json -Xcc -I/Users/admin/builder/spi-builder-workspace/.derivedData/Build/Products/Debug-appletvos/include -Xcc -I/Users/admin/builder/spi-builder-workspace/.derivedData/Build/Intermediates.noindex/SnapKit.build/Debug-appletvos/SnapKit-t.build/DerivedSources-normal/arm64 -Xcc -I/Users/admin/builder/spi-builder-workspace/.derivedData/Build/Intermediates.noindex/SnapKit.build/Debug-appletvos/SnapKit-t.build/DerivedSources/arm64 -Xcc -I/Users/admin/builder/spi-builder-workspace/.derivedData/Build/Intermediates.noindex/SnapKit.build/Debug-appletvos/SnapKit-t.build/DerivedSources -Xcc -DSWIFT_PACKAGE -Xcc -DDEBUG\=1 -emit-objc-header -emit-objc-header-path /Users/admin/builder/spi-builder-workspace/.derivedData/Build/Intermediates.noindex/SnapKit.build/Debug-appletvos/SnapKit-t.build/Objects-normal/arm64/SnapKit-Swift.h -working-directory /Users/admin/builder/spi-builder-workspace/.swiftpm/xcode -experimental-emit-module-separately -disable-cmo
SwiftExplicitDependencyGeneratePcm arm64 /Users/admin/builder/spi-builder-workspace/.derivedData/SDKExplicitPrecompiledModules/_Builtin_stdarg-BO2OCAUYVAXDRVQWQ8ISKGNUQ.pcm
SwiftExplicitDependencyGeneratePcm arm64 /Users/admin/builder/spi-builder-workspace/.derivedData/SDKExplicitPrecompiledModules/SwiftShims-8N4EXJ4RUJTR8K9OO3CMOH1EP.pcm
SwiftExplicitDependencyGeneratePcm arm64 /Users/admin/builder/spi-builder-workspace/.derivedData/SDKExplicitPrecompiledModules/_Builtin_float-8ZJAYZ85YBOAOP52Y9H6IUNP3.pcm
SwiftExplicitDependencyGeneratePcm arm64 /Users/admin/builder/spi-builder-workspace/.derivedData/SDKExplicitPrecompiledModules/_AvailabilityInternal-BV2EDDP0MI5QJDDPEEV4D9D3V.pcm
SwiftExplicitDependencyGeneratePcm arm64 /Users/admin/builder/spi-builder-workspace/.derivedData/SDKExplicitPrecompiledModules/DeveloperToolsSupport-B1X8RI63V48AJRTH2RK6JAARV.pcm
SwiftExplicitDependencyGeneratePcm arm64 /Users/admin/builder/spi-builder-workspace/.derivedData/SDKExplicitPrecompiledModules/_SwiftConcurrencyShims-BY5PD8KF1L5KF6F4Q69HE3TJ4.pcm
SwiftExplicitDependencyGeneratePcm arm64 /Users/admin/builder/spi-builder-workspace/.derivedData/SDKExplicitPrecompiledModules/_Builtin_stdbool-AHRDH5EKLY6D04C5E42F3VCQI.pcm
SwiftExplicitDependencyGeneratePcm arm64 /Users/admin/builder/spi-builder-workspace/.derivedData/SDKExplicitPrecompiledModules/ptrcheck-2AZ6B5IBYD3RRRTFWN2ONASY3.pcm
SwiftExplicitDependencyGeneratePcm arm64 /Users/admin/builder/spi-builder-workspace/.derivedData/SDKExplicitPrecompiledModules/_Builtin_stddef-9ZJZ6FDEZNKTZU8YLPMFT9RAQ.pcm
SwiftExplicitDependencyGeneratePcm arm64 /Users/admin/builder/spi-builder-workspace/.derivedData/SDKExplicitPrecompiledModules/ptrauth-8X2KEPL7CTRPS40TUB9APHPK6.pcm
SwiftExplicitDependencyGeneratePcm arm64 /Users/admin/builder/spi-builder-workspace/.derivedData/SDKExplicitPrecompiledModules/_DarwinFoundation1-JOTYMOA1YZCIJ2NON6FQ848O.pcm
SwiftExplicitDependencyGeneratePcm arm64 /Users/admin/builder/spi-builder-workspace/.derivedData/SDKExplicitPrecompiledModules/_DarwinFoundation2-AOGAN1O02NKXRJN5V73AV3V3M.pcm
SwiftExplicitDependencyGeneratePcm arm64 /Users/admin/builder/spi-builder-workspace/.derivedData/SDKExplicitPrecompiledModules/_Builtin_limits-7JU2HP127LIT1X9E2V3D8WZ1.pcm
SwiftExplicitDependencyGeneratePcm arm64 /Users/admin/builder/spi-builder-workspace/.derivedData/SDKExplicitPrecompiledModules/string_h-6EVHP7A717OUS5DMC78F79HWO.pcm
SwiftExplicitDependencyGeneratePcm arm64 /Users/admin/builder/spi-builder-workspace/.derivedData/SDKExplicitPrecompiledModules/_Builtin_tgmath-7ULT1EUHDHW4OZPSTT33H6QGE.pcm
SwiftExplicitDependencyGeneratePcm arm64 /Users/admin/builder/spi-builder-workspace/.derivedData/SDKExplicitPrecompiledModules/sys_types-8GCAV1YMG5UUGHUID3CA20TCH.pcm
SwiftExplicitDependencyGeneratePcm arm64 /Users/admin/builder/spi-builder-workspace/.derivedData/SDKExplicitPrecompiledModules/_Builtin_stdint-6NFTB6IBKS143IVPGT1EKB7HO.pcm
SwiftExplicitDependencyGeneratePcm arm64 /Users/admin/builder/spi-builder-workspace/.derivedData/SDKExplicitPrecompiledModules/_Builtin_intrinsics-437O2R2NID4WAQVENR63GR82C.pcm
SwiftExplicitDependencyGeneratePcm arm64 /Users/admin/builder/spi-builder-workspace/.derivedData/SDKExplicitPrecompiledModules/_DarwinFoundation3-8SR3855WDFHQPR6G9GHOI2C07.pcm
SwiftExplicitDependencyGeneratePcm arm64 /Users/admin/builder/spi-builder-workspace/.derivedData/SDKExplicitPrecompiledModules/_Builtin_stdatomic-3YXHN678NGYM3NL9POJ2HVEIF.pcm
SwiftExplicitDependencyGeneratePcm arm64 /Users/admin/builder/spi-builder-workspace/.derivedData/SDKExplicitPrecompiledModules/_Builtin_inttypes-6X1IQ3QK9KEVKXOK9Y79EW7J3.pcm
SwiftExplicitDependencyGeneratePcm arm64 /Users/admin/builder/spi-builder-workspace/.derivedData/SDKExplicitPrecompiledModules/Darwin-DBSQAVBBPC3D2OMU5ZI2RXMST.pcm
SwiftExplicitDependencyGeneratePcm arm64 /Users/admin/builder/spi-builder-workspace/.derivedData/SDKExplicitPrecompiledModules/simd-117QUXEUT3Z7UQCUYWV2UA228.pcm
SwiftExplicitDependencyGeneratePcm arm64 /Users/admin/builder/spi-builder-workspace/.derivedData/SDKExplicitPrecompiledModules/MachO-EH3F5PJCIZG05NO51CEFSZYPW.pcm
SwiftExplicitDependencyGeneratePcm arm64 /Users/admin/builder/spi-builder-workspace/.derivedData/SDKExplicitPrecompiledModules/ObjectiveC-5250FDCE56N8508OR6XUYDKZM.pcm
SwiftExplicitDependencyGeneratePcm arm64 /Users/admin/builder/spi-builder-workspace/.derivedData/SDKExplicitPrecompiledModules/os_object-E2DGZ0SX0TULQHULZRPO6OKNW.pcm
SwiftExplicitDependencyGeneratePcm arm64 /Users/admin/builder/spi-builder-workspace/.derivedData/SDKExplicitPrecompiledModules/os_workgroup-DBUFF7811DKMX7VPBOJPGGF1U.pcm
SwiftExplicitDependencyGeneratePcm arm64 /Users/admin/builder/spi-builder-workspace/.derivedData/SDKExplicitPrecompiledModules/Spatial-7U8NLEFXSB8BR7PJQGVMF5A4Q.pcm
SwiftExplicitDependencyGeneratePcm arm64 /Users/admin/builder/spi-builder-workspace/.derivedData/SDKExplicitPrecompiledModules/Dispatch-1QL58A0V50C39KVAIC6C38SHL.pcm
SwiftExplicitDependencyGeneratePcm arm64 /Users/admin/builder/spi-builder-workspace/.derivedData/SDKExplicitPrecompiledModules/XPC-6O2DJFT3QUJ7QKTD3SNUB6PCR.pcm
SwiftExplicitDependencyGeneratePcm arm64 /Users/admin/builder/spi-builder-workspace/.derivedData/SDKExplicitPrecompiledModules/CoreFoundation-7TPJ7ENDC4L1A1ESHYI9TXS0D.pcm
SwiftExplicitDependencyGeneratePcm arm64 /Users/admin/builder/spi-builder-workspace/.derivedData/SDKExplicitPrecompiledModules/os-3GJI8H0BNAEZPQPQ1V0VVY3FY.pcm
SwiftExplicitDependencyGeneratePcm arm64 /Users/admin/builder/spi-builder-workspace/.derivedData/SDKExplicitPrecompiledModules/CoreGraphics-CWSP3J98S2658BYCVL6RP99T3.pcm
SwiftExplicitDependencyGeneratePcm arm64 /Users/admin/builder/spi-builder-workspace/.derivedData/SDKExplicitPrecompiledModules/CFNetwork-2CUR2VK9S3S3WPFXPNXNUWYGN.pcm
SwiftExplicitDependencyGeneratePcm arm64 /Users/admin/builder/spi-builder-workspace/.derivedData/SDKExplicitPrecompiledModules/Security-8VMXEKVDA3MHUH9AOTP905DID.pcm
SwiftExplicitDependencyGeneratePcm arm64 /Users/admin/builder/spi-builder-workspace/.derivedData/SDKExplicitPrecompiledModules/Foundation-BSSIP64DIGUKMAYJOG1WPQ78X.pcm
SwiftExplicitDependencyGeneratePcm arm64 /Users/admin/builder/spi-builder-workspace/.derivedData/SDKExplicitPrecompiledModules/CoreText-59NY7PABM0I4V978161FOC04A.pcm
SwiftExplicitDependencyGeneratePcm arm64 /Users/admin/builder/spi-builder-workspace/.derivedData/SDKExplicitPrecompiledModules/ImageIO-88D4CLEBD4CLWQKT78PZ6H1O8.pcm
SwiftExplicitDependencyGeneratePcm arm64 /Users/admin/builder/spi-builder-workspace/.derivedData/SDKExplicitPrecompiledModules/UniformTypeIdentifiers-95CC8U42ZA9STP5K6GP9ZVJS5.pcm
SwiftExplicitDependencyGeneratePcm arm64 /Users/admin/builder/spi-builder-workspace/.derivedData/SDKExplicitPrecompiledModules/OSLog-7OT6HHTMY0ZFEQJ095LJZ6NLC.pcm
SwiftExplicitDependencyGeneratePcm arm64 /Users/admin/builder/spi-builder-workspace/.derivedData/SDKExplicitPrecompiledModules/Symbols-B5AU9VM9Y7NU79RLMH13Z4IFM.pcm
SwiftExplicitDependencyGeneratePcm arm64 /Users/admin/builder/spi-builder-workspace/.derivedData/SDKExplicitPrecompiledModules/CoreTransferable-7V4O8DATEQ9F7SDNTCW8YWLG3.pcm
SwiftExplicitDependencyGeneratePcm arm64 /Users/admin/builder/spi-builder-workspace/.derivedData/SDKExplicitPrecompiledModules/_LocationEssentials-ETSJ65FELPWR8WH8G49R1DF2E.pcm
SwiftExplicitDependencyGeneratePcm arm64 /Users/admin/builder/spi-builder-workspace/.derivedData/SDKExplicitPrecompiledModules/UserNotifications-E9ZW5TH066WIJWH9080RC5NG4.pcm
SwiftExplicitDependencyGeneratePcm arm64 /Users/admin/builder/spi-builder-workspace/.derivedData/SDKExplicitPrecompiledModules/Accessibility-B6BODGZ4MQQTY0PBC4SHRP009.pcm
SwiftExplicitDependencyGeneratePcm arm64 /Users/admin/builder/spi-builder-workspace/.derivedData/SDKExplicitPrecompiledModules/UIUtilities-6ZFJ1AK4H8IBGEBMYQBWGBYLK.pcm
SwiftExplicitDependencyGeneratePcm arm64 /Users/admin/builder/spi-builder-workspace/.derivedData/SDKExplicitPrecompiledModules/DataDetection-37JIYZ2GWDA1L166PP1D9JKAF.pcm
SwiftExplicitDependencyGeneratePcm arm64 /Users/admin/builder/spi-builder-workspace/.derivedData/SDKExplicitPrecompiledModules/IOSurface-38FJ1CKX9FV2RD97O64Z7QB17.pcm
SwiftExplicitDependencyGeneratePcm arm64 /Users/admin/builder/spi-builder-workspace/.derivedData/SDKExplicitPrecompiledModules/CoreLocation-YVXXAOMVX0JH2KO1XTTKTY51.pcm
SwiftExplicitDependencyGeneratePcm arm64 /Users/admin/builder/spi-builder-workspace/.derivedData/SDKExplicitPrecompiledModules/Metal-2KYBS7IML1SD788M91YV7Q0CC.pcm
SwiftExplicitDependencyGeneratePcm arm64 /Users/admin/builder/spi-builder-workspace/.derivedData/SDKExplicitPrecompiledModules/OpenGLES-4NY99CNDU9WUNUYEIXSS1QFGE.pcm
SwiftExplicitDependencyGeneratePcm arm64 /Users/admin/builder/spi-builder-workspace/.derivedData/SDKExplicitPrecompiledModules/CoreVideo-DPU0PB5X0XLSVA2ETRGI6FJBM.pcm
SwiftExplicitDependencyGeneratePcm arm64 /Users/admin/builder/spi-builder-workspace/.derivedData/SDKExplicitPrecompiledModules/QuartzCore-DJSYAWKXFGVSAK5CQMOB3JSR.pcm
SwiftExplicitDependencyGeneratePcm arm64 /Users/admin/builder/spi-builder-workspace/.derivedData/SDKExplicitPrecompiledModules/CoreImage-7S2AFJ8EIY3DUFYLEAX1JR1QV.pcm
SwiftExplicitDependencyGeneratePcm arm64 /Users/admin/builder/spi-builder-workspace/.derivedData/SDKExplicitPrecompiledModules/SwiftUICore-543QU5V2NHKUFCYFJDKUJ7NYG.pcm
SwiftExplicitDependencyGeneratePcm arm64 /Users/admin/builder/spi-builder-workspace/.derivedData/SDKExplicitPrecompiledModules/UIKit-1TKWN7VC2X6N3ITMRVA2G0EB2.pcm
SwiftEmitModule normal arm64 Emitting\ module\ for\ SnapKit (in target 'SnapKit' from project 'SnapKit')
SwiftCompile normal arm64 (in target 'SnapKit' from project 'SnapKit')
cd /Users/admin/builder/spi-builder-workspace/.swiftpm/xcode
SwiftCompile normal arm64 Compiling\ ConstraintLayoutGuide.swift,\ ConstraintLayoutGuideDSL.swift,\ ConstraintLayoutSupport.swift,\ ConstraintLayoutSupportDSL.swift /Users/admin/builder/spi-builder-workspace/.dependencies/checkouts/snapkit/Source/ConstraintLayoutGuide.swift /Users/admin/builder/spi-builder-workspace/.dependencies/checkouts/snapkit/Source/ConstraintLayoutGuideDSL.swift /Users/admin/builder/spi-builder-workspace/.dependencies/checkouts/snapkit/Source/ConstraintLayoutSupport.swift /Users/admin/builder/spi-builder-workspace/.dependencies/checkouts/snapkit/Source/ConstraintLayoutSupportDSL.swift (in target 'SnapKit' from project 'SnapKit')
SwiftCompile normal arm64 /Users/admin/builder/spi-builder-workspace/.dependencies/checkouts/snapkit/Source/ConstraintLayoutGuide.swift (in target 'SnapKit' from project 'SnapKit')
cd /Users/admin/builder/spi-builder-workspace/.swiftpm/xcode
builtin-SwiftPerFileCompile ConstraintLayoutGuide.swift
SwiftCompile normal arm64 /Users/admin/builder/spi-builder-workspace/.dependencies/checkouts/snapkit/Source/ConstraintLayoutGuideDSL.swift (in target 'SnapKit' from project 'SnapKit')
cd /Users/admin/builder/spi-builder-workspace/.swiftpm/xcode
builtin-SwiftPerFileCompile ConstraintLayoutGuideDSL.swift
SwiftCompile normal arm64 /Users/admin/builder/spi-builder-workspace/.dependencies/checkouts/snapkit/Source/ConstraintLayoutSupport.swift (in target 'SnapKit' from project 'SnapKit')
cd /Users/admin/builder/spi-builder-workspace/.swiftpm/xcode
builtin-SwiftPerFileCompile ConstraintLayoutSupport.swift
SwiftCompile normal arm64 /Users/admin/builder/spi-builder-workspace/.dependencies/checkouts/snapkit/Source/ConstraintLayoutSupportDSL.swift (in target 'SnapKit' from project 'SnapKit')
cd /Users/admin/builder/spi-builder-workspace/.swiftpm/xcode
builtin-SwiftPerFileCompile ConstraintLayoutSupportDSL.swift
SwiftCompile normal arm64 Compiling\ Constraint.swift,\ ConstraintAttributes.swift,\ ConstraintConfig.swift,\ ConstraintConstantTarget.swift /Users/admin/builder/spi-builder-workspace/.dependencies/checkouts/snapkit/Source/Constraint.swift /Users/admin/builder/spi-builder-workspace/.dependencies/checkouts/snapkit/Source/ConstraintAttributes.swift /Users/admin/builder/spi-builder-workspace/.dependencies/checkouts/snapkit/Source/ConstraintConfig.swift /Users/admin/builder/spi-builder-workspace/.dependencies/checkouts/snapkit/Source/ConstraintConstantTarget.swift (in target 'SnapKit' from project 'SnapKit')
SwiftCompile normal arm64 /Users/admin/builder/spi-builder-workspace/.dependencies/checkouts/snapkit/Source/Constraint.swift (in target 'SnapKit' from project 'SnapKit')
cd /Users/admin/builder/spi-builder-workspace/.swiftpm/xcode
builtin-SwiftPerFileCompile Constraint.swift
SwiftCompile normal arm64 /Users/admin/builder/spi-builder-workspace/.dependencies/checkouts/snapkit/Source/ConstraintAttributes.swift (in target 'SnapKit' from project 'SnapKit')
cd /Users/admin/builder/spi-builder-workspace/.swiftpm/xcode
builtin-SwiftPerFileCompile ConstraintAttributes.swift
SwiftCompile normal arm64 /Users/admin/builder/spi-builder-workspace/.dependencies/checkouts/snapkit/Source/ConstraintConfig.swift (in target 'SnapKit' from project 'SnapKit')
cd /Users/admin/builder/spi-builder-workspace/.swiftpm/xcode
builtin-SwiftPerFileCompile ConstraintConfig.swift
SwiftCompile normal arm64 /Users/admin/builder/spi-builder-workspace/.dependencies/checkouts/snapkit/Source/ConstraintConstantTarget.swift (in target 'SnapKit' from project 'SnapKit')
cd /Users/admin/builder/spi-builder-workspace/.swiftpm/xcode
builtin-SwiftPerFileCompile ConstraintConstantTarget.swift
SwiftCompile normal arm64 Compiling\ ConstraintInsetTarget.swift,\ ConstraintInsets.swift,\ ConstraintItem.swift,\ ConstraintLayoutGuide+Extensions.swift /Users/admin/builder/spi-builder-workspace/.dependencies/checkouts/snapkit/Source/ConstraintInsetTarget.swift /Users/admin/builder/spi-builder-workspace/.dependencies/checkouts/snapkit/Source/ConstraintInsets.swift /Users/admin/builder/spi-builder-workspace/.dependencies/checkouts/snapkit/Source/ConstraintItem.swift /Users/admin/builder/spi-builder-workspace/.dependencies/checkouts/snapkit/Source/ConstraintLayoutGuide+Extensions.swift (in target 'SnapKit' from project 'SnapKit')
SwiftCompile normal arm64 /Users/admin/builder/spi-builder-workspace/.dependencies/checkouts/snapkit/Source/ConstraintInsetTarget.swift (in target 'SnapKit' from project 'SnapKit')
cd /Users/admin/builder/spi-builder-workspace/.swiftpm/xcode
builtin-SwiftPerFileCompile ConstraintInsetTarget.swift
SwiftCompile normal arm64 /Users/admin/builder/spi-builder-workspace/.dependencies/checkouts/snapkit/Source/ConstraintInsets.swift (in target 'SnapKit' from project 'SnapKit')
cd /Users/admin/builder/spi-builder-workspace/.swiftpm/xcode
builtin-SwiftPerFileCompile ConstraintInsets.swift
SwiftCompile normal arm64 /Users/admin/builder/spi-builder-workspace/.dependencies/checkouts/snapkit/Source/ConstraintItem.swift (in target 'SnapKit' from project 'SnapKit')
cd /Users/admin/builder/spi-builder-workspace/.swiftpm/xcode
builtin-SwiftPerFileCompile ConstraintItem.swift
SwiftCompile normal arm64 /Users/admin/builder/spi-builder-workspace/.dependencies/checkouts/snapkit/Source/ConstraintLayoutGuide+Extensions.swift (in target 'SnapKit' from project 'SnapKit')
cd /Users/admin/builder/spi-builder-workspace/.swiftpm/xcode
builtin-SwiftPerFileCompile ConstraintLayoutGuide+Extensions.swift
SwiftCompile normal arm64 Compiling\ ConstraintViewDSL.swift,\ Debugging.swift,\ LayoutConstraint.swift /Users/admin/builder/spi-builder-workspace/.dependencies/checkouts/snapkit/Source/ConstraintViewDSL.swift /Users/admin/builder/spi-builder-workspace/.dependencies/checkouts/snapkit/Source/Debugging.swift /Users/admin/builder/spi-builder-workspace/.dependencies/checkouts/snapkit/Source/LayoutConstraint.swift (in target 'SnapKit' from project 'SnapKit')
SwiftCompile normal arm64 /Users/admin/builder/spi-builder-workspace/.dependencies/checkouts/snapkit/Source/ConstraintViewDSL.swift (in target 'SnapKit' from project 'SnapKit')
cd /Users/admin/builder/spi-builder-workspace/.swiftpm/xcode
builtin-SwiftPerFileCompile ConstraintViewDSL.swift
SwiftCompile normal arm64 /Users/admin/builder/spi-builder-workspace/.dependencies/checkouts/snapkit/Source/Debugging.swift (in target 'SnapKit' from project 'SnapKit')
cd /Users/admin/builder/spi-builder-workspace/.swiftpm/xcode
builtin-SwiftPerFileCompile Debugging.swift
SwiftCompile normal arm64 /Users/admin/builder/spi-builder-workspace/.dependencies/checkouts/snapkit/Source/LayoutConstraint.swift (in target 'SnapKit' from project 'SnapKit')
cd /Users/admin/builder/spi-builder-workspace/.swiftpm/xcode
builtin-SwiftPerFileCompile LayoutConstraint.swift
SwiftCompile normal arm64 Compiling\ LayoutConstraintItem.swift,\ Typealiases.swift,\ UILayoutSupport+Extensions.swift /Users/admin/builder/spi-builder-workspace/.dependencies/checkouts/snapkit/Source/LayoutConstraintItem.swift /Users/admin/builder/spi-builder-workspace/.dependencies/checkouts/snapkit/Source/Typealiases.swift /Users/admin/builder/spi-builder-workspace/.dependencies/checkouts/snapkit/Source/UILayoutSupport+Extensions.swift (in target 'SnapKit' from project 'SnapKit')
SwiftCompile normal arm64 /Users/admin/builder/spi-builder-workspace/.dependencies/checkouts/snapkit/Source/LayoutConstraintItem.swift (in target 'SnapKit' from project 'SnapKit')
cd /Users/admin/builder/spi-builder-workspace/.swiftpm/xcode
builtin-SwiftPerFileCompile LayoutConstraintItem.swift
SwiftCompile normal arm64 /Users/admin/builder/spi-builder-workspace/.dependencies/checkouts/snapkit/Source/Typealiases.swift (in target 'SnapKit' from project 'SnapKit')
cd /Users/admin/builder/spi-builder-workspace/.swiftpm/xcode
builtin-SwiftPerFileCompile Typealiases.swift
SwiftCompile normal arm64 /Users/admin/builder/spi-builder-workspace/.dependencies/checkouts/snapkit/Source/UILayoutSupport+Extensions.swift (in target 'SnapKit' from project 'SnapKit')
cd /Users/admin/builder/spi-builder-workspace/.swiftpm/xcode
builtin-SwiftPerFileCompile UILayoutSupport+Extensions.swift
SwiftCompile normal arm64 Compiling\ ConstraintMakerPriortizable.swift,\ ConstraintMakerRelatable.swift,\ ConstraintMultiplierTarget.swift,\ ConstraintOffsetTarget.swift /Users/admin/builder/spi-builder-workspace/.dependencies/checkouts/snapkit/Source/ConstraintMakerPriortizable.swift /Users/admin/builder/spi-builder-workspace/.dependencies/checkouts/snapkit/Source/ConstraintMakerRelatable.swift /Users/admin/builder/spi-builder-workspace/.dependencies/checkouts/snapkit/Source/ConstraintMultiplierTarget.swift /Users/admin/builder/spi-builder-workspace/.dependencies/checkouts/snapkit/Source/ConstraintOffsetTarget.swift (in target 'SnapKit' from project 'SnapKit')
SwiftCompile normal arm64 /Users/admin/builder/spi-builder-workspace/.dependencies/checkouts/snapkit/Source/ConstraintMakerPriortizable.swift (in target 'SnapKit' from project 'SnapKit')
cd /Users/admin/builder/spi-builder-workspace/.swiftpm/xcode
builtin-SwiftPerFileCompile ConstraintMakerPriortizable.swift
SwiftCompile normal arm64 /Users/admin/builder/spi-builder-workspace/.dependencies/checkouts/snapkit/Source/ConstraintMakerRelatable.swift (in target 'SnapKit' from project 'SnapKit')
cd /Users/admin/builder/spi-builder-workspace/.swiftpm/xcode
builtin-SwiftPerFileCompile ConstraintMakerRelatable.swift
SwiftCompile normal arm64 /Users/admin/builder/spi-builder-workspace/.dependencies/checkouts/snapkit/Source/ConstraintMultiplierTarget.swift (in target 'SnapKit' from project 'SnapKit')
cd /Users/admin/builder/spi-builder-workspace/.swiftpm/xcode
builtin-SwiftPerFileCompile ConstraintMultiplierTarget.swift
SwiftCompile normal arm64 /Users/admin/builder/spi-builder-workspace/.dependencies/checkouts/snapkit/Source/ConstraintOffsetTarget.swift (in target 'SnapKit' from project 'SnapKit')
cd /Users/admin/builder/spi-builder-workspace/.swiftpm/xcode
builtin-SwiftPerFileCompile ConstraintOffsetTarget.swift
SwiftCompile normal arm64 Compiling\ ConstraintPriority.swift,\ ConstraintPriorityTarget.swift,\ ConstraintRelatableTarget.swift /Users/admin/builder/spi-builder-workspace/.dependencies/checkouts/snapkit/Source/ConstraintPriority.swift /Users/admin/builder/spi-builder-workspace/.dependencies/checkouts/snapkit/Source/ConstraintPriorityTarget.swift /Users/admin/builder/spi-builder-workspace/.dependencies/checkouts/snapkit/Source/ConstraintRelatableTarget.swift (in target 'SnapKit' from project 'SnapKit')
SwiftCompile normal arm64 /Users/admin/builder/spi-builder-workspace/.dependencies/checkouts/snapkit/Source/ConstraintPriority.swift (in target 'SnapKit' from project 'SnapKit')
cd /Users/admin/builder/spi-builder-workspace/.swiftpm/xcode
builtin-SwiftPerFileCompile ConstraintPriority.swift
SwiftCompile normal arm64 /Users/admin/builder/spi-builder-workspace/.dependencies/checkouts/snapkit/Source/ConstraintPriorityTarget.swift (in target 'SnapKit' from project 'SnapKit')
cd /Users/admin/builder/spi-builder-workspace/.swiftpm/xcode
builtin-SwiftPerFileCompile ConstraintPriorityTarget.swift
SwiftCompile normal arm64 /Users/admin/builder/spi-builder-workspace/.dependencies/checkouts/snapkit/Source/ConstraintRelatableTarget.swift (in target 'SnapKit' from project 'SnapKit')
cd /Users/admin/builder/spi-builder-workspace/.swiftpm/xcode
builtin-SwiftPerFileCompile ConstraintRelatableTarget.swift
SwiftCompile normal arm64 Compiling\ ConstraintRelation.swift,\ ConstraintView+Extensions.swift,\ ConstraintView.swift /Users/admin/builder/spi-builder-workspace/.dependencies/checkouts/snapkit/Source/ConstraintRelation.swift /Users/admin/builder/spi-builder-workspace/.dependencies/checkouts/snapkit/Source/ConstraintView+Extensions.swift /Users/admin/builder/spi-builder-workspace/.dependencies/checkouts/snapkit/Source/ConstraintView.swift (in target 'SnapKit' from project 'SnapKit')
SwiftCompile normal arm64 /Users/admin/builder/spi-builder-workspace/.dependencies/checkouts/snapkit/Source/ConstraintRelation.swift (in target 'SnapKit' from project 'SnapKit')
cd /Users/admin/builder/spi-builder-workspace/.swiftpm/xcode
builtin-SwiftPerFileCompile ConstraintRelation.swift
SwiftCompile normal arm64 /Users/admin/builder/spi-builder-workspace/.dependencies/checkouts/snapkit/Source/ConstraintView+Extensions.swift (in target 'SnapKit' from project 'SnapKit')
cd /Users/admin/builder/spi-builder-workspace/.swiftpm/xcode
builtin-SwiftPerFileCompile ConstraintView+Extensions.swift
SwiftCompile normal arm64 /Users/admin/builder/spi-builder-workspace/.dependencies/checkouts/snapkit/Source/ConstraintView.swift (in target 'SnapKit' from project 'SnapKit')
cd /Users/admin/builder/spi-builder-workspace/.swiftpm/xcode
builtin-SwiftPerFileCompile ConstraintView.swift
SwiftCompile normal arm64 Compiling\ ConstraintDSL.swift,\ ConstraintDescription.swift,\ ConstraintDirectionalInsetTarget.swift,\ ConstraintDirectionalInsets.swift /Users/admin/builder/spi-builder-workspace/.dependencies/checkouts/snapkit/Source/ConstraintDSL.swift /Users/admin/builder/spi-builder-workspace/.dependencies/checkouts/snapkit/Source/ConstraintDescription.swift /Users/admin/builder/spi-builder-workspace/.dependencies/checkouts/snapkit/Source/ConstraintDirectionalInsetTarget.swift /Users/admin/builder/spi-builder-workspace/.dependencies/checkouts/snapkit/Source/ConstraintDirectionalInsets.swift (in target 'SnapKit' from project 'SnapKit')
SwiftCompile normal arm64 /Users/admin/builder/spi-builder-workspace/.dependencies/checkouts/snapkit/Source/ConstraintDSL.swift (in target 'SnapKit' from project 'SnapKit')
cd /Users/admin/builder/spi-builder-workspace/.swiftpm/xcode
builtin-SwiftPerFileCompile ConstraintDSL.swift
SwiftCompile normal arm64 /Users/admin/builder/spi-builder-workspace/.dependencies/checkouts/snapkit/Source/ConstraintDescription.swift (in target 'SnapKit' from project 'SnapKit')
cd /Users/admin/builder/spi-builder-workspace/.swiftpm/xcode
builtin-SwiftPerFileCompile ConstraintDescription.swift
SwiftCompile normal arm64 /Users/admin/builder/spi-builder-workspace/.dependencies/checkouts/snapkit/Source/ConstraintDirectionalInsetTarget.swift (in target 'SnapKit' from project 'SnapKit')
cd /Users/admin/builder/spi-builder-workspace/.swiftpm/xcode
builtin-SwiftPerFileCompile ConstraintDirectionalInsetTarget.swift
SwiftCompile normal arm64 /Users/admin/builder/spi-builder-workspace/.dependencies/checkouts/snapkit/Source/ConstraintDirectionalInsets.swift (in target 'SnapKit' from project 'SnapKit')
cd /Users/admin/builder/spi-builder-workspace/.swiftpm/xcode
builtin-SwiftPerFileCompile ConstraintDirectionalInsets.swift
SwiftCompile normal arm64 Compiling\ ConstraintMaker.swift,\ ConstraintMakerEditable.swift,\ ConstraintMakerExtendable.swift,\ ConstraintMakerFinalizable.swift /Users/admin/builder/spi-builder-workspace/.dependencies/checkouts/snapkit/Source/ConstraintMaker.swift /Users/admin/builder/spi-builder-workspace/.dependencies/checkouts/snapkit/Source/ConstraintMakerEditable.swift /Users/admin/builder/spi-builder-workspace/.dependencies/checkouts/snapkit/Source/ConstraintMakerExtendable.swift /Users/admin/builder/spi-builder-workspace/.dependencies/checkouts/snapkit/Source/ConstraintMakerFinalizable.swift (in target 'SnapKit' from project 'SnapKit')
SwiftCompile normal arm64 /Users/admin/builder/spi-builder-workspace/.dependencies/checkouts/snapkit/Source/ConstraintMaker.swift (in target 'SnapKit' from project 'SnapKit')
cd /Users/admin/builder/spi-builder-workspace/.swiftpm/xcode
builtin-SwiftPerFileCompile ConstraintMaker.swift
SwiftCompile normal arm64 /Users/admin/builder/spi-builder-workspace/.dependencies/checkouts/snapkit/Source/ConstraintMakerEditable.swift (in target 'SnapKit' from project 'SnapKit')
cd /Users/admin/builder/spi-builder-workspace/.swiftpm/xcode
builtin-SwiftPerFileCompile ConstraintMakerEditable.swift
SwiftCompile normal arm64 /Users/admin/builder/spi-builder-workspace/.dependencies/checkouts/snapkit/Source/ConstraintMakerExtendable.swift (in target 'SnapKit' from project 'SnapKit')
cd /Users/admin/builder/spi-builder-workspace/.swiftpm/xcode
builtin-SwiftPerFileCompile ConstraintMakerExtendable.swift
SwiftCompile normal arm64 /Users/admin/builder/spi-builder-workspace/.dependencies/checkouts/snapkit/Source/ConstraintMakerFinalizable.swift (in target 'SnapKit' from project 'SnapKit')
cd /Users/admin/builder/spi-builder-workspace/.swiftpm/xcode
builtin-SwiftPerFileCompile ConstraintMakerFinalizable.swift
SwiftDriverJobDiscovery normal arm64 Emitting module for SnapKit (in target 'SnapKit' from project 'SnapKit')
SwiftDriver\ Compilation\ Requirements SnapKit normal arm64 com.apple.xcode.tools.swift.compiler (in target 'SnapKit' from project 'SnapKit')
cd /Users/admin/builder/spi-builder-workspace/.swiftpm/xcode
builtin-Swift-Compilation-Requirements -- /Applications/Xcode-27.0.0-Release.Candidate.app/Contents/Developer/Toolchains/XcodeDefault.xctoolchain/usr/bin/swiftc -parse-as-library -module-name SnapKit -Onone @/Users/admin/builder/spi-builder-workspace/.derivedData/Build/Intermediates.noindex/SnapKit.build/Debug-appletvos/SnapKit-t.build/Objects-normal/arm64/SnapKit.SwiftFileList -DSWIFT_PACKAGE -DDEBUG -DSWIFT_MODULE_RESOURCE_BUNDLE_UNAVAILABLE -DXcode -plugin-path /Applications/Xcode-27.0.0-Release.Candidate.app/Contents/Developer/Toolchains/XcodeDefault.xctoolchain/usr/lib/swift/host/plugins/testing -enable-experimental-feature DebugDescriptionMacro -sdk /Applications/Xcode-27.0.0-Release.Candidate.app/Contents/Developer/Platforms/AppleTVOS.platform/Developer/SDKs/AppleTVOS27.0.sdk -target arm64-apple-tvos15.0 -g -module-cache-path /Users/admin/builder/spi-builder-workspace/.derivedData/ModuleCache.noindex -Xfrontend -serialize-debugging-options -enable-testing -suppress-warnings -index-store-path /Users/admin/builder/spi-builder-workspace/.derivedData/Index.noindex/DataStore -Xcc -D_LIBCPP_HARDENING_MODE\=_LIBCPP_HARDENING_MODE_DEBUG -swift-version 5 -I /Users/admin/builder/spi-builder-workspace/.derivedData/Build/Products/Debug-appletvos -Isystem /Applications/Xcode-27.0.0-Release.Candidate.app/Contents/Developer/Platforms/AppleTVOS.platform/Developer/usr/lib -F /Users/admin/builder/spi-builder-workspace/.derivedData/Build/Products/Debug-appletvos -F /Applications/Xcode-27.0.0-Release.Candidate.app/Contents/Developer/Platforms/AppleTVOS.platform/Developer/Library/Frameworks -F /Applications/Xcode-27.0.0-Release.Candidate.app/Contents/Developer/Platforms/AppleTVOS.platform/Developer/SDKs/AppleTVOS27.0.sdk/Developer/Library/Frameworks -c -j10 -enable-batch-mode -incremental -Xcc -ivfsstatcache -Xcc /Users/admin/builder/spi-builder-workspace/.derivedData/SDKStatCaches.noindex/appletvos27.0-24J360-e829b21a6f8c9b70876ba0858053c044b32bfd8d43560033f8d89884cdb90028.sdkstatcache -output-file-map /Users/admin/builder/spi-builder-workspace/.derivedData/Build/Intermediates.noindex/SnapKit.build/Debug-appletvos/SnapKit-t.build/Objects-normal/arm64/SnapKit-OutputFileMap.json -save-temps -no-color-diagnostics -explicit-module-build -module-cache-path /Users/admin/builder/spi-builder-workspace/.derivedData/Build/Intermediates.noindex/SwiftExplicitPrecompiledModules -clang-scanner-module-cache-path /Users/admin/builder/spi-builder-workspace/.derivedData/ModuleCache.noindex -sdk-module-cache-path /Users/admin/builder/spi-builder-workspace/.derivedData/SDKExplicitPrecompiledModules -emit-dependencies -emit-module -emit-module-path /Users/admin/builder/spi-builder-workspace/.derivedData/Build/Intermediates.noindex/SnapKit.build/Debug-appletvos/SnapKit-t.build/Objects-normal/arm64/SnapKit.swiftmodule -serialize-diagnostics -dependency-scan-serialize-diagnostics-path /Users/admin/builder/spi-builder-workspace/.derivedData/Build/Intermediates.noindex/SnapKit.build/Debug-appletvos/SnapKit-t.build/Objects-normal/arm64/SnapKit-dependency-scan.dia -validate-clang-modules-once -clang-build-session-file /Users/admin/builder/spi-builder-workspace/.derivedData/ModuleCache.noindex/Session.modulevalidation -Xcc -fmodules-prune-interval\=86400 -Xcc -fmodules-prune-after\=345600 -emit-const-values -const-gather-protocols-list /Users/admin/builder/spi-builder-workspace/.derivedData/Build/Intermediates.noindex/SnapKit.build/Debug-appletvos/SnapKit-t.build/Objects-normal/arm64/SnapKit_const_extract_protocols.json -Xcc -I/Users/admin/builder/spi-builder-workspace/.derivedData/Build/Products/Debug-appletvos/include -Xcc -I/Users/admin/builder/spi-builder-workspace/.derivedData/Build/Intermediates.noindex/SnapKit.build/Debug-appletvos/SnapKit-t.build/DerivedSources-normal/arm64 -Xcc -I/Users/admin/builder/spi-builder-workspace/.derivedData/Build/Intermediates.noindex/SnapKit.build/Debug-appletvos/SnapKit-t.build/DerivedSources/arm64 -Xcc -I/Users/admin/builder/spi-builder-workspace/.derivedData/Build/Intermediates.noindex/SnapKit.build/Debug-appletvos/SnapKit-t.build/DerivedSources -Xcc -DSWIFT_PACKAGE -Xcc -DDEBUG\=1 -emit-objc-header -emit-objc-header-path /Users/admin/builder/spi-builder-workspace/.derivedData/Build/Intermediates.noindex/SnapKit.build/Debug-appletvos/SnapKit-t.build/Objects-normal/arm64/SnapKit-Swift.h -working-directory /Users/admin/builder/spi-builder-workspace/.swiftpm/xcode -experimental-emit-module-separately -disable-cmo
SwiftDriverJobDiscovery normal arm64 Compiling ConstraintMaker.swift, ConstraintMakerEditable.swift, ConstraintMakerExtendable.swift, ConstraintMakerFinalizable.swift (in target 'SnapKit' from project 'SnapKit')
SwiftDriverJobDiscovery normal arm64 Compiling ConstraintLayoutGuide.swift, ConstraintLayoutGuideDSL.swift, ConstraintLayoutSupport.swift, ConstraintLayoutSupportDSL.swift (in target 'SnapKit' from project 'SnapKit')
SwiftMergeGeneratedHeaders /Users/admin/builder/spi-builder-workspace/.derivedData/Build/Intermediates.noindex/GeneratedModuleMaps-appletvos/SnapKit-Swift.h /Users/admin/builder/spi-builder-workspace/.derivedData/Build/Intermediates.noindex/SnapKit.build/Debug-appletvos/SnapKit-t.build/Objects-normal/arm64/SnapKit-Swift.h (in target 'SnapKit' from project 'SnapKit')
cd /Users/admin/builder/spi-builder-workspace/.dependencies/checkouts/snapkit
builtin-swiftHeaderTool -arch arm64 /Users/admin/builder/spi-builder-workspace/.derivedData/Build/Intermediates.noindex/SnapKit.build/Debug-appletvos/SnapKit-t.build/Objects-normal/arm64/SnapKit-Swift.h -o /Users/admin/builder/spi-builder-workspace/.derivedData/Build/Intermediates.noindex/GeneratedModuleMaps-appletvos/SnapKit-Swift.h
SwiftDriverJobDiscovery normal arm64 Compiling ConstraintRelation.swift, ConstraintView+Extensions.swift, ConstraintView.swift (in target 'SnapKit' from project 'SnapKit')
Copy /Users/admin/builder/spi-builder-workspace/.derivedData/Build/Products/Debug-appletvos/SnapKit.swiftmodule/arm64-apple-tvos.swiftmodule /Users/admin/builder/spi-builder-workspace/.derivedData/Build/Intermediates.noindex/SnapKit.build/Debug-appletvos/SnapKit-t.build/Objects-normal/arm64/SnapKit.swiftmodule (in target 'SnapKit' from project 'SnapKit')
cd /Users/admin/builder/spi-builder-workspace/.dependencies/checkouts/snapkit
builtin-copy -exclude .DS_Store -exclude CVS -exclude .svn -exclude .git -exclude .hg -resolve-src-symlinks -rename /Users/admin/builder/spi-builder-workspace/.derivedData/Build/Intermediates.noindex/SnapKit.build/Debug-appletvos/SnapKit-t.build/Objects-normal/arm64/SnapKit.swiftmodule /Users/admin/builder/spi-builder-workspace/.derivedData/Build/Products/Debug-appletvos/SnapKit.swiftmodule/arm64-apple-tvos.swiftmodule
Copy /Users/admin/builder/spi-builder-workspace/.derivedData/Build/Products/Debug-appletvos/SnapKit.swiftmodule/arm64-apple-tvos.abi.json /Users/admin/builder/spi-builder-workspace/.derivedData/Build/Intermediates.noindex/SnapKit.build/Debug-appletvos/SnapKit-t.build/Objects-normal/arm64/SnapKit.abi.json (in target 'SnapKit' from project 'SnapKit')
cd /Users/admin/builder/spi-builder-workspace/.dependencies/checkouts/snapkit
builtin-copy -exclude .DS_Store -exclude CVS -exclude .svn -exclude .git -exclude .hg -resolve-src-symlinks -rename /Users/admin/builder/spi-builder-workspace/.derivedData/Build/Intermediates.noindex/SnapKit.build/Debug-appletvos/SnapKit-t.build/Objects-normal/arm64/SnapKit.abi.json /Users/admin/builder/spi-builder-workspace/.derivedData/Build/Products/Debug-appletvos/SnapKit.swiftmodule/arm64-apple-tvos.abi.json
Copy /Users/admin/builder/spi-builder-workspace/.derivedData/Build/Products/Debug-appletvos/SnapKit.swiftmodule/arm64-apple-tvos.swiftdoc /Users/admin/builder/spi-builder-workspace/.derivedData/Build/Intermediates.noindex/SnapKit.build/Debug-appletvos/SnapKit-t.build/Objects-normal/arm64/SnapKit.swiftdoc (in target 'SnapKit' from project 'SnapKit')
cd /Users/admin/builder/spi-builder-workspace/.dependencies/checkouts/snapkit
builtin-copy -exclude .DS_Store -exclude CVS -exclude .svn -exclude .git -exclude .hg -resolve-src-symlinks -rename /Users/admin/builder/spi-builder-workspace/.derivedData/Build/Intermediates.noindex/SnapKit.build/Debug-appletvos/SnapKit-t.build/Objects-normal/arm64/SnapKit.swiftdoc /Users/admin/builder/spi-builder-workspace/.derivedData/Build/Products/Debug-appletvos/SnapKit.swiftmodule/arm64-apple-tvos.swiftdoc
Copy /Users/admin/builder/spi-builder-workspace/.derivedData/Build/Products/Debug-appletvos/SnapKit.swiftmodule/Project/arm64-apple-tvos.swiftsourceinfo /Users/admin/builder/spi-builder-workspace/.derivedData/Build/Intermediates.noindex/SnapKit.build/Debug-appletvos/SnapKit-t.build/Objects-normal/arm64/SnapKit.swiftsourceinfo (in target 'SnapKit' from project 'SnapKit')
cd /Users/admin/builder/spi-builder-workspace/.dependencies/checkouts/snapkit
builtin-copy -exclude .DS_Store -exclude CVS -exclude .svn -exclude .git -exclude .hg -resolve-src-symlinks -rename /Users/admin/builder/spi-builder-workspace/.derivedData/Build/Intermediates.noindex/SnapKit.build/Debug-appletvos/SnapKit-t.build/Objects-normal/arm64/SnapKit.swiftsourceinfo /Users/admin/builder/spi-builder-workspace/.derivedData/Build/Products/Debug-appletvos/SnapKit.swiftmodule/Project/arm64-apple-tvos.swiftsourceinfo
SwiftDriverJobDiscovery normal arm64 Compiling LayoutConstraintItem.swift, Typealiases.swift, UILayoutSupport+Extensions.swift (in target 'SnapKit' from project 'SnapKit')
SwiftDriverJobDiscovery normal arm64 Compiling ConstraintPriority.swift, ConstraintPriorityTarget.swift, ConstraintRelatableTarget.swift (in target 'SnapKit' from project 'SnapKit')
SwiftDriverJobDiscovery normal arm64 Compiling ConstraintInsetTarget.swift, ConstraintInsets.swift, ConstraintItem.swift, ConstraintLayoutGuide+Extensions.swift (in target 'SnapKit' from project 'SnapKit')
SwiftDriverJobDiscovery normal arm64 Compiling ConstraintDSL.swift, ConstraintDescription.swift, ConstraintDirectionalInsetTarget.swift, ConstraintDirectionalInsets.swift (in target 'SnapKit' from project 'SnapKit')
SwiftDriverJobDiscovery normal arm64 Compiling ConstraintViewDSL.swift, Debugging.swift, LayoutConstraint.swift (in target 'SnapKit' from project 'SnapKit')
SwiftDriverJobDiscovery normal arm64 Compiling Constraint.swift, ConstraintAttributes.swift, ConstraintConfig.swift, ConstraintConstantTarget.swift (in target 'SnapKit' from project 'SnapKit')
SwiftDriverJobDiscovery normal arm64 Compiling ConstraintMakerPriortizable.swift, ConstraintMakerRelatable.swift, ConstraintMultiplierTarget.swift, ConstraintOffsetTarget.swift (in target 'SnapKit' from project 'SnapKit')
SwiftDriver\ Compilation SnapKit normal arm64 com.apple.xcode.tools.swift.compiler (in target 'SnapKit' from project 'SnapKit')
cd /Users/admin/builder/spi-builder-workspace/.swiftpm/xcode
builtin-Swift-Compilation -- /Applications/Xcode-27.0.0-Release.Candidate.app/Contents/Developer/Toolchains/XcodeDefault.xctoolchain/usr/bin/swiftc -parse-as-library -module-name SnapKit -Onone @/Users/admin/builder/spi-builder-workspace/.derivedData/Build/Intermediates.noindex/SnapKit.build/Debug-appletvos/SnapKit-t.build/Objects-normal/arm64/SnapKit.SwiftFileList -DSWIFT_PACKAGE -DDEBUG -DSWIFT_MODULE_RESOURCE_BUNDLE_UNAVAILABLE -DXcode -plugin-path /Applications/Xcode-27.0.0-Release.Candidate.app/Contents/Developer/Toolchains/XcodeDefault.xctoolchain/usr/lib/swift/host/plugins/testing -enable-experimental-feature DebugDescriptionMacro -sdk /Applications/Xcode-27.0.0-Release.Candidate.app/Contents/Developer/Platforms/AppleTVOS.platform/Developer/SDKs/AppleTVOS27.0.sdk -target arm64-apple-tvos15.0 -g -module-cache-path /Users/admin/builder/spi-builder-workspace/.derivedData/ModuleCache.noindex -Xfrontend -serialize-debugging-options -enable-testing -suppress-warnings -index-store-path /Users/admin/builder/spi-builder-workspace/.derivedData/Index.noindex/DataStore -Xcc -D_LIBCPP_HARDENING_MODE\=_LIBCPP_HARDENING_MODE_DEBUG -swift-version 5 -I /Users/admin/builder/spi-builder-workspace/.derivedData/Build/Products/Debug-appletvos -Isystem /Applications/Xcode-27.0.0-Release.Candidate.app/Contents/Developer/Platforms/AppleTVOS.platform/Developer/usr/lib -F /Users/admin/builder/spi-builder-workspace/.derivedData/Build/Products/Debug-appletvos -F /Applications/Xcode-27.0.0-Release.Candidate.app/Contents/Developer/Platforms/AppleTVOS.platform/Developer/Library/Frameworks -F /Applications/Xcode-27.0.0-Release.Candidate.app/Contents/Developer/Platforms/AppleTVOS.platform/Developer/SDKs/AppleTVOS27.0.sdk/Developer/Library/Frameworks -c -j10 -enable-batch-mode -incremental -Xcc -ivfsstatcache -Xcc /Users/admin/builder/spi-builder-workspace/.derivedData/SDKStatCaches.noindex/appletvos27.0-24J360-e829b21a6f8c9b70876ba0858053c044b32bfd8d43560033f8d89884cdb90028.sdkstatcache -output-file-map /Users/admin/builder/spi-builder-workspace/.derivedData/Build/Intermediates.noindex/SnapKit.build/Debug-appletvos/SnapKit-t.build/Objects-normal/arm64/SnapKit-OutputFileMap.json -save-temps -no-color-diagnostics -explicit-module-build -module-cache-path /Users/admin/builder/spi-builder-workspace/.derivedData/Build/Intermediates.noindex/SwiftExplicitPrecompiledModules -clang-scanner-module-cache-path /Users/admin/builder/spi-builder-workspace/.derivedData/ModuleCache.noindex -sdk-module-cache-path /Users/admin/builder/spi-builder-workspace/.derivedData/SDKExplicitPrecompiledModules -emit-dependencies -emit-module -emit-module-path /Users/admin/builder/spi-builder-workspace/.derivedData/Build/Intermediates.noindex/SnapKit.build/Debug-appletvos/SnapKit-t.build/Objects-normal/arm64/SnapKit.swiftmodule -serialize-diagnostics -dependency-scan-serialize-diagnostics-path /Users/admin/builder/spi-builder-workspace/.derivedData/Build/Intermediates.noindex/SnapKit.build/Debug-appletvos/SnapKit-t.build/Objects-normal/arm64/SnapKit-dependency-scan.dia -validate-clang-modules-once -clang-build-session-file /Users/admin/builder/spi-builder-workspace/.derivedData/ModuleCache.noindex/Session.modulevalidation -Xcc -fmodules-prune-interval\=86400 -Xcc -fmodules-prune-after\=345600 -emit-const-values -const-gather-protocols-list /Users/admin/builder/spi-builder-workspace/.derivedData/Build/Intermediates.noindex/SnapKit.build/Debug-appletvos/SnapKit-t.build/Objects-normal/arm64/SnapKit_const_extract_protocols.json -Xcc -I/Users/admin/builder/spi-builder-workspace/.derivedData/Build/Products/Debug-appletvos/include -Xcc -I/Users/admin/builder/spi-builder-workspace/.derivedData/Build/Intermediates.noindex/SnapKit.build/Debug-appletvos/SnapKit-t.build/DerivedSources-normal/arm64 -Xcc -I/Users/admin/builder/spi-builder-workspace/.derivedData/Build/Intermediates.noindex/SnapKit.build/Debug-appletvos/SnapKit-t.build/DerivedSources/arm64 -Xcc -I/Users/admin/builder/spi-builder-workspace/.derivedData/Build/Intermediates.noindex/SnapKit.build/Debug-appletvos/SnapKit-t.build/DerivedSources -Xcc -DSWIFT_PACKAGE -Xcc -DDEBUG\=1 -emit-objc-header -emit-objc-header-path /Users/admin/builder/spi-builder-workspace/.derivedData/Build/Intermediates.noindex/SnapKit.build/Debug-appletvos/SnapKit-t.build/Objects-normal/arm64/SnapKit-Swift.h -working-directory /Users/admin/builder/spi-builder-workspace/.swiftpm/xcode -experimental-emit-module-separately -disable-cmo
SwiftDriver SettingsViewController normal arm64 com.apple.xcode.tools.swift.compiler (in target 'SettingsViewController' from project 'SettingsViewController')
cd /Users/admin/builder/spi-builder-workspace/.swiftpm/xcode
builtin-SwiftDriver -- /Applications/Xcode-27.0.0-Release.Candidate.app/Contents/Developer/Toolchains/XcodeDefault.xctoolchain/usr/bin/swiftc -parse-as-library -module-name SettingsViewController -Onone @/Users/admin/builder/spi-builder-workspace/.derivedData/Build/Intermediates.noindex/SettingsViewController.build/Debug-appletvos/SettingsViewController-t.build/Objects-normal/arm64/SettingsViewController.SwiftFileList -DSWIFT_PACKAGE -DDEBUG -DSWIFT_MODULE_RESOURCE_BUNDLE_UNAVAILABLE -DXcode -plugin-path /Applications/Xcode-27.0.0-Release.Candidate.app/Contents/Developer/Toolchains/XcodeDefault.xctoolchain/usr/lib/swift/host/plugins/testing -enable-experimental-feature DebugDescriptionMacro -sdk /Applications/Xcode-27.0.0-Release.Candidate.app/Contents/Developer/Platforms/AppleTVOS.platform/Developer/SDKs/AppleTVOS27.0.sdk -target arm64-apple-tvos15.0 -g -module-cache-path /Users/admin/builder/spi-builder-workspace/.derivedData/ModuleCache.noindex -Xfrontend -serialize-debugging-options -enable-testing -index-store-path /Users/admin/builder/spi-builder-workspace/.derivedData/Index.noindex/DataStore -Xcc -D_LIBCPP_HARDENING_MODE\=_LIBCPP_HARDENING_MODE_DEBUG -swift-version 5 -I /Users/admin/builder/spi-builder-workspace/.derivedData/Build/Products/Debug-appletvos -Isystem /Applications/Xcode-27.0.0-Release.Candidate.app/Contents/Developer/Platforms/AppleTVOS.platform/Developer/usr/lib -F /Users/admin/builder/spi-builder-workspace/.derivedData/Build/Products/Debug-appletvos/PackageFrameworks -F /Users/admin/builder/spi-builder-workspace/.derivedData/Build/Products/Debug-appletvos -F /Applications/Xcode-27.0.0-Release.Candidate.app/Contents/Developer/Platforms/AppleTVOS.platform/Developer/Library/Frameworks -F /Applications/Xcode-27.0.0-Release.Candidate.app/Contents/Developer/Platforms/AppleTVOS.platform/Developer/SDKs/AppleTVOS27.0.sdk/Developer/Library/Frameworks -c -j10 -enable-batch-mode -incremental -Xcc -ivfsstatcache -Xcc /Users/admin/builder/spi-builder-workspace/.derivedData/SDKStatCaches.noindex/appletvos27.0-24J360-e829b21a6f8c9b70876ba0858053c044b32bfd8d43560033f8d89884cdb90028.sdkstatcache -output-file-map /Users/admin/builder/spi-builder-workspace/.derivedData/Build/Intermediates.noindex/SettingsViewController.build/Debug-appletvos/SettingsViewController-t.build/Objects-normal/arm64/SettingsViewController-OutputFileMap.json -save-temps -no-color-diagnostics -explicit-module-build -module-cache-path /Users/admin/builder/spi-builder-workspace/.derivedData/Build/Intermediates.noindex/SwiftExplicitPrecompiledModules -clang-scanner-module-cache-path /Users/admin/builder/spi-builder-workspace/.derivedData/ModuleCache.noindex -sdk-module-cache-path /Users/admin/builder/spi-builder-workspace/.derivedData/SDKExplicitPrecompiledModules -emit-dependencies -emit-module -emit-module-path /Users/admin/builder/spi-builder-workspace/.derivedData/Build/Intermediates.noindex/SettingsViewController.build/Debug-appletvos/SettingsViewController-t.build/Objects-normal/arm64/SettingsViewController.swiftmodule -serialize-diagnostics -dependency-scan-serialize-diagnostics-path /Users/admin/builder/spi-builder-workspace/.derivedData/Build/Intermediates.noindex/SettingsViewController.build/Debug-appletvos/SettingsViewController-t.build/Objects-normal/arm64/SettingsViewController-dependency-scan.dia -validate-clang-modules-once -clang-build-session-file /Users/admin/builder/spi-builder-workspace/.derivedData/ModuleCache.noindex/Session.modulevalidation -Xcc -fmodules-prune-interval\=86400 -Xcc -fmodules-prune-after\=345600 -emit-const-values -const-gather-protocols-list /Users/admin/builder/spi-builder-workspace/.derivedData/Build/Intermediates.noindex/SettingsViewController.build/Debug-appletvos/SettingsViewController-t.build/Objects-normal/arm64/SettingsViewController_const_extract_protocols.json -Xcc -I/Users/admin/builder/spi-builder-workspace/.derivedData/Build/Products/Debug-appletvos/include -Xcc -I/Users/admin/builder/spi-builder-workspace/.derivedData/Build/Intermediates.noindex/SettingsViewController.build/Debug-appletvos/SettingsViewController-t.build/DerivedSources-normal/arm64 -Xcc -I/Users/admin/builder/spi-builder-workspace/.derivedData/Build/Intermediates.noindex/SettingsViewController.build/Debug-appletvos/SettingsViewController-t.build/DerivedSources/arm64 -Xcc -I/Users/admin/builder/spi-builder-workspace/.derivedData/Build/Intermediates.noindex/SettingsViewController.build/Debug-appletvos/SettingsViewController-t.build/DerivedSources -Xcc -DSWIFT_PACKAGE -Xcc -DDEBUG\=1 -emit-objc-header -emit-objc-header-path /Users/admin/builder/spi-builder-workspace/.derivedData/Build/Intermediates.noindex/SettingsViewController.build/Debug-appletvos/SettingsViewController-t.build/Objects-normal/arm64/SettingsViewController-Swift.h -working-directory /Users/admin/builder/spi-builder-workspace/.swiftpm/xcode -experimental-emit-module-separately -disable-cmo
Ld /Users/admin/builder/spi-builder-workspace/.derivedData/Build/Products/Debug-appletvos/SnapKit.o normal (in target 'SnapKit' from project 'SnapKit')
cd /Users/admin/builder/spi-builder-workspace/.dependencies/checkouts/snapkit
/Applications/Xcode-27.0.0-Release.Candidate.app/Contents/Developer/Toolchains/XcodeDefault.xctoolchain/usr/bin/clang -Xlinker -reproducible -target arm64-apple-tvos15.0 -r -isysroot /Applications/Xcode-27.0.0-Release.Candidate.app/Contents/Developer/Platforms/AppleTVOS.platform/Developer/SDKs/AppleTVOS27.0.sdk -O0 -w -Xlinker -no_warn_duplicate_libraries -F/Users/admin/builder/spi-builder-workspace/.derivedData/Build/Intermediates.noindex/EagerLinkingTBDs/Debug-appletvos -F/Users/admin/builder/spi-builder-workspace/.derivedData/Build/Products/Debug-appletvos -iframework /Applications/Xcode-27.0.0-Release.Candidate.app/Contents/Developer/Platforms/AppleTVOS.platform/Developer/Library/Frameworks -iframework /Applications/Xcode-27.0.0-Release.Candidate.app/Contents/Developer/Platforms/AppleTVOS.platform/Developer/SDKs/AppleTVOS27.0.sdk/Developer/Library/Frameworks -filelist /Users/admin/builder/spi-builder-workspace/.derivedData/Build/Intermediates.noindex/SnapKit.build/Debug-appletvos/SnapKit-t.build/Objects-normal/arm64/SnapKit.LinkFileList -nostdlib -Xlinker -object_path_lto -Xlinker /Users/admin/builder/spi-builder-workspace/.derivedData/Build/Intermediates.noindex/SnapKit.build/Debug-appletvos/SnapKit-t.build/Objects-normal/arm64/SnapKit_lto.o -Xlinker -no_deduplicate -Xlinker -dependency_info -Xlinker /Users/admin/builder/spi-builder-workspace/.derivedData/Build/Intermediates.noindex/SnapKit.build/Debug-appletvos/SnapKit-t.build/Objects-normal/arm64/SnapKit_dependency_info.dat -fobjc-link-runtime -L/Applications/Xcode-27.0.0-Release.Candidate.app/Contents/Developer/Toolchains/XcodeDefault.xctoolchain/usr/lib/swift/appletvos -L/usr/lib/swift -Xlinker -add_ast_path -Xlinker /Users/admin/builder/spi-builder-workspace/.derivedData/Build/Intermediates.noindex/SnapKit.build/Debug-appletvos/SnapKit-t.build/Objects-normal/arm64/SnapKit.swiftmodule -o /Users/admin/builder/spi-builder-workspace/.derivedData/Build/Products/Debug-appletvos/SnapKit.o
ExtractAppIntentsMetadata (in target 'SnapKit' from project 'SnapKit')
cd /Users/admin/builder/spi-builder-workspace/.dependencies/checkouts/snapkit
/Applications/Xcode-27.0.0-Release.Candidate.app/Contents/Developer/Toolchains/XcodeDefault.xctoolchain/usr/bin/appintentsmetadataprocessor --toolchain-dir /var/run/com.apple.security.cryptexd/mnt/com.apple.MobileAsset.MetalToolchain-v27.1.266.1.Q8tAvw/Metal.xctoolchain --module-name SnapKit --sdk-root /Applications/Xcode-27.0.0-Release.Candidate.app/Contents/Developer/Platforms/AppleTVOS.platform/Developer/SDKs/AppleTVOS27.0.sdk --xcode-version 27A266a --platform-family tvOS --deployment-target 15.0 --bundle-identifier snapkit.SnapKit --output /Users/admin/builder/spi-builder-workspace/.derivedData/Build/Products/Debug-appletvos/SnapKit.appintents --target-triple arm64-apple-tvos15.0 --binary-file /Users/admin/builder/spi-builder-workspace/.derivedData/Build/Products/Debug-appletvos/SnapKit.o --dependency-file /Users/admin/builder/spi-builder-workspace/.derivedData/Build/Intermediates.noindex/SnapKit.build/Debug-appletvos/SnapKit-t.build/Objects-normal/arm64/SnapKit_dependency_info.dat --stringsdata-file /Users/admin/builder/spi-builder-workspace/.derivedData/Build/Intermediates.noindex/SnapKit.build/Debug-appletvos/SnapKit-t.build/Objects-normal/arm64/ExtractedAppShortcutsMetadata.stringsdata --source-file-list /Users/admin/builder/spi-builder-workspace/.derivedData/Build/Intermediates.noindex/SnapKit.build/Debug-appletvos/SnapKit-t.build/Objects-normal/arm64/SnapKit.SwiftFileList --metadata-file-list /Users/admin/builder/spi-builder-workspace/.derivedData/Build/Intermediates.noindex/SnapKit.build/Debug-appletvos/SnapKit-t.build/SnapKit.DependencyMetadataFileList --static-metadata-file-list /Users/admin/builder/spi-builder-workspace/.derivedData/Build/Intermediates.noindex/SnapKit.build/Debug-appletvos/SnapKit-t.build/SnapKit.DependencyStaticMetadataFileList --swift-const-vals-list /Users/admin/builder/spi-builder-workspace/.derivedData/Build/Intermediates.noindex/SnapKit.build/Debug-appletvos/SnapKit-t.build/Objects-normal/arm64/SnapKit.SwiftConstValuesFileList --force --compile-time-extraction --deployment-aware-processing --no-app-shortcuts-localization
2026-09-18 04:24:22.150 appintentsmetadataprocessor[778:4768] Starting appintentsmetadataprocessor export
2026-09-18 04:24:22.249 appintentsmetadataprocessor[778:4768] Extracted no relevant App Intents symbols, skipping writing output
SwiftCompile normal arm64 Compiling\ BoolSettingCell.swift,\ FloatSettingCell.swift /Users/admin/builder/spi-builder-workspace/Sources/SettingsViewController/SettingCell/BoolSettingCell.swift /Users/admin/builder/spi-builder-workspace/Sources/SettingsViewController/SettingCell/FloatSettingCell.swift (in target 'SettingsViewController' from project 'SettingsViewController')
SwiftCompile normal arm64 /Users/admin/builder/spi-builder-workspace/Sources/SettingsViewController/SettingCell/BoolSettingCell.swift (in target 'SettingsViewController' from project 'SettingsViewController')
cd /Users/admin/builder/spi-builder-workspace/.swiftpm/xcode
builtin-SwiftPerFileCompile BoolSettingCell.swift
SwiftCompile normal arm64 /Users/admin/builder/spi-builder-workspace/Sources/SettingsViewController/SettingCell/FloatSettingCell.swift (in target 'SettingsViewController' from project 'SettingsViewController')
cd /Users/admin/builder/spi-builder-workspace/.swiftpm/xcode
builtin-SwiftPerFileCompile FloatSettingCell.swift
/Users/admin/builder/spi-builder-workspace/Sources/SettingsViewController/SettingCell/BoolSettingCell.swift:8:20: error: 'UISwitch' is unavailable in tvOS
6 | let containerView = UIView()
7 | let optionName = UILabel()
8 | let `switch` = UISwitch()
| `- error: 'UISwitch' is unavailable in tvOS
9 |
10 | var option: BoolSetting?
/Applications/Xcode-27.0.0-Release.Candidate.app/Contents/Developer/Platforms/AppleTVOS.platform/Developer/SDKs/AppleTVOS27.0.sdk/System/Library/Frameworks/UIKit.framework/Headers/UISwitch.h:23:12: note: 'UISwitch' has been explicitly marked unavailable here
21 |
22 | UIKIT_EXTERN API_AVAILABLE(ios(2.0)) API_UNAVAILABLE(tvos, watchos) NS_SWIFT_UI_ACTOR
23 | @interface UISwitch : UIControl <NSCoding>
| `- note: 'UISwitch' has been explicitly marked unavailable here
24 |
25 | @property(nullable, nonatomic, strong) UIColor *onTintColor API_AVAILABLE(ios(5.0)) UI_APPEARANCE_SELECTOR;
/Users/admin/builder/spi-builder-workspace/Sources/SettingsViewController/SettingCell/BoolSettingCell.swift:58:41: error: 'UISwitch' is unavailable in tvOS
56 |
57 | @objc
58 | private func valueChanged(_ sender: UISwitch) {
| `- error: 'UISwitch' is unavailable in tvOS
59 | self.option?.value = sender.isOn
60 | }
/Applications/Xcode-27.0.0-Release.Candidate.app/Contents/Developer/Platforms/AppleTVOS.platform/Developer/SDKs/AppleTVOS27.0.sdk/System/Library/Frameworks/UIKit.framework/Headers/UISwitch.h:23:12: note: 'UISwitch' has been explicitly marked unavailable here
21 |
22 | UIKIT_EXTERN API_AVAILABLE(ios(2.0)) API_UNAVAILABLE(tvos, watchos) NS_SWIFT_UI_ACTOR
23 | @interface UISwitch : UIControl <NSCoding>
| `- note: 'UISwitch' has been explicitly marked unavailable here
24 |
25 | @property(nullable, nonatomic, strong) UIColor *onTintColor API_AVAILABLE(ios(5.0)) UI_APPEARANCE_SELECTOR;
/Users/admin/builder/spi-builder-workspace/Sources/SettingsViewController/SettingCell/BoolSettingCell.swift:33:47: error: 'tertiarySystemFill' is unavailable in tvOS
31 | private func setupLayout() {
32 | self.contentView.addSubview(self.containerView)
33 | self.containerView.backgroundColor = .tertiarySystemFill
| `- error: 'tertiarySystemFill' is unavailable in tvOS
34 | self.containerView.layer.cornerRadius = 10
35 | self.containerView.layer.masksToBounds = true
/Applications/Xcode-27.0.0-Release.Candidate.app/Contents/Developer/Platforms/AppleTVOS.platform/Developer/SDKs/AppleTVOS27.0.sdk/System/Library/Frameworks/UIKit.framework/Headers/UIInterface.h:239:49: note: 'tertiarySystemFill' has been explicitly marked unavailable here
237 | * Examples: Input fields, search bars, buttons.
238 | */
239 | @property (class, nonatomic, readonly) UIColor *tertiarySystemFillColor API_AVAILABLE(ios(13.0)) API_UNAVAILABLE(tvos, watchos);
| `- note: 'tertiarySystemFill' has been explicitly marked unavailable here
240 |
241 | /* quaternarySystemFillColor is appropriate for filling large areas containing complex content.
/Users/admin/builder/spi-builder-workspace/Sources/SettingsViewController/SettingCell/FloatSettingCell.swift:8:18: error: 'UISlider' is unavailable in tvOS
6 | let containerView = UIView()
7 | let name = UILabel()
8 | let slider = UISlider()
| `- error: 'UISlider' is unavailable in tvOS
9 | let valueLabel = UILabel()
10 |
/Applications/Xcode-27.0.0-Release.Candidate.app/Contents/Developer/Platforms/AppleTVOS.platform/Developer/SDKs/AppleTVOS27.0.sdk/System/Library/Frameworks/UIKit.framework/Headers/UISlider.h:26:12: note: 'UISlider' has been explicitly marked unavailable here
24 |
25 | UIKIT_EXTERN API_AVAILABLE(ios(2.0)) API_UNAVAILABLE(tvos, watchos) NS_SWIFT_UI_ACTOR
26 | @interface UISlider : UIControl <NSCoding>
| `- note: 'UISlider' has been explicitly marked unavailable here
27 |
28 | @property(nonatomic) float value; // default 0.0. this value will be pinned to min/max
SwiftCompile normal arm64 Compiling\ SelectionSettingCell.swift,\ SettingCell.swift /Users/admin/builder/spi-builder-workspace/Sources/SettingsViewController/SettingCell/SelectionSettingCell.swift /Users/admin/builder/spi-builder-workspace/Sources/SettingsViewController/SettingCell/SettingCell.swift (in target 'SettingsViewController' from project 'SettingsViewController')
SwiftCompile normal arm64 /Users/admin/builder/spi-builder-workspace/Sources/SettingsViewController/SettingCell/SelectionSettingCell.swift (in target 'SettingsViewController' from project 'SettingsViewController')
cd /Users/admin/builder/spi-builder-workspace/.swiftpm/xcode
builtin-SwiftPerFileCompile SelectionSettingCell.swift
SwiftCompile normal arm64 /Users/admin/builder/spi-builder-workspace/Sources/SettingsViewController/SettingCell/SettingCell.swift (in target 'SettingsViewController' from project 'SettingsViewController')
cd /Users/admin/builder/spi-builder-workspace/.swiftpm/xcode
builtin-SwiftPerFileCompile SettingCell.swift
SwiftCompile normal arm64 Compiling\ BoolSetting.swift /Users/admin/builder/spi-builder-workspace/Sources/SettingsViewController/Settings/BoolSetting.swift (in target 'SettingsViewController' from project 'SettingsViewController')
SwiftCompile normal arm64 /Users/admin/builder/spi-builder-workspace/Sources/SettingsViewController/Settings/BoolSetting.swift (in target 'SettingsViewController' from project 'SettingsViewController')
cd /Users/admin/builder/spi-builder-workspace/.swiftpm/xcode
builtin-SwiftPerFileCompile BoolSetting.swift
SwiftCompile normal arm64 Compiling\ SelectionSetting.swift /Users/admin/builder/spi-builder-workspace/Sources/SettingsViewController/Settings/SelectionSetting.swift (in target 'SettingsViewController' from project 'SettingsViewController')
SwiftCompile normal arm64 /Users/admin/builder/spi-builder-workspace/Sources/SettingsViewController/Settings/SelectionSetting.swift (in target 'SettingsViewController' from project 'SettingsViewController')
cd /Users/admin/builder/spi-builder-workspace/.swiftpm/xcode
builtin-SwiftPerFileCompile SelectionSetting.swift
SwiftCompile normal arm64 Compiling\ Setting.swift /Users/admin/builder/spi-builder-workspace/Sources/SettingsViewController/Settings/Setting.swift (in target 'SettingsViewController' from project 'SettingsViewController')
/Users/admin/builder/spi-builder-workspace/Sources/SettingsViewController/Settings/Setting.swift:3:26: warning: using 'class' keyword to define a class-constrained protocol is deprecated; use 'AnyObject' instead [#deprecation]
1 | import Foundation
2 |
3 | public protocol Setting: class {
| `- warning: using 'class' keyword to define a class-constrained protocol is deprecated; use 'AnyObject' instead [#deprecation]
4 | var name: String { get }
5 | }
SwiftCompile normal arm64 /Users/admin/builder/spi-builder-workspace/Sources/SettingsViewController/Settings/Setting.swift (in target 'SettingsViewController' from project 'SettingsViewController')
cd /Users/admin/builder/spi-builder-workspace/.swiftpm/xcode
builtin-SwiftPerFileCompile Setting.swift
SwiftCompile normal arm64 Compiling\ SettingsTableViewController.swift /Users/admin/builder/spi-builder-workspace/Sources/SettingsViewController/SettingsTableViewController.swift (in target 'SettingsViewController' from project 'SettingsViewController')
SwiftCompile normal arm64 /Users/admin/builder/spi-builder-workspace/Sources/SettingsViewController/SettingsTableViewController.swift (in target 'SettingsViewController' from project 'SettingsViewController')
cd /Users/admin/builder/spi-builder-workspace/.swiftpm/xcode
builtin-SwiftPerFileCompile SettingsTableViewController.swift
SwiftCompile normal arm64 Compiling\ SettingsViewController.swift /Users/admin/builder/spi-builder-workspace/Sources/SettingsViewController/SettingsViewController.swift (in target 'SettingsViewController' from project 'SettingsViewController')
/Users/admin/builder/spi-builder-workspace/Sources/SettingsViewController/SettingsViewController.swift:21:28: error: 'prefersLargeTitles' is unavailable in tvOS
19 |
20 | self.navigationBar.topItem?.title = "Settings"
21 | self.navigationBar.prefersLargeTitles = true
| `- error: 'prefersLargeTitles' is unavailable in tvOS
22 | self.navigationBar.topItem?.rightBarButtonItem = UIBarButtonItem(barButtonSystemItem: .close,
23 | target: self,
/Applications/Xcode-27.0.0-Release.Candidate.app/Contents/Developer/Platforms/AppleTVOS.platform/Developer/SDKs/AppleTVOS27.0.sdk/System/Library/Frameworks/UIKit.framework/Headers/UINavigationBar.h:63:47: note: 'prefersLargeTitles' has been explicitly marked unavailable here
61 |
62 | /// When set to YES, the navigation bar will use a larger out-of-line title view when requested by the current navigation item. To specify when the large out-of-line title view appears, see UINavigationItem.largeTitleDisplayMode. Defaults to NO.
63 | @property (nonatomic, readwrite, assign) BOOL prefersLargeTitles UI_APPEARANCE_SELECTOR API_AVAILABLE(ios(11.0)) API_UNAVAILABLE(watchos) API_UNAVAILABLE(tvos);
| `- note: 'prefersLargeTitles' has been explicitly marked unavailable here
64 |
65 | /// The toolbar section that this navigation bar is currently using.
/Users/admin/builder/spi-builder-workspace/Sources/SettingsViewController/SettingsViewController.swift:22:96: error: 'close' is unavailable in tvOS
20 | self.navigationBar.topItem?.title = "Settings"
21 | self.navigationBar.prefersLargeTitles = true
22 | self.navigationBar.topItem?.rightBarButtonItem = UIBarButtonItem(barButtonSystemItem: .close,
| `- error: 'close' is unavailable in tvOS
23 | target: self,
24 | action: #selector(self.close))
UIKit.UIBarButtonItem.SystemItem.close:4:10: note: 'close' has been explicitly marked unavailable here
2 | enum SystemItem {
3 | @available(tvOS, unavailable)
4 | case close }
| `- note: 'close' has been explicitly marked unavailable here
5 | }
6 |
Failed frontend command:
/Applications/Xcode-27.0.0-Release.Candidate.app/Contents/Developer/Toolchains/XcodeDefault.xctoolchain/usr/bin/swift-frontend -frontend -c /Users/admin/builder/spi-builder-workspace/Sources/SettingsViewController/SettingCell/BoolSettingCell.swift /Users/admin/builder/spi-builder-workspace/Sources/SettingsViewController/SettingCell/FloatSettingCell.swift /Users/admin/builder/spi-builder-workspace/Sources/SettingsViewController/SettingCell/SelectionSettingCell.swift /Users/admin/builder/spi-builder-workspace/Sources/SettingsViewController/SettingCell/SettingCell.swift /Users/admin/builder/spi-builder-workspace/Sources/SettingsViewController/Settings/BoolSetting.swift /Users/admin/builder/spi-builder-workspace/Sources/SettingsViewController/Settings/FloatSetting.swift /Users/admin/builder/spi-builder-workspace/Sources/SettingsViewController/Settings/SelectionSetting.swift /Users/admin/builder/spi-builder-workspace/Sources/SettingsViewController/Settings/Setting.swift /Users/admin/builder/spi-builder-workspace/Sources/SettingsViewController/Settings/TextSetting.swift /Users/admin/builder/spi-builder-workspace/Sources/SettingsViewController/SettingsTableViewController.swift -primary-file /Users/admin/builder/spi-builder-workspace/Sources/SettingsViewController/SettingsViewController.swift /Users/admin/builder/spi-builder-workspace/Sources/SettingsViewController/TableView+Extensions.swift -emit-dependencies-path /Users/admin/builder/spi-builder-workspace/.derivedData/Build/Intermediates.noindex/SettingsViewController.build/Debug-appletvos/SettingsViewController-t.build/Objects-normal/arm64/SettingsViewController.d -emit-const-values-path /Users/admin/builder/spi-builder-workspace/.derivedData/Build/Intermediates.noindex/SettingsViewController.build/Debug-appletvos/SettingsViewController-t.build/Objects-normal/arm64/SettingsViewController.swiftconstvalues -emit-reference-dependencies-path /Users/admin/builder/spi-builder-workspace/.derivedData/Build/Intermediates.noindex/SettingsViewController.build/Debug-appletvos/SettingsViewController-t.build/Objects-normal/arm64/SettingsViewController.swiftdeps -serialize-diagnostics-path /Users/admin/builder/spi-builder-workspace/.derivedData/Build/Intermediates.noindex/SettingsViewController.build/Debug-appletvos/SettingsViewController-t.build/Objects-normal/arm64/SettingsViewController.dia -target arm64-apple-tvos15.0 -disable-cross-import-overlay-search -load-resolved-plugin /Applications/Xcode-27.0.0-Release.Candidate.app/Contents/Developer/Platforms/AppleTVOS.platform/Developer/usr/lib/swift/host/plugins/libFoundationMacros.dylib\#/Applications/Xcode-27.0.0-Release.Candidate.app/Contents/Developer/Platforms/AppleTVOS.platform/Developer/usr/bin/swift-plugin-server\#FoundationMacros -load-resolved-plugin /Applications/Xcode-27.0.0-Release.Candidate.app/Contents/Developer/Platforms/AppleTVOS.platform/Developer/usr/lib/swift/host/plugins/libObservationMacros.dylib\#/Applications/Xcode-27.0.0-Release.Candidate.app/Contents/Developer/Platforms/AppleTVOS.platform/Developer/usr/bin/swift-plugin-server\#ObservationMacros -load-resolved-plugin /Applications/Xcode-27.0.0-Release.Candidate.app/Contents/Developer/Platforms/AppleTVOS.platform/Developer/usr/lib/swift/host/plugins/libPreviewsMacros.dylib\#/Applications/Xcode-27.0.0-Release.Candidate.app/Contents/Developer/Platforms/AppleTVOS.platform/Developer/usr/bin/swift-plugin-server\#PreviewsMacros -load-resolved-plugin /Applications/Xcode-27.0.0-Release.Candidate.app/Contents/Developer/Platforms/AppleTVOS.platform/Developer/usr/lib/swift/host/plugins/libSwiftMacros.dylib\#/Applications/Xcode-27.0.0-Release.Candidate.app/Contents/Developer/Platforms/AppleTVOS.platform/Developer/usr/bin/swift-plugin-server\#SwiftMacros -load-resolved-plugin /Applications/Xcode-27.0.0-Release.Candidate.app/Contents/Developer/Platforms/AppleTVOS.platform/Developer/usr/lib/swift/host/plugins/libSwiftUIMacros.dylib\#/Applications/Xcode-27.0.0-Release.Candidate.app/Contents/Developer/Platforms/AppleTVOS.platform/Developer/usr/bin/swift-plugin-server\#SwiftUIMacros -disable-implicit-swift-modules -Xcc -fno-implicit-modules -Xcc -fno-implicit-module-maps -explicit-swift-module-map-file /Users/admin/builder/spi-builder-workspace/.derivedData/Build/Intermediates.noindex/SettingsViewController.build/Debug-appletvos/SettingsViewController-t.build/Objects-normal/arm64/SettingsViewController-dependencies-1.json -Xllvm -aarch64-use-tbi -enable-objc-interop -stack-check -sdk /Applications/Xcode-27.0.0-Release.Candidate.app/Contents/Developer/Platforms/AppleTVOS.platform/Developer/SDKs/AppleTVOS27.0.sdk -I /Users/admin/builder/spi-builder-workspace/.derivedData/Build/Products/Debug-appletvos -Isystem /Applications/Xcode-27.0.0-Release.Candidate.app/Contents/Developer/Platforms/AppleTVOS.platform/Developer/usr/lib -F /Users/admin/builder/spi-builder-workspace/.derivedData/Build/Products/Debug-appletvos/PackageFrameworks -F /Users/admin/builder/spi-builder-workspace/.derivedData/Build/Products/Debug-appletvos -F /Applications/Xcode-27.0.0-Release.Candidate.app/Contents/Developer/Platforms/AppleTVOS.platform/Developer/Library/Frameworks -F /Applications/Xcode-27.0.0-Release.Candidate.app/Contents/Developer/Platforms/AppleTVOS.platform/Developer/SDKs/AppleTVOS27.0.sdk/Developer/Library/Frameworks -module-cache-path /Users/admin/builder/spi-builder-workspace/.derivedData/Build/Intermediates.noindex/SwiftExplicitPrecompiledModules -no-color-diagnostics -Xcc -fno-color-diagnostics -enable-testing -g -debug-info-format\=dwarf -dwarf-version\=4 -swift-version 5 -Onone -D SWIFT_PACKAGE -D DEBUG -D SWIFT_MODULE_RESOURCE_BUNDLE_UNAVAILABLE -D Xcode -serialize-debugging-options -enable-experimental-feature DebugDescriptionMacro -empty-abi-descriptor -validate-clang-modules-once -clang-build-session-file /Users/admin/builder/spi-builder-workspace/.derivedData/ModuleCache.noindex/Session.modulevalidation -Xcc -working-directory -Xcc /Users/admin/builder/spi-builder-workspace/.swiftpm/xcode -enable-anonymous-context-mangled-names -file-compilation-dir /Users/admin/builder/spi-builder-workspace/.swiftpm/xcode -Xcc -D_LIBCPP_HARDENING_MODE\=_LIBCPP_HARDENING_MODE_DEBUG -Xcc -ivfsstatcache -Xcc /Users/admin/builder/spi-builder-workspace/.derivedData/SDKStatCaches.noindex/appletvos27.0-24J360-e829b21a6f8c9b70876ba0858053c044b32bfd8d43560033f8d89884cdb90028.sdkstatcache -Xcc -fmodules-prune-interval\=86400 -Xcc -fmodules-prune-after\=345600 -Xcc -I/Users/admin/builder/spi-builder-workspace/.derivedData/Build/Products/Debug-appletvos/include -Xcc -I/Users/admin/builder/spi-builder-workspace/.derivedData/Build/Intermediates.noindex/SettingsViewController.build/Debug-appletvos/SettingsViewController-t.build/DerivedSources-normal/arm64 -Xcc -I/Users/admin/builder/spi-builder-workspace/.derivedData/Build/Intermediates.noindex/SettingsViewController.build/Debug-appletvos/SettingsViewController-t.build/DerivedSources/arm64 -Xcc -I/Users/admin/builder/spi-builder-workspace/.derivedData/Build/Intermediates.noindex/SettingsViewController.build/Debug-appletvos/SettingsViewController-t.build/DerivedSources -Xcc -DSWIFT_PACKAGE -Xcc -DDEBUG\=1 -no-auto-bridging-header-chaining -module-name SettingsViewController -const-gather-protocols-file /Users/admin/builder/spi-builder-workspace/.derivedData/Build/Intermediates.noindex/SettingsViewController.build/Debug-appletvos/SettingsViewController-t.build/Objects-normal/arm64/SettingsViewController_const_extract_protocols.json -disable-clang-spi -clang-target arm64-apple-tvos27.0 -target-sdk-version 27.0 -target-sdk-name appletvos27.0 -in-process-plugin-server-path /Applications/Xcode-27.0.0-Release.Candidate.app/Contents/Developer/Toolchains/XcodeDefault.xctoolchain/usr/lib/swift/host/libSwiftInProcPluginServer.dylib -parse-as-library -o /Users/admin/builder/spi-builder-workspace/.derivedData/Build/Intermediates.noindex/SettingsViewController.build/Debug-appletvos/SettingsViewController-t.build/Objects-normal/arm64/SettingsViewController.o -debug-module-path /Users/admin/builder/spi-builder-workspace/.derivedData/Build/Intermediates.noindex/SettingsViewController.build/Debug-appletvos/SettingsViewController-t.build/Objects-normal/arm64/SettingsViewController.swiftmodule -index-unit-output-path /SettingsViewController.build/Debug-appletvos/SettingsViewController-t.build/Objects-normal/arm64/SettingsViewController.o -index-store-path /Users/admin/builder/spi-builder-workspace/.derivedData/Index.noindex/DataStore -index-system-modules
SwiftCompile normal arm64 /Users/admin/builder/spi-builder-workspace/Sources/SettingsViewController/SettingsViewController.swift (in target 'SettingsViewController' from project 'SettingsViewController')
cd /Users/admin/builder/spi-builder-workspace/.swiftpm/xcode
builtin-SwiftPerFileCompile SettingsViewController.swift
SwiftEmitModule normal arm64 Emitting\ module\ for\ SettingsViewController (in target 'SettingsViewController' from project 'SettingsViewController')
/Users/admin/builder/spi-builder-workspace/Sources/SettingsViewController/SettingCell/BoolSettingCell.swift:8:20: error: 'UISwitch' is unavailable in tvOS
6 | let containerView = UIView()
7 | let optionName = UILabel()
8 | let `switch` = UISwitch()
| `- error: 'UISwitch' is unavailable in tvOS
9 |
10 | var option: BoolSetting?
/Applications/Xcode-27.0.0-Release.Candidate.app/Contents/Developer/Platforms/AppleTVOS.platform/Developer/SDKs/AppleTVOS27.0.sdk/System/Library/Frameworks/UIKit.framework/Headers/UISwitch.h:23:12: note: 'UISwitch' has been explicitly marked unavailable here
21 |
22 | UIKIT_EXTERN API_AVAILABLE(ios(2.0)) API_UNAVAILABLE(tvos, watchos) NS_SWIFT_UI_ACTOR
23 | @interface UISwitch : UIControl <NSCoding>
| `- note: 'UISwitch' has been explicitly marked unavailable here
24 |
25 | @property(nullable, nonatomic, strong) UIColor *onTintColor API_AVAILABLE(ios(5.0)) UI_APPEARANCE_SELECTOR;
/Users/admin/builder/spi-builder-workspace/Sources/SettingsViewController/SettingCell/BoolSettingCell.swift:58:41: error: 'UISwitch' is unavailable in tvOS
56 |
57 | @objc
58 | private func valueChanged(_ sender: UISwitch) {
| `- error: 'UISwitch' is unavailable in tvOS
59 | self.option?.value = sender.isOn
60 | }
/Applications/Xcode-27.0.0-Release.Candidate.app/Contents/Developer/Platforms/AppleTVOS.platform/Developer/SDKs/AppleTVOS27.0.sdk/System/Library/Frameworks/UIKit.framework/Headers/UISwitch.h:23:12: note: 'UISwitch' has been explicitly marked unavailable here
21 |
22 | UIKIT_EXTERN API_AVAILABLE(ios(2.0)) API_UNAVAILABLE(tvos, watchos) NS_SWIFT_UI_ACTOR
23 | @interface UISwitch : UIControl <NSCoding>
| `- note: 'UISwitch' has been explicitly marked unavailable here
24 |
25 | @property(nullable, nonatomic, strong) UIColor *onTintColor API_AVAILABLE(ios(5.0)) UI_APPEARANCE_SELECTOR;
/Users/admin/builder/spi-builder-workspace/Sources/SettingsViewController/SettingCell/FloatSettingCell.swift:8:18: error: 'UISlider' is unavailable in tvOS
6 | let containerView = UIView()
7 | let name = UILabel()
8 | let slider = UISlider()
| `- error: 'UISlider' is unavailable in tvOS
9 | let valueLabel = UILabel()
10 |
/Applications/Xcode-27.0.0-Release.Candidate.app/Contents/Developer/Platforms/AppleTVOS.platform/Developer/SDKs/AppleTVOS27.0.sdk/System/Library/Frameworks/UIKit.framework/Headers/UISlider.h:26:12: note: 'UISlider' has been explicitly marked unavailable here
24 |
25 | UIKIT_EXTERN API_AVAILABLE(ios(2.0)) API_UNAVAILABLE(tvos, watchos) NS_SWIFT_UI_ACTOR
26 | @interface UISlider : UIControl <NSCoding>
| `- note: 'UISlider' has been explicitly marked unavailable here
27 |
28 | @property(nonatomic) float value; // default 0.0. this value will be pinned to min/max
/Users/admin/builder/spi-builder-workspace/Sources/SettingsViewController/SettingCell/FloatSettingCell.swift:67:41: error: 'UISlider' is unavailable in tvOS
65 |
66 | @objc
67 | private func valueChanged(_ sender: UISlider) {
| `- error: 'UISlider' is unavailable in tvOS
68 | DispatchQueue.main.async {
69 | self.valueLabel.text = .init(format: self.format,
/Applications/Xcode-27.0.0-Release.Candidate.app/Contents/Developer/Platforms/AppleTVOS.platform/Developer/SDKs/AppleTVOS27.0.sdk/System/Library/Frameworks/UIKit.framework/Headers/UISlider.h:26:12: note: 'UISlider' has been explicitly marked unavailable here
24 |
25 | UIKIT_EXTERN API_AVAILABLE(ios(2.0)) API_UNAVAILABLE(tvos, watchos) NS_SWIFT_UI_ACTOR
26 | @interface UISlider : UIControl <NSCoding>
| `- note: 'UISlider' has been explicitly marked unavailable here
27 |
28 | @property(nonatomic) float value; // default 0.0. this value will be pinned to min/max
SwiftCompile normal arm64 (in target 'SettingsViewController' from project 'SettingsViewController')
cd /Users/admin/builder/spi-builder-workspace/.swiftpm/xcode
SwiftCompile normal arm64 Compiling\ TextSetting.swift /Users/admin/builder/spi-builder-workspace/Sources/SettingsViewController/Settings/TextSetting.swift (in target 'SettingsViewController' from project 'SettingsViewController')
SwiftCompile normal arm64 /Users/admin/builder/spi-builder-workspace/Sources/SettingsViewController/Settings/TextSetting.swift (in target 'SettingsViewController' from project 'SettingsViewController')
cd /Users/admin/builder/spi-builder-workspace/.swiftpm/xcode
builtin-SwiftPerFileCompile TextSetting.swift
SwiftCompile normal arm64 Compiling\ FloatSetting.swift /Users/admin/builder/spi-builder-workspace/Sources/SettingsViewController/Settings/FloatSetting.swift (in target 'SettingsViewController' from project 'SettingsViewController')
SwiftCompile normal arm64 /Users/admin/builder/spi-builder-workspace/Sources/SettingsViewController/Settings/FloatSetting.swift (in target 'SettingsViewController' from project 'SettingsViewController')
cd /Users/admin/builder/spi-builder-workspace/.swiftpm/xcode
builtin-SwiftPerFileCompile FloatSetting.swift
SwiftCompile normal arm64 Compiling\ TableView+Extensions.swift /Users/admin/builder/spi-builder-workspace/Sources/SettingsViewController/TableView+Extensions.swift (in target 'SettingsViewController' from project 'SettingsViewController')
SwiftCompile normal arm64 /Users/admin/builder/spi-builder-workspace/Sources/SettingsViewController/TableView+Extensions.swift (in target 'SettingsViewController' from project 'SettingsViewController')
cd /Users/admin/builder/spi-builder-workspace/.swiftpm/xcode
builtin-SwiftPerFileCompile TableView+Extensions.swift
SwiftDriverJobDiscovery normal arm64 Compiling BoolSetting.swift (in target 'SettingsViewController' from project 'SettingsViewController')
SwiftDriverJobDiscovery normal arm64 Compiling Setting.swift (in target 'SettingsViewController' from project 'SettingsViewController')
SwiftDriverJobDiscovery normal arm64 Compiling FloatSetting.swift (in target 'SettingsViewController' from project 'SettingsViewController')
SwiftDriverJobDiscovery normal arm64 Compiling SelectionSetting.swift (in target 'SettingsViewController' from project 'SettingsViewController')
SwiftDriverJobDiscovery normal arm64 Compiling TextSetting.swift (in target 'SettingsViewController' from project 'SettingsViewController')
PruneExplicitPrecompiledModules /Users/admin/builder/spi-builder-workspace/.derivedData/Build/Intermediates.noindex/ExplicitPrecompiledModules
PruneExplicitPrecompiledModules /Users/admin/builder/spi-builder-workspace/.derivedData/Build/Intermediates.noindex/SwiftExplicitPrecompiledModules
PruneExplicitPrecompiledModules /Users/admin/builder/spi-builder-workspace/.derivedData/SDKExplicitPrecompiledModules
2026-09-18 04:24:12.578 xcodebuild[686:4343] [MT] IDERunDestination: Supported platforms for the buildables in the current scheme is empty.
** BUILD FAILED **
The following build commands failed:
SwiftCompile normal arm64 Compiling\ SettingsViewController.swift /Users/admin/builder/spi-builder-workspace/Sources/SettingsViewController/SettingsViewController.swift (in target 'SettingsViewController' from project 'SettingsViewController')
SwiftCompile normal arm64 /Users/admin/builder/spi-builder-workspace/Sources/SettingsViewController/SettingsViewController.swift (in target 'SettingsViewController' from project 'SettingsViewController')
Building workspace SettingsViewController with scheme SettingsViewController
(3 failures)
Command line invocation:
/Applications/Xcode-27.0.0-Release.Candidate.app/Contents/Developer/usr/bin/xcodebuild -IDEClonedSourcePackagesDirPathOverride=/Users/admin/builder/spi-builder-workspace/.dependencies -resolvePackageDependencies
Resolve Package Graph
Resolved source packages:
SettingsViewController: /Users/admin/builder/spi-builder-workspace
SnapKit: https://github.com/snapkit/snapkit.git @ 5.0.1
resolved source packages: SettingsViewController, SnapKit
2026-09-18 04:24:23.662 xcodebuild[790:4894] [MT] IDERunDestination: Supported platforms for the buildables in the current scheme is empty.
{
"dependencies" : [
{
"identity" : "snapkit",
"requirement" : {
"range" : [
{
"lower_bound" : "5.0.1",
"upper_bound" : "5.1.0"
}
]
},
"type" : "sourceControl",
"url" : "https://github.com/snapkit/snapkit.git"
}
],
"manifest_display_name" : "SettingsViewController",
"name" : "SettingsViewController",
"path" : "/Users/admin/builder/spi-builder-workspace",
"platforms" : [
{
"name" : "ios",
"version" : "13.0"
}
],
"products" : [
{
"name" : "SettingsViewController",
"targets" : [
"SettingsViewController"
],
"type" : {
"library" : [
"automatic"
]
}
}
],
"targets" : [
{
"c99name" : "SettingsViewController",
"module_type" : "SwiftTarget",
"name" : "SettingsViewController",
"path" : "Sources/SettingsViewController",
"product_dependencies" : [
"SnapKit"
],
"product_memberships" : [
"SettingsViewController"
],
"sources" : [
"SettingCell/BoolSettingCell.swift",
"SettingCell/FloatSettingCell.swift",
"SettingCell/SelectionSettingCell.swift",
"SettingCell/SettingCell.swift",
"Settings/BoolSetting.swift",
"Settings/FloatSetting.swift",
"Settings/SelectionSetting.swift",
"Settings/Setting.swift",
"Settings/TextSetting.swift",
"SettingsTableViewController.swift",
"SettingsViewController.swift",
"TableView+Extensions.swift"
],
"type" : "library"
}
],
"tools_version" : "5.2"
}
{
"workspace" : {
"name" : "SettingsViewController",
"schemes" : [
"SettingsViewController"
]
}
}
2026-09-18 04:24:24.938 xcodebuild[798:4967] [MT] IDERunDestination: Supported platforms for the buildables in the current scheme is empty.
Running build ...
env DEVELOPER_DIR=/Applications/Xcode-27.0.0-Release.Candidate.app xcrun xcodebuild -IDEClonedSourcePackagesDirPathOverride=$PWD/.dependencies -skipMacroValidation -skipPackagePluginValidation -derivedDataPath $PWD/.derivedData build -scheme SettingsViewController -destination generic/platform=tvOS
Command line invocation:
/Applications/Xcode-27.0.0-Release.Candidate.app/Contents/Developer/usr/bin/xcodebuild -IDEClonedSourcePackagesDirPathOverride=/Users/admin/builder/spi-builder-workspace/.dependencies -skipMacroValidation -skipPackagePluginValidation -derivedDataPath /Users/admin/builder/spi-builder-workspace/.derivedData build -scheme SettingsViewController -destination generic/platform=tvOS
Resolve Package Graph
Resolved source packages:
SettingsViewController: /Users/admin/builder/spi-builder-workspace
SnapKit: https://github.com/snapkit/snapkit.git @ 5.0.1
ComputePackagePrebuildTargetDependencyGraph
Prepare packages
CreateBuildRequest
SendProjectDescription
CreateBuildOperation
ComputeTargetDependencyGraph
note: Building targets in dependency order
note: Target dependency graph (4 targets)
Target 'SettingsViewController-product' in project 'SettingsViewController'
➜ Explicit dependency on target 'SettingsViewController' in project 'SettingsViewController'
➜ Explicit dependency on target 'SnapKit-product' in project 'SnapKit'
Target 'SettingsViewController' in project 'SettingsViewController'
➜ Explicit dependency on target 'SnapKit-product' in project 'SnapKit'
Target 'SnapKit-product' in project 'SnapKit'
➜ Explicit dependency on target 'SnapKit' in project 'SnapKit'
Target 'SnapKit' in project 'SnapKit' (no dependencies)
GatherProvisioningInputs
CreateBuildDescription
ClangStatCache /Applications/Xcode-27.0.0-Release.Candidate.app/Contents/Developer/Toolchains/XcodeDefault.xctoolchain/usr/bin/clang-stat-cache /Applications/Xcode-27.0.0-Release.Candidate.app/Contents/Developer/Platforms/AppleTVOS.platform/Developer/SDKs/AppleTVOS27.0.sdk /Users/admin/builder/spi-builder-workspace/.derivedData/SDKStatCaches.noindex/appletvos27.0-24J360-e829b21a6f8c9b70876ba0858053c044b32bfd8d43560033f8d89884cdb90028.sdkstatcache
cd /Users/admin/builder/spi-builder-workspace/.swiftpm/xcode
/Applications/Xcode-27.0.0-Release.Candidate.app/Contents/Developer/Toolchains/XcodeDefault.xctoolchain/usr/bin/clang-stat-cache /Applications/Xcode-27.0.0-Release.Candidate.app/Contents/Developer/Platforms/AppleTVOS.platform/Developer/SDKs/AppleTVOS27.0.sdk -o /Users/admin/builder/spi-builder-workspace/.derivedData/SDKStatCaches.noindex/appletvos27.0-24J360-e829b21a6f8c9b70876ba0858053c044b32bfd8d43560033f8d89884cdb90028.sdkstatcache
SwiftDriver SettingsViewController normal arm64 com.apple.xcode.tools.swift.compiler (in target 'SettingsViewController' from project 'SettingsViewController')
cd /Users/admin/builder/spi-builder-workspace/.swiftpm/xcode
builtin-SwiftDriver -- /Applications/Xcode-27.0.0-Release.Candidate.app/Contents/Developer/Toolchains/XcodeDefault.xctoolchain/usr/bin/swiftc -parse-as-library -module-name SettingsViewController -Onone @/Users/admin/builder/spi-builder-workspace/.derivedData/Build/Intermediates.noindex/SettingsViewController.build/Debug-appletvos/SettingsViewController-t.build/Objects-normal/arm64/SettingsViewController.SwiftFileList -DSWIFT_PACKAGE -DDEBUG -DSWIFT_MODULE_RESOURCE_BUNDLE_UNAVAILABLE -DXcode -plugin-path /Applications/Xcode-27.0.0-Release.Candidate.app/Contents/Developer/Toolchains/XcodeDefault.xctoolchain/usr/lib/swift/host/plugins/testing -enable-experimental-feature DebugDescriptionMacro -sdk /Applications/Xcode-27.0.0-Release.Candidate.app/Contents/Developer/Platforms/AppleTVOS.platform/Developer/SDKs/AppleTVOS27.0.sdk -target arm64-apple-tvos15.0 -g -module-cache-path /Users/admin/builder/spi-builder-workspace/.derivedData/ModuleCache.noindex -Xfrontend -serialize-debugging-options -enable-testing -index-store-path /Users/admin/builder/spi-builder-workspace/.derivedData/Index.noindex/DataStore -Xcc -D_LIBCPP_HARDENING_MODE\=_LIBCPP_HARDENING_MODE_DEBUG -swift-version 5 -I /Users/admin/builder/spi-builder-workspace/.derivedData/Build/Products/Debug-appletvos -Isystem /Applications/Xcode-27.0.0-Release.Candidate.app/Contents/Developer/Platforms/AppleTVOS.platform/Developer/usr/lib -F /Users/admin/builder/spi-builder-workspace/.derivedData/Build/Products/Debug-appletvos/PackageFrameworks -F /Users/admin/builder/spi-builder-workspace/.derivedData/Build/Products/Debug-appletvos -F /Applications/Xcode-27.0.0-Release.Candidate.app/Contents/Developer/Platforms/AppleTVOS.platform/Developer/Library/Frameworks -F /Applications/Xcode-27.0.0-Release.Candidate.app/Contents/Developer/Platforms/AppleTVOS.platform/Developer/SDKs/AppleTVOS27.0.sdk/Developer/Library/Frameworks -c -j10 -enable-batch-mode -incremental -Xcc -ivfsstatcache -Xcc /Users/admin/builder/spi-builder-workspace/.derivedData/SDKStatCaches.noindex/appletvos27.0-24J360-e829b21a6f8c9b70876ba0858053c044b32bfd8d43560033f8d89884cdb90028.sdkstatcache -output-file-map /Users/admin/builder/spi-builder-workspace/.derivedData/Build/Intermediates.noindex/SettingsViewController.build/Debug-appletvos/SettingsViewController-t.build/Objects-normal/arm64/SettingsViewController-OutputFileMap.json -save-temps -no-color-diagnostics -explicit-module-build -module-cache-path /Users/admin/builder/spi-builder-workspace/.derivedData/Build/Intermediates.noindex/SwiftExplicitPrecompiledModules -clang-scanner-module-cache-path /Users/admin/builder/spi-builder-workspace/.derivedData/ModuleCache.noindex -sdk-module-cache-path /Users/admin/builder/spi-builder-workspace/.derivedData/SDKExplicitPrecompiledModules -emit-dependencies -emit-module -emit-module-path /Users/admin/builder/spi-builder-workspace/.derivedData/Build/Intermediates.noindex/SettingsViewController.build/Debug-appletvos/SettingsViewController-t.build/Objects-normal/arm64/SettingsViewController.swiftmodule -serialize-diagnostics -dependency-scan-serialize-diagnostics-path /Users/admin/builder/spi-builder-workspace/.derivedData/Build/Intermediates.noindex/SettingsViewController.build/Debug-appletvos/SettingsViewController-t.build/Objects-normal/arm64/SettingsViewController-dependency-scan.dia -validate-clang-modules-once -clang-build-session-file /Users/admin/builder/spi-builder-workspace/.derivedData/ModuleCache.noindex/Session.modulevalidation -Xcc -fmodules-prune-interval\=86400 -Xcc -fmodules-prune-after\=345600 -emit-const-values -const-gather-protocols-list /Users/admin/builder/spi-builder-workspace/.derivedData/Build/Intermediates.noindex/SettingsViewController.build/Debug-appletvos/SettingsViewController-t.build/Objects-normal/arm64/SettingsViewController_const_extract_protocols.json -Xcc -I/Users/admin/builder/spi-builder-workspace/.derivedData/Build/Products/Debug-appletvos/include -Xcc -I/Users/admin/builder/spi-builder-workspace/.derivedData/Build/Intermediates.noindex/SettingsViewController.build/Debug-appletvos/SettingsViewController-t.build/DerivedSources-normal/arm64 -Xcc -I/Users/admin/builder/spi-builder-workspace/.derivedData/Build/Intermediates.noindex/SettingsViewController.build/Debug-appletvos/SettingsViewController-t.build/DerivedSources/arm64 -Xcc -I/Users/admin/builder/spi-builder-workspace/.derivedData/Build/Intermediates.noindex/SettingsViewController.build/Debug-appletvos/SettingsViewController-t.build/DerivedSources -Xcc -DSWIFT_PACKAGE -Xcc -DDEBUG\=1 -emit-objc-header -emit-objc-header-path /Users/admin/builder/spi-builder-workspace/.derivedData/Build/Intermediates.noindex/SettingsViewController.build/Debug-appletvos/SettingsViewController-t.build/Objects-normal/arm64/SettingsViewController-Swift.h -working-directory /Users/admin/builder/spi-builder-workspace/.swiftpm/xcode -experimental-emit-module-separately -disable-cmo
SwiftCompile normal arm64 Compiling\ FloatSettingCell.swift /Users/admin/builder/spi-builder-workspace/Sources/SettingsViewController/SettingCell/FloatSettingCell.swift (in target 'SettingsViewController' from project 'SettingsViewController')
SwiftCompile normal arm64 /Users/admin/builder/spi-builder-workspace/Sources/SettingsViewController/SettingCell/FloatSettingCell.swift (in target 'SettingsViewController' from project 'SettingsViewController')
cd /Users/admin/builder/spi-builder-workspace/.swiftpm/xcode
builtin-SwiftPerFileCompile FloatSettingCell.swift
/Users/admin/builder/spi-builder-workspace/Sources/SettingsViewController/SettingCell/FloatSettingCell.swift:8:18: error: 'UISlider' is unavailable in tvOS
6 | let containerView = UIView()
7 | let name = UILabel()
8 | let slider = UISlider()
| `- error: 'UISlider' is unavailable in tvOS
9 | let valueLabel = UILabel()
10 |
/Applications/Xcode-27.0.0-Release.Candidate.app/Contents/Developer/Platforms/AppleTVOS.platform/Developer/SDKs/AppleTVOS27.0.sdk/System/Library/Frameworks/UIKit.framework/Headers/UISlider.h:26:12: note: 'UISlider' has been explicitly marked unavailable here
24 |
25 | UIKIT_EXTERN API_AVAILABLE(ios(2.0)) API_UNAVAILABLE(tvos, watchos) NS_SWIFT_UI_ACTOR
26 | @interface UISlider : UIControl <NSCoding>
| `- note: 'UISlider' has been explicitly marked unavailable here
27 |
28 | @property(nonatomic) float value; // default 0.0. this value will be pinned to min/max
/Users/admin/builder/spi-builder-workspace/Sources/SettingsViewController/SettingCell/FloatSettingCell.swift:67:41: error: 'UISlider' is unavailable in tvOS
65 |
66 | @objc
67 | private func valueChanged(_ sender: UISlider) {
| `- error: 'UISlider' is unavailable in tvOS
68 | DispatchQueue.main.async {
69 | self.valueLabel.text = .init(format: self.format,
/Applications/Xcode-27.0.0-Release.Candidate.app/Contents/Developer/Platforms/AppleTVOS.platform/Developer/SDKs/AppleTVOS27.0.sdk/System/Library/Frameworks/UIKit.framework/Headers/UISlider.h:26:12: note: 'UISlider' has been explicitly marked unavailable here
24 |
25 | UIKIT_EXTERN API_AVAILABLE(ios(2.0)) API_UNAVAILABLE(tvos, watchos) NS_SWIFT_UI_ACTOR
26 | @interface UISlider : UIControl <NSCoding>
| `- note: 'UISlider' has been explicitly marked unavailable here
27 |
28 | @property(nonatomic) float value; // default 0.0. this value will be pinned to min/max
SwiftCompile normal arm64 Compiling\ SettingCell.swift /Users/admin/builder/spi-builder-workspace/Sources/SettingsViewController/SettingCell/SettingCell.swift (in target 'SettingsViewController' from project 'SettingsViewController')
SwiftCompile normal arm64 /Users/admin/builder/spi-builder-workspace/Sources/SettingsViewController/SettingCell/SettingCell.swift (in target 'SettingsViewController' from project 'SettingsViewController')
cd /Users/admin/builder/spi-builder-workspace/.swiftpm/xcode
builtin-SwiftPerFileCompile SettingCell.swift
SwiftCompile normal arm64 Compiling\ SettingsTableViewController.swift /Users/admin/builder/spi-builder-workspace/Sources/SettingsViewController/SettingsTableViewController.swift (in target 'SettingsViewController' from project 'SettingsViewController')
SwiftCompile normal arm64 /Users/admin/builder/spi-builder-workspace/Sources/SettingsViewController/SettingsTableViewController.swift (in target 'SettingsViewController' from project 'SettingsViewController')
cd /Users/admin/builder/spi-builder-workspace/.swiftpm/xcode
builtin-SwiftPerFileCompile SettingsTableViewController.swift
SwiftEmitModule normal arm64 Emitting\ module\ for\ SettingsViewController (in target 'SettingsViewController' from project 'SettingsViewController')
SwiftCompile normal arm64 (in target 'SettingsViewController' from project 'SettingsViewController')
cd /Users/admin/builder/spi-builder-workspace/.swiftpm/xcode
/Users/admin/builder/spi-builder-workspace/Sources/SettingsViewController/SettingCell/BoolSettingCell.swift:8:20: error: 'UISwitch' is unavailable in tvOS
6 | let containerView = UIView()
7 | let optionName = UILabel()
8 | let `switch` = UISwitch()
| `- error: 'UISwitch' is unavailable in tvOS
9 |
10 | var option: BoolSetting?
/Applications/Xcode-27.0.0-Release.Candidate.app/Contents/Developer/Platforms/AppleTVOS.platform/Developer/SDKs/AppleTVOS27.0.sdk/System/Library/Frameworks/UIKit.framework/Headers/UISwitch.h:23:12: note: 'UISwitch' has been explicitly marked unavailable here
21 |
22 | UIKIT_EXTERN API_AVAILABLE(ios(2.0)) API_UNAVAILABLE(tvos, watchos) NS_SWIFT_UI_ACTOR
23 | @interface UISwitch : UIControl <NSCoding>
| `- note: 'UISwitch' has been explicitly marked unavailable here
24 |
25 | @property(nullable, nonatomic, strong) UIColor *onTintColor API_AVAILABLE(ios(5.0)) UI_APPEARANCE_SELECTOR;
/Users/admin/builder/spi-builder-workspace/Sources/SettingsViewController/SettingCell/BoolSettingCell.swift:58:41: error: 'UISwitch' is unavailable in tvOS
56 |
57 | @objc
58 | private func valueChanged(_ sender: UISwitch) {
| `- error: 'UISwitch' is unavailable in tvOS
59 | self.option?.value = sender.isOn
60 | }
/Applications/Xcode-27.0.0-Release.Candidate.app/Contents/Developer/Platforms/AppleTVOS.platform/Developer/SDKs/AppleTVOS27.0.sdk/System/Library/Frameworks/UIKit.framework/Headers/UISwitch.h:23:12: note: 'UISwitch' has been explicitly marked unavailable here
21 |
22 | UIKIT_EXTERN API_AVAILABLE(ios(2.0)) API_UNAVAILABLE(tvos, watchos) NS_SWIFT_UI_ACTOR
23 | @interface UISwitch : UIControl <NSCoding>
| `- note: 'UISwitch' has been explicitly marked unavailable here
24 |
25 | @property(nullable, nonatomic, strong) UIColor *onTintColor API_AVAILABLE(ios(5.0)) UI_APPEARANCE_SELECTOR;
/Users/admin/builder/spi-builder-workspace/Sources/SettingsViewController/SettingCell/FloatSettingCell.swift:8:18: error: 'UISlider' is unavailable in tvOS
6 | let containerView = UIView()
7 | let name = UILabel()
8 | let slider = UISlider()
| `- error: 'UISlider' is unavailable in tvOS
9 | let valueLabel = UILabel()
10 |
/Applications/Xcode-27.0.0-Release.Candidate.app/Contents/Developer/Platforms/AppleTVOS.platform/Developer/SDKs/AppleTVOS27.0.sdk/System/Library/Frameworks/UIKit.framework/Headers/UISlider.h:26:12: note: 'UISlider' has been explicitly marked unavailable here
24 |
25 | UIKIT_EXTERN API_AVAILABLE(ios(2.0)) API_UNAVAILABLE(tvos, watchos) NS_SWIFT_UI_ACTOR
26 | @interface UISlider : UIControl <NSCoding>
| `- note: 'UISlider' has been explicitly marked unavailable here
27 |
28 | @property(nonatomic) float value; // default 0.0. this value will be pinned to min/max
/Users/admin/builder/spi-builder-workspace/Sources/SettingsViewController/SettingCell/FloatSettingCell.swift:67:41: error: 'UISlider' is unavailable in tvOS
65 |
66 | @objc
67 | private func valueChanged(_ sender: UISlider) {
| `- error: 'UISlider' is unavailable in tvOS
68 | DispatchQueue.main.async {
69 | self.valueLabel.text = .init(format: self.format,
/Applications/Xcode-27.0.0-Release.Candidate.app/Contents/Developer/Platforms/AppleTVOS.platform/Developer/SDKs/AppleTVOS27.0.sdk/System/Library/Frameworks/UIKit.framework/Headers/UISlider.h:26:12: note: 'UISlider' has been explicitly marked unavailable here
24 |
25 | UIKIT_EXTERN API_AVAILABLE(ios(2.0)) API_UNAVAILABLE(tvos, watchos) NS_SWIFT_UI_ACTOR
26 | @interface UISlider : UIControl <NSCoding>
| `- note: 'UISlider' has been explicitly marked unavailable here
27 |
28 | @property(nonatomic) float value; // default 0.0. this value will be pinned to min/max
SwiftCompile normal arm64 Compiling\ SettingsViewController.swift /Users/admin/builder/spi-builder-workspace/Sources/SettingsViewController/SettingsViewController.swift (in target 'SettingsViewController' from project 'SettingsViewController')
/Users/admin/builder/spi-builder-workspace/Sources/SettingsViewController/SettingsViewController.swift:21:28: error: 'prefersLargeTitles' is unavailable in tvOS
19 |
20 | self.navigationBar.topItem?.title = "Settings"
21 | self.navigationBar.prefersLargeTitles = true
| `- error: 'prefersLargeTitles' is unavailable in tvOS
22 | self.navigationBar.topItem?.rightBarButtonItem = UIBarButtonItem(barButtonSystemItem: .close,
23 | target: self,
/Applications/Xcode-27.0.0-Release.Candidate.app/Contents/Developer/Platforms/AppleTVOS.platform/Developer/SDKs/AppleTVOS27.0.sdk/System/Library/Frameworks/UIKit.framework/Headers/UINavigationBar.h:63:47: note: 'prefersLargeTitles' has been explicitly marked unavailable here
61 |
62 | /// When set to YES, the navigation bar will use a larger out-of-line title view when requested by the current navigation item. To specify when the large out-of-line title view appears, see UINavigationItem.largeTitleDisplayMode. Defaults to NO.
63 | @property (nonatomic, readwrite, assign) BOOL prefersLargeTitles UI_APPEARANCE_SELECTOR API_AVAILABLE(ios(11.0)) API_UNAVAILABLE(watchos) API_UNAVAILABLE(tvos);
| `- note: 'prefersLargeTitles' has been explicitly marked unavailable here
64 |
65 | /// The toolbar section that this navigation bar is currently using.
/Users/admin/builder/spi-builder-workspace/Sources/SettingsViewController/SettingsViewController.swift:22:96: error: 'close' is unavailable in tvOS
20 | self.navigationBar.topItem?.title = "Settings"
21 | self.navigationBar.prefersLargeTitles = true
22 | self.navigationBar.topItem?.rightBarButtonItem = UIBarButtonItem(barButtonSystemItem: .close,
| `- error: 'close' is unavailable in tvOS
23 | target: self,
24 | action: #selector(self.close))
UIKit.UIBarButtonItem.SystemItem.close:4:10: note: 'close' has been explicitly marked unavailable here
2 | enum SystemItem {
3 | @available(tvOS, unavailable)
4 | case close }
| `- note: 'close' has been explicitly marked unavailable here
5 | }
6 |
Failed frontend command:
/Applications/Xcode-27.0.0-Release.Candidate.app/Contents/Developer/Toolchains/XcodeDefault.xctoolchain/usr/bin/swift-frontend -frontend -c /Users/admin/builder/spi-builder-workspace/Sources/SettingsViewController/SettingCell/BoolSettingCell.swift /Users/admin/builder/spi-builder-workspace/Sources/SettingsViewController/SettingCell/FloatSettingCell.swift /Users/admin/builder/spi-builder-workspace/Sources/SettingsViewController/SettingCell/SelectionSettingCell.swift /Users/admin/builder/spi-builder-workspace/Sources/SettingsViewController/SettingCell/SettingCell.swift /Users/admin/builder/spi-builder-workspace/Sources/SettingsViewController/Settings/BoolSetting.swift /Users/admin/builder/spi-builder-workspace/Sources/SettingsViewController/Settings/FloatSetting.swift /Users/admin/builder/spi-builder-workspace/Sources/SettingsViewController/Settings/SelectionSetting.swift /Users/admin/builder/spi-builder-workspace/Sources/SettingsViewController/Settings/Setting.swift /Users/admin/builder/spi-builder-workspace/Sources/SettingsViewController/Settings/TextSetting.swift /Users/admin/builder/spi-builder-workspace/Sources/SettingsViewController/SettingsTableViewController.swift -primary-file /Users/admin/builder/spi-builder-workspace/Sources/SettingsViewController/SettingsViewController.swift /Users/admin/builder/spi-builder-workspace/Sources/SettingsViewController/TableView+Extensions.swift -emit-dependencies-path /Users/admin/builder/spi-builder-workspace/.derivedData/Build/Intermediates.noindex/SettingsViewController.build/Debug-appletvos/SettingsViewController-t.build/Objects-normal/arm64/SettingsViewController.d -emit-const-values-path /Users/admin/builder/spi-builder-workspace/.derivedData/Build/Intermediates.noindex/SettingsViewController.build/Debug-appletvos/SettingsViewController-t.build/Objects-normal/arm64/SettingsViewController.swiftconstvalues -emit-reference-dependencies-path /Users/admin/builder/spi-builder-workspace/.derivedData/Build/Intermediates.noindex/SettingsViewController.build/Debug-appletvos/SettingsViewController-t.build/Objects-normal/arm64/SettingsViewController.swiftdeps -serialize-diagnostics-path /Users/admin/builder/spi-builder-workspace/.derivedData/Build/Intermediates.noindex/SettingsViewController.build/Debug-appletvos/SettingsViewController-t.build/Objects-normal/arm64/SettingsViewController.dia -target arm64-apple-tvos15.0 -disable-cross-import-overlay-search -load-resolved-plugin /Applications/Xcode-27.0.0-Release.Candidate.app/Contents/Developer/Platforms/AppleTVOS.platform/Developer/usr/lib/swift/host/plugins/libFoundationMacros.dylib\#/Applications/Xcode-27.0.0-Release.Candidate.app/Contents/Developer/Platforms/AppleTVOS.platform/Developer/usr/bin/swift-plugin-server\#FoundationMacros -load-resolved-plugin /Applications/Xcode-27.0.0-Release.Candidate.app/Contents/Developer/Platforms/AppleTVOS.platform/Developer/usr/lib/swift/host/plugins/libObservationMacros.dylib\#/Applications/Xcode-27.0.0-Release.Candidate.app/Contents/Developer/Platforms/AppleTVOS.platform/Developer/usr/bin/swift-plugin-server\#ObservationMacros -load-resolved-plugin /Applications/Xcode-27.0.0-Release.Candidate.app/Contents/Developer/Platforms/AppleTVOS.platform/Developer/usr/lib/swift/host/plugins/libPreviewsMacros.dylib\#/Applications/Xcode-27.0.0-Release.Candidate.app/Contents/Developer/Platforms/AppleTVOS.platform/Developer/usr/bin/swift-plugin-server\#PreviewsMacros -load-resolved-plugin /Applications/Xcode-27.0.0-Release.Candidate.app/Contents/Developer/Platforms/AppleTVOS.platform/Developer/usr/lib/swift/host/plugins/libSwiftMacros.dylib\#/Applications/Xcode-27.0.0-Release.Candidate.app/Contents/Developer/Platforms/AppleTVOS.platform/Developer/usr/bin/swift-plugin-server\#SwiftMacros -load-resolved-plugin /Applications/Xcode-27.0.0-Release.Candidate.app/Contents/Developer/Platforms/AppleTVOS.platform/Developer/usr/lib/swift/host/plugins/libSwiftUIMacros.dylib\#/Applications/Xcode-27.0.0-Release.Candidate.app/Contents/Developer/Platforms/AppleTVOS.platform/Developer/usr/bin/swift-plugin-server\#SwiftUIMacros -disable-implicit-swift-modules -Xcc -fno-implicit-modules -Xcc -fno-implicit-module-maps -explicit-swift-module-map-file /Users/admin/builder/spi-builder-workspace/.derivedData/Build/Intermediates.noindex/SettingsViewController.build/Debug-appletvos/SettingsViewController-t.build/Objects-normal/arm64/SettingsViewController-dependencies-1.json -Xllvm -aarch64-use-tbi -enable-objc-interop -stack-check -sdk /Applications/Xcode-27.0.0-Release.Candidate.app/Contents/Developer/Platforms/AppleTVOS.platform/Developer/SDKs/AppleTVOS27.0.sdk -I /Users/admin/builder/spi-builder-workspace/.derivedData/Build/Products/Debug-appletvos -Isystem /Applications/Xcode-27.0.0-Release.Candidate.app/Contents/Developer/Platforms/AppleTVOS.platform/Developer/usr/lib -F /Users/admin/builder/spi-builder-workspace/.derivedData/Build/Products/Debug-appletvos/PackageFrameworks -F /Users/admin/builder/spi-builder-workspace/.derivedData/Build/Products/Debug-appletvos -F /Applications/Xcode-27.0.0-Release.Candidate.app/Contents/Developer/Platforms/AppleTVOS.platform/Developer/Library/Frameworks -F /Applications/Xcode-27.0.0-Release.Candidate.app/Contents/Developer/Platforms/AppleTVOS.platform/Developer/SDKs/AppleTVOS27.0.sdk/Developer/Library/Frameworks -module-cache-path /Users/admin/builder/spi-builder-workspace/.derivedData/Build/Intermediates.noindex/SwiftExplicitPrecompiledModules -no-color-diagnostics -Xcc -fno-color-diagnostics -enable-testing -g -debug-info-format\=dwarf -dwarf-version\=4 -swift-version 5 -Onone -D SWIFT_PACKAGE -D DEBUG -D SWIFT_MODULE_RESOURCE_BUNDLE_UNAVAILABLE -D Xcode -serialize-debugging-options -enable-experimental-feature DebugDescriptionMacro -empty-abi-descriptor -validate-clang-modules-once -clang-build-session-file /Users/admin/builder/spi-builder-workspace/.derivedData/ModuleCache.noindex/Session.modulevalidation -Xcc -working-directory -Xcc /Users/admin/builder/spi-builder-workspace/.swiftpm/xcode -enable-anonymous-context-mangled-names -file-compilation-dir /Users/admin/builder/spi-builder-workspace/.swiftpm/xcode -Xcc -D_LIBCPP_HARDENING_MODE\=_LIBCPP_HARDENING_MODE_DEBUG -Xcc -ivfsstatcache -Xcc /Users/admin/builder/spi-builder-workspace/.derivedData/SDKStatCaches.noindex/appletvos27.0-24J360-e829b21a6f8c9b70876ba0858053c044b32bfd8d43560033f8d89884cdb90028.sdkstatcache -Xcc -fmodules-prune-interval\=86400 -Xcc -fmodules-prune-after\=345600 -Xcc -I/Users/admin/builder/spi-builder-workspace/.derivedData/Build/Products/Debug-appletvos/include -Xcc -I/Users/admin/builder/spi-builder-workspace/.derivedData/Build/Intermediates.noindex/SettingsViewController.build/Debug-appletvos/SettingsViewController-t.build/DerivedSources-normal/arm64 -Xcc -I/Users/admin/builder/spi-builder-workspace/.derivedData/Build/Intermediates.noindex/SettingsViewController.build/Debug-appletvos/SettingsViewController-t.build/DerivedSources/arm64 -Xcc -I/Users/admin/builder/spi-builder-workspace/.derivedData/Build/Intermediates.noindex/SettingsViewController.build/Debug-appletvos/SettingsViewController-t.build/DerivedSources -Xcc -DSWIFT_PACKAGE -Xcc -DDEBUG\=1 -no-auto-bridging-header-chaining -module-name SettingsViewController -const-gather-protocols-file /Users/admin/builder/spi-builder-workspace/.derivedData/Build/Intermediates.noindex/SettingsViewController.build/Debug-appletvos/SettingsViewController-t.build/Objects-normal/arm64/SettingsViewController_const_extract_protocols.json -disable-clang-spi -clang-target arm64-apple-tvos27.0 -target-sdk-version 27.0 -target-sdk-name appletvos27.0 -in-process-plugin-server-path /Applications/Xcode-27.0.0-Release.Candidate.app/Contents/Developer/Toolchains/XcodeDefault.xctoolchain/usr/lib/swift/host/libSwiftInProcPluginServer.dylib -parse-as-library -o /Users/admin/builder/spi-builder-workspace/.derivedData/Build/Intermediates.noindex/SettingsViewController.build/Debug-appletvos/SettingsViewController-t.build/Objects-normal/arm64/SettingsViewController.o -debug-module-path /Users/admin/builder/spi-builder-workspace/.derivedData/Build/Intermediates.noindex/SettingsViewController.build/Debug-appletvos/SettingsViewController-t.build/Objects-normal/arm64/SettingsViewController.swiftmodule -index-unit-output-path /SettingsViewController.build/Debug-appletvos/SettingsViewController-t.build/Objects-normal/arm64/SettingsViewController.o -index-store-path /Users/admin/builder/spi-builder-workspace/.derivedData/Index.noindex/DataStore -index-system-modules
SwiftCompile normal arm64 /Users/admin/builder/spi-builder-workspace/Sources/SettingsViewController/SettingsViewController.swift (in target 'SettingsViewController' from project 'SettingsViewController')
cd /Users/admin/builder/spi-builder-workspace/.swiftpm/xcode
builtin-SwiftPerFileCompile SettingsViewController.swift
SwiftCompile normal arm64 Compiling\ TableView+Extensions.swift /Users/admin/builder/spi-builder-workspace/Sources/SettingsViewController/TableView+Extensions.swift (in target 'SettingsViewController' from project 'SettingsViewController')
SwiftCompile normal arm64 /Users/admin/builder/spi-builder-workspace/Sources/SettingsViewController/TableView+Extensions.swift (in target 'SettingsViewController' from project 'SettingsViewController')
cd /Users/admin/builder/spi-builder-workspace/.swiftpm/xcode
builtin-SwiftPerFileCompile TableView+Extensions.swift
SwiftCompile normal arm64 Compiling\ SelectionSettingCell.swift /Users/admin/builder/spi-builder-workspace/Sources/SettingsViewController/SettingCell/SelectionSettingCell.swift (in target 'SettingsViewController' from project 'SettingsViewController')
SwiftCompile normal arm64 /Users/admin/builder/spi-builder-workspace/Sources/SettingsViewController/SettingCell/SelectionSettingCell.swift (in target 'SettingsViewController' from project 'SettingsViewController')
cd /Users/admin/builder/spi-builder-workspace/.swiftpm/xcode
builtin-SwiftPerFileCompile SelectionSettingCell.swift
SwiftCompile normal arm64 Compiling\ BoolSettingCell.swift /Users/admin/builder/spi-builder-workspace/Sources/SettingsViewController/SettingCell/BoolSettingCell.swift (in target 'SettingsViewController' from project 'SettingsViewController')
/Users/admin/builder/spi-builder-workspace/Sources/SettingsViewController/SettingCell/BoolSettingCell.swift:8:20: error: 'UISwitch' is unavailable in tvOS
6 | let containerView = UIView()
7 | let optionName = UILabel()
8 | let `switch` = UISwitch()
| `- error: 'UISwitch' is unavailable in tvOS
9 |
10 | var option: BoolSetting?
/Applications/Xcode-27.0.0-Release.Candidate.app/Contents/Developer/Platforms/AppleTVOS.platform/Developer/SDKs/AppleTVOS27.0.sdk/System/Library/Frameworks/UIKit.framework/Headers/UISwitch.h:23:12: note: 'UISwitch' has been explicitly marked unavailable here
21 |
22 | UIKIT_EXTERN API_AVAILABLE(ios(2.0)) API_UNAVAILABLE(tvos, watchos) NS_SWIFT_UI_ACTOR
23 | @interface UISwitch : UIControl <NSCoding>
| `- note: 'UISwitch' has been explicitly marked unavailable here
24 |
25 | @property(nullable, nonatomic, strong) UIColor *onTintColor API_AVAILABLE(ios(5.0)) UI_APPEARANCE_SELECTOR;
/Users/admin/builder/spi-builder-workspace/Sources/SettingsViewController/SettingCell/BoolSettingCell.swift:58:41: error: 'UISwitch' is unavailable in tvOS
56 |
57 | @objc
58 | private func valueChanged(_ sender: UISwitch) {
| `- error: 'UISwitch' is unavailable in tvOS
59 | self.option?.value = sender.isOn
60 | }
/Applications/Xcode-27.0.0-Release.Candidate.app/Contents/Developer/Platforms/AppleTVOS.platform/Developer/SDKs/AppleTVOS27.0.sdk/System/Library/Frameworks/UIKit.framework/Headers/UISwitch.h:23:12: note: 'UISwitch' has been explicitly marked unavailable here
21 |
22 | UIKIT_EXTERN API_AVAILABLE(ios(2.0)) API_UNAVAILABLE(tvos, watchos) NS_SWIFT_UI_ACTOR
23 | @interface UISwitch : UIControl <NSCoding>
| `- note: 'UISwitch' has been explicitly marked unavailable here
24 |
25 | @property(nullable, nonatomic, strong) UIColor *onTintColor API_AVAILABLE(ios(5.0)) UI_APPEARANCE_SELECTOR;
SwiftCompile normal arm64 /Users/admin/builder/spi-builder-workspace/Sources/SettingsViewController/SettingCell/BoolSettingCell.swift (in target 'SettingsViewController' from project 'SettingsViewController')
cd /Users/admin/builder/spi-builder-workspace/.swiftpm/xcode
builtin-SwiftPerFileCompile BoolSettingCell.swift
SwiftDriverJobDiscovery normal arm64 Compiling SettingCell.swift (in target 'SettingsViewController' from project 'SettingsViewController')
PruneExplicitPrecompiledModules /Users/admin/builder/spi-builder-workspace/.derivedData/SDKExplicitPrecompiledModules
PruneExplicitPrecompiledModules /Users/admin/builder/spi-builder-workspace/.derivedData/Build/Intermediates.noindex/ExplicitPrecompiledModules
PruneExplicitPrecompiledModules /Users/admin/builder/spi-builder-workspace/.derivedData/Build/Intermediates.noindex/SwiftExplicitPrecompiledModules
2026-09-18 04:24:25.930 xcodebuild[799:4992] [MT] IDERunDestination: Supported platforms for the buildables in the current scheme is empty.
** BUILD FAILED **
The following build commands failed:
SwiftCompile normal arm64 Compiling\ SettingsViewController.swift /Users/admin/builder/spi-builder-workspace/Sources/SettingsViewController/SettingsViewController.swift (in target 'SettingsViewController' from project 'SettingsViewController')
SwiftCompile normal arm64 /Users/admin/builder/spi-builder-workspace/Sources/SettingsViewController/SettingsViewController.swift (in target 'SettingsViewController' from project 'SettingsViewController')
Building workspace SettingsViewController with scheme SettingsViewController
(3 failures)
BUILD FAILURE 6.4 tvOS