Build Information
Failed to build GoogleCloudDataplexV1, reference 0.5.0 (bfee4c), with Swift 6.2 for Android on 11 Oct 2026 06:01:52 UTC.
Build Command
bash -c docker run --pull=always --rm -v "checkouts-54344845-2":/host -w "$PWD" -e JAVA_HOME="/root/.sdkman/candidates/java/current" -e SPI_BUILD="1" -e SPI_PROCESSING="1" registry.gitlab.com/saguaro1/spi-images:android-6.2-latest swift build --swift-sdk aarch64-unknown-linux-android28 2>&1Build Log
========================================
RunAll
========================================
Builder version: 5.1.1
Interrupt handler set up.
========================================
Checkout
========================================
Clone URL: https://github.com/googleapis/swift-google-cloud-dataplex-v1.git
Reference: 0.5.0
Initialized empty Git repository in /host/spi-builder-workspace/.git/
hint: Using 'master' as the name for the initial branch. This default branch name
hint: is subject to change. To configure the initial branch name to use in all
hint: of your new repositories, which will suppress this warning, call:
hint:
hint: git config --global init.defaultBranch <name>
hint:
hint: Names commonly chosen instead of 'master' are 'main', 'trunk' and
hint: 'development'. The just-created branch can be renamed via this command:
hint:
hint: git branch -m <name>
From https://github.com/googleapis/swift-google-cloud-dataplex-v1
* tag 0.5.0 -> FETCH_HEAD
HEAD is now at bfee4c6 chore: release circa 2026-10-07 (#1382)
Cloned https://github.com/googleapis/swift-google-cloud-dataplex-v1.git
Revision (git rev-parse @):
bfee4c6dd4d4eb917aa779a709c389b249dd4834
SPI manifest file found: $PWD/.spi.yml
SUCCESS checkout https://github.com/googleapis/swift-google-cloud-dataplex-v1.git at 0.5.0
========================================
Build
========================================
Selected platform: android
Swift version: 6.2
Building package at path: $PWD
https://github.com/googleapis/swift-google-cloud-dataplex-v1.git
Running build ...
bash -c docker run --pull=always --rm -v "checkouts-54344845-2":/host -w "$PWD" -e JAVA_HOME="/root/.sdkman/candidates/java/current" -e SPI_BUILD="1" -e SPI_PROCESSING="1" registry.gitlab.com/saguaro1/spi-images:android-6.2-latest swift build --swift-sdk aarch64-unknown-linux-android28 2>&1
android-6.2-latest: Pulling from saguaro1/spi-images
Digest: sha256:a839c9ce201f1dacc8eb056626ec7ab0a1c6d53d7b77c83feda395f4507c51be
Status: Image is up to date for registry.gitlab.com/saguaro1/spi-images:android-6.2-latest
Fetching https://github.com/googleapis/swift-google-gax
Fetching https://github.com/apple/swift-log
Fetching https://github.com/googleapis/swift-google-wkt
Fetching https://github.com/googleapis/swift-google-longrunning
Fetching https://github.com/googleapis/swift-google-iam-v1
[1/1748] Fetching swift-google-gax
[875/10005] Fetching swift-google-gax, swift-log
[1506/10624] Fetching swift-google-gax, swift-log, swift-google-longrunning
[2534/11330] Fetching swift-google-gax, swift-log, swift-google-longrunning, swift-google-iam-v1
[2798/12353] Fetching swift-google-gax, swift-log, swift-google-longrunning, swift-google-iam-v1, swift-google-wkt
Fetched https://github.com/googleapis/swift-google-longrunning from cache (0.57s)
[4731/11734] Fetching swift-google-gax, swift-log, swift-google-iam-v1, swift-google-wkt
Fetching https://github.com/googleapis/swift-google-cloud-location
Fetched https://github.com/googleapis/swift-google-iam-v1 from cache (0.59s)
[4588/11028] Fetching swift-google-gax, swift-log, swift-google-wkt
Fetching https://github.com/googleapis/swift-google-auth
Fetched https://github.com/googleapis/swift-google-gax from cache (0.88s)
Fetching https://github.com/googleapis/swift-google-rpc
Fetched https://github.com/googleapis/swift-google-wkt from cache (0.88s)
Fetched https://github.com/apple/swift-log from cache (0.89s)
[1/1023] Fetching swift-google-auth
[165/1575] Fetching swift-google-auth, swift-google-cloud-location
Fetched https://github.com/googleapis/swift-google-auth from cache (0.52s)
Fetched https://github.com/googleapis/swift-google-cloud-location from cache (0.56s)
[1/422] Fetching swift-google-rpc
Fetched https://github.com/googleapis/swift-google-rpc from cache (0.43s)
Computing version for https://github.com/googleapis/swift-google-wkt
Computed https://github.com/googleapis/swift-google-wkt at 0.5.0 (1.70s)
Fetching https://github.com/swift-extras/swift-extras-base64
[10/954] Fetching swift-extras-base64
Fetched https://github.com/swift-extras/swift-extras-base64 from cache (0.45s)
Computing version for https://github.com/googleapis/swift-google-rpc
Computed https://github.com/googleapis/swift-google-rpc at 0.5.0 (0.86s)
Computing version for https://github.com/googleapis/swift-google-longrunning
Computed https://github.com/googleapis/swift-google-longrunning at 0.5.0 (0.40s)
Computing version for https://github.com/googleapis/swift-google-iam-v1
Computed https://github.com/googleapis/swift-google-iam-v1 at 0.5.0 (0.41s)
Fetching https://github.com/googleapis/swift-google-type
[1/437] Fetching swift-google-type
Fetched https://github.com/googleapis/swift-google-type from cache (0.42s)
Computing version for https://github.com/googleapis/swift-google-gax
Computed https://github.com/googleapis/swift-google-gax at 0.5.0 (0.86s)
Fetching https://github.com/apple/swift-nio
Fetching https://github.com/swift-server/async-http-client.git
[1/16464] Fetching async-http-client
[11856/102838] Fetching async-http-client, swift-nio
Fetched https://github.com/swift-server/async-http-client.git from cache (1.49s)
[23321/86374] Fetching swift-nio
Fetched https://github.com/apple/swift-nio from cache (5.68s)
Computing version for https://github.com/googleapis/swift-google-cloud-location
Computed https://github.com/googleapis/swift-google-cloud-location at 0.5.0 (6.06s)
Computing version for https://github.com/googleapis/swift-google-auth
Computed https://github.com/googleapis/swift-google-auth at 0.5.0 (0.39s)
Fetching https://github.com/apple/swift-system.git
Fetching https://github.com/vapor/jwt-kit.git
[1/7241] Fetching swift-system
[3043/17495] Fetching swift-system, jwt-kit
Fetched https://github.com/apple/swift-system.git from cache (1.21s)
Fetched https://github.com/vapor/jwt-kit.git from cache (1.22s)
Computing version for https://github.com/googleapis/swift-google-type
Computed https://github.com/googleapis/swift-google-type at 0.5.0 (1.66s)
Computing version for https://github.com/swift-extras/swift-extras-base64
Computed https://github.com/swift-extras/swift-extras-base64 at 1.2.0 (0.39s)
Computing version for https://github.com/swift-server/async-http-client.git
Computed https://github.com/swift-server/async-http-client.git at 1.36.2 (0.43s)
Fetching https://github.com/apple/swift-service-context.git
Fetching https://github.com/apple/swift-distributed-tracing.git
Fetching https://github.com/apple/swift-algorithms.git
Fetching https://github.com/apple/swift-nio-transport-services.git
Fetching https://github.com/apple/swift-atomics.git
Fetching https://github.com/apple/swift-configuration.git
[1/3928] Fetching swift-configuration
[944/5428] Fetching swift-configuration, swift-service-context
[3034/7317] Fetching swift-configuration, swift-service-context, swift-atomics
[4589/10184] Fetching swift-configuration, swift-service-context, swift-atomics, swift-nio-transport-services
[6732/16735] Fetching swift-configuration, swift-service-context, swift-atomics, swift-nio-transport-services, swift-distributed-tracing
[6733/22899] Fetching swift-configuration, swift-service-context, swift-atomics, swift-nio-transport-services, swift-distributed-tracing, swift-algorithms
Fetched https://github.com/apple/swift-configuration.git from cache (0.72s)
[12499/18971] Fetching swift-service-context, swift-atomics, swift-nio-transport-services, swift-distributed-tracing, swift-algorithms
Fetching https://github.com/apple/swift-nio-extras.git
Fetched https://github.com/apple/swift-nio-transport-services.git from cache (0.74s)
Fetching https://github.com/apple/swift-nio-ssl.git
[12087/16104] Fetching swift-service-context, swift-atomics, swift-distributed-tracing, swift-algorithms
Fetched https://github.com/apple/swift-atomics.git from cache (0.90s)
Fetching https://github.com/apple/swift-nio-http2.git
Fetched https://github.com/apple/swift-algorithms.git from cache (0.97s)
Fetched https://github.com/apple/swift-service-context.git from cache (1.03s)
Fetched https://github.com/apple/swift-distributed-tracing.git from cache (1.04s)
[1/6703] Fetching swift-nio-extras
[2/23574] Fetching swift-nio-extras, swift-nio-ssl
[7885/35868] Fetching swift-nio-extras, swift-nio-ssl, swift-nio-http2
Fetched https://github.com/apple/swift-nio-extras.git from cache (0.76s)
[2134/29165] Fetching swift-nio-ssl, swift-nio-http2
Fetched https://github.com/apple/swift-nio-http2.git from cache (1.72s)
Fetched https://github.com/apple/swift-nio-ssl.git from cache (2.36s)
Computing version for https://github.com/apple/swift-service-context.git
Computed https://github.com/apple/swift-service-context.git at 1.3.0 (3.53s)
Computing version for https://github.com/apple/swift-algorithms.git
Computed https://github.com/apple/swift-algorithms.git at 1.2.1 (1.61s)
Fetching https://github.com/apple/swift-numerics.git
[1/6733] Fetching swift-numerics
Fetched https://github.com/apple/swift-numerics.git from cache (0.70s)
Computing version for https://github.com/apple/swift-log
Computed https://github.com/apple/swift-log at 1.16.1 (1.12s)
Computing version for https://github.com/apple/swift-distributed-tracing.git
Computed https://github.com/apple/swift-distributed-tracing.git at 1.5.0 (0.36s)
Computing version for https://github.com/apple/swift-atomics.git
Computed https://github.com/apple/swift-atomics.git at 1.3.1 (0.46s)
Computing version for https://github.com/apple/swift-numerics.git
Computed https://github.com/apple/swift-numerics.git at 1.1.1 (0.43s)
Computing version for https://github.com/apple/swift-nio
Computed https://github.com/apple/swift-nio at 2.104.0 (0.73s)
Fetching https://github.com/apple/swift-collections.git
[1/28703] Fetching swift-collections
Fetched https://github.com/apple/swift-collections.git from cache (1.81s)
Computing version for https://github.com/apple/swift-configuration.git
Computed https://github.com/apple/swift-configuration.git at 1.2.2 (3.30s)
Fetching https://github.com/swift-server/swift-service-lifecycle
[1/2867] Fetching swift-service-lifecycle
Fetched https://github.com/swift-server/swift-service-lifecycle from cache (0.59s)
Computing version for https://github.com/apple/swift-nio-transport-services.git
Computed https://github.com/apple/swift-nio-transport-services.git at 1.28.0 (0.97s)
Computing version for https://github.com/swift-server/swift-service-lifecycle
Computed https://github.com/swift-server/swift-service-lifecycle at 2.12.1 (0.38s)
Fetching https://github.com/apple/swift-async-algorithms.git
[1/6820] Fetching swift-async-algorithms
Fetched https://github.com/apple/swift-async-algorithms.git from cache (0.72s)
Computing version for https://github.com/apple/swift-async-algorithms.git
Computed https://github.com/apple/swift-async-algorithms.git at 1.1.7 (1.20s)
Computing version for https://github.com/apple/swift-collections.git
Computed https://github.com/apple/swift-collections.git at 1.7.2 (0.46s)
Computing version for https://github.com/apple/swift-nio-http2.git
Computed https://github.com/apple/swift-nio-http2.git at 1.46.0 (0.42s)
Computing version for https://github.com/vapor/jwt-kit.git
Computed https://github.com/vapor/jwt-kit.git at 5.7.1 (0.31s)
Fetching https://github.com/apple/swift-crypto.git
Fetching https://github.com/apple/swift-certificates.git
[1/18629] Fetching swift-crypto
[2/26238] Fetching swift-crypto, swift-certificates
Fetched https://github.com/apple/swift-certificates.git from cache (2.21s)
Fetched https://github.com/apple/swift-crypto.git from cache (2.24s)
Computing version for https://github.com/apple/swift-crypto.git
Computed https://github.com/apple/swift-crypto.git at 4.5.2 (3.41s)
Fetching https://github.com/apple/swift-asn1.git
[21/2009] Fetching swift-asn1
Fetched https://github.com/apple/swift-asn1.git from cache (0.53s)
Computing version for https://github.com/apple/swift-asn1.git
Computed https://github.com/apple/swift-asn1.git at 1.7.3 (1.02s)
Computing version for https://github.com/apple/swift-certificates.git
Computed https://github.com/apple/swift-certificates.git at 1.21.0 (0.51s)
Computing version for https://github.com/apple/swift-nio-ssl.git
Computed https://github.com/apple/swift-nio-ssl.git at 2.37.5 (0.43s)
Computing version for https://github.com/apple/swift-system.git
Computed https://github.com/apple/swift-system.git at 1.8.1 (0.41s)
Computing version for https://github.com/apple/swift-nio-extras.git
Computed https://github.com/apple/swift-nio-extras.git at 1.35.1 (0.60s)
Fetching https://github.com/apple/swift-http-structured-headers.git
Fetching https://github.com/apple/swift-http-types.git
[1/1939] Fetching swift-http-types
[1940/3192] Fetching swift-http-types, swift-http-structured-headers
Fetched https://github.com/apple/swift-http-types.git from cache (0.53s)
[51/1253] Fetching swift-http-structured-headers
Fetched https://github.com/apple/swift-http-structured-headers.git from cache (0.75s)
Computing version for https://github.com/apple/swift-http-structured-headers.git
Computed https://github.com/apple/swift-http-structured-headers.git at 1.7.0 (1.17s)
Computing version for https://github.com/apple/swift-http-types.git
Computed https://github.com/apple/swift-http-types.git at 1.8.0 (0.44s)
Creating working copy for https://github.com/apple/swift-asn1.git
Working copy of https://github.com/apple/swift-asn1.git resolved at 1.7.3
Creating working copy for https://github.com/apple/swift-http-types.git
Working copy of https://github.com/apple/swift-http-types.git resolved at 1.8.0
Creating working copy for https://github.com/apple/swift-numerics.git
Working copy of https://github.com/apple/swift-numerics.git resolved at 1.1.1
Creating working copy for https://github.com/apple/swift-system.git
Working copy of https://github.com/apple/swift-system.git resolved at 1.8.1
Creating working copy for https://github.com/apple/swift-certificates.git
Working copy of https://github.com/apple/swift-certificates.git resolved at 1.21.0
Creating working copy for https://github.com/googleapis/swift-google-gax
Working copy of https://github.com/googleapis/swift-google-gax resolved at 0.5.0
Creating working copy for https://github.com/apple/swift-log
Working copy of https://github.com/apple/swift-log resolved at 1.16.1
Creating working copy for https://github.com/apple/swift-atomics.git
Working copy of https://github.com/apple/swift-atomics.git resolved at 1.3.1
Creating working copy for https://github.com/googleapis/swift-google-iam-v1
Working copy of https://github.com/googleapis/swift-google-iam-v1 resolved at 0.5.0
Creating working copy for https://github.com/googleapis/swift-google-auth
Working copy of https://github.com/googleapis/swift-google-auth resolved at 0.5.0
Creating working copy for https://github.com/vapor/jwt-kit.git
Working copy of https://github.com/vapor/jwt-kit.git resolved at 5.7.1
Creating working copy for https://github.com/googleapis/swift-google-wkt
Working copy of https://github.com/googleapis/swift-google-wkt resolved at 0.5.0
Creating working copy for https://github.com/apple/swift-nio-transport-services.git
Working copy of https://github.com/apple/swift-nio-transport-services.git resolved at 1.28.0
Creating working copy for https://github.com/apple/swift-http-structured-headers.git
Working copy of https://github.com/apple/swift-http-structured-headers.git resolved at 1.7.0
Creating working copy for https://github.com/googleapis/swift-google-cloud-location
Working copy of https://github.com/googleapis/swift-google-cloud-location resolved at 0.5.0
Creating working copy for https://github.com/swift-server/async-http-client.git
Working copy of https://github.com/swift-server/async-http-client.git resolved at 1.36.2
Creating working copy for https://github.com/apple/swift-service-context.git
Working copy of https://github.com/apple/swift-service-context.git resolved at 1.3.0
Creating working copy for https://github.com/swift-extras/swift-extras-base64
Working copy of https://github.com/swift-extras/swift-extras-base64 resolved at 1.2.0
Creating working copy for https://github.com/apple/swift-async-algorithms.git
Working copy of https://github.com/apple/swift-async-algorithms.git resolved at 1.1.7
Creating working copy for https://github.com/googleapis/swift-google-type
Working copy of https://github.com/googleapis/swift-google-type resolved at 0.5.0
Creating working copy for https://github.com/apple/swift-algorithms.git
Working copy of https://github.com/apple/swift-algorithms.git resolved at 1.2.1
Creating working copy for https://github.com/googleapis/swift-google-longrunning
Working copy of https://github.com/googleapis/swift-google-longrunning resolved at 0.5.0
Creating working copy for https://github.com/swift-server/swift-service-lifecycle
Working copy of https://github.com/swift-server/swift-service-lifecycle resolved at 2.12.1
Creating working copy for https://github.com/googleapis/swift-google-rpc
Working copy of https://github.com/googleapis/swift-google-rpc resolved at 0.5.0
Creating working copy for https://github.com/apple/swift-nio-http2.git
Working copy of https://github.com/apple/swift-nio-http2.git resolved at 1.46.0
Creating working copy for https://github.com/apple/swift-nio
Working copy of https://github.com/apple/swift-nio resolved at 2.104.0
Creating working copy for https://github.com/apple/swift-nio-extras.git
Working copy of https://github.com/apple/swift-nio-extras.git resolved at 1.35.1
Creating working copy for https://github.com/apple/swift-configuration.git
Working copy of https://github.com/apple/swift-configuration.git resolved at 1.2.2
Creating working copy for https://github.com/apple/swift-collections.git
Working copy of https://github.com/apple/swift-collections.git resolved at 1.7.2
Creating working copy for https://github.com/apple/swift-crypto.git
Working copy of https://github.com/apple/swift-crypto.git resolved at 4.5.2
Creating working copy for https://github.com/apple/swift-nio-ssl.git
Working copy of https://github.com/apple/swift-nio-ssl.git resolved at 2.37.5
Creating working copy for https://github.com/apple/swift-distributed-tracing.git
Working copy of https://github.com/apple/swift-distributed-tracing.git resolved at 1.5.0
Building for debugging...
[0/1738] Compiling _NumericsShims _NumericsShims.c
[0/1738] Write sources
[5/1738] Compiling _AtomicsShims.c
[5/1738] Write sources
[35/1738] Compiling CAsyncHTTPClient CAsyncHTTPClient.c
[36/1738] Write sources
[234/1738] Write swift-version--11D90AFD9DD3AB2.txt
[235/1738] Compiling SimpleFIPS202.c
[236/1738] Compiling CXKCPShims shims.c
[237/1738] Compiling KeccakSponge.c
[238/1746] Compiling a_octet.cc
[239/1746] Compiling a_d2i_fp.cc
[240/1746] Compiling aes.cc
[241/1776] Compiling a_dup.cc
[242/1788] Compiling a_object.cc
[244/1816] Compiling InternalCollectionsUtilities UnsafeMutablePointer+Extras.swift
[245/1816] Compiling InternalCollectionsUtilities UnsafeMutableRawBufferPointer+Extras.swift
[246/1816] Compiling InternalCollectionsUtilities UnsafePointer+Extras.swift
[247/1816] Compiling InternalCollectionsUtilities _UnsafeBitSet+_Word.swift
[248/1816] Compiling InternalCollectionsUtilities _UnsafeBitSet.swift
[249/1816] Compiling InternalCollectionsUtilities UnsafeBufferPointer+Extras.swift
[250/1816] Compiling InternalCollectionsUtilities UnsafeMutableBufferPointer+Extras.swift
[251/1819] Compiling InternalCollectionsUtilities Strideable+LimitHelpers.swift
[252/1819] Compiling InternalCollectionsUtilities String+Padding.swift
[253/1819] Compiling InternalCollectionsUtilities TemporaryAllocation.swift
[254/1819] Compiling InternalCollectionsUtilities _UnsafeBitSet+Index.swift
[255/1819] Compiling RealModule RealFunctions.swift
[256/1820] Compiling RealModule Real.swift
[257/1820] Emitting module RealModule
[258/1820] Emitting module InternalCollectionsUtilities
[259/1820] Compiling InternalCollectionsUtilities Debugging.swift
[260/1820] Compiling InternalCollectionsUtilities Descriptions.swift
[261/1820] Compiling InternalCollectionsUtilities FixedWidthInteger+roundUpToPowerOfTwo.swift
[262/1820] Compiling InternalCollectionsUtilities Integer rank.swift
[263/1820] Compiling InternalCollectionsUtilities UInt+first and last set bit.swift
[264/1820] Compiling InternalCollectionsUtilities UInt+reversed.swift
[265/1820] Compiling InternalCollectionsUtilities BorrowingIteratorProtocol+Equality.swift
[266/1820] Compiling InternalCollectionsUtilities BorrowingIteratorProtocol+Extras.swift
[269/1820] Compiling InternalCollectionsUtilities Iterable+CopyContents.swift
[270/1820] Compiling InternalCollectionsUtilities Iterable+Equality.swift
[271/1820] Compiling InternalCollectionsUtilities LifetimeOverride.swift
[272/1820] Compiling InternalCollectionsUtilities MutableRef.swift
[273/1820] Compiling InternalCollectionsUtilities MutableSpan+Extras.swift
[274/1820] Compiling InternalCollectionsUtilities OutputSpan+Extras.swift
[275/1820] Compiling InternalCollectionsUtilities RandomAccessCollection+Offsets.swift
[276/1820] Compiling InternalCollectionsUtilities Span+Extras.swift
[279/1822] Compiling RealModule Float80+Real.swift
[280/1822] Compiling RealModule Float16+Real.swift
[287/1822] Emitting module ServiceContextModule
[290/1822] Compiling RealModule RelaxedArithmetic.swift
[294/1823] Emitting module _NIOBase64
[295/1823] Compiling _NIOBase64 Base64.swift
[296/1824] Compiling Logging LoggingSystem.swift
[298/1825] Compiling ServiceContextModule ServiceContextKey.swift
[299/1825] Compiling ServiceContextModule ServiceContext.swift
[301/1826] Compiling InternalCollectionsUtilities UnsafeRawBufferPointer+Extras.swift
[302/1826] Compiling InternalCollectionsUtilities _SortedCollection.swift
[303/1826] Compiling InternalCollectionsUtilities _UniqueCollection.swift
[305/1827] Compiling _NIODataStructures PriorityQueue.swift
[306/1827] Emitting module _NIODataStructures
[307/1827] Compiling _NIODataStructures _TinyArray.swift
[308/1827] Emitting module _CertificateInternals
[309/1827] Compiling _NIODataStructures Heap.swift
[310/1828] Compiling _CertificateInternals _TinyArray.swift
[310/1828] Wrapping AST for _NIOBase64 for debugging
[312/1829] Wrapping AST for RealModule for debugging
[316/1840] Compiling Logging Logger+Attributes.swift
[319/1840] Compiling Logging Logger.swift
[319/1840] Wrapping AST for ServiceContextModule for debugging
[321/1840] Compiling Logging Logger+With.swift
[321/1844] Wrapping AST for _NIODataStructures for debugging
[322/1844] Wrapping AST for _CertificateInternals for debugging
[324/1844] Compiling SpanPreview OutputSpan+InputSpanHelpers.swift
[325/1844] Compiling SpanPreview MutableSpan+InputSpanHelpers.swift
[326/1844] Compiling SpanPreview InputSpan.swift
[327/1844] Compiling Instrumentation NoOpInstrument.swift
[328/1844] Emitting module SpanPreview
[328/1845] Compiling KeccakHash.c
[330/1845] Emitting module SwiftASN1
[330/1845] Wrapping AST for InternalCollectionsUtilities for debugging
[332/1845] Compiling Instrumentation MultiplexInstrument.swift
[332/1845] Compiling CNIOWindows shim.c
[334/1845] Compiling CNIOWindows WSAStartup.c
[335/1845] Compiling CSystem shims.c
[336/1845] Compiling CNIOWASI CNIOWASI.c
[337/1845] Compiling CNIOPosix event_loop_id.c
[339/1865] Emitting module Instrumentation
[340/1865] Compiling Instrumentation InstrumentationSystem.swift
[340/1882] Wrapping AST for SpanPreview for debugging
[341/1887] Compiling CNIOOpenBSD shim.c
[342/1924] Compiling CNIOLinux shim.c
[343/1924] Compiling CNIOLinux liburing_shims.c
[344/1924] Compiling KeccakP-1600-opt64.c
[345/1924] Compiling CNIOLLHTTP c_nio_http.c
[347/1924] Compiling SystemPackage FileFlags.swift
[348/1924] Compiling SystemPackage FileMode.swift
[349/1924] Compiling SystemPackage RawIORequest.swift
[350/1924] Compiling DequeModule UniqueDeque+ContainerOperations.swift
[351/1924] Compiling DequeModule UniqueDeque+Deprecations.swift
[352/1924] Compiling DequeModule UniqueDeque+Descriptions.swift
[353/1924] Compiling DequeModule UniqueDeque+Equatable.swift
[354/1924] Compiling DequeModule UniqueDeque+Hashable.swift
[355/1929] Compiling SystemPackage PlatformString.swift
[356/1929] Compiling SystemPackage IOCompletion.swift
[357/1929] Compiling SystemPackage IORequest.swift
[358/1929] Compiling SystemPackage IORing+Util.swift
[359/1929] Compiling SystemPackage IORing.swift
[359/1929] Compiling CNIOLLHTTP c_nio_api.c
[360/1929] Compiling CNIOFreeBSD shim.c
[361/1929] Compiling CNIOExtrasZlib zutil.c
[362/1929] Compiling CNIOLLHTTP c_nio_llhttp.c
[363/1929] Compiling CNIOExtrasZlib inftrees.c
[364/1929] Compiling CNIOExtrasZlib trees.c
[365/1929] Compiling CNIOExtrasZlib inffast.c
[366/1929] Compiling CNIOExtrasZlib inflate.c
[367/1929] Compiling CNIOExtrasZlib deflate.c
[369/1929] Compiling SystemPackage FilePathTempPosix.swift
[370/1929] Compiling SystemPackage FilePathTempWindows.swift
[371/1929] Compiling SystemPackage FilePathWindows.swift
[372/1929] Compiling SystemPackage FilePermissions.swift
[375/1929] Compiling SystemPackage FileType.swift
[376/1929] Compiling SystemPackage Identifiers.swift
[377/1929] Compiling SystemPackage Stat.swift
[378/1929] Compiling SystemPackage Backcompat.swift
[379/1929] Compiling SystemPackage CInterop.swift
[380/1929] Compiling SystemPackage Constants.swift
[381/1929] Compiling SystemPackage ErrnoWindows.swift
[382/1929] Compiling SystemPackage FileDescriptor.swift
[383/1929] Compiling SystemPackage FileHelpers.swift
[384/1929] Compiling SystemPackage FileOperations.swift
[385/1929] Compiling SystemPackage FilePath.swift
[386/1929] Compiling SystemPackage FilePathTemp.swift
[386/1929] Compiling CNIOExtrasZlib crc32.c
[387/1929] Compiling CNIOExtrasZlib adler32.c
[388/1929] Compiling CNIODarwin shim.c
[389/1929] Compiling fiat_p256_adx_sqr.S
[390/1929] Compiling fiat_p256_adx_mul.S
[391/1929] Compiling fiat_curve25519_adx_square.S
[392/1929] Compiling fiat_curve25519_adx_mul.S
[393/1929] Compiling CNIOBoringSSLShims shims.c
[395/1929] Compiling SystemPackage FilePathComponentView.swift
[396/1929] Compiling SystemPackage FilePathComponents.swift
[397/1929] Compiling SystemPackage FilePathParsing.swift
[398/1929] Compiling SystemPackage FilePathString.swift
[399/1929] Compiling SystemPackage FilePathSyntax.swift
[400/1929] Compiling SystemPackage Errno.swift
[401/1929] Compiling SystemPackage Exports.swift
[402/1929] Compiling SystemPackage Mocking.swift
[403/1929] Compiling SystemPackage RawBuffer.swift
[404/1929] Compiling SystemPackage Syscalls.swift
[405/1929] Compiling SystemPackage WindowsSyscallAdapters.swift
[406/1929] Compiling SystemPackage MachPort.swift
[407/1929] Compiling ExtrasBase64 Base32+Span.swift
[432/1934] Emitting module Logging
[433/1934] Compiling Logging MetadataProvider.swift
[434/1935] Compiling Instrumentation Instrument.swift
[435/1935] Compiling Instrumentation Locks.swift
[451/1945] Compiling Tracing InstrumentationSystem+Tracing.swift
[452/1946] Compiling Tracing Tracer.swift
[453/1946] Compiling Tracing TracerProtocol+Legacy.swift
[454/1946] Emitting module Tracing
[455/1946] Compiling Tracing TracerProtocol.swift
[456/1946] Compiling Tracing TracingTime.swift
[457/1946] Compiling Tracing WithTracer.swift
[458/1946] Compiling Tracing NoOpTracer.swift
[459/1946] Compiling Tracing SpanProtocol.swift
[472/1947] Emitting module SystemPackage
[472/1947] Wrapping AST for SwiftASN1 for debugging
[473/1947] Wrapping AST for Tracing for debugging
[474/1947] Wrapping AST for Logging for debugging
[475/1947] Wrapping AST for Instrumentation for debugging
[477/1947] Compiling SystemPackage SystemString.swift
[478/1947] Compiling SystemPackage Util+StringArray.swift
[479/1947] Compiling SystemPackage Util.swift
[480/1947] Compiling SystemPackage UtilConsumers.swift
[481/1947] Compiling SystemPackage WinSDK+Overlay.swift
[481/1947] Compiling tls_record.cc
[482/1947] Compiling tls_method.cc
[484/1948] Compiling tls13_server.cc
[485/1948] Wrapping AST for SystemPackage for debugging
[486/1948] Compiling tls13_enc.cc
[488/1948] Emitting module DequeModule
[489/1948] Compiling DequeModule UniqueDeque+Replacements.swift
[490/1948] Compiling DequeModule UniqueDeque.swift
[491/1948] Compiling DequeModule _DequeSlot.swift
[492/1948] Compiling DequeModule _UnsafeDequeHandle.swift
[493/1948] Compiling DequeModule _UnsafeDequeSegments.swift
[494/1949] Compiling tls13_client.cc
[495/1992] Compiling t1_enc.cc
[496/1992] Wrapping AST for DequeModule for debugging
[497/1992] Compiling tls13_both.cc
[498/1992] Compiling ssl_versions.cc
[500/1992] Compiling Configuration JSONSnapshot.swift
[501/1992] Compiling Configuration PropertyListSnapshot.swift
[502/1992] Compiling Configuration ReloadingFileProvider.swift
[503/1992] Compiling Configuration ReloadingFileProviderMetrics.swift
[504/1992] Compiling Configuration YAMLSnapshot.swift
[505/1992] Compiling Configuration InMemoryProvider.swift
[505/1997] Compiling ssl_x509.cc
[506/1997] Compiling ssl_transcript.cc
[507/1997] Compiling ssl_stat.cc
[509/1997] Compiling Configuration EnvironmentKeyEncoder.swift
[510/1997] Compiling Configuration EnvironmentVariablesProvider.swift
[511/1997] Compiling Configuration CommonProviderFileSystem.swift
[512/1997] Compiling Configuration DirectoryFilesProvider.swift
[513/1997] Compiling Configuration FileProvider.swift
[514/1997] Compiling Configuration FileProviderSnapshot.swift
[514/1997] Compiling ssl_session.cc
[515/1997] Compiling ssl_privkey.cc
[517/1997] Compiling ExtrasBase64 Base64+Span.swift
[518/1997] Compiling ExtrasBase64 Base32.swift
[519/1997] Compiling ExtrasBase64 Base64.swift
[519/1997] Compiling ssl_file.cc
[520/1997] Compiling ssl_key_share.cc
[522/1997] Emitting module ExtrasBase64
[522/1998] Compiling ssl_lib.cc
[524/1998] Compiling ssl_credential.cc
[525/2029] Compiling ssl_cipher.cc
[526/2029] Wrapping AST for ExtrasBase64 for debugging
[528/2029] Compiling Configuration SeparatorKeyEncoder.swift
[529/2029] Compiling Configuration MultiProvider.swift
[530/2029] Compiling Configuration CLIArgumentParser.swift
[531/2029] Compiling Configuration CLISnapshot.swift
[532/2029] Compiling Configuration CommandLineArgumentsProvider.swift
[533/2029] Compiling Configuration EnvironmentFileParser.swift
[534/2029] Compiling GoogleWKT WKTRecursive.swift
[535/2029] Compiling GoogleWKT UnknownFields.swift
[536/2029] Compiling GoogleWKT WKTAny.swift
[537/2029] Compiling GoogleWKT WKTAnyError.swift
[538/2029] Compiling GoogleWKT WKTBoolValue.swift
[539/2029] Compiling GoogleWKT WKTBytesValue.swift
[540/2029] Compiling GoogleWKT WKTValue.swift
[541/2029] Compiling GoogleWKT WKTApi.swift
[542/2029] Compiling GoogleWKT WKTEnum.swift
[543/2029] Compiling GoogleWKT WKTEnumValue.swift
[544/2029] Compiling GoogleWKT WKTStringValue.swift
[545/2029] Compiling GoogleWKT WKTTimestamp.swift
[545/2029] Compiling ssl_buffer.cc
[547/2029] Compiling Configuration CombineLatestManyStorage.swift
[548/2029] Compiling Configuration AsyncSequences.swift
[549/2029] Compiling Configuration FoundationExtensions.swift
[550/2029] Compiling Configuration Span.swift
[551/2029] Compiling Configuration ConfigBytesFromStringDecoder.swift
[551/2029] Compiling ssl_cert.cc
[552/2029] Compiling ssl_asn1.cc
[553/2029] Compiling s3_pkt.cc
[554/2029] Compiling ssl_aead_ctx.cc
[556/2029] Emitting module Configuration
[557/2029] Compiling GoogleWKT WKTDuration.swift
[558/2029] Compiling GoogleWKT WKTEmpty.swift
[559/2029] Compiling GoogleWKT WKTFieldMask.swift
[560/2029] Compiling GoogleWKT WKTFloatValue.swift
[561/2029] Compiling GoogleWKT WKTInt32Value.swift
[562/2029] Compiling GoogleWKT WKTInt64Value.swift
[567/2029] Compiling GoogleWKT AnyPackable.swift
[568/2029] Compiling GoogleWKT DecodeToDefault.swift
[569/2029] Compiling GoogleWKT DiscoveryBase64.swift
[570/2029] Compiling GoogleWKT ProtoJSONDecoder.swift
[571/2029] Compiling GoogleWKT ProtoJSONEncoder.swift
[572/2029] Compiling GoogleWKT WKTDoubleValue.swift
[574/2034] Compiling GoogleWKT WKTField.swift
[575/2034] Compiling GoogleWKT WKTMethod.swift
[576/2034] Compiling GoogleWKT WKTMixin.swift
[577/2034] Compiling GoogleWKT WKTOption.swift
[589/2034] Compiling GoogleWKT WKTUInt32Value.swift
[590/2034] Compiling GoogleWKT WKTUInt64Value.swift
[594/2034] Compiling s3_lib.cc
[595/2034] Wrapping AST for Configuration for debugging
[596/2034] Compiling handshake_server.cc
[598/2034] Compiling GoogleWKT WKTSourceContext.swift
[599/2034] Compiling GoogleWKT WKTSyntax.swift
[600/2034] Compiling GoogleWKT WKTType.swift
[601/2034] Compiling GoogleWKT PackageVersion.swift
[601/2034] Compiling s3_both.cc
[608/2034] Emitting module GoogleWKT
[609/2035] Compiling handshake.cc
[610/2039] Compiling handshake_client.cc
[611/2068] Compiling handoff.cc
[612/2068] Wrapping AST for GoogleWKT for debugging
[614/2068] Compiling GoogleRpc LocalizedMessage.swift
[615/2068] Compiling GoogleRpc PackageVersion.swift
[616/2070] Compiling GoogleRpc HttpResponse.swift
[618/2072] Compiling GoogleRpc ErrorInfo.swift
[619/2072] Compiling GoogleRpc HttpRequest.swift
[619/2072] Compiling extensions.cc
[621/2072] Compiling GoogleRpc RequestInfo.swift
[622/2072] Compiling GoogleRpc ResourceInfo.swift
[625/2072] Emitting module GoogleType
[626/2072] Compiling GoogleRpc DebugInfo.swift
[628/2072] Compiling GoogleRpc HttpHeader.swift
[631/2072] Compiling GoogleRpc Status.swift
[632/2072] Compiling GoogleType Quaternion.swift
[634/2072] Compiling GoogleRpc Help.swift
[635/2072] Emitting module GoogleRpc
[636/2072] Compiling GoogleRpc BadRequest.swift
[637/2072] Compiling GoogleRpc Code.swift
[637/2072] Compiling dtls_record.cc
[639/2072] Compiling GoogleRpc PreconditionFailure.swift
[640/2072] Compiling GoogleRpc QuotaFailure.swift
[641/2072] Compiling GoogleRpc RetryInfo.swift
[648/2072] Compiling encrypted_client_hello.cc
[652/2073] Compiling GoogleType TimeOfDay.swift
[653/2073] Compiling GoogleType TimeZone.swift
[655/2074] Compiling md5-x86_64-apple.S
[656/2074] Compiling md5-x86_64-linux.S
[657/2074] Compiling dtls_method.cc
[658/2074] Wrapping AST for GoogleRpc for debugging
[659/2074] Wrapping AST for GoogleType for debugging
[660/2074] Compiling md5-586-linux.S
[661/2074] Compiling md5-586-apple.S
[661/2074] Compiling d1_srtp.cc
[663/2074] Compiling chacha20_poly1305_x86_64-linux.S
[664/2074] Compiling chacha20_poly1305_x86_64-apple.S
[665/2074] Compiling chacha20_poly1305_armv8-win.S
[666/2074] Compiling chacha-x86_64-linux.S
[667/2074] Compiling chacha20_poly1305_armv8-apple.S
[668/2074] Compiling chacha-x86_64-apple.S
[669/2074] Compiling chacha20_poly1305_armv8-linux.S
[670/2074] Compiling chacha-x86-linux.S
[671/2074] Compiling chacha-x86-apple.S
[672/2074] Compiling chacha-armv8-win.S
[673/2074] Compiling chacha-armv8-apple.S
[674/2074] Compiling chacha-armv8-linux.S
[675/2074] Compiling chacha-armv4-linux.S
[676/2074] Compiling d1_pkt.cc
[677/2074] Compiling aes128gcmsiv-x86_64-linux.S
[678/2074] Compiling aes128gcmsiv-x86_64-apple.S
[679/2074] Compiling x86_64-mont5-linux.S
[680/2074] Compiling x86_64-mont5-apple.S
[681/2074] Compiling x86_64-mont-linux.S
[682/2074] Compiling x86_64-mont-apple.S
[683/2074] Compiling x86-mont-linux.S
[684/2074] Compiling x86-mont-apple.S
[685/2074] Compiling vpaes-x86_64-linux.S
[686/2074] Compiling err_data.cc
[687/2074] Compiling vpaes-x86_64-apple.S
[688/2074] Compiling vpaes-x86-linux.S
[689/2074] Compiling vpaes-armv8-win.S
[690/2074] Compiling vpaes-x86-apple.S
[691/2074] Compiling vpaes-armv8-apple.S
[692/2074] Compiling vpaes-armv8-linux.S
[693/2074] Compiling vpaes-armv7-linux.S
[694/2074] Compiling sha512-x86_64-linux.S
[695/2074] Compiling sha512-x86_64-apple.S
[696/2074] Compiling sha512-armv8-win.S
[697/2074] Compiling sha512-armv8-apple.S
[698/2074] Compiling sha512-586-linux.S
[699/2074] Compiling sha512-armv8-linux.S
[700/2074] Compiling sha512-armv4-linux.S
[701/2074] Compiling sha512-586-apple.S
[702/2074] Compiling sha256-x86_64-apple.S
[703/2074] Compiling sha256-x86_64-linux.S
[704/2074] Compiling sha256-armv8-win.S
[705/2074] Compiling sha256-armv8-linux.S
[706/2074] Compiling sha256-armv8-apple.S
[707/2074] Compiling sha256-586-apple.S
[708/2074] Compiling sha256-armv4-linux.S
[709/2074] Compiling sha1-x86_64-apple.S
[710/2074] Compiling sha1-x86_64-linux.S
[711/2074] Compiling sha256-586-linux.S
[712/2074] Compiling sha1-armv8-win.S
[713/2074] Compiling sha1-armv8-apple.S
[714/2074] Compiling sha1-armv4-large-linux.S
[715/2074] Compiling sha1-armv8-linux.S
[716/2074] Compiling sha1-586-linux.S
[717/2074] Compiling rsaz-avx2-linux.S
[718/2074] Compiling sha1-586-apple.S
[719/2074] Compiling rsaz-avx2-apple.S
[720/2074] Compiling p256_beeu-x86_64-asm-linux.S
[721/2074] Compiling rdrand-x86_64-linux.S
[722/2074] Compiling rdrand-x86_64-apple.S
[723/2074] Compiling p256_beeu-x86_64-asm-apple.S
[724/2074] Compiling p256_beeu-armv8-asm-win.S
[725/2074] Compiling d1_lib.cc
[726/2074] Compiling p256_beeu-armv8-asm-linux.S
[727/2074] Compiling p256_beeu-armv8-asm-apple.S
[728/2074] Compiling p256-x86_64-asm-linux.S
[729/2074] Compiling p256-x86_64-asm-apple.S
[730/2074] Compiling p256-armv8-asm-apple.S
[731/2074] Compiling p256-armv8-asm-win.S
[732/2074] Compiling p256-armv8-asm-linux.S
[733/2074] Compiling ghashv8-armv8-win.S
[734/2074] Compiling ghashv8-armv8-linux.S
[735/2074] Compiling ghashv8-armv8-apple.S
[736/2074] Compiling ghash-x86_64-linux.S
[737/2074] Compiling ghashv8-armv7-linux.S
[738/2074] Compiling ghash-x86-linux.S
[739/2074] Compiling ghash-x86_64-apple.S
[740/2074] Compiling ghash-ssse3-x86_64-linux.S
[741/2074] Compiling ghash-x86-apple.S
[742/2074] Compiling ghash-ssse3-x86_64-apple.S
[743/2074] Compiling bio_ssl.cc
[744/2074] Compiling ghash-neon-armv8-win.S
[745/2074] Compiling ghash-ssse3-x86-apple.S
[746/2074] Compiling ghash-ssse3-x86-linux.S
[747/2074] Compiling ghash-neon-armv8-linux.S
[748/2074] Compiling ghash-armv4-linux.S
[749/2074] Compiling co-586-linux.S
[750/2074] Compiling ghash-neon-armv8-apple.S
[751/2074] Compiling co-586-apple.S
[752/2074] Compiling bsaes-armv7-linux.S
[753/2074] Compiling armv8-mont-win.S
[754/2074] Compiling bn-armv8-win.S
[755/2074] Compiling bn-armv8-apple.S
[756/2074] Compiling bn-armv8-linux.S
[757/2074] Compiling bn-586-linux.S
[758/2074] Compiling armv8-mont-linux.S
[759/2074] Compiling bn-586-apple.S
[760/2074] Compiling aesv8-gcm-armv8-win.S
[761/2074] Compiling armv4-mont-linux.S
[762/2074] Compiling armv8-mont-apple.S
[763/2074] Compiling aesv8-gcm-armv8-linux.S
[764/2074] Compiling aesv8-armv8-linux.S
[765/2074] Compiling aesv8-gcm-armv8-apple.S
[766/2074] Compiling aesni-x86_64-linux.S
[767/2074] Compiling aesv8-armv8-win.S
[768/2074] Compiling aesni-x86_64-apple.S
[769/2074] Compiling aesv8-armv8-apple.S
[770/2074] Compiling aesv8-armv7-linux.S
[771/2074] Compiling aesni-x86-apple.S
[772/2074] Compiling aesni-x86-linux.S
[773/2074] Compiling aesni-gcm-x86_64-apple.S
[774/2074] Compiling aesni-gcm-x86_64-linux.S
[775/2074] Compiling aes-gcm-avx2-x86_64-linux.S
[776/2074] Compiling aes-gcm-avx2-x86_64-apple.S
[777/2074] Compiling aes-gcm-avx10-x86_64-linux.S
[778/2074] Compiling aes-gcm-avx10-x86_64-apple.S
[779/2074] Compiling d1_both.cc
[780/2074] Compiling x_pubkey.cc
[781/2074] Compiling x_spki.cc
[782/2074] Compiling x_x509.cc
[783/2074] Compiling x_name.cc
[784/2074] Compiling x_val.cc
[785/2074] Compiling x_req.cc
[786/2074] Compiling x_sig.cc
[787/2074] Compiling x_x509a.cc
[788/2074] Compiling x_crl.cc
[789/2074] Compiling x509spki.cc
[790/2074] Compiling x_attrib.cc
[791/2074] Compiling x_algor.cc
[792/2074] Compiling x509rset.cc
[793/2074] Compiling x509name.cc
[794/2074] Compiling x_exten.cc
[795/2074] Compiling x_all.cc
[796/2074] Compiling x509_vfy.cc
[797/2074] Compiling x509_txt.cc
[798/2074] Compiling x509cset.cc
[799/2074] Compiling x509_trs.cc
[800/2074] Compiling x509_obj.cc
[801/2074] Compiling x509_vpm.cc
[802/2074] Compiling x509_ext.cc
[803/2074] Compiling x509_lu.cc
[804/2074] Compiling x509_v3.cc
[805/2074] Compiling x509_set.cc
[806/2074] Compiling x509_req.cc
[807/2074] Compiling x509_cmp.cc
[808/2074] Compiling x509_d2.cc
[809/2074] Compiling x509_def.cc
[810/2074] Compiling x509.cc
[811/2074] Compiling v3_utl.cc
[812/2074] Compiling x509_att.cc
[813/2074] Compiling v3_ncons.cc
[814/2074] Compiling v3_prn.cc
[815/2074] Compiling v3_purp.cc
[816/2074] Compiling v3_pcons.cc
[817/2074] Compiling v3_ocsp.cc
[818/2074] Compiling v3_lib.cc
[819/2074] Compiling v3_skey.cc
[820/2074] Compiling v3_pmaps.cc
[821/2074] Compiling v3_int.cc
[822/2074] Compiling v3_info.cc
[823/2074] Compiling v3_genn.cc
[824/2074] Compiling v3_extku.cc
[825/2074] Compiling v3_ia5.cc
[826/2074] Compiling v3_enum.cc
[827/2074] Compiling v3_cpols.cc
[828/2074] Compiling v3_crld.cc
[829/2074] Compiling v3_bitst.cc
[830/2074] Compiling v3_bcons.cc
[831/2074] Compiling v3_conf.cc
[832/2074] Compiling v3_akeya.cc
[833/2074] Compiling v3_alt.cc
[834/2074] Compiling v3_akey.cc
[835/2074] Compiling t_x509a.cc
[836/2074] Compiling t_req.cc
[837/2074] Compiling t_crl.cc
[838/2074] Compiling rsa_pss.cc
[839/2074] Compiling t_x509.cc
[840/2074] Compiling policy.cc
[841/2074] Compiling i2d_pr.cc
[842/2074] Compiling name_print.cc
[843/2074] Compiling by_dir.cc
[844/2074] Compiling a_sign.cc
[845/2074] Compiling by_file.cc
[846/2074] Compiling asn1_gen.cc
[847/2074] Compiling a_digest.cc
[848/2074] Compiling algorithm.cc
[849/2074] Compiling a_verify.cc
[850/2074] Compiling thread_none.cc
[851/2074] Compiling pmbtoken.cc
[852/2074] Compiling thread_win.cc
[853/2074] Compiling thread.cc
[854/2074] Compiling voprf.cc
[855/2074] Compiling stack.cc
[856/2074] Compiling trust_token.cc
[857/2074] Compiling thread_pthread.cc
[858/2074] Compiling slhdsa.cc
[859/2074] Compiling sha512.cc
[860/2074] Compiling siphash.cc
[861/2074] Compiling sha256.cc
[862/2074] Compiling rsa_extra.cc
[863/2074] Compiling sha1.cc
[864/2074] Compiling rsa_print.cc
[865/2074] Compiling spake2plus.cc
[866/2074] Compiling rsa_crypt.cc
[867/2074] Compiling rc4.cc
[868/2074] Compiling refcount.cc
[869/2074] Compiling windows.cc
[870/2074] Compiling rand.cc
[871/2074] Compiling rsa_asn1.cc
[872/2074] Compiling ios.cc
[873/2074] Compiling urandom.cc
[874/2074] Compiling trusty.cc
[875/2074] Compiling poly1305_arm_asm.S
[876/2074] Compiling passive.cc
[877/2074] Compiling getentropy.cc
[878/2074] Compiling deterministic.cc
[879/2074] Compiling forkunsafe.cc
[880/2074] Compiling fork_detect.cc
[881/2074] Compiling poly1305.cc
[882/2074] Compiling poly1305_vec.cc
[883/2074] Compiling poly1305_arm.cc
[884/2074] Compiling pool.cc
[885/2074] Compiling pkcs8.cc
[886/2074] Compiling pkcs8_x509.cc
[887/2074] Compiling pkcs7.cc
[888/2074] Compiling p5_pbev2.cc
[889/2074] Compiling pem_x509.cc
[890/2074] Compiling pkcs7_x509.cc
[891/2074] Compiling pem_xaux.cc
[892/2074] Compiling pem_pkey.cc
[893/2074] Compiling pem_pk8.cc
[894/2074] Compiling pem_oth.cc
[895/2074] Compiling pem_lib.cc
[896/2074] Compiling pem_info.cc
[897/2074] Compiling obj_xref.cc
[898/2074] Compiling pem_all.cc
[899/2074] Compiling mlkem.cc
[900/2074] Compiling mldsa.cc
[901/2074] Compiling poly_rq_mul.S
[902/2074] Compiling mem.cc
[903/2074] Compiling fips_shared_support.cc
[904/2074] Compiling md5.cc
[905/2074] Compiling md4.cc
[906/2074] Compiling obj.cc
[907/2074] Compiling lhash.cc
[908/2074] Compiling ex_data.cc
[909/2074] Compiling hrss.cc
[910/2074] Compiling sign.cc
[911/2074] Compiling hpke.cc
[911/2074] Compiling print.cc
[913/2074] Compiling kyber.cc
[914/2074] Compiling scrypt.cc
[915/2074] Compiling p_x25519.cc
[916/2074] Compiling pbkdf.cc
[917/2074] Compiling p_x25519_asn1.cc
[918/2074] Compiling p_rsa.cc
[919/2074] Compiling p_ed25519.cc
[920/2074] Compiling p_hkdf.cc
[921/2074] Compiling p_ed25519_asn1.cc
[922/2074] Compiling p_ec_asn1.cc
[923/2074] Compiling p_rsa_asn1.cc
[924/2074] Compiling p_ec.cc
[925/2074] Compiling p_dsa_asn1.cc
[926/2074] Compiling p_dh.cc
[927/2074] Compiling p_dh_asn1.cc
[928/2074] Compiling evp_ctx.cc
[929/2074] Compiling engine.cc
[930/2074] Compiling err.cc
[931/2074] Compiling evp.cc
[932/2074] Compiling evp_asn1.cc
[933/2074] Compiling ec_derive.cc
[934/2074] Compiling ecdh.cc
[935/2074] Compiling hash_to_curve.cc
[936/2074] Compiling ec_asn1.cc
[937/2074] Compiling ecdsa_asn1.cc
[938/2074] Compiling bcm.cc
[939/2074] Compiling dsa.cc
[940/2074] Compiling dsa_asn1.cc
[941/2074] Compiling x25519-asm-arm.S
[942/2074] Compiling digest_extra.cc
[943/2074] Compiling params.cc
[944/2074] Compiling dh_asn1.cc
[945/2074] Compiling des.cc
[946/2074] Compiling crypto.cc
[947/2074] Compiling curve25519_64_adx.cc
[948/2074] Compiling cpu_arm_linux.cc
[949/2074] Compiling cpu_intel.cc
[950/2074] Compiling spake25519.cc
[951/2074] Compiling curve25519.cc
[952/2074] Compiling cpu_aarch64_win.cc
[953/2074] Compiling cpu_arm_freebsd.cc
[954/2074] Compiling cpu_aarch64_fuchsia.cc
[955/2074] Compiling cpu_aarch64_openbsd.cc
[956/2074] Compiling cpu_aarch64_linux.cc
[957/2074] Compiling cpu_aarch64_sysreg.cc
[958/2074] Compiling cpu_aarch64_apple.cc
[959/2074] Compiling conf.cc
[960/2074] Compiling e_tls.cc
[961/2074] Compiling tls_cbc.cc
[962/2074] Compiling get_cipher.cc
[963/2074] Compiling e_rc4.cc
[964/2074] Compiling e_null.cc
[965/2074] Compiling e_rc2.cc
[966/2074] Compiling e_chacha20poly1305.cc
[967/2074] Compiling e_des.cc
[968/2074] Compiling e_aesgcmsiv.cc
[969/2074] Compiling derive_key.cc
[970/2074] Compiling e_aesctrhmac.cc
[971/2074] Compiling chacha.cc
[972/2074] Compiling unicode.cc
[973/2074] Compiling cbb.cc
[974/2074] Compiling cbs.cc
[975/2074] Compiling buf.cc
[976/2074] Compiling convert.cc
[977/2074] Compiling bn_asn1.cc
[978/2074] Compiling ber.cc
[979/2074] Compiling asn1_compat.cc
[980/2074] Compiling blake2.cc
[981/2074] Compiling socket_helper.cc
[982/2074] Compiling printf.cc
[983/2074] Compiling pair.cc
[984/2074] Compiling socket.cc
[985/2074] Compiling hexdump.cc
[986/2074] Compiling errno.cc
[986/2074] Compiling fd.cc
[988/2074] Compiling file.cc
[989/2074] Compiling connect.cc
[990/2074] Compiling bio_mem.cc
[991/2074] Compiling bio.cc
[992/2074] Compiling base64.cc
[993/2074] Compiling tasn_fre.cc
[994/2074] Compiling tasn_typ.cc
[995/2074] Compiling tasn_utl.cc
[996/2074] Compiling tasn_enc.cc
[997/2074] Compiling tasn_new.cc
[998/2074] Compiling posix_time.cc
[999/2074] Compiling f_string.cc
[1000/2074] Compiling f_int.cc
[1001/2074] Compiling asn_pack.cc
[1002/2074] Compiling tasn_dec.cc
[1003/2074] Compiling asn1_par.cc
[1004/2074] Compiling asn1_lib.cc
[1005/2074] Compiling a_utctm.cc
[1006/2074] Compiling a_octet.cc
[1007/2074] Compiling a_type.cc
[1008/2074] Compiling a_time.cc
[1009/2074] Compiling a_strnid.cc
[1010/2074] Compiling a_strex.cc
[1011/2074] Compiling a_object.cc
[1012/2074] Compiling a_i2d_fp.cc
[1013/2074] Compiling a_mbstr.cc
[1014/2074] Compiling a_int.cc
[1015/2074] Compiling a_dup.cc
[1016/2074] Compiling CGoogleGaxCRC32C CGoogleGaxCRC32C.c
[1017/2074] Compiling a_d2i_fp.cc
[1018/2074] Compiling a_gentm.cc
[1019/2074] Compiling fiat_p256_adx_sqr.S
[1020/2074] Compiling a_bitstr.cc
[1021/2074] Compiling a_bool.cc
[1022/2074] Compiling fiat_p256_adx_mul.S
[1023/2074] Compiling CCryptoBoringSSLShims shims.c
[1024/2074] Compiling fiat_curve25519_adx_square.S
[1025/2074] Compiling fiat_curve25519_adx_mul.S
[1026/2074] Compiling md5-x86_64-linux.S
[1027/2074] Compiling md5-x86_64-apple.S
[1028/2074] Compiling md5-586-linux.S
[1029/2074] Compiling md5-586-apple.S
[1030/2074] Compiling err_data.cc
[1031/2074] Compiling chacha20_poly1305_x86_64-linux.S
[1032/2074] Compiling chacha20_poly1305_x86_64-apple.S
[1033/2074] Compiling chacha20_poly1305_armv8-linux.S
[1034/2074] Compiling chacha20_poly1305_armv8-win.S
[1035/2074] Compiling chacha20_poly1305_armv8-apple.S
[1036/2074] Compiling chacha-x86_64-linux.S
[1037/2074] Compiling chacha-x86_64-apple.S
[1038/2074] Compiling chacha-x86-linux.S
[1039/2074] Compiling chacha-armv8-win.S
[1039/2074] Compiling chacha-x86-apple.S
[1041/2074] Compiling chacha-armv8-linux.S
[1042/2074] Compiling chacha-armv8-apple.S
[1043/2074] Compiling chacha-armv4-linux.S
[1044/2074] Compiling aes128gcmsiv-x86_64-linux.S
[1045/2074] Compiling x86_64-mont5-apple.S
[1046/2074] Compiling aes128gcmsiv-x86_64-apple.S
[1047/2074] Compiling x86_64-mont5-linux.S
[1048/2074] Compiling x86_64-mont-linux.S
[1049/2074] Compiling x86_64-mont-apple.S
[1050/2074] Compiling x86-mont-linux.S
[1051/2074] Compiling x86-mont-apple.S
[1052/2074] Compiling vpaes-x86_64-linux.S
[1053/2074] Compiling vpaes-x86_64-apple.S
[1054/2074] Compiling vpaes-x86-linux.S
[1055/2074] Compiling vpaes-x86-apple.S
[1056/2074] Compiling vpaes-armv8-linux.S
[1057/2074] Compiling vpaes-armv8-win.S
[1058/2074] Compiling c-nioatomics.c
[1059/2074] Compiling vpaes-armv8-apple.S
[1060/2074] Compiling vpaes-armv7-linux.S
[1061/2074] Compiling sha512-x86_64-linux.S
[1062/2074] Compiling sha512-armv8-apple.S
[1063/2074] Compiling sha512-x86_64-apple.S
[1064/2074] Compiling sha512-armv8-win.S
[1065/2074] Compiling sha512-armv8-linux.S
[1066/2074] Compiling sha512-armv4-linux.S
[1067/2074] Compiling c-atomics.c
[1068/2074] Compiling sha512-586-linux.S
[1069/2074] Compiling sha512-586-apple.S
[1070/2074] Compiling sha256-x86_64-apple.S
[1071/2074] Compiling sha256-x86_64-linux.S
[1072/2074] Compiling sha256-armv8-win.S
[1073/2081] Compiling sha256-armv8-apple.S
[1074/2081] Compiling sha256-armv8-linux.S
[1075/2081] Compiling sha256-armv4-linux.S
[1076/2081] Compiling sha256-586-linux.S
[1078/2081] Compiling NIOConcurrencyHelpers NIOLockedValueBox.swift
[1079/2081] Compiling NIOConcurrencyHelpers NIOThreadPoolWorkAvailable.swift
[1079/2081] Compiling sha256-586-apple.S
[1080/2081] Compiling sha1-x86_64-linux.S
[1082/2081] Compiling NIOConcurrencyHelpers atomics.swift
[1082/2081] Compiling sha1-x86_64-apple.S
[1083/2081] Compiling sha1-armv8-win.S
[1084/2081] Compiling sha1-armv8-linux.S
[1086/2081] Compiling NIOConcurrencyHelpers lock.swift
[1086/2081] Compiling sha1-armv8-apple.S
[1088/2081] Emitting module NIOConcurrencyHelpers
[1089/2081] Compiling NIOConcurrencyHelpers NIOLock.swift
[1090/2081] Compiling NIOConcurrencyHelpers NIOAtomic.swift
[1091/2082] Compiling sha1-armv4-large-linux.S
[1091/2082] Compiling sha1-586-linux.S
[1093/2082] Compiling sha1-586-apple.S
[1094/2082] Compiling rsaz-avx2-apple.S
[1094/2082] Compiling rdrand-x86_64-linux.S
[1096/2082] Compiling rsaz-avx2-linux.S
[1097/2082] Compiling rdrand-x86_64-apple.S
[1098/2082] Compiling p256_beeu-x86_64-asm-linux.S
[1099/2082] Compiling p256_beeu-armv8-asm-win.S
[1100/2082] Compiling p256_beeu-x86_64-asm-apple.S
[1101/2082] Wrapping AST for NIOConcurrencyHelpers for debugging
[1102/2082] Compiling p256_beeu-armv8-asm-linux.S
[1103/2082] Compiling p256-x86_64-asm-linux.S
[1104/2082] Compiling p256_beeu-armv8-asm-apple.S
[1105/2082] Compiling p256-x86_64-asm-apple.S
[1106/2082] Compiling p256-armv8-asm-win.S
[1107/2082] Compiling p256-armv8-asm-apple.S
[1108/2082] Compiling ghashv8-armv8-win.S
[1109/2082] Compiling p256-armv8-asm-linux.S
[1110/2082] Compiling ghashv8-armv8-linux.S
[1111/2082] Compiling ghashv8-armv7-linux.S
[1111/2082] Compiling ghashv8-armv8-apple.S
[1113/2082] Compiling ghash-x86-linux.S
[1114/2082] Compiling ghash-x86-apple.S
[1114/2082] Compiling ghash-x86_64-linux.S
[1116/2082] Compiling ghash-x86_64-apple.S
[1117/2082] Compiling ghash-ssse3-x86_64-linux.S
[1118/2082] Compiling ghash-ssse3-x86_64-apple.S
[1119/2082] Compiling ghash-ssse3-x86-apple.S
[1119/2082] Compiling ghash-ssse3-x86-linux.S
[1121/2082] Compiling ghash-neon-armv8-win.S
[1122/2082] Compiling ghash-neon-armv8-apple.S
[1123/2082] Compiling ghash-neon-armv8-linux.S
[1124/2082] Compiling ghash-armv4-linux.S
[1125/2082] Compiling co-586-linux.S
[1126/2082] Compiling bn-armv8-apple.S
[1127/2082] Compiling bn-armv8-win.S
[1127/2082] Compiling co-586-apple.S
[1129/2082] Compiling bn-armv8-linux.S
[1130/2082] Compiling bsaes-armv7-linux.S
[1131/2082] Compiling bn-586-linux.S
[1132/2082] Compiling bn-586-apple.S
[1133/2082] Compiling armv4-mont-linux.S
[1134/2082] Compiling aesv8-gcm-armv8-win.S
[1135/2082] Compiling armv8-mont-win.S
[1136/2082] Compiling armv8-mont-apple.S
[1137/2082] Compiling armv8-mont-linux.S
[1138/2082] Compiling aesv8-gcm-armv8-linux.S
[1139/2082] Compiling aesv8-armv8-win.S
[1140/2082] Compiling aesv8-armv7-linux.S
[1141/2082] Compiling aesv8-gcm-armv8-apple.S
[1142/2082] Compiling aesv8-armv8-linux.S
[1143/2082] Compiling aesni-x86_64-linux.S
[1144/2082] Compiling aesv8-armv8-apple.S
[1145/2082] Compiling aesni-x86_64-apple.S
[1146/2082] Compiling aesni-x86-apple.S
[1147/2082] Compiling aesni-x86-linux.S
[1148/2082] Compiling aes-gcm-avx512-x86_64-linux.S
[1148/2082] Compiling aesni-gcm-x86_64-linux.S
[1149/2082] Compiling aesni-gcm-x86_64-apple.S
[1151/2082] Compiling aes-gcm-avx512-x86_64-apple.S
[1152/2082] Compiling aes-gcm-avx2-x86_64-linux.S
[1153/2082] Compiling aes-gcm-avx2-x86_64-apple.S
[1154/2082] Compiling xwing.cc
[1155/2082] Compiling x_sig.cc
[1156/2082] Compiling x_spki.cc
[1157/2082] Compiling x_x509.cc
[1158/2082] Compiling x_x509a.cc
[1159/2082] Compiling x_req.cc
[1160/2082] Compiling x_pubkey.cc
[1161/2082] Compiling x_name.cc
[1162/2082] Compiling x_exten.cc
[1163/2082] Compiling x_crl.cc
[1164/2082] Compiling x_attrib.cc
[1165/2082] Compiling x_all.cc
[1166/2082] Compiling x509spki.cc
[1167/2082] Compiling x_algor.cc
[1168/2082] Compiling x509name.cc
[1168/2082] Compiling x509rset.cc
[1170/2082] Compiling x509cset.cc
[1171/2082] Compiling x509_vpm.cc
[1172/2082] Compiling x509_vfy.cc
[1173/2082] Compiling x509_txt.cc
[1174/2082] Compiling x509_v3.cc
[1175/2082] Compiling x509_trs.cc
[1176/2082] Compiling x509_set.cc
[1177/2082] Compiling x509_req.cc
[1178/2082] Compiling x509_obj.cc
[1179/2082] Compiling x509_lu.cc
[1180/2082] Compiling x509_def.cc
[1181/2082] Compiling x509_ext.cc
[1182/2082] Compiling x509_d2.cc
[1183/2082] Compiling x509_cmp.cc
[1184/2082] Compiling x509_att.cc
[1185/2082] Compiling x509.cc
[1186/2082] Compiling v3_utl.cc
[1187/2082] Compiling v3_skey.cc
[1188/2082] Compiling v3_prn.cc
[1189/2082] Compiling v3_purp.cc
[1190/2082] Compiling v3_pmaps.cc
[1191/2082] Compiling v3_pcons.cc
[1192/2082] Compiling v3_ocsp.cc
[1193/2082] Compiling v3_ncons.cc
[1194/2082] Compiling v3_lib.cc
[1195/2082] Compiling v3_int.cc
[1196/2082] Compiling v3_ia5.cc
[1197/2082] Compiling v3_info.cc
[1198/2082] Compiling v3_genn.cc
[1199/2082] Compiling v3_enum.cc
[1200/2082] Compiling v3_extku.cc
[1201/2082] Compiling v3_crld.cc
[1202/2082] Compiling v3_cpols.cc
[1203/2082] Compiling v3_conf.cc
[1204/2082] Compiling v3_bitst.cc
[1205/2082] Compiling v3_bcons.cc
[1206/2082] Compiling v3_alt.cc
[1207/2082] Compiling v3_akeya.cc
[1208/2082] Compiling v3_akey.cc
[1209/2082] Compiling t_x509a.cc
[1210/2082] Compiling i2d_pr.cc
[1211/2082] Compiling t_x509.cc
[1212/2082] Compiling t_crl.cc
[1213/2082] Compiling t_req.cc
[1214/2082] Compiling rsa_pss.cc
[1215/2082] Compiling name_print.cc
[1216/2082] Compiling policy.cc
[1217/2082] Compiling by_file.cc
[1218/2082] Compiling algorithm.cc
[1219/2082] Compiling asn1_gen.cc
[1220/2082] Compiling a_verify.cc
[1221/2082] Compiling by_dir.cc
[1222/2082] Compiling voprf.cc
[1223/2082] Compiling a_digest.cc
[1224/2082] Compiling a_sign.cc
[1225/2082] Compiling trust_token.cc
[1226/2082] Compiling thread_win.cc
[1227/2082] Compiling thread_none.cc
[1228/2082] Compiling thread.cc
[1228/2082] Compiling thread_pthread.cc
[1230/2082] Compiling stack.cc
[1231/2082] Compiling pmbtoken.cc
[1232/2082] Compiling spake2plus.cc
[1233/2082] Compiling siphash.cc
[1234/2082] Compiling sha512.cc
[1235/2082] Compiling sha256.cc
[1236/2082] Compiling sha1.cc
[1237/2082] Compiling rsa_extra.cc
[1238/2082] Compiling slhdsa.cc
[1239/2082] Compiling rsa_print.cc
[1240/2082] Compiling refcount.cc
[1241/2082] Compiling rc4.cc
[1242/2082] Compiling trusty.cc
[1243/2082] Compiling rsa_crypt.cc
[1244/2082] Compiling urandom.cc
[1245/2082] Compiling windows.cc
[1246/2082] Compiling rand.cc
[1247/2082] Compiling rsa_asn1.cc
[1248/2082] Compiling ios.cc
[1248/2082] Compiling passive.cc
[1250/2082] Compiling poly1305_arm_asm.S
[1251/2082] Compiling getentropy.cc
[1252/2082] Compiling fork_detect.cc
[1253/2082] Compiling deterministic.cc
[1254/2082] Compiling forkunsafe.cc
[1255/2082] Compiling poly1305_vec.cc
[1256/2082] Compiling pool.cc
[1257/2082] Compiling poly1305_arm.cc
[1258/2082] Compiling poly1305.cc
[1259/2082] Compiling pkcs8.cc
[1260/2082] Compiling p5_pbev2.cc
[1261/2082] Compiling pkcs8_x509.cc
[1262/2082] Compiling pkcs7_x509.cc
[1263/2082] Compiling pkcs7.cc
[1264/2082] Compiling pem_xaux.cc
[1265/2082] Compiling pem_x509.cc
[1266/2082] Compiling pem_pkey.cc
[1267/2082] Compiling pem_pk8.cc
[1267/2082] Compiling mlkem.cc
[1269/2082] Compiling pem_oth.cc
[1270/2082] Compiling pem_info.cc
[1271/2082] Compiling pem_lib.cc
[1272/2082] Compiling obj_xref.cc
[1273/2082] Compiling pem_all.cc
[1274/2082] Compiling obj.cc
[1275/2082] Compiling poly_rq_mul.S
[1276/2082] Compiling mldsa.cc
[1277/2082] Compiling mem.cc
[1278/2082] Compiling fips_shared_support.cc
[1279/2082] Compiling lhash.cc
[1280/2082] Compiling md5.cc
[1281/2082] Compiling md4.cc
[1282/2082] Compiling kyber.cc
[1283/2082] Compiling fuzzer_mode.cc
[1284/2082] Compiling hrss.cc
[1285/2082] Compiling ex_data.cc
[1286/2082] Compiling hpke.cc
[1287/2082] Compiling scrypt.cc
[1288/2082] Compiling print.cc
[1289/2082] Compiling sign.cc
[1290/2082] Compiling pbkdf.cc
[1291/2082] Compiling p_x25519_asn1.cc
[1292/2082] Compiling p_x25519.cc
[1293/2082] Compiling p_rsa_asn1.cc
[1294/2082] Compiling p_rsa.cc
[1295/2082] Compiling p_hkdf.cc
[1296/2082] Compiling p_ed25519.cc
[1297/2082] Compiling p_ed25519_asn1.cc
[1298/2082] Compiling p_ec_asn1.cc
[1298/2082] Compiling p_ec.cc
[1300/2082] Compiling p_dsa_asn1.cc
[1301/2082] Compiling evp_ctx.cc
[1302/2082] Compiling p_dh_asn1.cc
[1303/2082] Compiling p_dh.cc
[1304/2082] Compiling evp_asn1.cc
[1305/2082] Compiling err.cc
[1306/2082] Compiling ecdsa_p1363.cc
[1307/2082] Compiling engine.cc
[1308/2082] Compiling evp.cc
[1309/2082] Compiling ecdh.cc
[1310/2082] Compiling ecdsa_asn1.cc
[1311/2082] Compiling ec_derive.cc
[1312/2082] Compiling hash_to_curve.cc
[1313/2082] Compiling dsa.cc
[1314/2082] Compiling ec_asn1.cc
[1315/2082] Compiling dsa_asn1.cc
[1316/2082] Compiling digest_extra.cc
[1317/2082] Compiling x25519-asm-arm.S
[1318/2082] Compiling params.cc
[1319/2082] Compiling curve25519_64_adx.cc
[1319/2082] Compiling dh_asn1.cc
[1319/2082] Compiling des.cc
[1322/2082] Compiling spake25519.cc
[1323/2082] Compiling crypto.cc
[1324/2082] Compiling cpu_intel.cc
[1325/2082] Compiling curve25519.cc
[1326/2082] Compiling cpu_arm_freebsd.cc
[1327/2082] Compiling cpu_arm_linux.cc
[1328/2082] Compiling cpu_aarch64_win.cc
[1329/2082] Compiling cpu_aarch64_sysreg.cc
[1330/2082] Compiling cpu_aarch64_openbsd.cc
[1331/2082] Compiling cpu_aarch64_apple.cc
[1332/2082] Compiling cpu_aarch64_linux.cc
[1333/2082] Compiling cpu_aarch64_fuchsia.cc
[1334/2082] Compiling conf.cc
[1335/2082] Compiling get_cipher.cc
[1336/2082] Compiling tls_cbc.cc
[1337/2082] Compiling e_tls.cc
[1338/2082] Compiling e_rc4.cc
[1339/2082] Compiling cms.cc
[1340/2082] Compiling e_rc2.cc
[1341/2082] Compiling e_null.cc
[1342/2082] Compiling e_aesgcmsiv.cc
[1343/2082] Compiling e_des.cc
[1344/2082] Compiling e_chacha20poly1305.cc
[1345/2082] Compiling e_aeseax.cc
[1345/2082] Compiling derive_key.cc
[1347/2082] Compiling e_aesctrhmac.cc
[1348/2082] Compiling chacha.cc
[1349/2082] Compiling unicode.cc
[1350/2082] Compiling buf.cc
[1351/2082] Compiling sqrt.cc
[1352/2082] Compiling cbb.cc
[1353/2082] Compiling cbs.cc
[1354/2082] Compiling ber.cc
[1355/2082] Compiling asn1_compat.cc
[1356/2082] Compiling exponentiation.cc
[1357/2082] Compiling div.cc
[1358/2082] Compiling blake2.cc
[1359/2082] Compiling printf.cc
[1360/2082] Compiling pair.cc
[1361/2082] Compiling bn_asn1.cc
[1362/2082] Compiling hexdump.cc
[1363/2082] Compiling convert.cc
[1364/2082] Compiling file.cc
[1365/2082] Compiling fd.cc
[1366/2082] Compiling errno.cc
[1367/2082] Compiling bio_mem.cc
[1368/2082] Compiling base64.cc
[1369/2082] Compiling bio.cc
[1370/2082] Compiling tasn_typ.cc
[1371/2082] Compiling tasn_utl.cc
[1372/2082] Compiling tasn_fre.cc
[1373/2082] Compiling tasn_enc.cc
[1374/2082] Compiling tasn_new.cc
[1375/2082] Compiling posix_time.cc
[1376/2082] Compiling f_string.cc
[1377/2082] Compiling tasn_dec.cc
[1378/2082] Compiling f_int.cc
[1379/2082] Compiling asn_pack.cc
[1380/2082] Compiling asn1_par.cc
[1381/2082] Compiling a_utctm.cc
[1382/2082] Compiling asn1_lib.cc
[1383/2082] Compiling bcm.cc
[1384/2082] Compiling a_time.cc
[1385/2082] Compiling a_type.cc
[1386/2082] Compiling a_strnid.cc
[1386/2082] Write sources
[1413/2082] Compiling a_mbstr.cc
[1413/2082] Write sources
[1415/2082] Compiling a_strex.cc
[1416/2125] Compiling a_i2d_fp.cc
[1417/2125] Compiling a_int.cc
[1419/2125] Compiling Algorithms Combinations.swift
[1420/2125] Compiling Algorithms Compacted.swift
[1421/2125] Compiling Algorithms Cycle.swift
[1422/2125] Compiling Algorithms EitherSequence.swift
[1423/2125] Compiling Algorithms FirstNonNil.swift
[1424/2125] Compiling Algorithms Partition.swift
[1424/2127] Compiling a_bitstr.cc
[1426/2127] Compiling Algorithms Permutations.swift
[1427/2127] Compiling Algorithms Product.swift
[1428/2127] Compiling Algorithms Joined.swift
[1429/2127] Compiling Algorithms AdjacentPairs.swift
[1430/2127] Compiling Algorithms Chain.swift
[1431/2127] Compiling Algorithms Chunked.swift
[1431/2127] Compiling a_gentm.cc
[1432/2127] Compiling a_bool.cc
[1434/2127] Compiling Atomics IntegerOperations.swift
[1435/2127] Compiling Atomics Unmanaged extensions.swift
[1436/2135] Compiling Algorithms Split.swift
[1437/2135] Compiling Algorithms Stride.swift
[1438/2135] Compiling Algorithms Suffix.swift
[1440/2138] Compiling Algorithms Reductions.swift
[1441/2138] Compiling Algorithms Rotate.swift
[1446/2138] Compiling Algorithms Keyed.swift
[1447/2138] Compiling Algorithms MinMax.swift
[1448/2138] Compiling Algorithms Trim.swift
[1449/2138] Compiling Algorithms Unique.swift
[1450/2138] Compiling Algorithms Windows.swift
[1451/2138] Compiling Algorithms FlattenCollection.swift
[1452/2138] Compiling Algorithms Grouped.swift
[1453/2138] Compiling Algorithms Indexed.swift
[1455/2138] Compiling CryptoBoringWrapper RandomBytes.swift
[1456/2138] Compiling CryptoBoringWrapper FiniteFieldArithmeticContext.swift
[1457/2138] Emitting module CryptoBoringWrapper
[1458/2138] Compiling CryptoBoringWrapper BoringSSLAEAD.swift
[1467/2138] Emitting module Atomics
[1468/2138] Compiling CryptoBoringWrapper ArbitraryPrecisionInteger.swift
[1469/2138] Compiling CryptoBoringWrapper EllipticCurve.swift
[1470/2138] Compiling CryptoBoringWrapper EllipticCurvePoint.swift
[1471/2138] Compiling CryptoBoringWrapper CryptoKitErrors_boring.swift
[1472/2139] Wrapping AST for CryptoBoringWrapper for debugging
[1474/2176] Compiling Crypto AES-GCM.swift
[1475/2176] Compiling Crypto AES-GCM_boring.swift
[1476/2176] Compiling Crypto ChaChaPoly_boring.swift
[1477/2177] Compiling Crypto ChaChaPoly.swift
[1478/2177] Compiling Crypto Cipher.swift
[1480/2224] Emitting module Algorithms
[1481/2230] Wrapping AST for Atomics for debugging
[1482/2289] Wrapping AST for Algorithms for debugging
[1484/2289] Compiling NIOCore NIOCoreSendableMetatype.swift
[1485/2289] Compiling NIOCore NIODecodedAsyncSequence.swift
[1486/2289] Compiling NIOCore NIOLoopBound.swift
[1487/2289] Compiling NIOCore NIOPooledRecvBufferAllocator.swift
[1488/2289] Compiling NIOCore NIOScheduledCallback.swift
[1489/2289] Compiling NIOCore NIOSendable.swift
[1490/2289] Compiling NIOCore NIOSplitLinesMessageDecoder.swift
[1491/2289] Compiling NIOCore NIOTransportAccessibleChannelCore.swift
[1492/2289] Compiling NIOCore RecvByteBufferAllocator.swift
[1493/2297] Emitting module Crypto
[1494/2308] Compiling NIOCore IPProtocol.swift
[1495/2308] Compiling NIOCore IntegerBitPacking.swift
[1496/2308] Compiling NIOCore IntegerTypes.swift
[1497/2308] Compiling NIOCore Interfaces.swift
[1498/2308] Compiling NIOCore Linux.swift
[1499/2308] Compiling NIOCore MarkedCircularBuffer.swift
[1500/2308] Compiling NIOCore MulticastChannel.swift
[1501/2308] Compiling NIOCore NIOAny.swift
[1502/2308] Compiling NIOCore NIOCloseOnErrorHandler.swift
[1503/2308] Compiling NIOCore EventLoopFuture+Deprecated.swift
[1504/2308] Compiling NIOCore EventLoopFuture+WithEventLoop.swift
[1505/2308] Compiling NIOCore EventLoopFuture.swift
[1506/2308] Compiling NIOCore FileDescriptor.swift
[1507/2308] Compiling NIOCore FileHandle.swift
[1508/2308] Compiling NIOCore FileRegion.swift
[1509/2308] Compiling NIOCore GlobalSingletons.swift
[1510/2308] Compiling NIOCore IO.swift
[1511/2308] Compiling NIOCore IOData.swift
[1516/2308] Compiling NIOCore SingleStepByteToMessageDecoder.swift
[1517/2308] Compiling NIOCore SocketAddresses.swift
[1518/2308] Compiling NIOCore SocketOptionProvider.swift
[1519/2308] Compiling NIOCore SystemCallHelpers.swift
[1520/2308] Compiling NIOCore TimeAmount+Duration.swift
[1521/2308] Compiling NIOCore TypeAssistedChannelHandler.swift
[1522/2308] Compiling NIOCore UniversalBootstrapSupport.swift
[1523/2308] Compiling NIOCore Utilities.swift
[1524/2308] Compiling Crypto Insecure_HashFunctions.swift
[1525/2308] Compiling Crypto MLKEM_boring.swift
[1526/2308] Compiling Crypto MLKEM_wrapper.swift
[1527/2308] Compiling Crypto XWing_boring.swift
[1528/2308] Compiling Crypto KEM-Errors.swift
[1529/2308] Compiling Crypto KEM.swift
[1530/2308] Compiling Crypto MLKEM.swift
[1531/2308] Compiling Crypto XWing.swift
[1532/2308] Compiling Crypto ECDH_boring.swift
[1533/2308] Compiling Crypto DH.swift
[1534/2308] Compiling Crypto ECDH.swift
[1535/2308] Compiling Crypto ANSIx963.swift
[1547/2308] Compiling NIOCore EventLoop+SerialExecutor.swift
[1548/2308] Compiling NIOCore EventLoop.swift
[1549/2308] Compiling NIOCore EventLoopFuture+AssumeIsolated.swift
[1550/2308] Compiling NIOCore ByteBuffer-multi-int.swift
[1551/2308] Compiling NIOCore ByteBuffer-quicBinaryEncodingStrategy.swift
[1552/2308] Compiling NIOCore ByteBuffer-views.swift
[1553/2308] Compiling NIOCore Channel.swift
[1554/2308] Compiling NIOCore ChannelHandler.swift
[1555/2308] Compiling NIOCore ChannelHandlers.swift
[1556/2308] Compiling NIOCore ChannelInvoker.swift
[1557/2308] Compiling NIOCore ChannelOption.swift
[1558/2308] Compiling NIOCore ChannelPipeline.swift
[1559/2308] Compiling NIOCore ByteBuffer-binaryEncodedLengthPrefix.swift
[1560/2308] Compiling NIOCore ByteBuffer-conversions.swift
[1561/2308] Compiling NIOCore ByteBuffer-core.swift
[1562/2308] Compiling NIOCore ByteBuffer-hex.swift
[1563/2308] Compiling NIOCore ByteBuffer-int.swift
[1564/2308] Compiling NIOCore ByteBuffer-lengthPrefix.swift
[1565/2308] Compiling NIOCore CircularBuffer.swift
[1566/2308] Compiling NIOCore Codec.swift
[1567/2308] Compiling NIOCore ConvenienceOptionSupport.swift
[1568/2308] Compiling NIOCore DeadChannel.swift
[1569/2308] Compiling NIOCore DispatchQueue+WithFuture.swift
[1570/2308] Compiling NIOCore EventLoop+Deprecated.swift
[1571/2308] Compiling NIOCore AddressedEnvelope.swift
[1572/2308] Compiling NIOCore AsyncAwaitSupport.swift
[1573/2308] Compiling NIOCore AsyncChannel.swift
[1574/2308] Compiling NIOCore AsyncChannelHandler.swift
[1575/2308] Compiling NIOCore AsyncChannelInboundStream.swift
[1576/2308] Compiling NIOCore AsyncChannelOutboundWriter.swift
[1577/2308] Compiling NIOCore NIOAsyncSequenceProducer.swift
[1578/2308] Compiling NIOCore NIOAsyncSequenceProducerStrategies.swift
[1579/2308] Compiling NIOCore NIOAsyncWriter.swift
[1580/2308] Compiling NIOCore NIOThrowingAsyncSequenceProducer.swift
[1581/2308] Compiling NIOCore BSDSocketAPI.swift
[1582/2308] Compiling NIOCore ByteBuffer-aux.swift
[1595/2308] Compiling Crypto Signature.swift
[1596/2308] Compiling Crypto CryptoKitErrors_boring.swift
[1597/2308] Compiling Crypto Optional+withUnsafeBytes_boring.swift
[1598/2308] Compiling Crypto RNG_boring.swift
[1599/2308] Compiling Crypto SafeCompare_boring.swift
[1600/2308] Compiling Crypto Zeroization_boring.swift
[1601/2308] Compiling Crypto _CryptoModuleAnchor.swift
[1602/2308] Compiling Crypto PrettyBytes.swift
[1603/2308] Compiling Crypto SafeCompare.swift
[1604/2308] Compiling Crypto SecureBytes.swift
[1605/2308] Compiling Crypto Zeroization.swift
[1615/2309] Wrapping AST for Crypto for debugging
[1625/2371] Compiling CryptoExtras CMAC.swift
[1626/2371] Compiling CryptoExtras ARC+API.swift
[1627/2371] Compiling CryptoExtras ARC.swift
[1628/2371] Compiling CryptoExtras ARCCredential.swift
[1629/2371] Compiling CryptoExtras ARCEncoding.swift
[1630/2371] Compiling CryptoExtras ARCPrecredential.swift
[1631/2371] Compiling CryptoExtras ARCPresentation.swift
[1632/2371] Compiling CryptoExtras ARCRequest.swift
[1633/2371] Compiling CryptoExtras ARCResponse.swift
[1634/2371] Emitting module CryptoExtras
[1635/2379] Compiling CryptoExtras Data+Extensions.swift
[1636/2379] Compiling CryptoExtras DigestType.swift
[1637/2379] Compiling CryptoExtras Error.swift
[1638/2379] Compiling CryptoExtras I2OSP.swift
[1639/2379] Compiling CryptoExtras IntegerEncoding.swift
[1640/2379] Compiling CryptoExtras PEMDocument.swift
[1641/2379] Compiling CryptoExtras PrettyBytes.swift
[1642/2379] Compiling CryptoExtras SubjectPublicKeyInfo.swift
[1643/2379] Compiling CryptoExtras AES_CBC.swift
[1644/2379] Compiling CryptoExtras AES_CFB.swift
[1645/2379] Compiling CryptoExtras AES_CTR.swift
[1646/2379] Compiling CryptoExtras AES_GCM_SIV.swift
[1647/2379] Compiling CryptoExtras Block Function.swift
[1648/2379] Compiling CryptoExtras AES_CBC_boring.swift
[1649/2379] Compiling CryptoExtras AES_CFB_boring.swift
[1650/2379] Compiling CryptoExtras AES_CTR_boring.swift
[1651/2379] Compiling CryptoExtras AES_GCM_SIV_boring.swift
[1652/2379] Compiling CryptoExtras ARCServer.swift
[1653/2379] Compiling CryptoExtras ChaCha20CTR_boring.swift
[1654/2379] Compiling CryptoExtras ChaCha20CTR.swift
[1655/2379] Compiling CryptoExtras BoringSSLSHA512256Context.swift
[1656/2379] Compiling CryptoExtras BoringSSLSHA512256HashFunction.swift
[1657/2379] Compiling CryptoExtras SHA512256.swift
[1658/2379] Compiling CryptoExtras SHA512256Digest.swift
[1659/2379] Compiling CryptoExtras Curve25519+PEM.swift
[1660/2379] Compiling CryptoExtras ObjectIdentifier.swift
[1661/2379] Compiling CryptoExtras PBKDF2.swift
[1662/2379] Compiling CryptoExtras Scrypt_boring.swift
[1663/2379] Compiling CryptoExtras Scrypt.swift
[1664/2379] Compiling CryptoExtras OPRF.swift
[1665/2379] Compiling CryptoExtras OPRFClient.swift
[1666/2379] Compiling CryptoExtras OPRFServer.swift
[1667/2379] Compiling CryptoExtras VOPRF+API.swift
[1668/2379] Compiling CryptoExtras VOPRFClient.swift
[1669/2379] Compiling CryptoExtras VOPRFServer.swift
[1670/2379] Compiling CryptoExtras ThreadOps.swift
[1671/2379] Compiling CryptoExtras ThreadPosix.swift
[1672/2379] Compiling CryptoExtras ThreadSpecific.swift
[1673/2379] Compiling CryptoExtras ThreadWindows.swift
[1674/2379] Compiling CryptoExtras DLEQ.swift
[1675/2379] Compiling CryptoExtras Prover.swift
[1676/2379] Compiling CryptoExtras Verifier.swift
[1677/2379] Compiling CryptoExtras ZKPToolbox.swift
[1678/2379] Compiling CryptoExtras PKCS8DERRepresentation.swift
[1679/2379] Compiling CryptoExtras PKCS8PrivateKey.swift
[1680/2379] Compiling CryptoExtras RFC8410AlgorithmIdentifier.swift
[1681/2379] Compiling CryptoExtras ECToolbox_boring.swift
[1682/2379] Compiling CryptoExtras ECToolbox.swift
[1683/2379] Compiling CryptoExtras HashToField.swift
[1684/2379] Compiling CryptoExtras KDF.swift
[1685/2379] Compiling CryptoExtras PBKDF2_boring.swift
[1686/2379] Compiling CryptoExtras PBKDF2_commoncrypto.swift
[1687/2379] Compiling CryptoExtras BoringSSLPassphraseCallbackManager.swift
[1688/2379] Compiling CryptoExtras RSA+BlindSigning.swift
[1689/2379] Compiling CryptoExtras RSA.swift
[1690/2379] Compiling CryptoExtras RSA_boring.swift
[1691/2379] Compiling CryptoExtras Reexport.swift
[1692/2379] Compiling CryptoExtras Zeroization_boring.swift
[1693/2379] Compiling CryptoExtras BoringSSLHelpers.swift
[1694/2379] Compiling CryptoExtras CryptoKitErrors_boring.swift
[1704/2380] Wrapping AST for CryptoExtras for debugging
[1706/2382] Compiling _CryptoExtras Exports.swift
[1707/2382] Emitting module _CryptoExtras
[1708/2383] Wrapping AST for _CryptoExtras for debugging
[1710/2478] Emitting module NIOCore
[1711/2478] Compiling X509 CMSEncapsulatedContentInfo.swift
[1712/2478] Compiling X509 NameConstraints.swift
[1713/2478] Compiling X509 SubjectAlternativeName.swift
[1714/2478] Compiling X509 SubjectKeyIdentifier.swift
[1715/2478] Compiling X509 Extension.swift
[1716/2478] Compiling X509 Extensions.swift
[1717/2478] Compiling X509 ExtensionsBuilder.swift
[1718/2478] Compiling X509 GeneralName.swift
[1719/2478] Compiling X509 Lock.swift
[1720/2478] Compiling X509 Digests.swift
[1721/2478] Compiling X509 DistinguishedName.swift
[1722/2478] Compiling X509 CommonName.swift
[1723/2478] Compiling X509 CountryName.swift
[1724/2478] Compiling X509 DNBuilder.swift
[1725/2478] Compiling X509 CSRAttribute.swift
[1726/2478] Compiling X509 CSRAttributes.swift
[1727/2478] Compiling X509 CSRVersion.swift
[1728/2478] Compiling X509 CertificateSigningRequest.swift
[1729/2486] Wrapping AST for NIOCore for debugging
[1731/2536] Compiling NIOFoundationEssentialsCompat Codable+ByteBuffer.swift
[1732/2536] Emitting module NIOFoundationEssentialsCompat
[1733/2536] Emitting module NIOEmbedded
[1734/2536] Compiling NIOEmbedded AsyncTestingEventLoop.swift
[1735/2536] Compiling NIOEmbedded AsyncTestingChannel.swift
[1736/2536] Compiling NIOFoundationEssentialsCompat ByteBuffer-foundation.swift
[1737/2537] Wrapping AST for NIOFoundationEssentialsCompat for debugging
[1739/2537] Compiling NIOEmbedded Embedded.swift
[1740/2538] Wrapping AST for NIOEmbedded for debugging
[1742/2538] Compiling NIOPosix BaseStreamSocketChannel.swift
[1743/2538] Compiling NIOPosix Bootstrap.swift
[1744/2538] Compiling NIOPosix ControlMessage.swift
[1745/2538] Compiling NIOPosix DatagramVectorReadManager.swift
[1746/2538] Compiling NIOPosix Errors+Any.swift
[1747/2538] Compiling NIOPosix FileDescriptor.swift
[1748/2538] Compiling NIOPosix GetaddrinfoResolver.swift
[1749/2538] Compiling NIOPosix HappyEyeballs.swift
[1750/2538] Compiling NIOPosix IO.swift
[1751/2538] Compiling NIOPosix IntegerBitPacking.swift
[1752/2538] Compiling NIOPosix IntegerTypes.swift
[1753/2538] Compiling NIOPosix Linux.swift
[1754/2538] Compiling NIOPosix LinuxCPUSet.swift
[1755/2538] Compiling NIOPosix LinuxUring.swift
[1756/2551] Compiling X509 OCSPExtensionID.swift
[1757/2551] Compiling X509 OCSPNonce.swift
[1758/2551] Compiling X509 OCSPPolicy.swift
[1759/2551] Compiling X509 OCSPRequest.swift
[1760/2551] Compiling X509 OCSPResponse.swift
[1761/2551] Compiling X509 OCSPResponseBytes.swift
[1762/2551] Compiling X509 OCSPResponseData.swift
[1763/2551] Compiling X509 OCSPResponseStatus.swift
[1764/2551] Compiling X509 OCSPSignature.swift
[1765/2551] Compiling X509 OCSPSingleRequest.swift
[1766/2551] Compiling X509 OCSPSingleResponse.swift
[1767/2551] Compiling X509 OCSPTBSRequest.swift
[1768/2551] Compiling X509 OCSPVersion.swift
[1769/2551] Compiling NIOPosix SelectorUring.swift
[1770/2551] Compiling NIOPosix SelectorWSAPoll.swift
[1771/2551] Compiling NIOPosix ServerSocket.swift
[1772/2551] Compiling NIOPosix Socket.swift
[1773/2551] Compiling NIOPosix SocketChannel.swift
[1774/2551] Compiling NIOPosix SocketProtocols.swift
[1775/2551] Compiling NIOPosix StructuredConcurrencyHelpers.swift
[1776/2551] Compiling NIOPosix System.swift
[1777/2551] Compiling X509 URIConstraints.swift
[1778/2551] Compiling X509 VersionPolicy.swift
[1779/2551] Compiling X509 ServerIdentityPolicy.swift
[1780/2551] Compiling X509 TrustRootLoading.swift
[1781/2551] Compiling X509 UnverifiedChain.swift
[1782/2551] Compiling X509 DomainComponent.swift
[1783/2551] Compiling X509 EmailAddress.swift
[1784/2551] Compiling X509 LocalityName.swift
[1785/2551] Compiling X509 OrganizationName.swift
[1786/2551] Compiling X509 OrganizationalUnitName.swift
[1787/2551] Compiling X509 StateOrProvinceName.swift
[1788/2551] Compiling X509 StreetAddress.swift
[1789/2551] Compiling X509 Error.swift
[1790/2551] Compiling X509 AuthorityInformationAccess.swift
[1791/2551] Compiling X509 AuthorityKeyIdentifier.swift
[1792/2551] Compiling X509 BasicConstraints.swift
[1793/2551] Compiling X509 ExtendedKeyUsage.swift
[1794/2551] Compiling X509 ExtensionIdentifiers.swift
[1795/2551] Compiling X509 KeyUsage.swift
[1796/2551] Compiling X509 PKCS8PrivateKey.swift
[1797/2551] Compiling X509 PromiseAndFuture.swift
[1798/2551] Compiling X509 RDNAttribute.swift
[1799/2551] Compiling X509 RandomNumberGenerator+bytes.swift
[1800/2551] Compiling X509 RelativeDistinguishedName.swift
[1801/2551] Compiling X509 SEC1PrivateKey.swift
[1802/2551] Compiling X509 SecKeyWrapper.swift
[1803/2551] Compiling X509 Signature.swift
[1804/2551] Compiling X509 SignatureAlgorithm.swift
[1805/2551] Compiling X509 AllOfPolicies.swift
[1806/2551] Compiling X509 AnyPolicy.swift
[1807/2551] Compiling X509 CertificateStore.swift
[1808/2551] Compiling X509 CustomCertificateStore.swift
[1809/2551] Compiling NIOPosix MultiThreadedEventLoopGroup.swift
[1810/2551] Compiling NIOPosix NIOPosixSendableMetatype.swift
[1811/2551] Compiling NIOPosix NIORandomizedDNSResolver.swift
[1812/2551] Compiling NIOPosix NIOThreadPool.swift
[1813/2551] Compiling NIOPosix NonBlockingFileIO.swift
[1814/2551] Compiling NIOPosix PendingDatagramWritesManager.swift
[1815/2551] Compiling NIOPosix PendingWritesManager.swift
[1816/2551] Compiling NIOPosix BSDSocketAPICommon.swift
[1817/2551] Compiling NIOPosix BSDSocketAPIPosix.swift
[1818/2551] Compiling NIOPosix BSDSocketAPIWindows.swift
[1819/2551] Compiling NIOPosix BaseSocket.swift
[1820/2551] Compiling NIOPosix BaseSocketChannel+AccessibleTransport.swift
[1821/2551] Compiling NIOPosix BaseSocketChannel+SocketOptionProvider.swift
[1822/2551] Compiling NIOPosix BaseSocketChannel.swift
[1823/2551] Compiling NIOPosix PipeChannel.swift
[1824/2551] Compiling NIOPosix PipePair.swift
[1825/2551] Compiling NIOPosix Pool.swift
[1826/2551] Compiling NIOPosix PosixSingletons+ConcurrencyTakeOver.swift
[1827/2551] Compiling NIOPosix PosixSingletons.swift
[1828/2551] Compiling NIOPosix RawSocketBootstrap.swift
[1829/2551] Compiling NIOPosix Resolver.swift
[1830/2551] Compiling NIOPosix Selectable.swift
[1831/2551] Compiling NIOPosix SelectableChannel.swift
[1832/2551] Compiling NIOPosix SelectableEventLoop.swift
[1833/2551] Compiling NIOPosix SelectorEpoll.swift
[1834/2551] Compiling NIOPosix SelectorGeneric.swift
[1835/2551] Compiling NIOPosix SelectorKqueue.swift
[1836/2551] Emitting module NIOPosix
[1865/2558] Emitting module X509
[1866/2558] Compiling NIOPosix Thread.swift
[1867/2558] Compiling NIOPosix ThreadPosix.swift
[1868/2558] Compiling NIOPosix ThreadWindows.swift
[1869/2558] Compiling NIOPosix Utilities.swift
[1870/2558] Compiling NIOPosix VsockAddress.swift
[1871/2558] Compiling NIOPosix VsockChannelEvents.swift
[1872/2558] Compiling NIOPosix Windows.swift
[1894/2559] Wrapping AST for NIOPosix for debugging
[1896/2561] Compiling NIO Exports.swift
[1897/2561] Emitting module NIO
[1898/2565] Wrapping AST for NIO for debugging
[1900/2601] Compiling NIOTLS TLSEvents.swift
[1901/2601] Compiling NIOFoundationCompat Exports.swift
[1902/2601] Compiling NIOFoundationCompat WaitSpinningRunLoop.swift
[1903/2601] Emitting module NIOFoundationCompat
[1904/2601] Compiling NIOFoundationCompat JSONSerialization+ByteBuffer.swift
[1905/2601] Compiling NIOSOCKS SOCKSResponse.swift
[1906/2602] Compiling NIOTLS ApplicationProtocolNegotiationHandler.swift
[1907/2602] Emitting module NIOTLS
[1908/2602] Compiling NIOSOCKS SelectedAuthenticationMethod.swift
[1909/2602] Compiling NIOSOCKS ClientStateMachine.swift
[1910/2602] Compiling NIOHTTP1 ByteCollectionUtils.swift
[1911/2602] Compiling NIOHTTP1 HTTPDecoder.swift
[1912/2603] Compiling NIOHTTP1 HTTPHeaders+Validation.swift
[1913/2603] Compiling NIOHTTP1 HTTPPipelineSetup.swift
[1915/2603] Emitting module NIOSOCKS
[1916/2603] Compiling NIOHTTP1 HTTPEncoder.swift
[1917/2603] Compiling NIOHTTP1 HTTPHeaderValidator.swift
[1917/2603] Wrapping AST for NIOFoundationCompat for debugging
[1919/2603] Compiling X509 ValidatedCertificateChain.swift
[1920/2603] Compiling X509 VerificationDiagnostic.swift
[1921/2603] Compiling X509 Verifier.swift
[1922/2603] Compiling X509 VerifierPolicy.swift
[1923/2603] Compiling X509 AlgorithmIdentifier.swift
[1924/2603] Compiling X509 ECDSASignature.swift
[1925/2603] Compiling X509 RSAPKCS1PublicKey.swift
[1926/2603] Compiling X509 SubjectPublicKeyInfo.swift
[1927/2603] Compiling X509 TBSCertificate.swift
[1928/2603] Compiling X509 Time.swift
[1929/2603] Compiling X509 TimeCalculations.swift
[1930/2603] Compiling X509 Validity.swift
[1931/2603] Compiling X509 X509SendableMetatype.swift
[1935/2606] Compiling NIOSOCKS ServerStateMachine.swift
[1936/2606] Compiling NIOHTTP1 HTTPServerRequestMethodQueue.swift
[1937/2606] Compiling NIOHTTP1 HTTPServerUpgradeHandler.swift
[1940/2607] Emitting module NIOHTTP1
[1941/2607] Compiling NIOTLS ProtocolNegotiationHandlerStateMachine.swift
[1942/2607] Compiling NIOTLS SNIHandler.swift
[1943/2607] Compiling NIOTLS NIOTypedApplicationProtocolNegotiationHandler.swift
[1944/2608] Wrapping AST for NIOSOCKS for debugging
[1946/2608] Compiling NIOHTTP1 NIOHTTPClientUpgradeHandler.swift
[1947/2608] Compiling NIOHTTP1 NIOHTTPObjectAggregator.swift
[1948/2608] Compiling NIOHTTP1 NIOTypedHTTPClientUpgradeHandler.swift
[1949/2608] Compiling NIOHTTP1 NIOTypedHTTPClientUpgraderStateMachine.swift
[1949/2608] Wrapping AST for X509 for debugging
[1950/2608] Wrapping AST for NIOTLS for debugging
[1952/2705] Compiling JWTKit EdDSACurve.swift
[1953/2705] Compiling JWTKit EdDSAError.swift
[1954/2705] Compiling JWTKit ECDSASigningAlgorithm.swift
[1955/2705] Compiling JWTKit JWTKeyCollection+ECDSA.swift
[1956/2705] Compiling JWTKit ECDSAKeyTypes.swift
[1957/2705] Compiling JWTKit ECDSASigner.swift
[1958/2705] Compiling JWTKit ECDSACurveType.swift
[1959/2705] Compiling JWTKit ECDSAError.swift
[1960/2705] Compiling JWTKit LocaleClaim.swift
[1961/2705] Compiling JWTKit NotBeforeClaim.swift
[1962/2705] Compiling JWTKit SubjectClaim.swift
[1965/2706] Compiling JWTKit P256+CurveType.swift
[1966/2706] Compiling JWTKit P384+CurveType.swift
[1967/2706] Compiling JWTKit P521+CurveType.swift
[1968/2706] Compiling JWTKit EdDSA.swift
[1971/2706] Compiling JWTKit EdDSASigner.swift
[1972/2706] Compiling JWTKit JWTKeyCollection+EdDSA.swift
[1974/2715] Compiling JWTKit JWTSerializer.swift
[1975/2715] Compiling JWTKit JWTSigner.swift
[1976/2715] Compiling JWTKit JWTKeyCollection+MLDSA.swift
[1977/2715] Compiling JWTKit MLDSA.swift
[1978/2715] Compiling JWTKit MLDSA65+MLDSAKey.swift
[1979/2715] Compiling JWTKit MLDSA87+MLDSAKey.swift
[1980/2715] Compiling JWTKit MLDSAError.swift
[1981/2715] Compiling JWTKit MLDSAKey.swift
[1982/2715] Compiling JWTKit MLDSASigner.swift
[1983/2715] Compiling JWTKit MLDSAType.swift
[1984/2715] Compiling JWTKit JWTKeyCollection+UnsecuredNone.swift
[1985/2715] Compiling JWTKit UnsecuredNoneSigner.swift
[1986/2715] Compiling JWTKit JWTKeyCollection+RSA.swift
[1987/2715] Compiling JWTKit RSA.swift
[1988/2715] Compiling JWTKit RSAError.swift
[1989/2715] Compiling JWTKit RSASigner.swift
[1990/2715] Compiling JWTKit Base64URL.swift
[1991/2715] Compiling JWTKit CryptoSigner.swift
[1991/2721] Wrapping AST for NIOHTTP1 for debugging
[1993/2732] Compiling NIOHPACK DynamicHeaderTable.swift
[1994/2732] Compiling NIOHPACK HPACKDecoder.swift
[1995/2732] Compiling NIOHPACK HPACKEncoder.swift
[1996/2732] Compiling NIOHPACK HPACKErrors.swift
[1997/2732] Compiling NIOHPACK HPACKHeader.swift
[1998/2732] Compiling NIOHPACK HeaderTables.swift
[2003/2732] Emitting module JWTKit
[2004/2732] Compiling JWTKit AudienceClaim.swift
[2005/2732] Compiling JWTKit BoolClaim.swift
[2006/2732] Compiling JWTKit ExpirationClaim.swift
[2007/2732] Compiling JWTKit GoogleHostedDomainClaim.swift
[2008/2732] Compiling JWTKit IDClaim.swift
[2009/2732] Compiling JWTKit IssuedAtClaim.swift
[2010/2732] Compiling JWTKit IssuerClaim.swift
[2011/2732] Compiling JWTKit JWTClaim.swift
[2012/2732] Compiling JWTKit JWTMultiValueClaim.swift
[2013/2732] Compiling JWTKit JWTUnixEpochClaim.swift
[2014/2732] Compiling JWTKit HMAC.swift
[2015/2732] Compiling JWTKit HMACError.swift
[2016/2732] Compiling JWTKit HMACSigner.swift
[2017/2732] Compiling JWTKit JWTKeyCollection+HMAC.swift
[2018/2732] Compiling JWTKit Insecure.swift
[2019/2732] Compiling JWTKit JWK.swift
[2020/2732] Compiling JWTKit JWKIdentifier.swift
[2021/2732] Compiling JWTKit JWKS.swift
[2022/2732] Compiling JWTKit JWKSigner.swift
[2023/2732] Compiling JWTKit JWTAlgorithm.swift
[2024/2732] Compiling JWTKit JWTError.swift
[2025/2732] Compiling JWTKit JWTHeader+CommonFields.swift
[2026/2732] Compiling JWTKit JWTHeader.swift
[2027/2732] Compiling JWTKit JWTHeaderField.swift
[2028/2732] Compiling JWTKit JWTKeyCollection.swift
[2029/2732] Compiling JWTKit JWTParser+MandatoryVerificationFields.swift
[2030/2732] Compiling JWTKit JWTParser.swift
[2031/2732] Compiling JWTKit JWTPayload.swift
[2032/2732] Compiling NIOHTTPCompression HTTPRequestCompressor.swift
[2033/2732] Compiling NIOHTTPCompression HTTPDecompressor.swift
[2034/2732] Compiling NIOHPACK IntegerCoding.swift
[2035/2733] Compiling NIOHTTPCompression HTTPDecompression.swift
[2036/2733] Emitting module NIOHPACK
[2037/2733] Compiling NIOHTTPCompression HTTPCompression.swift
[2038/2733] Emitting module NIOHTTPCompression
[2039/2733] Compiling NIOHPACK HuffmanTables.swift
[2040/2733] Compiling NIOHPACK IndexedHeaderTable.swift
[2041/2733] Compiling NIOHPACK StaticHeaderTable.swift
[2042/2733] Compiling NIOHTTPCompression HTTPResponseCompressor.swift
[2043/2734] Compiling NIOHPACK HuffmanCoding.swift
[2048/2738] Wrapping AST for NIOHTTPCompression for debugging
[2073/2739] Wrapping AST for NIOHPACK for debugging
[2075/2739] Compiling JWTKit CustomizedJSONCoders.swift
[2076/2739] Compiling JWTKit Utilities.swift
[2077/2739] Compiling JWTKit AppleIdentityToken.swift
[2078/2739] Compiling JWTKit FirebaseAuthIdentityToken.swift
[2079/2739] Compiling JWTKit GoogleIdentityToken.swift
[2080/2739] Compiling JWTKit MicrosoftIdentityToken.swift
[2081/2739] Compiling JWTKit EmptyPolicy.swift
[2082/2739] Compiling JWTKit ValidationTimePayload.swift
[2083/2739] Compiling JWTKit X5CVerifier.swift
[2084/2748] Emitting module NIOSSL
[2089/2750] Compiling NIOHTTP2 RemotelyQuiescingState.swift
[2090/2750] Compiling NIOHTTP2 SendAndReceiveGoawayState.swift
[2091/2750] Compiling NIOHTTP2 StateMachineResult.swift
[2092/2750] Compiling NIOHTTP2 ContentLengthVerifier.swift
[2093/2803] Wrapping AST for JWTKit for debugging
[2095/2803] Compiling NIOHTTP2 SendingGoawayState.swift
[2096/2803] Compiling NIOHTTP2 SendingHeadersState.swift
[2097/2803] Compiling NIOHTTP2 SendingPushPromiseState.swift
[2098/2803] Compiling NIOHTTP2 SendingRstStreamState.swift
[2099/2804] Wrapping AST for NIOSSL for debugging
[2101/2804] Emitting module NIOHTTP2
[2102/2812] Compiling NIOHTTP2 HasFlowControlWindows.swift
[2103/2812] Compiling NIOHTTP2 HasLocalSettings.swift
[2104/2812] Compiling NIOHTTP2 HasRemoteSettings.swift
[2105/2812] Compiling NIOHTTP2 LocallyQuiescingState.swift
[2106/2812] Compiling NIOHTTP2 QuiescingState.swift
[2111/2812] Compiling NIOHTTP2 NIOHTTP2ServerConnectionManagementHandler.swift
[2112/2812] Compiling NIOHTTP2 StreamChannelFlowController.swift
[2113/2812] Compiling NIOHTTP2 StreamChannelList.swift
[2114/2812] Compiling NIOHTTP2 StreamMap.swift
[2115/2812] Compiling NIOHTTP2 StreamStateMachine.swift
[2116/2812] Compiling NIOHTTP2 Timer.swift
[2117/2812] Compiling NIOHTTP2 UnsafeTransfer.swift
[2118/2812] Compiling NIOHTTP2 WatermarkedFlowController.swift
[2119/2812] Compiling NIOHTTP2 HTTP2FrameParser.swift
[2120/2812] Compiling NIOHTTP2 HTTP2PingData.swift
[2121/2812] Compiling NIOHTTP2 HTTP2PipelineHelpers.swift
[2122/2812] Compiling NIOHTTP2 HTTP2Settings.swift
[2123/2812] Compiling NIOHTTP2 HTTP2Stream.swift
[2124/2812] Compiling NIOHTTP2 HTTP2StreamChannel+OutboundStreamMultiplexer.swift
[2125/2812] Compiling NIOHTTP2 HTTP2StreamChannel.swift
[2126/2812] Compiling NIOHTTP2 HTTP2StreamDelegate.swift
[2127/2812] Compiling NIOHTTP2 HTTP2StreamID.swift
[2128/2812] Compiling NIOHTTP2 HTTP2StreamMultiplexer.swift
[2129/2812] Compiling NIOHTTP2 HTTP2ToHTTP1Codec.swift
[2130/2812] Compiling NIOHTTP2 HTTP2UserEvents.swift
[2131/2812] Compiling NIOHTTP2 InboundEventBuffer.swift
[2132/2812] Compiling NIOHTTP2 InboundWindowManager.swift
[2133/2812] Compiling NIOHTTP2 MultiplexerAbstractChannel.swift
[2134/2812] Compiling NIOHTTP2 NIOHTTP2FrameDelegate.swift
[2135/2812] Compiling NIOHTTP2 NIOHTTP2ServerConnectionManagementHandler+StateMachine.swift
[2136/2812] Compiling NIOHTTP2 HTTP2ChannelHandler+InlineStreamMultiplexer.swift
[2137/2812] Compiling NIOHTTP2 HTTP2ChannelHandler.swift
[2138/2812] Compiling NIOHTTP2 HTTP2CommonInboundStreamMultiplexer.swift
[2139/2812] Compiling NIOHTTP2 HTTP2ConnectionStateChange.swift
[2140/2812] Compiling NIOHTTP2 HTTP2Error.swift
[2141/2812] Compiling NIOHTTP2 HTTP2ErrorCode.swift
[2142/2812] Compiling NIOHTTP2 HTTP2FlowControlWindow.swift
[2143/2812] Compiling NIOHTTP2 HTTP2Frame.swift
[2144/2812] Compiling NIOHTTP2 HTTP2FrameEncoder.swift
[2145/2812] Compiling NIOHTTP2 DOSHeuristics.swift
[2146/2812] Compiling NIOHTTP2 Error+Any.swift
[2147/2812] Compiling NIOHTTP2 ConcurrentStreamBuffer.swift
[2148/2812] Compiling NIOHTTP2 ControlFrameBuffer.swift
[2149/2812] Compiling NIOHTTP2 OutboundFlowControlBuffer.swift
[2150/2812] Compiling NIOHTTP2 OutboundFrameBuffer.swift
[2151/2812] Compiling NIOHTTP2 GlitchesMonitor.swift
[2152/2812] Compiling NIOHTTP2 HPACKHeaders+Validation.swift
[2153/2812] Compiling NIOHTTP2 HTTP2ChannelHandler+InboundStreamMultiplexer.swift
[2154/2812] Compiling NIOHTTP2 MaySendFrames.swift
[2155/2812] Compiling NIOHTTP2 SendingDataState.swift
[2160/2812] Compiling NIOHTTP2 SendingWindowUpdateState.swift
[2161/2812] Compiling NIOHTTP2 HTTP2SettingsState.swift
[2162/2812] Compiling NIOHTTP2 HasExtendedConnectSettings.swift
[2163/2812] Compiling NIOHTTP2 ConnectionStateMachine.swift
[2164/2812] Compiling NIOHTTP2 ConnectionStreamsState.swift
[2165/2812] Compiling NIOHTTP2 MayReceiveFrames.swift
[2166/2812] Compiling NIOHTTP2 ReceivingDataState.swift
[2167/2812] Compiling NIOHTTP2 ReceivingGoAwayState.swift
[2168/2812] Compiling NIOHTTP2 ReceivingHeadersState.swift
[2169/2812] Compiling NIOHTTP2 ReceivingPushPromiseState.swift
[2170/2812] Compiling NIOHTTP2 ReceivingRstStreamState.swift
[2171/2812] Compiling NIOHTTP2 ReceivingWindowUpdateState.swift
[2172/2813] Wrapping AST for NIOHTTP2 for debugging
[2174/2877] Compiling AsyncHTTPClient AnyAsyncSequence.swift
[2175/2877] Compiling AsyncHTTPClient AnyAsyncSequenceProucerDelete.swift
[2176/2877] Compiling AsyncHTTPClient AsyncLazySequence.swift
[2177/2877] Compiling AsyncHTTPClient HTTPClient+execute.swift
[2178/2877] Compiling AsyncHTTPClient HTTPClient+shutdown.swift
[2179/2877] Compiling AsyncHTTPClient HTTPClient+tracing.swift
[2180/2877] Compiling AsyncHTTPClient HTTPClientRequest+Prepared.swift
[2181/2877] Compiling AsyncHTTPClient HTTPClientRequest+auth.swift
[2182/2877] Compiling AsyncHTTPClient HTTPClientRequest.swift
[2183/2885] Emitting module AsyncHTTPClient
[2184/2885] Compiling AsyncHTTPClient LRUCache.swift
[2185/2885] Compiling AsyncHTTPClient NIOLoopBound+Execute.swift
[2186/2885] Compiling AsyncHTTPClient NWErrorHandler.swift
[2187/2885] Compiling AsyncHTTPClient NWWaitingHandler.swift
[2188/2885] Compiling AsyncHTTPClient TLSConfiguration.swift
[2189/2885] Compiling AsyncHTTPClient RedirectState.swift
[2190/2885] Compiling AsyncHTTPClient RequestBag+StateMachine.swift
[2191/2885] Compiling AsyncHTTPClient RequestBag+Tracing.swift
[2192/2885] Compiling AsyncHTTPClient RequestBag.swift
[2193/2885] Compiling AsyncHTTPClient HTTP1ProxyConnectHandler.swift
[2194/2885] Compiling AsyncHTTPClient SOCKSEventsHandler.swift
[2195/2885] Compiling AsyncHTTPClient TLSEventsHandler.swift
[2196/2885] Compiling AsyncHTTPClient HTTP1ClientChannelHandler.swift
[2197/2885] Compiling AsyncHTTPClient HTTP1Connection.swift
[2198/2885] Compiling AsyncHTTPClient HTTP1ConnectionStateMachine.swift
[2199/2885] Compiling AsyncHTTPClient HTTP2ClientRequestHandler.swift
[2200/2885] Compiling AsyncHTTPClient HTTP2Connection.swift
[2201/2885] Compiling AsyncHTTPClient HTTP2IdleHandler.swift
[2202/2885] Compiling AsyncHTTPClient RequestValidation.swift
[2203/2885] Compiling AsyncHTTPClient SSLContextCache.swift
[2204/2885] Compiling AsyncHTTPClient Scheme.swift
[2205/2885] Compiling AsyncHTTPClient Singleton.swift
[2206/2885] Compiling AsyncHTTPClient StringConvertibleInstances.swift
[2207/2885] Compiling AsyncHTTPClient StructuredConcurrencyHelpers.swift
[2208/2885] Compiling AsyncHTTPClient TracingSupport.swift
[2209/2885] Compiling AsyncHTTPClient Utils.swift
[2210/2885] Compiling AsyncHTTPClient HTTPConnectionEvent.swift
[2211/2885] Compiling AsyncHTTPClient HTTPConnectionPool+Factory.swift
[2212/2885] Compiling AsyncHTTPClient HTTPConnectionPool+Manager.swift
[2213/2885] Compiling AsyncHTTPClient HTTPConnectionPool.swift
[2214/2885] Compiling AsyncHTTPClient HTTPExecutableRequest.swift
[2215/2885] Compiling AsyncHTTPClient HTTPRequestStateMachine+Demand.swift
[2216/2885] Compiling AsyncHTTPClient HTTPRequestStateMachine.swift
[2217/2885] Compiling AsyncHTTPClient RequestBodyLength.swift
[2218/2885] Compiling AsyncHTTPClient RequestFramingMetadata.swift
[2219/2885] Compiling AsyncHTTPClient HTTPClientResponse.swift
[2220/2885] Compiling AsyncHTTPClient SingleIteratorPrecondition.swift
[2221/2885] Compiling AsyncHTTPClient Transaction+StateMachine.swift
[2222/2885] Compiling AsyncHTTPClient Transaction.swift
[2223/2885] Compiling AsyncHTTPClient Base64.swift
[2224/2885] Compiling AsyncHTTPClient BasicAuth.swift
[2225/2885] Compiling AsyncHTTPClient BestEffortHashableTLSConfiguration.swift
[2226/2885] Compiling AsyncHTTPClient Configuration+BrowserLike.swift
[2227/2885] Compiling AsyncHTTPClient ConnectionPool.swift
[2228/2885] Compiling AsyncHTTPClient RequestOptions.swift
[2229/2885] Compiling AsyncHTTPClient HTTPConnectionPool+Backoff.swift
[2230/2885] Compiling AsyncHTTPClient HTTPConnectionPool+HTTP1Connections.swift
[2231/2885] Compiling AsyncHTTPClient HTTPConnectionPool+HTTP1StateMachine.swift
[2232/2885] Compiling AsyncHTTPClient HTTPConnectionPool+HTTP2Connections.swift
[2233/2885] Compiling AsyncHTTPClient HTTPConnectionPool+HTTP2StateMachine.swift
[2234/2885] Compiling AsyncHTTPClient HTTPConnectionPool+RequestQueue.swift
[2235/2885] Compiling AsyncHTTPClient HTTPConnectionPool+StateMachine.swift
[2236/2885] Compiling AsyncHTTPClient ConnectionTarget.swift
[2237/2885] Compiling AsyncHTTPClient DeconstructedURL.swift
[2238/2885] Compiling AsyncHTTPClient FileDownloadDelegate.swift
[2239/2885] Compiling AsyncHTTPClient FoundationExtensions.swift
[2240/2885] Compiling AsyncHTTPClient HTTPClient+HTTPCookie.swift
[2241/2885] Compiling AsyncHTTPClient HTTPClient+Proxy.swift
[2242/2885] Compiling AsyncHTTPClient HTTPClient+StructuredConcurrency.swift
[2243/2885] Compiling AsyncHTTPClient HTTPClient.swift
[2244/2885] Compiling AsyncHTTPClient HTTPClientConfiguration+SwiftConfiguration.swift
[2245/2885] Compiling AsyncHTTPClient HTTPHandler.swift
[2246/2886] Wrapping AST for AsyncHTTPClient for debugging
[2248/2909] Compiling GoogleAuth ADC.swift
[2249/2909] Compiling GoogleAuth ADCPath.swift
[2250/2909] Compiling GoogleAuth ADCResolver.swift
[2251/2909] Compiling GoogleAuth AuthHeaders.swift
[2252/2909] Emitting module GoogleAuth
[2253/2912] Compiling GoogleAuth UserAccountData.swift
[2254/2912] Compiling GoogleAuth UserAccountTokenProvider.swift
[2255/2912] Compiling GoogleAuth UserCredentials.swift
[2256/2912] Compiling GoogleAuth AnonymousCredentials.swift
[2257/2912] Compiling GoogleAuth ApiKeyCredentials.swift
[2258/2912] Compiling GoogleAuth ExternalAccountCredentials.swift
[2259/2912] Compiling GoogleAuth ServiceAccountCredentials.swift
[2260/2912] Compiling GoogleAuth ServiceAccountData.swift
[2261/2912] Compiling GoogleAuth ServiceAccountTokenProvider.swift
[2262/2912] Compiling GoogleAuth SubjectTokenProvider.swift
[2263/2912] Compiling GoogleAuth MDSAccessTokenProvider.swift
[2264/2912] Compiling GoogleAuth MDSCredentials.swift
[2265/2912] Compiling GoogleAuth CredentialParserRegistry.swift
[2266/2912] Compiling GoogleAuth Credentials.swift
[2267/2912] Compiling GoogleAuth CredentialsError.swift
[2268/2912] Compiling GoogleAuth AuthHTTPClient.swift
[2269/2912] Compiling GoogleAuth AuthHTTPError.swift
[2270/2912] Compiling GoogleAuth RetryEngine.swift
[2271/2912] Compiling GoogleAuth STSHandler.swift
[2272/2912] Compiling GoogleAuth TokenCache.swift
[2273/2912] Compiling GoogleAuth PackageVersion.swift
[2274/2913] Wrapping AST for GoogleAuth for debugging
[2276/2971] Compiling GoogleGax Pagination.swift
/host/spi-builder-workspace/.build/checkouts/swift-google-gax/Sources/GoogleGax/Pagination.swift:44:22: error: cannot convert '@Sendable (String) async throws -> (response: ResponseType, items: [Item], nextToken: String)' to 'nonisolated(nonsending) @Sendable (String) async throws -> (response: ResponseType, items: [Item], nextToken: String)' because crossing of an isolation boundary requires parameter and result types to conform to 'Sendable' protocol
42 | ) where ResponseType: _PaginatedResponse<Item> {
43 | self.initialPageToken = initialPageToken ?? ""
44 | self.fetchPage = { token in
| |- error: cannot convert '@Sendable (String) async throws -> (response: ResponseType, items: [Item], nextToken: String)' to 'nonisolated(nonsending) @Sendable (String) async throws -> (response: ResponseType, items: [Item], nextToken: String)' because crossing of an isolation boundary requires parameter and result types to conform to 'Sendable' protocol
| `- note: type 'Item' does not conform to 'Sendable' protocol
45 | let response = try await listRpc(token)
46 | return (response, response._getPaginatedItems(), response._nextPageToken())
[2277/2971] Compiling GoogleGax PollingBackoffPolicy.swift
/host/spi-builder-workspace/.build/checkouts/swift-google-gax/Sources/GoogleGax/Pagination.swift:44:22: error: cannot convert '@Sendable (String) async throws -> (response: ResponseType, items: [Item], nextToken: String)' to 'nonisolated(nonsending) @Sendable (String) async throws -> (response: ResponseType, items: [Item], nextToken: String)' because crossing of an isolation boundary requires parameter and result types to conform to 'Sendable' protocol
42 | ) where ResponseType: _PaginatedResponse<Item> {
43 | self.initialPageToken = initialPageToken ?? ""
44 | self.fetchPage = { token in
| |- error: cannot convert '@Sendable (String) async throws -> (response: ResponseType, items: [Item], nextToken: String)' to 'nonisolated(nonsending) @Sendable (String) async throws -> (response: ResponseType, items: [Item], nextToken: String)' because crossing of an isolation boundary requires parameter and result types to conform to 'Sendable' protocol
| `- note: type 'Item' does not conform to 'Sendable' protocol
45 | let response = try await listRpc(token)
46 | return (response, response._getPaginatedItems(), response._nextPageToken())
[2278/2971] Compiling GoogleGax PollingErrorPolicy.swift
/host/spi-builder-workspace/.build/checkouts/swift-google-gax/Sources/GoogleGax/Pagination.swift:44:22: error: cannot convert '@Sendable (String) async throws -> (response: ResponseType, items: [Item], nextToken: String)' to 'nonisolated(nonsending) @Sendable (String) async throws -> (response: ResponseType, items: [Item], nextToken: String)' because crossing of an isolation boundary requires parameter and result types to conform to 'Sendable' protocol
42 | ) where ResponseType: _PaginatedResponse<Item> {
43 | self.initialPageToken = initialPageToken ?? ""
44 | self.fetchPage = { token in
| |- error: cannot convert '@Sendable (String) async throws -> (response: ResponseType, items: [Item], nextToken: String)' to 'nonisolated(nonsending) @Sendable (String) async throws -> (response: ResponseType, items: [Item], nextToken: String)' because crossing of an isolation boundary requires parameter and result types to conform to 'Sendable' protocol
| `- note: type 'Item' does not conform to 'Sendable' protocol
45 | let response = try await listRpc(token)
46 | return (response, response._getPaginatedItems(), response._nextPageToken())
[2279/2971] Compiling GoogleGax PollingResult.swift
/host/spi-builder-workspace/.build/checkouts/swift-google-gax/Sources/GoogleGax/Pagination.swift:44:22: error: cannot convert '@Sendable (String) async throws -> (response: ResponseType, items: [Item], nextToken: String)' to 'nonisolated(nonsending) @Sendable (String) async throws -> (response: ResponseType, items: [Item], nextToken: String)' because crossing of an isolation boundary requires parameter and result types to conform to 'Sendable' protocol
42 | ) where ResponseType: _PaginatedResponse<Item> {
43 | self.initialPageToken = initialPageToken ?? ""
44 | self.fetchPage = { token in
| |- error: cannot convert '@Sendable (String) async throws -> (response: ResponseType, items: [Item], nextToken: String)' to 'nonisolated(nonsending) @Sendable (String) async throws -> (response: ResponseType, items: [Item], nextToken: String)' because crossing of an isolation boundary requires parameter and result types to conform to 'Sendable' protocol
| `- note: type 'Item' does not conform to 'Sendable' protocol
45 | let response = try await listRpc(token)
46 | return (response, response._getPaginatedItems(), response._nextPageToken())
[2280/2971] Compiling GoogleGax PollingState.swift
/host/spi-builder-workspace/.build/checkouts/swift-google-gax/Sources/GoogleGax/Pagination.swift:44:22: error: cannot convert '@Sendable (String) async throws -> (response: ResponseType, items: [Item], nextToken: String)' to 'nonisolated(nonsending) @Sendable (String) async throws -> (response: ResponseType, items: [Item], nextToken: String)' because crossing of an isolation boundary requires parameter and result types to conform to 'Sendable' protocol
42 | ) where ResponseType: _PaginatedResponse<Item> {
43 | self.initialPageToken = initialPageToken ?? ""
44 | self.fetchPage = { token in
| |- error: cannot convert '@Sendable (String) async throws -> (response: ResponseType, items: [Item], nextToken: String)' to 'nonisolated(nonsending) @Sendable (String) async throws -> (response: ResponseType, items: [Item], nextToken: String)' because crossing of an isolation boundary requires parameter and result types to conform to 'Sendable' protocol
| `- note: type 'Item' does not conform to 'Sendable' protocol
45 | let response = try await listRpc(token)
46 | return (response, response._getPaginatedItems(), response._nextPageToken())
[2281/2971] Compiling GoogleGax ProtobufConversionError.swift
/host/spi-builder-workspace/.build/checkouts/swift-google-gax/Sources/GoogleGax/Pagination.swift:44:22: error: cannot convert '@Sendable (String) async throws -> (response: ResponseType, items: [Item], nextToken: String)' to 'nonisolated(nonsending) @Sendable (String) async throws -> (response: ResponseType, items: [Item], nextToken: String)' because crossing of an isolation boundary requires parameter and result types to conform to 'Sendable' protocol
42 | ) where ResponseType: _PaginatedResponse<Item> {
43 | self.initialPageToken = initialPageToken ?? ""
44 | self.fetchPage = { token in
| |- error: cannot convert '@Sendable (String) async throws -> (response: ResponseType, items: [Item], nextToken: String)' to 'nonisolated(nonsending) @Sendable (String) async throws -> (response: ResponseType, items: [Item], nextToken: String)' because crossing of an isolation boundary requires parameter and result types to conform to 'Sendable' protocol
| `- note: type 'Item' does not conform to 'Sendable' protocol
45 | let response = try await listRpc(token)
46 | return (response, response._getPaginatedItems(), response._nextPageToken())
[2282/2971] Compiling GoogleGax QueryParameter.swift
/host/spi-builder-workspace/.build/checkouts/swift-google-gax/Sources/GoogleGax/Pagination.swift:44:22: error: cannot convert '@Sendable (String) async throws -> (response: ResponseType, items: [Item], nextToken: String)' to 'nonisolated(nonsending) @Sendable (String) async throws -> (response: ResponseType, items: [Item], nextToken: String)' because crossing of an isolation boundary requires parameter and result types to conform to 'Sendable' protocol
42 | ) where ResponseType: _PaginatedResponse<Item> {
43 | self.initialPageToken = initialPageToken ?? ""
44 | self.fetchPage = { token in
| |- error: cannot convert '@Sendable (String) async throws -> (response: ResponseType, items: [Item], nextToken: String)' to 'nonisolated(nonsending) @Sendable (String) async throws -> (response: ResponseType, items: [Item], nextToken: String)' because crossing of an isolation boundary requires parameter and result types to conform to 'Sendable' protocol
| `- note: type 'Item' does not conform to 'Sendable' protocol
45 | let response = try await listRpc(token)
46 | return (response, response._getPaginatedItems(), response._nextPageToken())
[2283/2971] Compiling GoogleGax RequestError.swift
/host/spi-builder-workspace/.build/checkouts/swift-google-gax/Sources/GoogleGax/Pagination.swift:44:22: error: cannot convert '@Sendable (String) async throws -> (response: ResponseType, items: [Item], nextToken: String)' to 'nonisolated(nonsending) @Sendable (String) async throws -> (response: ResponseType, items: [Item], nextToken: String)' because crossing of an isolation boundary requires parameter and result types to conform to 'Sendable' protocol
42 | ) where ResponseType: _PaginatedResponse<Item> {
43 | self.initialPageToken = initialPageToken ?? ""
44 | self.fetchPage = { token in
| |- error: cannot convert '@Sendable (String) async throws -> (response: ResponseType, items: [Item], nextToken: String)' to 'nonisolated(nonsending) @Sendable (String) async throws -> (response: ResponseType, items: [Item], nextToken: String)' because crossing of an isolation boundary requires parameter and result types to conform to 'Sendable' protocol
| `- note: type 'Item' does not conform to 'Sendable' protocol
45 | let response = try await listRpc(token)
46 | return (response, response._getPaginatedItems(), response._nextPageToken())
[2284/2979] Compiling GoogleGax AIP194+PollingErrorPolicy.swift
[2285/2979] Compiling GoogleGax AIP194+RetryPolicy.swift
[2286/2979] Compiling GoogleGax AIP194.swift
[2287/2979] Compiling GoogleGax AdaptiveThrottler.swift
[2288/2979] Compiling GoogleGax AlwaysPoll.swift
[2289/2979] Compiling GoogleGax AlwaysRetry.swift
[2290/2979] Compiling GoogleGax ApiClientHeader.swift
[2291/2979] Compiling GoogleGax BackoffPolicy.swift
[2292/2979] Compiling GoogleGax BasePollingErrorPolicy.swift
[2293/2979] Emitting module GoogleGax
[2294/2979] Compiling GoogleGax ContinueOnIO.swift
[2295/2979] Compiling GoogleGax CredentialsProtocol.swift
[2296/2979] Compiling GoogleGax ErrorWrapper.swift
[2297/2979] Compiling GoogleGax ExponentialBackoff+BackoffPolicy.swift
[2298/2979] Compiling GoogleGax ExponentialBackoff+PollingBackoffPolicy.swift
[2299/2979] Compiling GoogleGax ExponentialBackoff.swift
[2300/2979] Compiling GoogleGax HTTPClient.swift
[2301/2979] Compiling GoogleGax HTTPClientHolder.swift
[2302/2979] Compiling GoogleGax RequestOptions.swift
[2303/2979] Compiling GoogleGax RetryLoop.swift
[2304/2979] Compiling GoogleGax RetryPolicy.swift
[2305/2979] Compiling GoogleGax RetryResult.swift
[2306/2979] Compiling GoogleGax RetryState.swift
[2307/2979] Compiling GoogleGax RetryThrottler.swift
[2308/2979] Compiling GoogleGax RetryThrottlerError.swift
[2309/2979] Compiling GoogleGax RoutingMatcher.swift
[2310/2979] Compiling GoogleGax HTTPClientProtocol.swift
[2311/2979] Compiling GoogleGax HTTPClientRequest.swift
[2312/2979] Compiling GoogleGax HTTPClientResponse.swift
[2313/2979] Compiling GoogleGax HTTPHeaders.swift
[2314/2979] Compiling GoogleGax HTTPResponseBody.swift
[2315/2979] Compiling GoogleGax HeaderNames.swift
[2316/2979] Compiling GoogleGax Host.swift
[2317/2979] Compiling GoogleGax InProgressResult.swift
[2318/2979] Compiling GoogleGax LimitedAttemptCount+PollingErrorPolicy.swift
[2319/2979] Compiling GoogleGax LimitedAttemptCount+RetryPolicy.swift
[2320/2979] Compiling GoogleGax LimitedAttemptCount.swift
[2321/2979] Compiling GoogleGax LimitedElapsedTime+PollingErrorPolicy.swift
[2322/2979] Compiling GoogleGax LimitedElapsedTime+RetryPolicy.swift
[2323/2979] Compiling GoogleGax LimitedElapsedTime.swift
[2324/2979] Compiling GoogleGax LongRunningOperations.swift
[2325/2979] Compiling GoogleGax NeverRetry.swift
[2326/2979] Compiling GoogleGax BaseRetryPolicy.swift
[2327/2979] Compiling GoogleGax BindingError.swift
[2328/2979] Compiling GoogleGax CRC32C.swift
[2329/2979] Compiling GoogleGax CircuitBreaker.swift
[2330/2979] Compiling GoogleGax ClientError.swift
[2331/2979] Compiling GoogleGax ClientOptions.swift
[2332/2979] Compiling GoogleGax ContinueOnIO+PollingErrorPolicy.swift
[2333/2979] Compiling GoogleGax ContinueOnIO+RetryPolicy.swift
[2334/2979] Compiling GoogleGax ServiceError.swift
[2335/2979] Compiling GoogleGax StatusDetail.swift
[2336/2979] Compiling GoogleGax StrictIdempotency.swift
[2337/2979] Compiling GoogleGax ThrottleResult.swift
[2338/2979] Compiling GoogleGax TooManyRequests+PollingErrorPolicy.swift
[2339/2979] Compiling GoogleGax TooManyRequests+RetryPolicy.swift
[2340/2979] Compiling GoogleGax TooManyRequests.swift
[2341/2979] Compiling GoogleGax PackageVersion.swift
BUILD FAILURE 6.2 android