Build Information
Failed to build ZIM, reference 3.2.0 (93a9a1), with Swift 6.4 for macOS (Xcode) using Xcode 27.0 on 26 Sep 2026 17:09:00 UTC.
Build Command
env DEVELOPER_DIR=/Applications/Xcode-27.0.0-Release.Candidate.app xcrun xcodebuild -IDEClonedSourcePackagesDirPathOverride=$PWD/.dependencies -skipMacroValidation -skipPackagePluginValidation -derivedDataPath $PWD/.derivedData build -scheme ZIM -destination platform=macOS,arch=arm64Build Log
========================================
RunAll
========================================
Builder version: 5.1.0
Interrupt handler set up.
========================================
Checkout
========================================
Clone URL: https://github.com/zegolibrary/zim-ios.git
Reference: 3.2.0
Initialized empty Git repository in /Users/admin/builder/spi-builder-workspace/.git/
From https://github.com/zegolibrary/zim-ios
* tag 3.2.0 -> FETCH_HEAD
HEAD is now at 93a9a10 🔖 Release 3.2.0
Cloned https://github.com/zegolibrary/zim-ios.git
Revision (git rev-parse @):
93a9a10785a5e8aad78c0c79f5396bc30717530a
SUCCESS checkout https://github.com/zegolibrary/zim-ios.git at 3.2.0
========================================
Build
========================================
Selected platform: macosXcodebuild
Swift version: 6.4
Building package at path: $PWD
https://github.com/zegolibrary/zim-ios.git
Command line invocation:
/Applications/Xcode-27.0.0-Release.Candidate.app/Contents/Developer/usr/bin/xcodebuild -IDEClonedSourcePackagesDirPathOverride=/Users/admin/builder/spi-builder-workspace/.dependencies -resolvePackageDependencies
Resolve Package Graph
Resolve Package Graph
Resolved source packages:
ZIM: /Users/admin/builder/spi-builder-workspace
resolved source packages: ZIM
2026-09-26 13:08:13.594 xcodebuild[529:3011] [MT] IDERunDestination: Supported platforms for the buildables in the current scheme is empty.
{
"dependencies" : [
],
"manifest_display_name" : "ZIM",
"name" : "ZIM",
"path" : "/Users/admin/builder/spi-builder-workspace",
"platforms" : [
{
"name" : "ios",
"version" : "11.0"
}
],
"products" : [
{
"name" : "ZIM",
"targets" : [
"ZIM"
],
"type" : {
"library" : [
"automatic"
]
}
}
],
"targets" : [
{
"c99name" : "ZIM",
"module_type" : "BinaryTarget",
"name" : "ZIM",
"path" : "remote/archive/ZIM.xcframework.zip",
"product_memberships" : [
"ZIM"
],
"sources" : [
],
"type" : "binary"
}
],
"tools_version" : "5.5"
}
{
"workspace" : {
"name" : "ZIM",
"schemes" : [
"ZIM"
]
}
}
2026-09-26 13:08:54.380 xcodebuild[659:4152] [MT] IDERunDestination: Supported platforms for the buildables in the current scheme is empty.
Running build ...
env DEVELOPER_DIR=/Applications/Xcode-27.0.0-Release.Candidate.app xcrun xcodebuild -IDEClonedSourcePackagesDirPathOverride=$PWD/.dependencies -skipMacroValidation -skipPackagePluginValidation -derivedDataPath $PWD/.derivedData build -scheme ZIM -destination platform=macOS,arch=arm64
Command line invocation:
/Applications/Xcode-27.0.0-Release.Candidate.app/Contents/Developer/usr/bin/xcodebuild -IDEClonedSourcePackagesDirPathOverride=/Users/admin/builder/spi-builder-workspace/.dependencies -skipMacroValidation -skipPackagePluginValidation -derivedDataPath /Users/admin/builder/spi-builder-workspace/.derivedData build -scheme ZIM -destination platform=macOS,arch=arm64
Resolve Package Graph
Resolved source packages:
ZIM: /Users/admin/builder/spi-builder-workspace
ComputePackagePrebuildTargetDependencyGraph
Prepare packages
CreateBuildRequest
SendProjectDescription
CreateBuildOperation
ComputeTargetDependencyGraph
note: Building targets in dependency order
note: Target dependency graph (1 target)
Target 'ZIM-product' in project 'ZIM' (no dependencies)
GatherProvisioningInputs
CreateBuildDescription
ExecuteExternalTool /Applications/Xcode-27.0.0-Release.Candidate.app/Contents/Developer/Toolchains/XcodeDefault.xctoolchain/usr/bin/clang -v -E -dM -isysroot /Applications/Xcode-27.0.0-Release.Candidate.app/Contents/Developer/Platforms/MacOSX.platform/Developer/SDKs/MacOSX27.0.sdk -x c -c /dev/null
Build description signature: e94b6aa148a15905bbc13dbb0af2beb3
Build description path: /Users/admin/builder/spi-builder-workspace/.derivedData/Build/Intermediates.noindex/XCBuildData/e94b6aa148a15905bbc13dbb0af2beb3.xcbuilddata
/Users/admin/builder/spi-builder-workspace/.dependencies/artifacts/spi-builder-workspace/ZIM/ZIM.xcframework:1:1: error: While building for macOS, no library for this platform was found in '/Users/admin/builder/spi-builder-workspace/.dependencies/artifacts/spi-builder-workspace/ZIM/ZIM.xcframework'. (in target 'ZIM-product' from project 'ZIM')
2026-09-26 13:08:55.989 xcodebuild[660:4196] [MT] IDERunDestination: Supported platforms for the buildables in the current scheme is empty.
--- xcodebuild: WARNING: Using the first of multiple matching destinations:
{ platform:macOS, arch:arm64, id:6902fc8835156a0fbac90f73110b449b9b9902c2, name:My Mac }
{ platform:macOS, arch:arm64, variant:Mac Catalyst, id:6902fc8835156a0fbac90f73110b449b9b9902c2, name:My Mac }
{ platform:macOS, arch:arm64, variant:DriverKit, id:6902fc8835156a0fbac90f73110b449b9b9902c2, name:My Mac }
{ platform:macOS, arch:arm64, variant:Designed for [iPad,iPhone], id:6902fc8835156a0fbac90f73110b449b9b9902c2, name:My Mac }
** BUILD FAILED **
The following build commands failed:
Building workspace ZIM with scheme ZIM
(1 failure)
Command line invocation:
/Applications/Xcode-27.0.0-Release.Candidate.app/Contents/Developer/usr/bin/xcodebuild -IDEClonedSourcePackagesDirPathOverride=/Users/admin/builder/spi-builder-workspace/.dependencies -resolvePackageDependencies
Resolve Package Graph
Resolved source packages:
ZIM: /Users/admin/builder/spi-builder-workspace
resolved source packages: ZIM
2026-09-26 13:08:57.693 xcodebuild[672:4305] [MT] IDERunDestination: Supported platforms for the buildables in the current scheme is empty.
{
"dependencies" : [
],
"manifest_display_name" : "ZIM",
"name" : "ZIM",
"path" : "/Users/admin/builder/spi-builder-workspace",
"platforms" : [
{
"name" : "ios",
"version" : "11.0"
}
],
"products" : [
{
"name" : "ZIM",
"targets" : [
"ZIM"
],
"type" : {
"library" : [
"automatic"
]
}
}
],
"targets" : [
{
"c99name" : "ZIM",
"module_type" : "BinaryTarget",
"name" : "ZIM",
"path" : "remote/archive/ZIM.xcframework.zip",
"product_memberships" : [
"ZIM"
],
"sources" : [
],
"type" : "binary"
}
],
"tools_version" : "5.5"
}
{
"workspace" : {
"name" : "ZIM",
"schemes" : [
"ZIM"
]
}
}
2026-09-26 13:08:58.935 xcodebuild[680:4365] [MT] IDERunDestination: Supported platforms for the buildables in the current scheme is empty.
Running build ...
env DEVELOPER_DIR=/Applications/Xcode-27.0.0-Release.Candidate.app xcrun xcodebuild -IDEClonedSourcePackagesDirPathOverride=$PWD/.dependencies -skipMacroValidation -skipPackagePluginValidation -derivedDataPath $PWD/.derivedData build -scheme ZIM -destination platform=macOS,arch=arm64
Command line invocation:
/Applications/Xcode-27.0.0-Release.Candidate.app/Contents/Developer/usr/bin/xcodebuild -IDEClonedSourcePackagesDirPathOverride=/Users/admin/builder/spi-builder-workspace/.dependencies -skipMacroValidation -skipPackagePluginValidation -derivedDataPath /Users/admin/builder/spi-builder-workspace/.derivedData build -scheme ZIM -destination platform=macOS,arch=arm64
Resolve Package Graph
Resolved source packages:
ZIM: /Users/admin/builder/spi-builder-workspace
ComputePackagePrebuildTargetDependencyGraph
Prepare packages
CreateBuildRequest
SendProjectDescription
CreateBuildOperation
ComputeTargetDependencyGraph
note: Building targets in dependency order
note: Target dependency graph (1 target)
Target 'ZIM-product' in project 'ZIM' (no dependencies)
GatherProvisioningInputs
CreateBuildDescription
/Users/admin/builder/spi-builder-workspace/.dependencies/artifacts/spi-builder-workspace/ZIM/ZIM.xcframework:1:1: error: While building for macOS, no library for this platform was found in '/Users/admin/builder/spi-builder-workspace/.dependencies/artifacts/spi-builder-workspace/ZIM/ZIM.xcframework'. (in target 'ZIM-product' from project 'ZIM')
2026-09-26 13:08:59.905 xcodebuild[681:4390] [MT] IDERunDestination: Supported platforms for the buildables in the current scheme is empty.
--- xcodebuild: WARNING: Using the first of multiple matching destinations:
{ platform:macOS, arch:arm64, id:6902fc8835156a0fbac90f73110b449b9b9902c2, name:My Mac }
{ platform:macOS, arch:arm64, variant:Mac Catalyst, id:6902fc8835156a0fbac90f73110b449b9b9902c2, name:My Mac }
{ platform:macOS, arch:arm64, variant:DriverKit, id:6902fc8835156a0fbac90f73110b449b9b9902c2, name:My Mac }
{ platform:macOS, arch:arm64, variant:Designed for [iPad,iPhone], id:6902fc8835156a0fbac90f73110b449b9b9902c2, name:My Mac }
** BUILD FAILED **
The following build commands failed:
Building workspace ZIM with scheme ZIM
(1 failure)
BUILD FAILURE 6.4 macosXcodebuild