Build Information
Failed to build SwiftQC, reference v1.0.0 (215b72), with Swift 6.4 for watchOS using Xcode 27.0 on 22 Sep 2026 17:06:31 UTC.
Build Command
env DEVELOPER_DIR=/Applications/Xcode-27.0.0-Release.Candidate.app xcrun xcodebuild -IDEClonedSourcePackagesDirPathOverride=$PWD/.dependencies -skipMacroValidation -skipPackagePluginValidation -derivedDataPath $PWD/.derivedData build -scheme SwiftQC-Package -destination generic/platform=watchOSBuild Log
builtin-SwiftPerFileCompile Configuration+EventHandling.swift
SwiftCompile normal arm64_32 /Users/admin/builder/spi-builder-workspace/.dependencies/checkouts/swift-testing/Sources/Testing/Running/Configuration.TestFilter.swift (in target 'Testing' from project 'swift-testing')
cd /Users/admin/builder/spi-builder-workspace/.swiftpm/xcode
builtin-SwiftPerFileCompile Configuration.TestFilter.swift
SwiftCompile normal arm64_32 /Users/admin/builder/spi-builder-workspace/.dependencies/checkouts/swift-testing/Sources/Testing/Running/Configuration.swift (in target 'Testing' from project 'swift-testing')
cd /Users/admin/builder/spi-builder-workspace/.swiftpm/xcode
builtin-SwiftPerFileCompile Configuration.swift
SwiftCompile normal arm64_32 /Users/admin/builder/spi-builder-workspace/.dependencies/checkouts/swift-testing/Sources/Testing/Running/Runner.Plan+Dumping.swift (in target 'Testing' from project 'swift-testing')
cd /Users/admin/builder/spi-builder-workspace/.swiftpm/xcode
builtin-SwiftPerFileCompile Runner.Plan+Dumping.swift
SwiftCompile normal arm64_32 /Users/admin/builder/spi-builder-workspace/.dependencies/checkouts/swift-testing/Sources/Testing/Running/Runner.Plan.swift (in target 'Testing' from project 'swift-testing')
cd /Users/admin/builder/spi-builder-workspace/.swiftpm/xcode
builtin-SwiftPerFileCompile Runner.Plan.swift
SwiftCompile normal arm64_32 /Users/admin/builder/spi-builder-workspace/.dependencies/checkouts/swift-testing/Sources/Testing/Running/Runner.RuntimeState.swift (in target 'Testing' from project 'swift-testing')
cd /Users/admin/builder/spi-builder-workspace/.swiftpm/xcode
builtin-SwiftPerFileCompile Runner.RuntimeState.swift
SwiftCompile normal arm64_32 /Users/admin/builder/spi-builder-workspace/.dependencies/checkouts/swift-testing/Sources/Testing/Running/Runner.swift (in target 'Testing' from project 'swift-testing')
cd /Users/admin/builder/spi-builder-workspace/.swiftpm/xcode
builtin-SwiftPerFileCompile Runner.swift
SwiftCompile normal arm64_32 /Users/admin/builder/spi-builder-workspace/.dependencies/checkouts/swift-testing/Sources/Testing/Running/SkipInfo.swift (in target 'Testing' from project 'swift-testing')
cd /Users/admin/builder/spi-builder-workspace/.swiftpm/xcode
builtin-SwiftPerFileCompile SkipInfo.swift
SwiftCompile normal arm64_32 /Users/admin/builder/spi-builder-workspace/.dependencies/checkouts/swift-testing/Sources/Testing/SourceAttribution/Backtrace+Symbolication.swift (in target 'Testing' from project 'swift-testing')
cd /Users/admin/builder/spi-builder-workspace/.swiftpm/xcode
builtin-SwiftPerFileCompile Backtrace+Symbolication.swift
SwiftDriverJobDiscovery normal arm64 Compiling ABIv0.EncodedIssue.swift, ABIv0.EncodedMessage.swift, ABIv0.EncodedTest.swift, Clock.swift, Event.swift, Event.ConsoleOutputRecorder.swift, Event.HumanReadableOutputRecorder.swift, Event.JUnitXMLRecorder.swift, Event.Symbol.swift (in target 'Testing' from project 'swift-testing')
SwiftCompile normal arm64_32 Compiling\ Tag+Macro.swift,\ Tag+Predefined.swift,\ Tag.Color+Loading.swift,\ Tag.Color.swift,\ Tag.List.swift,\ Tag.swift,\ TimeLimitTrait.swift,\ Trait.swift /Users/admin/builder/spi-builder-workspace/.dependencies/checkouts/swift-testing/Sources/Testing/Traits/Tags/Tag+Macro.swift /Users/admin/builder/spi-builder-workspace/.dependencies/checkouts/swift-testing/Sources/Testing/Traits/Tags/Tag+Predefined.swift /Users/admin/builder/spi-builder-workspace/.dependencies/checkouts/swift-testing/Sources/Testing/Traits/Tags/Tag.Color+Loading.swift /Users/admin/builder/spi-builder-workspace/.dependencies/checkouts/swift-testing/Sources/Testing/Traits/Tags/Tag.Color.swift /Users/admin/builder/spi-builder-workspace/.dependencies/checkouts/swift-testing/Sources/Testing/Traits/Tags/Tag.List.swift /Users/admin/builder/spi-builder-workspace/.dependencies/checkouts/swift-testing/Sources/Testing/Traits/Tags/Tag.swift /Users/admin/builder/spi-builder-workspace/.dependencies/checkouts/swift-testing/Sources/Testing/Traits/TimeLimitTrait.swift /Users/admin/builder/spi-builder-workspace/.dependencies/checkouts/swift-testing/Sources/Testing/Traits/Trait.swift (in target 'Testing' from project 'swift-testing')
SwiftCompile normal arm64_32 /Users/admin/builder/spi-builder-workspace/.dependencies/checkouts/swift-testing/Sources/Testing/Traits/Tags/Tag+Macro.swift (in target 'Testing' from project 'swift-testing')
cd /Users/admin/builder/spi-builder-workspace/.swiftpm/xcode
builtin-SwiftPerFileCompile Tag+Macro.swift
SwiftCompile normal arm64_32 /Users/admin/builder/spi-builder-workspace/.dependencies/checkouts/swift-testing/Sources/Testing/Traits/Tags/Tag+Predefined.swift (in target 'Testing' from project 'swift-testing')
cd /Users/admin/builder/spi-builder-workspace/.swiftpm/xcode
builtin-SwiftPerFileCompile Tag+Predefined.swift
SwiftCompile normal arm64_32 /Users/admin/builder/spi-builder-workspace/.dependencies/checkouts/swift-testing/Sources/Testing/Traits/Tags/Tag.Color+Loading.swift (in target 'Testing' from project 'swift-testing')
cd /Users/admin/builder/spi-builder-workspace/.swiftpm/xcode
builtin-SwiftPerFileCompile Tag.Color+Loading.swift
SwiftCompile normal arm64_32 /Users/admin/builder/spi-builder-workspace/.dependencies/checkouts/swift-testing/Sources/Testing/Traits/Tags/Tag.Color.swift (in target 'Testing' from project 'swift-testing')
cd /Users/admin/builder/spi-builder-workspace/.swiftpm/xcode
builtin-SwiftPerFileCompile Tag.Color.swift
SwiftCompile normal arm64_32 /Users/admin/builder/spi-builder-workspace/.dependencies/checkouts/swift-testing/Sources/Testing/Traits/Tags/Tag.List.swift (in target 'Testing' from project 'swift-testing')
cd /Users/admin/builder/spi-builder-workspace/.swiftpm/xcode
builtin-SwiftPerFileCompile Tag.List.swift
SwiftCompile normal arm64_32 /Users/admin/builder/spi-builder-workspace/.dependencies/checkouts/swift-testing/Sources/Testing/Traits/Tags/Tag.swift (in target 'Testing' from project 'swift-testing')
cd /Users/admin/builder/spi-builder-workspace/.swiftpm/xcode
builtin-SwiftPerFileCompile Tag.swift
SwiftCompile normal arm64_32 /Users/admin/builder/spi-builder-workspace/.dependencies/checkouts/swift-testing/Sources/Testing/Traits/TimeLimitTrait.swift (in target 'Testing' from project 'swift-testing')
cd /Users/admin/builder/spi-builder-workspace/.swiftpm/xcode
builtin-SwiftPerFileCompile TimeLimitTrait.swift
SwiftCompile normal arm64_32 /Users/admin/builder/spi-builder-workspace/.dependencies/checkouts/swift-testing/Sources/Testing/Traits/Trait.swift (in target 'Testing' from project 'swift-testing')
cd /Users/admin/builder/spi-builder-workspace/.swiftpm/xcode
builtin-SwiftPerFileCompile Trait.swift
SwiftDriverJobDiscovery normal arm64 Compiling Tag+Macro.swift, Tag+Predefined.swift, Tag.Color+Loading.swift, Tag.Color.swift, Tag.List.swift, Tag.swift, TimeLimitTrait.swift, Trait.swift (in target 'Testing' from project 'swift-testing')
SwiftCompile normal arm64_32 Compiling\ ABIv0.EncodedIssue.swift,\ ABIv0.EncodedMessage.swift,\ ABIv0.EncodedTest.swift,\ Clock.swift,\ Event.swift,\ Event.ConsoleOutputRecorder.swift,\ Event.HumanReadableOutputRecorder.swift,\ Event.JUnitXMLRecorder.swift,\ Event.Symbol.swift /Users/admin/builder/spi-builder-workspace/.dependencies/checkouts/swift-testing/Sources/Testing/ABI/v0/Encoded/ABIv0.EncodedIssue.swift /Users/admin/builder/spi-builder-workspace/.dependencies/checkouts/swift-testing/Sources/Testing/ABI/v0/Encoded/ABIv0.EncodedMessage.swift /Users/admin/builder/spi-builder-workspace/.dependencies/checkouts/swift-testing/Sources/Testing/ABI/v0/Encoded/ABIv0.EncodedTest.swift /Users/admin/builder/spi-builder-workspace/.dependencies/checkouts/swift-testing/Sources/Testing/Events/Clock.swift /Users/admin/builder/spi-builder-workspace/.dependencies/checkouts/swift-testing/Sources/Testing/Events/Event.swift /Users/admin/builder/spi-builder-workspace/.dependencies/checkouts/swift-testing/Sources/Testing/Events/Recorder/Event.ConsoleOutputRecorder.swift /Users/admin/builder/spi-builder-workspace/.dependencies/checkouts/swift-testing/Sources/Testing/Events/Recorder/Event.HumanReadableOutputRecorder.swift /Users/admin/builder/spi-builder-workspace/.dependencies/checkouts/swift-testing/Sources/Testing/Events/Recorder/Event.JUnitXMLRecorder.swift /Users/admin/builder/spi-builder-workspace/.dependencies/checkouts/swift-testing/Sources/Testing/Events/Recorder/Event.Symbol.swift (in target 'Testing' from project 'swift-testing')
SwiftCompile normal arm64_32 /Users/admin/builder/spi-builder-workspace/.dependencies/checkouts/swift-testing/Sources/Testing/ABI/v0/Encoded/ABIv0.EncodedIssue.swift (in target 'Testing' from project 'swift-testing')
cd /Users/admin/builder/spi-builder-workspace/.swiftpm/xcode
builtin-SwiftPerFileCompile ABIv0.EncodedIssue.swift
SwiftCompile normal arm64_32 /Users/admin/builder/spi-builder-workspace/.dependencies/checkouts/swift-testing/Sources/Testing/ABI/v0/Encoded/ABIv0.EncodedMessage.swift (in target 'Testing' from project 'swift-testing')
cd /Users/admin/builder/spi-builder-workspace/.swiftpm/xcode
builtin-SwiftPerFileCompile ABIv0.EncodedMessage.swift
SwiftCompile normal arm64_32 /Users/admin/builder/spi-builder-workspace/.dependencies/checkouts/swift-testing/Sources/Testing/ABI/v0/Encoded/ABIv0.EncodedTest.swift (in target 'Testing' from project 'swift-testing')
cd /Users/admin/builder/spi-builder-workspace/.swiftpm/xcode
builtin-SwiftPerFileCompile ABIv0.EncodedTest.swift
SwiftCompile normal arm64_32 /Users/admin/builder/spi-builder-workspace/.dependencies/checkouts/swift-testing/Sources/Testing/Events/Clock.swift (in target 'Testing' from project 'swift-testing')
cd /Users/admin/builder/spi-builder-workspace/.swiftpm/xcode
builtin-SwiftPerFileCompile Clock.swift
SwiftCompile normal arm64_32 /Users/admin/builder/spi-builder-workspace/.dependencies/checkouts/swift-testing/Sources/Testing/Events/Event.swift (in target 'Testing' from project 'swift-testing')
cd /Users/admin/builder/spi-builder-workspace/.swiftpm/xcode
builtin-SwiftPerFileCompile Event.swift
SwiftCompile normal arm64_32 /Users/admin/builder/spi-builder-workspace/.dependencies/checkouts/swift-testing/Sources/Testing/Events/Recorder/Event.ConsoleOutputRecorder.swift (in target 'Testing' from project 'swift-testing')
cd /Users/admin/builder/spi-builder-workspace/.swiftpm/xcode
builtin-SwiftPerFileCompile Event.ConsoleOutputRecorder.swift
SwiftCompile normal arm64_32 /Users/admin/builder/spi-builder-workspace/.dependencies/checkouts/swift-testing/Sources/Testing/Events/Recorder/Event.HumanReadableOutputRecorder.swift (in target 'Testing' from project 'swift-testing')
cd /Users/admin/builder/spi-builder-workspace/.swiftpm/xcode
builtin-SwiftPerFileCompile Event.HumanReadableOutputRecorder.swift
SwiftCompile normal arm64_32 /Users/admin/builder/spi-builder-workspace/.dependencies/checkouts/swift-testing/Sources/Testing/Events/Recorder/Event.JUnitXMLRecorder.swift (in target 'Testing' from project 'swift-testing')
cd /Users/admin/builder/spi-builder-workspace/.swiftpm/xcode
builtin-SwiftPerFileCompile Event.JUnitXMLRecorder.swift
SwiftCompile normal arm64_32 /Users/admin/builder/spi-builder-workspace/.dependencies/checkouts/swift-testing/Sources/Testing/Events/Recorder/Event.Symbol.swift (in target 'Testing' from project 'swift-testing')
cd /Users/admin/builder/spi-builder-workspace/.swiftpm/xcode
builtin-SwiftPerFileCompile Event.Symbol.swift
SwiftDriverJobDiscovery normal arm64_32 Emitting module for Testing (in target 'Testing' from project 'swift-testing')
SwiftDriver\ Compilation\ Requirements Testing normal arm64_32 com.apple.xcode.tools.swift.compiler (in target 'Testing' from project 'swift-testing')
cd /Users/admin/builder/spi-builder-workspace/.swiftpm/xcode
builtin-Swift-Compilation-Requirements -- /Applications/Xcode-27.0.0-Release.Candidate.app/Contents/Developer/Toolchains/XcodeDefault.xctoolchain/usr/bin/swiftc -parse-as-library -module-name Testing -Onone @/Users/admin/builder/spi-builder-workspace/.derivedData/Build/Intermediates.noindex/swift-testing.build/Debug-watchos/Testing-t.build/Objects-normal/arm64_32/Testing.SwiftFileList -DSWIFT_PACKAGE -DDEBUG -DSWIFT_MODULE_RESOURCE_BUNDLE_UNAVAILABLE -DSWT_TARGET_OS_APPLE -DSWT_NO_EXIT_TESTS -Xcc -fmodule-map-file\=/Users/admin/builder/spi-builder-workspace/.dependencies/checkouts/swift-testing/Sources/_TestingInternals/include/module.modulemap -DXcode -enable-experimental-feature AvailabilityMacro\=_mangledTypeNameAPI:macOS\ 11.0,\ iOS\ 14.0,\ watchOS\ 7.0,\ tvOS\ 14.0 -enable-experimental-feature AvailabilityMacro\=_backtraceAsyncAPI:macOS\ 12.0,\ iOS\ 15.0,\ watchOS\ 8.0,\ tvOS\ 15.0 -enable-experimental-feature AvailabilityMacro\=_clockAPI:macOS\ 13.0,\ iOS\ 16.0,\ watchOS\ 9.0,\ tvOS\ 16.0 -enable-experimental-feature AvailabilityMacro\=_regexAPI:macOS\ 13.0,\ iOS\ 16.0,\ tvOS\ 16.0,\ watchOS\ 9.0 -enable-experimental-feature AvailabilityMacro\=_swiftVersionAPI:macOS\ 13.0,\ iOS\ 16.0,\ tvOS\ 16.0,\ watchOS\ 9.0 -enable-experimental-feature AvailabilityMacro\=_typedThrowsAPI:macOS\ 15.0,\ iOS\ 18.0,\ watchOS\ 11.0,\ tvOS\ 18.0,\ visionOS\ 2.0 -enable-experimental-feature AvailabilityMacro\=_distantFuture:macOS\ 99.0,\ iOS\ 99.0,\ watchOS\ 99.0,\ tvOS\ 99.0,\ visionOS\ 99.0 -enable-upcoming-feature ExistentialAny -enable-experimental-feature AccessLevelOnImport -enable-upcoming-feature InternalImportsByDefault -plugin-path /Applications/Xcode-27.0.0-Release.Candidate.app/Contents/Developer/Toolchains/XcodeDefault.xctoolchain/usr/lib/swift/host/plugins/testing -enable-experimental-feature DebugDescriptionMacro -sdk /Applications/Xcode-27.0.0-Release.Candidate.app/Contents/Developer/Platforms/WatchOS.platform/Developer/SDKs/WatchOS27.0.sdk -target arm64_32-apple-watchos9.0 -g -module-cache-path /Users/admin/builder/spi-builder-workspace/.derivedData/ModuleCache.noindex -Xfrontend -serialize-debugging-options -profile-coverage-mapping -profile-generate -enable-testing -suppress-warnings -index-store-path /Users/admin/builder/spi-builder-workspace/.derivedData/Index.noindex/DataStore -Xcc -D_LIBCPP_HARDENING_MODE\=_LIBCPP_HARDENING_MODE_DEBUG -swift-version 6 -I /Users/admin/builder/spi-builder-workspace/.derivedData/Build/Products/Debug-watchos -Isystem /Applications/Xcode-27.0.0-Release.Candidate.app/Contents/Developer/Platforms/WatchOS.platform/Developer/usr/lib -F /Users/admin/builder/spi-builder-workspace/.derivedData/Build/Products/Debug-watchos/PackageFrameworks -F /Users/admin/builder/spi-builder-workspace/.derivedData/Build/Products/Debug-watchos -F /Applications/Xcode-27.0.0-Release.Candidate.app/Contents/Developer/Platforms/WatchOS.platform/Developer/Library/Frameworks -F /Applications/Xcode-27.0.0-Release.Candidate.app/Contents/Developer/Platforms/WatchOS.platform/Developer/SDKs/WatchOS27.0.sdk/Developer/Library/Frameworks -Xfrontend -load-plugin-executable -Xfrontend /Users/admin/builder/spi-builder-workspace/.derivedData/Build/Products/Debug/TestingMacros\#TestingMacros -c -j10 -enable-batch-mode -incremental -Xcc -ivfsstatcache -Xcc /Users/admin/builder/spi-builder-workspace/.derivedData/SDKStatCaches.noindex/watchos27.0-24R360-e829b21a6f8c9b70876ba0858053c04477534ef55a1706bf4c1112bbb242f0a2.sdkstatcache -output-file-map /Users/admin/builder/spi-builder-workspace/.derivedData/Build/Intermediates.noindex/swift-testing.build/Debug-watchos/Testing-t.build/Objects-normal/arm64_32/Testing-OutputFileMap.json -save-temps -no-color-diagnostics -explicit-module-build -module-cache-path /Users/admin/builder/spi-builder-workspace/.derivedData/Build/Intermediates.noindex/SwiftExplicitPrecompiledModules -clang-scanner-module-cache-path /Users/admin/builder/spi-builder-workspace/.derivedData/ModuleCache.noindex -sdk-module-cache-path /Users/admin/builder/spi-builder-workspace/.derivedData/SDKExplicitPrecompiledModules -emit-dependencies -emit-module -emit-module-path /Users/admin/builder/spi-builder-workspace/.derivedData/Build/Intermediates.noindex/swift-testing.build/Debug-watchos/Testing-t.build/Objects-normal/arm64_32/Testing.swiftmodule -serialize-diagnostics -dependency-scan-serialize-diagnostics-path /Users/admin/builder/spi-builder-workspace/.derivedData/Build/Intermediates.noindex/swift-testing.build/Debug-watchos/Testing-t.build/Objects-normal/arm64_32/Testing-dependency-scan.dia -user-module-version 0.99.0 -validate-clang-modules-once -clang-build-session-file /Users/admin/builder/spi-builder-workspace/.derivedData/ModuleCache.noindex/Session.modulevalidation -Xcc -fmodules-prune-interval\=86400 -Xcc -fmodules-prune-after\=345600 -package-name swift_testing -emit-const-values -const-gather-protocols-list /Users/admin/builder/spi-builder-workspace/.derivedData/Build/Intermediates.noindex/swift-testing.build/Debug-watchos/Testing-t.build/Objects-normal/arm64_32/Testing_const_extract_protocols.json -Xcc -I/Users/admin/builder/spi-builder-workspace/.dependencies/checkouts/swift-testing/Sources/_TestingInternals/include -Xcc -I/Users/admin/builder/spi-builder-workspace/.derivedData/Build/Products/Debug-watchos/include -Xcc -I/Users/admin/builder/spi-builder-workspace/.derivedData/Build/Intermediates.noindex/swift-testing.build/Debug-watchos/Testing-t.build/DerivedSources-normal/arm64_32 -Xcc -I/Users/admin/builder/spi-builder-workspace/.derivedData/Build/Intermediates.noindex/swift-testing.build/Debug-watchos/Testing-t.build/DerivedSources/arm64_32 -Xcc -I/Users/admin/builder/spi-builder-workspace/.derivedData/Build/Intermediates.noindex/swift-testing.build/Debug-watchos/Testing-t.build/DerivedSources -Xcc -DSWIFT_PACKAGE -Xcc -DDEBUG\=1 -Xcc -DSWT_TESTING_LIBRARY_VERSION\=\"0.99.0\" -emit-objc-header -emit-objc-header-path /Users/admin/builder/spi-builder-workspace/.derivedData/Build/Intermediates.noindex/swift-testing.build/Debug-watchos/Testing-t.build/Objects-normal/arm64_32/Testing-Swift.h -working-directory /Users/admin/builder/spi-builder-workspace/.swiftpm/xcode -experimental-emit-module-separately -disable-cmo
SwiftDriverJobDiscovery normal arm64 Emitting module for Testing (in target 'Testing' from project 'swift-testing')
SwiftDriver\ Compilation\ Requirements Testing normal arm64 com.apple.xcode.tools.swift.compiler (in target 'Testing' from project 'swift-testing')
cd /Users/admin/builder/spi-builder-workspace/.swiftpm/xcode
builtin-Swift-Compilation-Requirements -- /Applications/Xcode-27.0.0-Release.Candidate.app/Contents/Developer/Toolchains/XcodeDefault.xctoolchain/usr/bin/swiftc -parse-as-library -module-name Testing -Onone @/Users/admin/builder/spi-builder-workspace/.derivedData/Build/Intermediates.noindex/swift-testing.build/Debug-watchos/Testing-t.build/Objects-normal/arm64/Testing.SwiftFileList -DSWIFT_PACKAGE -DDEBUG -DSWIFT_MODULE_RESOURCE_BUNDLE_UNAVAILABLE -DSWT_TARGET_OS_APPLE -DSWT_NO_EXIT_TESTS -Xcc -fmodule-map-file\=/Users/admin/builder/spi-builder-workspace/.dependencies/checkouts/swift-testing/Sources/_TestingInternals/include/module.modulemap -DXcode -enable-experimental-feature AvailabilityMacro\=_mangledTypeNameAPI:macOS\ 11.0,\ iOS\ 14.0,\ watchOS\ 7.0,\ tvOS\ 14.0 -enable-experimental-feature AvailabilityMacro\=_backtraceAsyncAPI:macOS\ 12.0,\ iOS\ 15.0,\ watchOS\ 8.0,\ tvOS\ 15.0 -enable-experimental-feature AvailabilityMacro\=_clockAPI:macOS\ 13.0,\ iOS\ 16.0,\ watchOS\ 9.0,\ tvOS\ 16.0 -enable-experimental-feature AvailabilityMacro\=_regexAPI:macOS\ 13.0,\ iOS\ 16.0,\ tvOS\ 16.0,\ watchOS\ 9.0 -enable-experimental-feature AvailabilityMacro\=_swiftVersionAPI:macOS\ 13.0,\ iOS\ 16.0,\ tvOS\ 16.0,\ watchOS\ 9.0 -enable-experimental-feature AvailabilityMacro\=_typedThrowsAPI:macOS\ 15.0,\ iOS\ 18.0,\ watchOS\ 11.0,\ tvOS\ 18.0,\ visionOS\ 2.0 -enable-experimental-feature AvailabilityMacro\=_distantFuture:macOS\ 99.0,\ iOS\ 99.0,\ watchOS\ 99.0,\ tvOS\ 99.0,\ visionOS\ 99.0 -enable-upcoming-feature ExistentialAny -enable-experimental-feature AccessLevelOnImport -enable-upcoming-feature InternalImportsByDefault -plugin-path /Applications/Xcode-27.0.0-Release.Candidate.app/Contents/Developer/Toolchains/XcodeDefault.xctoolchain/usr/lib/swift/host/plugins/testing -enable-experimental-feature DebugDescriptionMacro -sdk /Applications/Xcode-27.0.0-Release.Candidate.app/Contents/Developer/Platforms/WatchOS.platform/Developer/SDKs/WatchOS27.0.sdk -target arm64-apple-watchos9.0 -g -module-cache-path /Users/admin/builder/spi-builder-workspace/.derivedData/ModuleCache.noindex -Xfrontend -serialize-debugging-options -profile-coverage-mapping -profile-generate -enable-testing -suppress-warnings -index-store-path /Users/admin/builder/spi-builder-workspace/.derivedData/Index.noindex/DataStore -Xcc -D_LIBCPP_HARDENING_MODE\=_LIBCPP_HARDENING_MODE_DEBUG -swift-version 6 -I /Users/admin/builder/spi-builder-workspace/.derivedData/Build/Products/Debug-watchos -Isystem /Applications/Xcode-27.0.0-Release.Candidate.app/Contents/Developer/Platforms/WatchOS.platform/Developer/usr/lib -F /Users/admin/builder/spi-builder-workspace/.derivedData/Build/Products/Debug-watchos/PackageFrameworks -F /Users/admin/builder/spi-builder-workspace/.derivedData/Build/Products/Debug-watchos -F /Applications/Xcode-27.0.0-Release.Candidate.app/Contents/Developer/Platforms/WatchOS.platform/Developer/Library/Frameworks -F /Applications/Xcode-27.0.0-Release.Candidate.app/Contents/Developer/Platforms/WatchOS.platform/Developer/SDKs/WatchOS27.0.sdk/Developer/Library/Frameworks -Xfrontend -load-plugin-executable -Xfrontend /Users/admin/builder/spi-builder-workspace/.derivedData/Build/Products/Debug/TestingMacros\#TestingMacros -c -j10 -enable-batch-mode -incremental -Xcc -ivfsstatcache -Xcc /Users/admin/builder/spi-builder-workspace/.derivedData/SDKStatCaches.noindex/watchos27.0-24R360-e829b21a6f8c9b70876ba0858053c04477534ef55a1706bf4c1112bbb242f0a2.sdkstatcache -output-file-map /Users/admin/builder/spi-builder-workspace/.derivedData/Build/Intermediates.noindex/swift-testing.build/Debug-watchos/Testing-t.build/Objects-normal/arm64/Testing-OutputFileMap.json -save-temps -no-color-diagnostics -explicit-module-build -module-cache-path /Users/admin/builder/spi-builder-workspace/.derivedData/Build/Intermediates.noindex/SwiftExplicitPrecompiledModules -clang-scanner-module-cache-path /Users/admin/builder/spi-builder-workspace/.derivedData/ModuleCache.noindex -sdk-module-cache-path /Users/admin/builder/spi-builder-workspace/.derivedData/SDKExplicitPrecompiledModules -emit-dependencies -emit-module -emit-module-path /Users/admin/builder/spi-builder-workspace/.derivedData/Build/Intermediates.noindex/swift-testing.build/Debug-watchos/Testing-t.build/Objects-normal/arm64/Testing.swiftmodule -serialize-diagnostics -dependency-scan-serialize-diagnostics-path /Users/admin/builder/spi-builder-workspace/.derivedData/Build/Intermediates.noindex/swift-testing.build/Debug-watchos/Testing-t.build/Objects-normal/arm64/Testing-dependency-scan.dia -user-module-version 0.99.0 -validate-clang-modules-once -clang-build-session-file /Users/admin/builder/spi-builder-workspace/.derivedData/ModuleCache.noindex/Session.modulevalidation -Xcc -fmodules-prune-interval\=86400 -Xcc -fmodules-prune-after\=345600 -package-name swift_testing -emit-const-values -const-gather-protocols-list /Users/admin/builder/spi-builder-workspace/.derivedData/Build/Intermediates.noindex/swift-testing.build/Debug-watchos/Testing-t.build/Objects-normal/arm64/Testing_const_extract_protocols.json -Xcc -I/Users/admin/builder/spi-builder-workspace/.dependencies/checkouts/swift-testing/Sources/_TestingInternals/include -Xcc -I/Users/admin/builder/spi-builder-workspace/.derivedData/Build/Products/Debug-watchos/include -Xcc -I/Users/admin/builder/spi-builder-workspace/.derivedData/Build/Intermediates.noindex/swift-testing.build/Debug-watchos/Testing-t.build/DerivedSources-normal/arm64 -Xcc -I/Users/admin/builder/spi-builder-workspace/.derivedData/Build/Intermediates.noindex/swift-testing.build/Debug-watchos/Testing-t.build/DerivedSources/arm64 -Xcc -I/Users/admin/builder/spi-builder-workspace/.derivedData/Build/Intermediates.noindex/swift-testing.build/Debug-watchos/Testing-t.build/DerivedSources -Xcc -DSWIFT_PACKAGE -Xcc -DDEBUG\=1 -Xcc -DSWT_TESTING_LIBRARY_VERSION\=\"0.99.0\" -emit-objc-header -emit-objc-header-path /Users/admin/builder/spi-builder-workspace/.derivedData/Build/Intermediates.noindex/swift-testing.build/Debug-watchos/Testing-t.build/Objects-normal/arm64/Testing-Swift.h -working-directory /Users/admin/builder/spi-builder-workspace/.swiftpm/xcode -experimental-emit-module-separately -disable-cmo
Copy /Users/admin/builder/spi-builder-workspace/.derivedData/Build/Products/Debug-watchos/Testing.swiftmodule/arm64_32-apple-watchos.swiftmodule /Users/admin/builder/spi-builder-workspace/.derivedData/Build/Intermediates.noindex/swift-testing.build/Debug-watchos/Testing-t.build/Objects-normal/arm64_32/Testing.swiftmodule (in target 'Testing' from project 'swift-testing')
cd /Users/admin/builder/spi-builder-workspace/.dependencies/checkouts/swift-testing
builtin-copy -exclude .DS_Store -exclude CVS -exclude .svn -exclude .git -exclude .hg -resolve-src-symlinks -rename /Users/admin/builder/spi-builder-workspace/.derivedData/Build/Intermediates.noindex/swift-testing.build/Debug-watchos/Testing-t.build/Objects-normal/arm64_32/Testing.swiftmodule /Users/admin/builder/spi-builder-workspace/.derivedData/Build/Products/Debug-watchos/Testing.swiftmodule/arm64_32-apple-watchos.swiftmodule
SwiftMergeGeneratedHeaders /Users/admin/builder/spi-builder-workspace/.derivedData/Build/Intermediates.noindex/GeneratedModuleMaps-watchos/Testing-Swift.h /Users/admin/builder/spi-builder-workspace/.derivedData/Build/Intermediates.noindex/swift-testing.build/Debug-watchos/Testing-t.build/Objects-normal/arm64/Testing-Swift.h /Users/admin/builder/spi-builder-workspace/.derivedData/Build/Intermediates.noindex/swift-testing.build/Debug-watchos/Testing-t.build/Objects-normal/arm64_32/Testing-Swift.h (in target 'Testing' from project 'swift-testing')
cd /Users/admin/builder/spi-builder-workspace/.dependencies/checkouts/swift-testing
builtin-swiftHeaderTool -arch arm64 /Users/admin/builder/spi-builder-workspace/.derivedData/Build/Intermediates.noindex/swift-testing.build/Debug-watchos/Testing-t.build/Objects-normal/arm64/Testing-Swift.h -arch arm64_32 /Users/admin/builder/spi-builder-workspace/.derivedData/Build/Intermediates.noindex/swift-testing.build/Debug-watchos/Testing-t.build/Objects-normal/arm64_32/Testing-Swift.h -o /Users/admin/builder/spi-builder-workspace/.derivedData/Build/Intermediates.noindex/GeneratedModuleMaps-watchos/Testing-Swift.h
Copy /Users/admin/builder/spi-builder-workspace/.derivedData/Build/Products/Debug-watchos/Testing.swiftmodule/arm64_32-apple-watchos.swiftdoc /Users/admin/builder/spi-builder-workspace/.derivedData/Build/Intermediates.noindex/swift-testing.build/Debug-watchos/Testing-t.build/Objects-normal/arm64_32/Testing.swiftdoc (in target 'Testing' from project 'swift-testing')
cd /Users/admin/builder/spi-builder-workspace/.dependencies/checkouts/swift-testing
builtin-copy -exclude .DS_Store -exclude CVS -exclude .svn -exclude .git -exclude .hg -resolve-src-symlinks -rename /Users/admin/builder/spi-builder-workspace/.derivedData/Build/Intermediates.noindex/swift-testing.build/Debug-watchos/Testing-t.build/Objects-normal/arm64_32/Testing.swiftdoc /Users/admin/builder/spi-builder-workspace/.derivedData/Build/Products/Debug-watchos/Testing.swiftmodule/arm64_32-apple-watchos.swiftdoc
Copy /Users/admin/builder/spi-builder-workspace/.derivedData/Build/Products/Debug-watchos/Testing.swiftmodule/arm64_32-apple-watchos.abi.json /Users/admin/builder/spi-builder-workspace/.derivedData/Build/Intermediates.noindex/swift-testing.build/Debug-watchos/Testing-t.build/Objects-normal/arm64_32/Testing.abi.json (in target 'Testing' from project 'swift-testing')
cd /Users/admin/builder/spi-builder-workspace/.dependencies/checkouts/swift-testing
builtin-copy -exclude .DS_Store -exclude CVS -exclude .svn -exclude .git -exclude .hg -resolve-src-symlinks -rename /Users/admin/builder/spi-builder-workspace/.derivedData/Build/Intermediates.noindex/swift-testing.build/Debug-watchos/Testing-t.build/Objects-normal/arm64_32/Testing.abi.json /Users/admin/builder/spi-builder-workspace/.derivedData/Build/Products/Debug-watchos/Testing.swiftmodule/arm64_32-apple-watchos.abi.json
Copy /Users/admin/builder/spi-builder-workspace/.derivedData/Build/Products/Debug-watchos/Testing.swiftmodule/arm64-apple-watchos.swiftmodule /Users/admin/builder/spi-builder-workspace/.derivedData/Build/Intermediates.noindex/swift-testing.build/Debug-watchos/Testing-t.build/Objects-normal/arm64/Testing.swiftmodule (in target 'Testing' from project 'swift-testing')
cd /Users/admin/builder/spi-builder-workspace/.dependencies/checkouts/swift-testing
builtin-copy -exclude .DS_Store -exclude CVS -exclude .svn -exclude .git -exclude .hg -resolve-src-symlinks -rename /Users/admin/builder/spi-builder-workspace/.derivedData/Build/Intermediates.noindex/swift-testing.build/Debug-watchos/Testing-t.build/Objects-normal/arm64/Testing.swiftmodule /Users/admin/builder/spi-builder-workspace/.derivedData/Build/Products/Debug-watchos/Testing.swiftmodule/arm64-apple-watchos.swiftmodule
Copy /Users/admin/builder/spi-builder-workspace/.derivedData/Build/Products/Debug-watchos/Testing.swiftmodule/arm64-apple-watchos.swiftdoc /Users/admin/builder/spi-builder-workspace/.derivedData/Build/Intermediates.noindex/swift-testing.build/Debug-watchos/Testing-t.build/Objects-normal/arm64/Testing.swiftdoc (in target 'Testing' from project 'swift-testing')
cd /Users/admin/builder/spi-builder-workspace/.dependencies/checkouts/swift-testing
builtin-copy -exclude .DS_Store -exclude CVS -exclude .svn -exclude .git -exclude .hg -resolve-src-symlinks -rename /Users/admin/builder/spi-builder-workspace/.derivedData/Build/Intermediates.noindex/swift-testing.build/Debug-watchos/Testing-t.build/Objects-normal/arm64/Testing.swiftdoc /Users/admin/builder/spi-builder-workspace/.derivedData/Build/Products/Debug-watchos/Testing.swiftmodule/arm64-apple-watchos.swiftdoc
Copy /Users/admin/builder/spi-builder-workspace/.derivedData/Build/Products/Debug-watchos/Testing.swiftmodule/arm64-apple-watchos.abi.json /Users/admin/builder/spi-builder-workspace/.derivedData/Build/Intermediates.noindex/swift-testing.build/Debug-watchos/Testing-t.build/Objects-normal/arm64/Testing.abi.json (in target 'Testing' from project 'swift-testing')
cd /Users/admin/builder/spi-builder-workspace/.dependencies/checkouts/swift-testing
builtin-copy -exclude .DS_Store -exclude CVS -exclude .svn -exclude .git -exclude .hg -resolve-src-symlinks -rename /Users/admin/builder/spi-builder-workspace/.derivedData/Build/Intermediates.noindex/swift-testing.build/Debug-watchos/Testing-t.build/Objects-normal/arm64/Testing.abi.json /Users/admin/builder/spi-builder-workspace/.derivedData/Build/Products/Debug-watchos/Testing.swiftmodule/arm64-apple-watchos.abi.json
Copy /Users/admin/builder/spi-builder-workspace/.derivedData/Build/Products/Debug-watchos/Testing.swiftmodule/Project/arm64_32-apple-watchos.swiftsourceinfo /Users/admin/builder/spi-builder-workspace/.derivedData/Build/Intermediates.noindex/swift-testing.build/Debug-watchos/Testing-t.build/Objects-normal/arm64_32/Testing.swiftsourceinfo (in target 'Testing' from project 'swift-testing')
cd /Users/admin/builder/spi-builder-workspace/.dependencies/checkouts/swift-testing
builtin-copy -exclude .DS_Store -exclude CVS -exclude .svn -exclude .git -exclude .hg -resolve-src-symlinks -rename /Users/admin/builder/spi-builder-workspace/.derivedData/Build/Intermediates.noindex/swift-testing.build/Debug-watchos/Testing-t.build/Objects-normal/arm64_32/Testing.swiftsourceinfo /Users/admin/builder/spi-builder-workspace/.derivedData/Build/Products/Debug-watchos/Testing.swiftmodule/Project/arm64_32-apple-watchos.swiftsourceinfo
Copy /Users/admin/builder/spi-builder-workspace/.derivedData/Build/Products/Debug-watchos/Testing.swiftmodule/Project/arm64-apple-watchos.swiftsourceinfo /Users/admin/builder/spi-builder-workspace/.derivedData/Build/Intermediates.noindex/swift-testing.build/Debug-watchos/Testing-t.build/Objects-normal/arm64/Testing.swiftsourceinfo (in target 'Testing' from project 'swift-testing')
cd /Users/admin/builder/spi-builder-workspace/.dependencies/checkouts/swift-testing
builtin-copy -exclude .DS_Store -exclude CVS -exclude .svn -exclude .git -exclude .hg -resolve-src-symlinks -rename /Users/admin/builder/spi-builder-workspace/.derivedData/Build/Intermediates.noindex/swift-testing.build/Debug-watchos/Testing-t.build/Objects-normal/arm64/Testing.swiftsourceinfo /Users/admin/builder/spi-builder-workspace/.derivedData/Build/Products/Debug-watchos/Testing.swiftmodule/Project/arm64-apple-watchos.swiftsourceinfo
SwiftCompile normal arm64_32 Compiling\ JSON.swift,\ Locked.swift,\ SystemError.swift,\ Versions.swift,\ Test+Discovery.swift,\ Test+Macro.swift,\ Test.ID.Selection.swift,\ Test.ID.swift,\ Test.swift /Users/admin/builder/spi-builder-workspace/.dependencies/checkouts/swift-testing/Sources/Testing/Support/JSON.swift /Users/admin/builder/spi-builder-workspace/.dependencies/checkouts/swift-testing/Sources/Testing/Support/Locked.swift /Users/admin/builder/spi-builder-workspace/.dependencies/checkouts/swift-testing/Sources/Testing/Support/SystemError.swift /Users/admin/builder/spi-builder-workspace/.dependencies/checkouts/swift-testing/Sources/Testing/Support/Versions.swift /Users/admin/builder/spi-builder-workspace/.dependencies/checkouts/swift-testing/Sources/Testing/Test+Discovery.swift /Users/admin/builder/spi-builder-workspace/.dependencies/checkouts/swift-testing/Sources/Testing/Test+Macro.swift /Users/admin/builder/spi-builder-workspace/.dependencies/checkouts/swift-testing/Sources/Testing/Test.ID.Selection.swift /Users/admin/builder/spi-builder-workspace/.dependencies/checkouts/swift-testing/Sources/Testing/Test.ID.swift /Users/admin/builder/spi-builder-workspace/.dependencies/checkouts/swift-testing/Sources/Testing/Test.swift (in target 'Testing' from project 'swift-testing')
SwiftCompile normal arm64_32 /Users/admin/builder/spi-builder-workspace/.dependencies/checkouts/swift-testing/Sources/Testing/Support/JSON.swift (in target 'Testing' from project 'swift-testing')
cd /Users/admin/builder/spi-builder-workspace/.swiftpm/xcode
builtin-SwiftPerFileCompile JSON.swift
SwiftCompile normal arm64_32 /Users/admin/builder/spi-builder-workspace/.dependencies/checkouts/swift-testing/Sources/Testing/Support/Locked.swift (in target 'Testing' from project 'swift-testing')
cd /Users/admin/builder/spi-builder-workspace/.swiftpm/xcode
builtin-SwiftPerFileCompile Locked.swift
SwiftCompile normal arm64_32 /Users/admin/builder/spi-builder-workspace/.dependencies/checkouts/swift-testing/Sources/Testing/Support/SystemError.swift (in target 'Testing' from project 'swift-testing')
cd /Users/admin/builder/spi-builder-workspace/.swiftpm/xcode
builtin-SwiftPerFileCompile SystemError.swift
SwiftCompile normal arm64_32 /Users/admin/builder/spi-builder-workspace/.dependencies/checkouts/swift-testing/Sources/Testing/Support/Versions.swift (in target 'Testing' from project 'swift-testing')
cd /Users/admin/builder/spi-builder-workspace/.swiftpm/xcode
builtin-SwiftPerFileCompile Versions.swift
SwiftCompile normal arm64_32 /Users/admin/builder/spi-builder-workspace/.dependencies/checkouts/swift-testing/Sources/Testing/Test+Discovery.swift (in target 'Testing' from project 'swift-testing')
cd /Users/admin/builder/spi-builder-workspace/.swiftpm/xcode
builtin-SwiftPerFileCompile Test+Discovery.swift
SwiftCompile normal arm64_32 /Users/admin/builder/spi-builder-workspace/.dependencies/checkouts/swift-testing/Sources/Testing/Test+Macro.swift (in target 'Testing' from project 'swift-testing')
cd /Users/admin/builder/spi-builder-workspace/.swiftpm/xcode
builtin-SwiftPerFileCompile Test+Macro.swift
SwiftCompile normal arm64_32 /Users/admin/builder/spi-builder-workspace/.dependencies/checkouts/swift-testing/Sources/Testing/Test.ID.Selection.swift (in target 'Testing' from project 'swift-testing')
cd /Users/admin/builder/spi-builder-workspace/.swiftpm/xcode
builtin-SwiftPerFileCompile Test.ID.Selection.swift
SwiftCompile normal arm64_32 /Users/admin/builder/spi-builder-workspace/.dependencies/checkouts/swift-testing/Sources/Testing/Test.ID.swift (in target 'Testing' from project 'swift-testing')
cd /Users/admin/builder/spi-builder-workspace/.swiftpm/xcode
builtin-SwiftPerFileCompile Test.ID.swift
SwiftCompile normal arm64_32 /Users/admin/builder/spi-builder-workspace/.dependencies/checkouts/swift-testing/Sources/Testing/Test.swift (in target 'Testing' from project 'swift-testing')
cd /Users/admin/builder/spi-builder-workspace/.swiftpm/xcode
builtin-SwiftPerFileCompile Test.swift
SwiftDriverJobDiscovery normal arm64 Compiling JSON.swift, Locked.swift, SystemError.swift, Versions.swift, Test+Discovery.swift, Test+Macro.swift, Test.ID.Selection.swift, Test.ID.swift, Test.swift (in target 'Testing' from project 'swift-testing')
SwiftCompile normal arm64_32 Compiling\ ABIEntryPoint.swift,\ EntryPoint.swift,\ SwiftPMEntryPoint.swift,\ ABIv0.Record+Streaming.swift,\ ABIv0.Record.swift,\ ABIv0.swift,\ ABIv0.EncodedBacktrace.swift,\ ABIv0.EncodedEvent.swift,\ ABIv0.EncodedInstant.swift /Users/admin/builder/spi-builder-workspace/.dependencies/checkouts/swift-testing/Sources/Testing/ABI/EntryPoints/ABIEntryPoint.swift /Users/admin/builder/spi-builder-workspace/.dependencies/checkouts/swift-testing/Sources/Testing/ABI/EntryPoints/EntryPoint.swift /Users/admin/builder/spi-builder-workspace/.dependencies/checkouts/swift-testing/Sources/Testing/ABI/EntryPoints/SwiftPMEntryPoint.swift /Users/admin/builder/spi-builder-workspace/.dependencies/checkouts/swift-testing/Sources/Testing/ABI/v0/ABIv0.Record+Streaming.swift /Users/admin/builder/spi-builder-workspace/.dependencies/checkouts/swift-testing/Sources/Testing/ABI/v0/ABIv0.Record.swift /Users/admin/builder/spi-builder-workspace/.dependencies/checkouts/swift-testing/Sources/Testing/ABI/v0/ABIv0.swift /Users/admin/builder/spi-builder-workspace/.dependencies/checkouts/swift-testing/Sources/Testing/ABI/v0/Encoded/ABIv0.EncodedBacktrace.swift /Users/admin/builder/spi-builder-workspace/.dependencies/checkouts/swift-testing/Sources/Testing/ABI/v0/Encoded/ABIv0.EncodedEvent.swift /Users/admin/builder/spi-builder-workspace/.dependencies/checkouts/swift-testing/Sources/Testing/ABI/v0/Encoded/ABIv0.EncodedInstant.swift (in target 'Testing' from project 'swift-testing')
SwiftCompile normal arm64_32 /Users/admin/builder/spi-builder-workspace/.dependencies/checkouts/swift-testing/Sources/Testing/ABI/EntryPoints/ABIEntryPoint.swift (in target 'Testing' from project 'swift-testing')
cd /Users/admin/builder/spi-builder-workspace/.swiftpm/xcode
builtin-SwiftPerFileCompile ABIEntryPoint.swift
SwiftCompile normal arm64_32 /Users/admin/builder/spi-builder-workspace/.dependencies/checkouts/swift-testing/Sources/Testing/ABI/EntryPoints/EntryPoint.swift (in target 'Testing' from project 'swift-testing')
cd /Users/admin/builder/spi-builder-workspace/.swiftpm/xcode
builtin-SwiftPerFileCompile EntryPoint.swift
SwiftCompile normal arm64_32 /Users/admin/builder/spi-builder-workspace/.dependencies/checkouts/swift-testing/Sources/Testing/ABI/EntryPoints/SwiftPMEntryPoint.swift (in target 'Testing' from project 'swift-testing')
cd /Users/admin/builder/spi-builder-workspace/.swiftpm/xcode
builtin-SwiftPerFileCompile SwiftPMEntryPoint.swift
SwiftCompile normal arm64_32 /Users/admin/builder/spi-builder-workspace/.dependencies/checkouts/swift-testing/Sources/Testing/ABI/v0/ABIv0.Record+Streaming.swift (in target 'Testing' from project 'swift-testing')
cd /Users/admin/builder/spi-builder-workspace/.swiftpm/xcode
builtin-SwiftPerFileCompile ABIv0.Record+Streaming.swift
SwiftCompile normal arm64_32 /Users/admin/builder/spi-builder-workspace/.dependencies/checkouts/swift-testing/Sources/Testing/ABI/v0/ABIv0.Record.swift (in target 'Testing' from project 'swift-testing')
cd /Users/admin/builder/spi-builder-workspace/.swiftpm/xcode
builtin-SwiftPerFileCompile ABIv0.Record.swift
SwiftCompile normal arm64_32 /Users/admin/builder/spi-builder-workspace/.dependencies/checkouts/swift-testing/Sources/Testing/ABI/v0/ABIv0.swift (in target 'Testing' from project 'swift-testing')
cd /Users/admin/builder/spi-builder-workspace/.swiftpm/xcode
builtin-SwiftPerFileCompile ABIv0.swift
SwiftCompile normal arm64_32 /Users/admin/builder/spi-builder-workspace/.dependencies/checkouts/swift-testing/Sources/Testing/ABI/v0/Encoded/ABIv0.EncodedBacktrace.swift (in target 'Testing' from project 'swift-testing')
cd /Users/admin/builder/spi-builder-workspace/.swiftpm/xcode
builtin-SwiftPerFileCompile ABIv0.EncodedBacktrace.swift
SwiftCompile normal arm64_32 /Users/admin/builder/spi-builder-workspace/.dependencies/checkouts/swift-testing/Sources/Testing/ABI/v0/Encoded/ABIv0.EncodedEvent.swift (in target 'Testing' from project 'swift-testing')
cd /Users/admin/builder/spi-builder-workspace/.swiftpm/xcode
builtin-SwiftPerFileCompile ABIv0.EncodedEvent.swift
SwiftCompile normal arm64_32 /Users/admin/builder/spi-builder-workspace/.dependencies/checkouts/swift-testing/Sources/Testing/ABI/v0/Encoded/ABIv0.EncodedInstant.swift (in target 'Testing' from project 'swift-testing')
cd /Users/admin/builder/spi-builder-workspace/.swiftpm/xcode
builtin-SwiftPerFileCompile ABIv0.EncodedInstant.swift
SwiftCompile normal arm64_32 Compiling\ TimeValue.swift,\ ExitCondition.swift,\ ExitTest.swift,\ SpawnProcess.swift,\ WaitFor.swift,\ Expectation+Macro.swift,\ Expectation.swift,\ ExpectationChecking+Macro.swift,\ Confirmation.swift /Users/admin/builder/spi-builder-workspace/.dependencies/checkouts/swift-testing/Sources/Testing/Events/TimeValue.swift /Users/admin/builder/spi-builder-workspace/.dependencies/checkouts/swift-testing/Sources/Testing/ExitTests/ExitCondition.swift /Users/admin/builder/spi-builder-workspace/.dependencies/checkouts/swift-testing/Sources/Testing/ExitTests/ExitTest.swift /Users/admin/builder/spi-builder-workspace/.dependencies/checkouts/swift-testing/Sources/Testing/ExitTests/SpawnProcess.swift /Users/admin/builder/spi-builder-workspace/.dependencies/checkouts/swift-testing/Sources/Testing/ExitTests/WaitFor.swift /Users/admin/builder/spi-builder-workspace/.dependencies/checkouts/swift-testing/Sources/Testing/Expectations/Expectation+Macro.swift /Users/admin/builder/spi-builder-workspace/.dependencies/checkouts/swift-testing/Sources/Testing/Expectations/Expectation.swift /Users/admin/builder/spi-builder-workspace/.dependencies/checkouts/swift-testing/Sources/Testing/Expectations/ExpectationChecking+Macro.swift /Users/admin/builder/spi-builder-workspace/.dependencies/checkouts/swift-testing/Sources/Testing/Issues/Confirmation.swift (in target 'Testing' from project 'swift-testing')
SwiftCompile normal arm64_32 /Users/admin/builder/spi-builder-workspace/.dependencies/checkouts/swift-testing/Sources/Testing/Events/TimeValue.swift (in target 'Testing' from project 'swift-testing')
cd /Users/admin/builder/spi-builder-workspace/.swiftpm/xcode
builtin-SwiftPerFileCompile TimeValue.swift
SwiftCompile normal arm64_32 /Users/admin/builder/spi-builder-workspace/.dependencies/checkouts/swift-testing/Sources/Testing/ExitTests/ExitCondition.swift (in target 'Testing' from project 'swift-testing')
cd /Users/admin/builder/spi-builder-workspace/.swiftpm/xcode
builtin-SwiftPerFileCompile ExitCondition.swift
SwiftCompile normal arm64_32 /Users/admin/builder/spi-builder-workspace/.dependencies/checkouts/swift-testing/Sources/Testing/ExitTests/ExitTest.swift (in target 'Testing' from project 'swift-testing')
cd /Users/admin/builder/spi-builder-workspace/.swiftpm/xcode
builtin-SwiftPerFileCompile ExitTest.swift
SwiftCompile normal arm64_32 /Users/admin/builder/spi-builder-workspace/.dependencies/checkouts/swift-testing/Sources/Testing/ExitTests/SpawnProcess.swift (in target 'Testing' from project 'swift-testing')
cd /Users/admin/builder/spi-builder-workspace/.swiftpm/xcode
builtin-SwiftPerFileCompile SpawnProcess.swift
SwiftCompile normal arm64_32 /Users/admin/builder/spi-builder-workspace/.dependencies/checkouts/swift-testing/Sources/Testing/ExitTests/WaitFor.swift (in target 'Testing' from project 'swift-testing')
cd /Users/admin/builder/spi-builder-workspace/.swiftpm/xcode
builtin-SwiftPerFileCompile WaitFor.swift
SwiftCompile normal arm64_32 /Users/admin/builder/spi-builder-workspace/.dependencies/checkouts/swift-testing/Sources/Testing/Expectations/Expectation+Macro.swift (in target 'Testing' from project 'swift-testing')
cd /Users/admin/builder/spi-builder-workspace/.swiftpm/xcode
builtin-SwiftPerFileCompile Expectation+Macro.swift
SwiftCompile normal arm64_32 /Users/admin/builder/spi-builder-workspace/.dependencies/checkouts/swift-testing/Sources/Testing/Expectations/Expectation.swift (in target 'Testing' from project 'swift-testing')
cd /Users/admin/builder/spi-builder-workspace/.swiftpm/xcode
builtin-SwiftPerFileCompile Expectation.swift
SwiftCompile normal arm64_32 /Users/admin/builder/spi-builder-workspace/.dependencies/checkouts/swift-testing/Sources/Testing/Expectations/ExpectationChecking+Macro.swift (in target 'Testing' from project 'swift-testing')
cd /Users/admin/builder/spi-builder-workspace/.swiftpm/xcode
builtin-SwiftPerFileCompile ExpectationChecking+Macro.swift
SwiftCompile normal arm64_32 /Users/admin/builder/spi-builder-workspace/.dependencies/checkouts/swift-testing/Sources/Testing/Issues/Confirmation.swift (in target 'Testing' from project 'swift-testing')
cd /Users/admin/builder/spi-builder-workspace/.swiftpm/xcode
builtin-SwiftPerFileCompile Confirmation.swift
SwiftDriverJobDiscovery normal arm64 Compiling TimeValue.swift, ExitCondition.swift, ExitTest.swift, SpawnProcess.swift, WaitFor.swift, Expectation+Macro.swift, Expectation.swift, ExpectationChecking+Macro.swift, Confirmation.swift (in target 'Testing' from project 'swift-testing')
SwiftDriverJobDiscovery normal arm64 Compiling Backtrace.swift, CustomTestStringConvertible.swift, Expression+Macro.swift, Expression.swift, SourceContext.swift, SourceLocation+Macro.swift, SourceLocation.swift, ArrayAdditions.swift, CollectionDifferenceAdditions.swift (in target 'Testing' from project 'swift-testing')
SwiftCompile normal arm64 Compiling\ ErrorSnapshot.swift,\ Issue+Recording.swift,\ Issue.swift,\ KnownIssue.swift,\ CustomTestArgumentEncodable.swift,\ Test.Case.Generator.swift,\ Test.Case.ID.swift,\ Test.Case.swift,\ TypeInfo.swift /Users/admin/builder/spi-builder-workspace/.dependencies/checkouts/swift-testing/Sources/Testing/Issues/ErrorSnapshot.swift /Users/admin/builder/spi-builder-workspace/.dependencies/checkouts/swift-testing/Sources/Testing/Issues/Issue+Recording.swift /Users/admin/builder/spi-builder-workspace/.dependencies/checkouts/swift-testing/Sources/Testing/Issues/Issue.swift /Users/admin/builder/spi-builder-workspace/.dependencies/checkouts/swift-testing/Sources/Testing/Issues/KnownIssue.swift /Users/admin/builder/spi-builder-workspace/.dependencies/checkouts/swift-testing/Sources/Testing/Parameterization/CustomTestArgumentEncodable.swift /Users/admin/builder/spi-builder-workspace/.dependencies/checkouts/swift-testing/Sources/Testing/Parameterization/Test.Case.Generator.swift /Users/admin/builder/spi-builder-workspace/.dependencies/checkouts/swift-testing/Sources/Testing/Parameterization/Test.Case.ID.swift /Users/admin/builder/spi-builder-workspace/.dependencies/checkouts/swift-testing/Sources/Testing/Parameterization/Test.Case.swift /Users/admin/builder/spi-builder-workspace/.dependencies/checkouts/swift-testing/Sources/Testing/Parameterization/TypeInfo.swift (in target 'Testing' from project 'swift-testing')
SwiftCompile normal arm64 /Users/admin/builder/spi-builder-workspace/.dependencies/checkouts/swift-testing/Sources/Testing/Issues/ErrorSnapshot.swift (in target 'Testing' from project 'swift-testing')
cd /Users/admin/builder/spi-builder-workspace/.swiftpm/xcode
builtin-SwiftPerFileCompile ErrorSnapshot.swift
SwiftCompile normal arm64 /Users/admin/builder/spi-builder-workspace/.dependencies/checkouts/swift-testing/Sources/Testing/Issues/Issue+Recording.swift (in target 'Testing' from project 'swift-testing')
cd /Users/admin/builder/spi-builder-workspace/.swiftpm/xcode
builtin-SwiftPerFileCompile Issue+Recording.swift
SwiftCompile normal arm64 /Users/admin/builder/spi-builder-workspace/.dependencies/checkouts/swift-testing/Sources/Testing/Issues/Issue.swift (in target 'Testing' from project 'swift-testing')
cd /Users/admin/builder/spi-builder-workspace/.swiftpm/xcode
builtin-SwiftPerFileCompile Issue.swift
SwiftCompile normal arm64 /Users/admin/builder/spi-builder-workspace/.dependencies/checkouts/swift-testing/Sources/Testing/Issues/KnownIssue.swift (in target 'Testing' from project 'swift-testing')
cd /Users/admin/builder/spi-builder-workspace/.swiftpm/xcode
builtin-SwiftPerFileCompile KnownIssue.swift
SwiftCompile normal arm64 /Users/admin/builder/spi-builder-workspace/.dependencies/checkouts/swift-testing/Sources/Testing/Parameterization/CustomTestArgumentEncodable.swift (in target 'Testing' from project 'swift-testing')
cd /Users/admin/builder/spi-builder-workspace/.swiftpm/xcode
builtin-SwiftPerFileCompile CustomTestArgumentEncodable.swift
SwiftCompile normal arm64 /Users/admin/builder/spi-builder-workspace/.dependencies/checkouts/swift-testing/Sources/Testing/Parameterization/Test.Case.Generator.swift (in target 'Testing' from project 'swift-testing')
cd /Users/admin/builder/spi-builder-workspace/.swiftpm/xcode
builtin-SwiftPerFileCompile Test.Case.Generator.swift
SwiftCompile normal arm64 /Users/admin/builder/spi-builder-workspace/.dependencies/checkouts/swift-testing/Sources/Testing/Parameterization/Test.Case.ID.swift (in target 'Testing' from project 'swift-testing')
cd /Users/admin/builder/spi-builder-workspace/.swiftpm/xcode
builtin-SwiftPerFileCompile Test.Case.ID.swift
SwiftCompile normal arm64 /Users/admin/builder/spi-builder-workspace/.dependencies/checkouts/swift-testing/Sources/Testing/Parameterization/Test.Case.swift (in target 'Testing' from project 'swift-testing')
cd /Users/admin/builder/spi-builder-workspace/.swiftpm/xcode
builtin-SwiftPerFileCompile Test.Case.swift
SwiftCompile normal arm64 /Users/admin/builder/spi-builder-workspace/.dependencies/checkouts/swift-testing/Sources/Testing/Parameterization/TypeInfo.swift (in target 'Testing' from project 'swift-testing')
cd /Users/admin/builder/spi-builder-workspace/.swiftpm/xcode
builtin-SwiftPerFileCompile TypeInfo.swift
SwiftDriverJobDiscovery normal arm64_32 Compiling CommandLineAdditions.swift, NumericAdditions.swift, ResultAdditions.swift, CError.swift, CartesianProduct.swift, Environment.swift, FileHandle.swift, GetSymbol.swift, Graph.swift (in target 'Testing' from project 'swift-testing')
SwiftDriver SwiftQC normal arm64 com.apple.xcode.tools.swift.compiler (in target 'SwiftQC' from project 'SwiftQC')
cd /Users/admin/builder/spi-builder-workspace/.swiftpm/xcode
builtin-SwiftDriver -- /Applications/Xcode-27.0.0-Release.Candidate.app/Contents/Developer/Toolchains/XcodeDefault.xctoolchain/usr/bin/swiftc -parse-as-library -module-name SwiftQC -Onone @/Users/admin/builder/spi-builder-workspace/.derivedData/Build/Intermediates.noindex/SwiftQC.build/Debug-watchos/SwiftQC-t.build/Objects-normal/arm64/SwiftQC.SwiftFileList -DSWIFT_PACKAGE -DDEBUG -DSWIFT_MODULE_RESOURCE_BUNDLE_UNAVAILABLE -Xcc -fmodule-map-file\=/Users/admin/builder/spi-builder-workspace/.dependencies/checkouts/swift-testing/Sources/_TestingInternals/include/module.modulemap -Xcc -fmodule-map-file\=/Users/admin/builder/spi-builder-workspace/.dependencies/checkouts/swift-atomics/Sources/_AtomicsShims/include/module.modulemap -DXcode -plugin-path /Applications/Xcode-27.0.0-Release.Candidate.app/Contents/Developer/Toolchains/XcodeDefault.xctoolchain/usr/lib/swift/host/plugins/testing -enable-experimental-feature DebugDescriptionMacro -sdk /Applications/Xcode-27.0.0-Release.Candidate.app/Contents/Developer/Platforms/WatchOS.platform/Developer/SDKs/WatchOS27.0.sdk -target arm64-apple-watchos9.0 -g -module-cache-path /Users/admin/builder/spi-builder-workspace/.derivedData/ModuleCache.noindex -Xfrontend -serialize-debugging-options -profile-coverage-mapping -profile-generate -enable-testing -index-store-path /Users/admin/builder/spi-builder-workspace/.derivedData/Index.noindex/DataStore -Xcc -D_LIBCPP_HARDENING_MODE\=_LIBCPP_HARDENING_MODE_DEBUG -swift-version 6 -I /Users/admin/builder/spi-builder-workspace/.derivedData/Build/Products/Debug-watchos -Isystem /Applications/Xcode-27.0.0-Release.Candidate.app/Contents/Developer/Platforms/WatchOS.platform/Developer/usr/lib -F /Users/admin/builder/spi-builder-workspace/.derivedData/Build/Products/Debug-watchos/PackageFrameworks -F /Users/admin/builder/spi-builder-workspace/.derivedData/Build/Products/Debug-watchos -F /Applications/Xcode-27.0.0-Release.Candidate.app/Contents/Developer/Platforms/WatchOS.platform/Developer/Library/Frameworks -F /Applications/Xcode-27.0.0-Release.Candidate.app/Contents/Developer/Platforms/WatchOS.platform/Developer/SDKs/WatchOS27.0.sdk/Developer/Library/Frameworks -Xfrontend -load-plugin-executable -Xfrontend /Users/admin/builder/spi-builder-workspace/.derivedData/Build/Products/Debug/TestingMacros\#TestingMacros -c -j10 -enable-batch-mode -incremental -Xcc -ivfsstatcache -Xcc /Users/admin/builder/spi-builder-workspace/.derivedData/SDKStatCaches.noindex/watchos27.0-24R360-e829b21a6f8c9b70876ba0858053c04477534ef55a1706bf4c1112bbb242f0a2.sdkstatcache -output-file-map /Users/admin/builder/spi-builder-workspace/.derivedData/Build/Intermediates.noindex/SwiftQC.build/Debug-watchos/SwiftQC-t.build/Objects-normal/arm64/SwiftQC-OutputFileMap.json -save-temps -no-color-diagnostics -explicit-module-build -module-cache-path /Users/admin/builder/spi-builder-workspace/.derivedData/Build/Intermediates.noindex/SwiftExplicitPrecompiledModules -clang-scanner-module-cache-path /Users/admin/builder/spi-builder-workspace/.derivedData/ModuleCache.noindex -sdk-module-cache-path /Users/admin/builder/spi-builder-workspace/.derivedData/SDKExplicitPrecompiledModules -emit-dependencies -emit-module -emit-module-path /Users/admin/builder/spi-builder-workspace/.derivedData/Build/Intermediates.noindex/SwiftQC.build/Debug-watchos/SwiftQC-t.build/Objects-normal/arm64/SwiftQC.swiftmodule -serialize-diagnostics -dependency-scan-serialize-diagnostics-path /Users/admin/builder/spi-builder-workspace/.derivedData/Build/Intermediates.noindex/SwiftQC.build/Debug-watchos/SwiftQC-t.build/Objects-normal/arm64/SwiftQC-dependency-scan.dia -validate-clang-modules-once -clang-build-session-file /Users/admin/builder/spi-builder-workspace/.derivedData/ModuleCache.noindex/Session.modulevalidation -Xcc -fmodules-prune-interval\=86400 -Xcc -fmodules-prune-after\=345600 -package-name spi_builder_workspace -emit-const-values -const-gather-protocols-list /Users/admin/builder/spi-builder-workspace/.derivedData/Build/Intermediates.noindex/SwiftQC.build/Debug-watchos/SwiftQC-t.build/Objects-normal/arm64/SwiftQC_const_extract_protocols.json -Xcc -I/Users/admin/builder/spi-builder-workspace/.dependencies/checkouts/swift-testing/Sources/_TestingInternals/include -Xcc -I/Users/admin/builder/spi-builder-workspace/.dependencies/checkouts/swift-atomics/Sources/_AtomicsShims/include -Xcc -I/Users/admin/builder/spi-builder-workspace/.derivedData/Build/Products/Debug-watchos/include -Xcc -I/Users/admin/builder/spi-builder-workspace/.derivedData/Build/Intermediates.noindex/SwiftQC.build/Debug-watchos/SwiftQC-t.build/DerivedSources-normal/arm64 -Xcc -I/Users/admin/builder/spi-builder-workspace/.derivedData/Build/Intermediates.noindex/SwiftQC.build/Debug-watchos/SwiftQC-t.build/DerivedSources/arm64 -Xcc -I/Users/admin/builder/spi-builder-workspace/.derivedData/Build/Intermediates.noindex/SwiftQC.build/Debug-watchos/SwiftQC-t.build/DerivedSources -Xcc -DSWIFT_PACKAGE -Xcc -DDEBUG\=1 -emit-objc-header -emit-objc-header-path /Users/admin/builder/spi-builder-workspace/.derivedData/Build/Intermediates.noindex/SwiftQC.build/Debug-watchos/SwiftQC-t.build/Objects-normal/arm64/SwiftQC-Swift.h -working-directory /Users/admin/builder/spi-builder-workspace/.swiftpm/xcode -experimental-emit-module-separately -disable-cmo
SwiftDriver SwiftQC normal arm64_32 com.apple.xcode.tools.swift.compiler (in target 'SwiftQC' from project 'SwiftQC')
cd /Users/admin/builder/spi-builder-workspace/.swiftpm/xcode
builtin-SwiftDriver -- /Applications/Xcode-27.0.0-Release.Candidate.app/Contents/Developer/Toolchains/XcodeDefault.xctoolchain/usr/bin/swiftc -parse-as-library -module-name SwiftQC -Onone @/Users/admin/builder/spi-builder-workspace/.derivedData/Build/Intermediates.noindex/SwiftQC.build/Debug-watchos/SwiftQC-t.build/Objects-normal/arm64_32/SwiftQC.SwiftFileList -DSWIFT_PACKAGE -DDEBUG -DSWIFT_MODULE_RESOURCE_BUNDLE_UNAVAILABLE -Xcc -fmodule-map-file\=/Users/admin/builder/spi-builder-workspace/.dependencies/checkouts/swift-testing/Sources/_TestingInternals/include/module.modulemap -Xcc -fmodule-map-file\=/Users/admin/builder/spi-builder-workspace/.dependencies/checkouts/swift-atomics/Sources/_AtomicsShims/include/module.modulemap -DXcode -plugin-path /Applications/Xcode-27.0.0-Release.Candidate.app/Contents/Developer/Toolchains/XcodeDefault.xctoolchain/usr/lib/swift/host/plugins/testing -enable-experimental-feature DebugDescriptionMacro -sdk /Applications/Xcode-27.0.0-Release.Candidate.app/Contents/Developer/Platforms/WatchOS.platform/Developer/SDKs/WatchOS27.0.sdk -target arm64_32-apple-watchos9.0 -g -module-cache-path /Users/admin/builder/spi-builder-workspace/.derivedData/ModuleCache.noindex -Xfrontend -serialize-debugging-options -profile-coverage-mapping -profile-generate -enable-testing -index-store-path /Users/admin/builder/spi-builder-workspace/.derivedData/Index.noindex/DataStore -Xcc -D_LIBCPP_HARDENING_MODE\=_LIBCPP_HARDENING_MODE_DEBUG -swift-version 6 -I /Users/admin/builder/spi-builder-workspace/.derivedData/Build/Products/Debug-watchos -Isystem /Applications/Xcode-27.0.0-Release.Candidate.app/Contents/Developer/Platforms/WatchOS.platform/Developer/usr/lib -F /Users/admin/builder/spi-builder-workspace/.derivedData/Build/Products/Debug-watchos/PackageFrameworks -F /Users/admin/builder/spi-builder-workspace/.derivedData/Build/Products/Debug-watchos -F /Applications/Xcode-27.0.0-Release.Candidate.app/Contents/Developer/Platforms/WatchOS.platform/Developer/Library/Frameworks -F /Applications/Xcode-27.0.0-Release.Candidate.app/Contents/Developer/Platforms/WatchOS.platform/Developer/SDKs/WatchOS27.0.sdk/Developer/Library/Frameworks -Xfrontend -load-plugin-executable -Xfrontend /Users/admin/builder/spi-builder-workspace/.derivedData/Build/Products/Debug/TestingMacros\#TestingMacros -c -j10 -enable-batch-mode -incremental -Xcc -ivfsstatcache -Xcc /Users/admin/builder/spi-builder-workspace/.derivedData/SDKStatCaches.noindex/watchos27.0-24R360-e829b21a6f8c9b70876ba0858053c04477534ef55a1706bf4c1112bbb242f0a2.sdkstatcache -output-file-map /Users/admin/builder/spi-builder-workspace/.derivedData/Build/Intermediates.noindex/SwiftQC.build/Debug-watchos/SwiftQC-t.build/Objects-normal/arm64_32/SwiftQC-OutputFileMap.json -save-temps -no-color-diagnostics -explicit-module-build -module-cache-path /Users/admin/builder/spi-builder-workspace/.derivedData/Build/Intermediates.noindex/SwiftExplicitPrecompiledModules -clang-scanner-module-cache-path /Users/admin/builder/spi-builder-workspace/.derivedData/ModuleCache.noindex -sdk-module-cache-path /Users/admin/builder/spi-builder-workspace/.derivedData/SDKExplicitPrecompiledModules -emit-dependencies -emit-module -emit-module-path /Users/admin/builder/spi-builder-workspace/.derivedData/Build/Intermediates.noindex/SwiftQC.build/Debug-watchos/SwiftQC-t.build/Objects-normal/arm64_32/SwiftQC.swiftmodule -serialize-diagnostics -dependency-scan-serialize-diagnostics-path /Users/admin/builder/spi-builder-workspace/.derivedData/Build/Intermediates.noindex/SwiftQC.build/Debug-watchos/SwiftQC-t.build/Objects-normal/arm64_32/SwiftQC-dependency-scan.dia -validate-clang-modules-once -clang-build-session-file /Users/admin/builder/spi-builder-workspace/.derivedData/ModuleCache.noindex/Session.modulevalidation -Xcc -fmodules-prune-interval\=86400 -Xcc -fmodules-prune-after\=345600 -package-name spi_builder_workspace -emit-const-values -const-gather-protocols-list /Users/admin/builder/spi-builder-workspace/.derivedData/Build/Intermediates.noindex/SwiftQC.build/Debug-watchos/SwiftQC-t.build/Objects-normal/arm64_32/SwiftQC_const_extract_protocols.json -Xcc -I/Users/admin/builder/spi-builder-workspace/.dependencies/checkouts/swift-testing/Sources/_TestingInternals/include -Xcc -I/Users/admin/builder/spi-builder-workspace/.dependencies/checkouts/swift-atomics/Sources/_AtomicsShims/include -Xcc -I/Users/admin/builder/spi-builder-workspace/.derivedData/Build/Products/Debug-watchos/include -Xcc -I/Users/admin/builder/spi-builder-workspace/.derivedData/Build/Intermediates.noindex/SwiftQC.build/Debug-watchos/SwiftQC-t.build/DerivedSources-normal/arm64_32 -Xcc -I/Users/admin/builder/spi-builder-workspace/.derivedData/Build/Intermediates.noindex/SwiftQC.build/Debug-watchos/SwiftQC-t.build/DerivedSources/arm64_32 -Xcc -I/Users/admin/builder/spi-builder-workspace/.derivedData/Build/Intermediates.noindex/SwiftQC.build/Debug-watchos/SwiftQC-t.build/DerivedSources -Xcc -DSWIFT_PACKAGE -Xcc -DDEBUG\=1 -emit-objc-header -emit-objc-header-path /Users/admin/builder/spi-builder-workspace/.derivedData/Build/Intermediates.noindex/SwiftQC.build/Debug-watchos/SwiftQC-t.build/Objects-normal/arm64_32/SwiftQC-Swift.h -working-directory /Users/admin/builder/spi-builder-workspace/.swiftpm/xcode -experimental-emit-module-separately -disable-cmo
SwiftDriverJobDiscovery normal arm64_32 Compiling Tag+Macro.swift, Tag+Predefined.swift, Tag.Color+Loading.swift, Tag.Color.swift, Tag.List.swift, Tag.swift, TimeLimitTrait.swift, Trait.swift (in target 'Testing' from project 'swift-testing')
SwiftExplicitDependencyGeneratePcm arm64 /Users/admin/builder/spi-builder-workspace/.derivedData/SDKExplicitPrecompiledModules/CoreTransferable-EULYJN53RZTIP2D6F171CT1YZ.pcm
SwiftExplicitDependencyGeneratePcm arm64 /Users/admin/builder/spi-builder-workspace/.derivedData/SDKExplicitPrecompiledModules/DeveloperToolsSupport-CL5QT3CW0ZM498PFTWG64QMLA.pcm
SwiftExplicitDependencyGeneratePcm arm64 /Users/admin/builder/spi-builder-workspace/.derivedData/SDKExplicitPrecompiledModules/_Builtin_tgmath-7JP2AE1NQHA1DV5JYP2OHQ3BF.pcm
SwiftExplicitDependencyGeneratePcm arm64_32 /Users/admin/builder/spi-builder-workspace/.derivedData/SDKExplicitPrecompiledModules/CoreTransferable-DSXZOKFM7XQLZ0FRNNKFDWZT0.pcm
SwiftDriverJobDiscovery normal arm64_32 Compiling Backtrace.swift, CustomTestStringConvertible.swift, Expression+Macro.swift, Expression.swift, SourceContext.swift, SourceLocation+Macro.swift, SourceLocation.swift, ArrayAdditions.swift, CollectionDifferenceAdditions.swift (in target 'Testing' from project 'swift-testing')
SwiftExplicitDependencyGeneratePcm arm64_32 /Users/admin/builder/spi-builder-workspace/.derivedData/SDKExplicitPrecompiledModules/UIUtilities-ABH83C7CSGMIJAARTF384TV0L.pcm
SwiftExplicitDependencyGeneratePcm arm64 /Users/admin/builder/spi-builder-workspace/.derivedData/SDKExplicitPrecompiledModules/_LocationEssentials-C3HYVW8P89QAUDLD9VRHUF48Q.pcm
SwiftExplicitDependencyGeneratePcm arm64_32 /Users/admin/builder/spi-builder-workspace/.derivedData/SDKExplicitPrecompiledModules/_LocationEssentials-1XWTF8V96VX3IAHKJO7PJZDU0.pcm
SwiftExplicitDependencyGeneratePcm arm64_32 /Users/admin/builder/spi-builder-workspace/.derivedData/SDKExplicitPrecompiledModules/CoreGraphics-A4WOQTM8SYZAQP223LI6RRPEK.pcm
SwiftExplicitDependencyGeneratePcm arm64_32 /Users/admin/builder/spi-builder-workspace/.derivedData/SDKExplicitPrecompiledModules/Symbols-DP67QJL9W7VSYP70ZVEBE3KRT.pcm
SwiftDriverJobDiscovery normal arm64_32 Compiling JSON.swift, Locked.swift, SystemError.swift, Versions.swift, Test+Discovery.swift, Test+Macro.swift, Test.ID.Selection.swift, Test.ID.swift, Test.swift (in target 'Testing' from project 'swift-testing')
SwiftExplicitDependencyGeneratePcm arm64_32 /Users/admin/builder/spi-builder-workspace/.derivedData/SDKExplicitPrecompiledModules/OSLog-DXCLJ0K1EEBRV5MFYJOV1HIUX.pcm
SwiftDriverJobDiscovery normal arm64_32 Compiling TimeValue.swift, ExitCondition.swift, ExitTest.swift, SpawnProcess.swift, WaitFor.swift, Expectation+Macro.swift, Expectation.swift, ExpectationChecking+Macro.swift, Confirmation.swift (in target 'Testing' from project 'swift-testing')
SwiftExplicitDependencyGeneratePcm arm64_32 /Users/admin/builder/spi-builder-workspace/.derivedData/SDKExplicitPrecompiledModules/_Builtin_intrinsics-2K07JIG9ZANIKHSNPO3O6L1K6.pcm
SwiftExplicitDependencyGeneratePcm arm64 /Users/admin/builder/spi-builder-workspace/.derivedData/SDKExplicitPrecompiledModules/CoreLocation-B0A9Z3B1UDU8OLBQROLWD03N3.pcm
SwiftExplicitDependencyGeneratePcm arm64 /Users/admin/builder/spi-builder-workspace/.derivedData/SDKExplicitPrecompiledModules/Symbols-B8SNL2YULCKW9SYIL0T5QLMV.pcm
SwiftExplicitDependencyGeneratePcm arm64_32 /Users/admin/builder/spi-builder-workspace/.derivedData/SDKExplicitPrecompiledModules/_Builtin_tgmath-414CVW1GW3IL0HRLCNNCS6Q0U.pcm
SwiftDriverJobDiscovery normal arm64_32 Compiling ErrorSnapshot.swift, Issue+Recording.swift, Issue.swift, KnownIssue.swift, CustomTestArgumentEncodable.swift, Test.Case.Generator.swift, Test.Case.ID.swift, Test.Case.swift, TypeInfo.swift (in target 'Testing' from project 'swift-testing')
SwiftExplicitDependencyGeneratePcm arm64_32 /Users/admin/builder/spi-builder-workspace/.derivedData/SDKExplicitPrecompiledModules/UniformTypeIdentifiers-EH256724QTCKT0XATY095QHVP.pcm
SwiftExplicitDependencyGeneratePcm arm64 /Users/admin/builder/spi-builder-workspace/.derivedData/SDKExplicitPrecompiledModules/UniformTypeIdentifiers-47SS6PHE8KOUZX5UOQUNKH397.pcm
SwiftExplicitDependencyGeneratePcm arm64_32 /Users/admin/builder/spi-builder-workspace/.derivedData/SDKExplicitPrecompiledModules/Accessibility-BBXP8Z81UOB3UBBTO3GG9FEEO.pcm
SwiftExplicitDependencyGeneratePcm arm64_32 /Users/admin/builder/spi-builder-workspace/.derivedData/SDKExplicitPrecompiledModules/CoreVideo-BX0NALWCB2F1YOTF0NZGV9FWU.pcm
SwiftExplicitDependencyGeneratePcm arm64 /Users/admin/builder/spi-builder-workspace/.derivedData/SDKExplicitPrecompiledModules/OSLog-ESJZZ70KT229YQNKF5CWYQVLA.pcm
SwiftExplicitDependencyGeneratePcm arm64 /Users/admin/builder/spi-builder-workspace/.derivedData/SDKExplicitPrecompiledModules/CoreMotion-70RNUQRT1QM2F8WR42WPP4KQV.pcm
SwiftExplicitDependencyGeneratePcm arm64 /Users/admin/builder/spi-builder-workspace/.derivedData/SDKExplicitPrecompiledModules/_Builtin_intrinsics-SQV576LJA0QE7RW5HF7CQ1BX.pcm
SwiftExplicitDependencyGeneratePcm arm64 /Users/admin/builder/spi-builder-workspace/.derivedData/SDKExplicitPrecompiledModules/CoreGraphics-5488DA9QVJJ7QOFXPYOYIYFUX.pcm
SwiftExplicitDependencyGeneratePcm arm64 /Users/admin/builder/spi-builder-workspace/.derivedData/Build/Intermediates.noindex/SwiftExplicitPrecompiledModules/_TestingInternals-70TEWHR35Z18NIU7RGLIK74LX.pcm
SwiftExplicitDependencyGeneratePcm arm64_32 /Users/admin/builder/spi-builder-workspace/.derivedData/SDKExplicitPrecompiledModules/UserNotifications-F5AOMF9V2Y10QV8U00QNX8B7Q.pcm
SwiftExplicitDependencyGeneratePcm arm64_32 /Users/admin/builder/spi-builder-workspace/.derivedData/SDKExplicitPrecompiledModules/CoreText-34U50N378SZT64826L0B62MN6.pcm
SwiftExplicitDependencyGeneratePcm arm64_32 /Users/admin/builder/spi-builder-workspace/.derivedData/SDKExplicitPrecompiledModules/QuartzCore-72UYR37X0O2APTD1XMSJ20X5X.pcm
SwiftExplicitDependencyGeneratePcm arm64_32 /Users/admin/builder/spi-builder-workspace/.derivedData/SDKExplicitPrecompiledModules/simd-1W6O8NR1QUSWJGAN44DNNWVHX.pcm
SwiftDriverJobDiscovery normal arm64_32 Compiling ABIEntryPoint.swift, EntryPoint.swift, SwiftPMEntryPoint.swift, ABIv0.Record+Streaming.swift, ABIv0.Record.swift, ABIv0.swift, ABIv0.EncodedBacktrace.swift, ABIv0.EncodedEvent.swift, ABIv0.EncodedInstant.swift (in target 'Testing' from project 'swift-testing')
SwiftExplicitDependencyGeneratePcm arm64 /Users/admin/builder/spi-builder-workspace/.derivedData/SDKExplicitPrecompiledModules/UIUtilities-AR3EDJH6PMDGNUXQGV2JND65S.pcm
SwiftDriverJobDiscovery normal arm64 Compiling ErrorSnapshot.swift, Issue+Recording.swift, Issue.swift, KnownIssue.swift, CustomTestArgumentEncodable.swift, Test.Case.Generator.swift, Test.Case.ID.swift, Test.Case.swift, TypeInfo.swift (in target 'Testing' from project 'swift-testing')
SwiftExplicitDependencyGeneratePcm arm64_32 /Users/admin/builder/spi-builder-workspace/.derivedData/SDKExplicitPrecompiledModules/CoreLocation-4AZRAZ8X3W0CS36SZ1GS4LT05.pcm
SwiftExplicitDependencyGeneratePcm arm64_32 /Users/admin/builder/spi-builder-workspace/.derivedData/Build/Intermediates.noindex/SwiftExplicitPrecompiledModules/_AtomicsShims-1N607I0EI2GUC8RQYN01BHOM9.pcm
SwiftExplicitDependencyGeneratePcm arm64_32 /Users/admin/builder/spi-builder-workspace/.derivedData/SDKExplicitPrecompiledModules/DataDetection-8EDL8T61430CB5CU94L1E3L0C.pcm
SwiftExplicitDependencyGeneratePcm arm64 /Users/admin/builder/spi-builder-workspace/.derivedData/SDKExplicitPrecompiledModules/CoreVideo-2YRZ292TS6QDW2V2V92NZMPWM.pcm
SwiftExplicitDependencyGeneratePcm arm64 /Users/admin/builder/spi-builder-workspace/.derivedData/SDKExplicitPrecompiledModules/Accessibility-DB0V1GY4JDAXG2CZ5MW826DDE.pcm
SwiftExplicitDependencyGeneratePcm arm64_32 /Users/admin/builder/spi-builder-workspace/.derivedData/SDKExplicitPrecompiledModules/DeveloperToolsSupport-3FQKKPF3BW0SWE1YUZ86OZWIB.pcm
SwiftExplicitDependencyGeneratePcm arm64 /Users/admin/builder/spi-builder-workspace/.derivedData/Build/Intermediates.noindex/SwiftExplicitPrecompiledModules/_AtomicsShims-9NE3BZ2A2PFD0U3VGNJ3Y1X09.pcm
SwiftExplicitDependencyGeneratePcm arm64_32 /Users/admin/builder/spi-builder-workspace/.derivedData/SDKExplicitPrecompiledModules/SwiftUICore-TURER010MQ2QH6SN4BGDJJKP.pcm
SwiftExplicitDependencyGeneratePcm arm64 /Users/admin/builder/spi-builder-workspace/.derivedData/SDKExplicitPrecompiledModules/CoreText-BEC0M2J7FJN53VXNFDZDKL9U2.pcm
SwiftExplicitDependencyGeneratePcm arm64_32 /Users/admin/builder/spi-builder-workspace/.derivedData/Build/Intermediates.noindex/SwiftExplicitPrecompiledModules/_TestingInternals-857H2FI4BHA47NT8CW2N18EC5.pcm
SwiftExplicitDependencyGeneratePcm arm64_32 /Users/admin/builder/spi-builder-workspace/.derivedData/SDKExplicitPrecompiledModules/CoreMotion-E9C6K7MOTJF3RC93DULCZ130U.pcm
SwiftExplicitDependencyGeneratePcm arm64 /Users/admin/builder/spi-builder-workspace/.derivedData/SDKExplicitPrecompiledModules/QuartzCore-BRDP6VIMJ6A6HG4W4NYXZ8BI3.pcm
SwiftExplicitDependencyGeneratePcm arm64 /Users/admin/builder/spi-builder-workspace/.derivedData/SDKExplicitPrecompiledModules/DataDetection-8RQ09UCIV0XSYRF8TQQD54MWN.pcm
SwiftExplicitDependencyGeneratePcm arm64 /Users/admin/builder/spi-builder-workspace/.derivedData/SDKExplicitPrecompiledModules/UserNotifications-7VIERZPAA371031RT8VBKFYKJ.pcm
SwiftExplicitDependencyGeneratePcm arm64 /Users/admin/builder/spi-builder-workspace/.derivedData/SDKExplicitPrecompiledModules/simd-2C11HKTI5TJB05T724EWNFZXD.pcm
SwiftDriver\ Compilation Testing normal arm64 com.apple.xcode.tools.swift.compiler (in target 'Testing' from project 'swift-testing')
cd /Users/admin/builder/spi-builder-workspace/.swiftpm/xcode
builtin-Swift-Compilation -- /Applications/Xcode-27.0.0-Release.Candidate.app/Contents/Developer/Toolchains/XcodeDefault.xctoolchain/usr/bin/swiftc -parse-as-library -module-name Testing -Onone @/Users/admin/builder/spi-builder-workspace/.derivedData/Build/Intermediates.noindex/swift-testing.build/Debug-watchos/Testing-t.build/Objects-normal/arm64/Testing.SwiftFileList -DSWIFT_PACKAGE -DDEBUG -DSWIFT_MODULE_RESOURCE_BUNDLE_UNAVAILABLE -DSWT_TARGET_OS_APPLE -DSWT_NO_EXIT_TESTS -Xcc -fmodule-map-file\=/Users/admin/builder/spi-builder-workspace/.dependencies/checkouts/swift-testing/Sources/_TestingInternals/include/module.modulemap -DXcode -enable-experimental-feature AvailabilityMacro\=_mangledTypeNameAPI:macOS\ 11.0,\ iOS\ 14.0,\ watchOS\ 7.0,\ tvOS\ 14.0 -enable-experimental-feature AvailabilityMacro\=_backtraceAsyncAPI:macOS\ 12.0,\ iOS\ 15.0,\ watchOS\ 8.0,\ tvOS\ 15.0 -enable-experimental-feature AvailabilityMacro\=_clockAPI:macOS\ 13.0,\ iOS\ 16.0,\ watchOS\ 9.0,\ tvOS\ 16.0 -enable-experimental-feature AvailabilityMacro\=_regexAPI:macOS\ 13.0,\ iOS\ 16.0,\ tvOS\ 16.0,\ watchOS\ 9.0 -enable-experimental-feature AvailabilityMacro\=_swiftVersionAPI:macOS\ 13.0,\ iOS\ 16.0,\ tvOS\ 16.0,\ watchOS\ 9.0 -enable-experimental-feature AvailabilityMacro\=_typedThrowsAPI:macOS\ 15.0,\ iOS\ 18.0,\ watchOS\ 11.0,\ tvOS\ 18.0,\ visionOS\ 2.0 -enable-experimental-feature AvailabilityMacro\=_distantFuture:macOS\ 99.0,\ iOS\ 99.0,\ watchOS\ 99.0,\ tvOS\ 99.0,\ visionOS\ 99.0 -enable-upcoming-feature ExistentialAny -enable-experimental-feature AccessLevelOnImport -enable-upcoming-feature InternalImportsByDefault -plugin-path /Applications/Xcode-27.0.0-Release.Candidate.app/Contents/Developer/Toolchains/XcodeDefault.xctoolchain/usr/lib/swift/host/plugins/testing -enable-experimental-feature DebugDescriptionMacro -sdk /Applications/Xcode-27.0.0-Release.Candidate.app/Contents/Developer/Platforms/WatchOS.platform/Developer/SDKs/WatchOS27.0.sdk -target arm64-apple-watchos9.0 -g -module-cache-path /Users/admin/builder/spi-builder-workspace/.derivedData/ModuleCache.noindex -Xfrontend -serialize-debugging-options -profile-coverage-mapping -profile-generate -enable-testing -suppress-warnings -index-store-path /Users/admin/builder/spi-builder-workspace/.derivedData/Index.noindex/DataStore -Xcc -D_LIBCPP_HARDENING_MODE\=_LIBCPP_HARDENING_MODE_DEBUG -swift-version 6 -I /Users/admin/builder/spi-builder-workspace/.derivedData/Build/Products/Debug-watchos -Isystem /Applications/Xcode-27.0.0-Release.Candidate.app/Contents/Developer/Platforms/WatchOS.platform/Developer/usr/lib -F /Users/admin/builder/spi-builder-workspace/.derivedData/Build/Products/Debug-watchos/PackageFrameworks -F /Users/admin/builder/spi-builder-workspace/.derivedData/Build/Products/Debug-watchos -F /Applications/Xcode-27.0.0-Release.Candidate.app/Contents/Developer/Platforms/WatchOS.platform/Developer/Library/Frameworks -F /Applications/Xcode-27.0.0-Release.Candidate.app/Contents/Developer/Platforms/WatchOS.platform/Developer/SDKs/WatchOS27.0.sdk/Developer/Library/Frameworks -Xfrontend -load-plugin-executable -Xfrontend /Users/admin/builder/spi-builder-workspace/.derivedData/Build/Products/Debug/TestingMacros\#TestingMacros -c -j10 -enable-batch-mode -incremental -Xcc -ivfsstatcache -Xcc /Users/admin/builder/spi-builder-workspace/.derivedData/SDKStatCaches.noindex/watchos27.0-24R360-e829b21a6f8c9b70876ba0858053c04477534ef55a1706bf4c1112bbb242f0a2.sdkstatcache -output-file-map /Users/admin/builder/spi-builder-workspace/.derivedData/Build/Intermediates.noindex/swift-testing.build/Debug-watchos/Testing-t.build/Objects-normal/arm64/Testing-OutputFileMap.json -save-temps -no-color-diagnostics -explicit-module-build -module-cache-path /Users/admin/builder/spi-builder-workspace/.derivedData/Build/Intermediates.noindex/SwiftExplicitPrecompiledModules -clang-scanner-module-cache-path /Users/admin/builder/spi-builder-workspace/.derivedData/ModuleCache.noindex -sdk-module-cache-path /Users/admin/builder/spi-builder-workspace/.derivedData/SDKExplicitPrecompiledModules -emit-dependencies -emit-module -emit-module-path /Users/admin/builder/spi-builder-workspace/.derivedData/Build/Intermediates.noindex/swift-testing.build/Debug-watchos/Testing-t.build/Objects-normal/arm64/Testing.swiftmodule -serialize-diagnostics -dependency-scan-serialize-diagnostics-path /Users/admin/builder/spi-builder-workspace/.derivedData/Build/Intermediates.noindex/swift-testing.build/Debug-watchos/Testing-t.build/Objects-normal/arm64/Testing-dependency-scan.dia -user-module-version 0.99.0 -validate-clang-modules-once -clang-build-session-file /Users/admin/builder/spi-builder-workspace/.derivedData/ModuleCache.noindex/Session.modulevalidation -Xcc -fmodules-prune-interval\=86400 -Xcc -fmodules-prune-after\=345600 -package-name swift_testing -emit-const-values -const-gather-protocols-list /Users/admin/builder/spi-builder-workspace/.derivedData/Build/Intermediates.noindex/swift-testing.build/Debug-watchos/Testing-t.build/Objects-normal/arm64/Testing_const_extract_protocols.json -Xcc -I/Users/admin/builder/spi-builder-workspace/.dependencies/checkouts/swift-testing/Sources/_TestingInternals/include -Xcc -I/Users/admin/builder/spi-builder-workspace/.derivedData/Build/Products/Debug-watchos/include -Xcc -I/Users/admin/builder/spi-builder-workspace/.derivedData/Build/Intermediates.noindex/swift-testing.build/Debug-watchos/Testing-t.build/DerivedSources-normal/arm64 -Xcc -I/Users/admin/builder/spi-builder-workspace/.derivedData/Build/Intermediates.noindex/swift-testing.build/Debug-watchos/Testing-t.build/DerivedSources/arm64 -Xcc -I/Users/admin/builder/spi-builder-workspace/.derivedData/Build/Intermediates.noindex/swift-testing.build/Debug-watchos/Testing-t.build/DerivedSources -Xcc -DSWIFT_PACKAGE -Xcc -DDEBUG\=1 -Xcc -DSWT_TESTING_LIBRARY_VERSION\=\"0.99.0\" -emit-objc-header -emit-objc-header-path /Users/admin/builder/spi-builder-workspace/.derivedData/Build/Intermediates.noindex/swift-testing.build/Debug-watchos/Testing-t.build/Objects-normal/arm64/Testing-Swift.h -working-directory /Users/admin/builder/spi-builder-workspace/.swiftpm/xcode -experimental-emit-module-separately -disable-cmo
Ld /Users/admin/builder/spi-builder-workspace/.derivedData/Build/Intermediates.noindex/swift-testing.build/Debug-watchos/Testing-t.build/Objects-normal/arm64/Binary/Testing.o normal arm64 (in target 'Testing' from project 'swift-testing')
cd /Users/admin/builder/spi-builder-workspace/.dependencies/checkouts/swift-testing
/Applications/Xcode-27.0.0-Release.Candidate.app/Contents/Developer/Toolchains/XcodeDefault.xctoolchain/usr/bin/clang -Xlinker -reproducible -target arm64-apple-watchos9.0 -r -isysroot /Applications/Xcode-27.0.0-Release.Candidate.app/Contents/Developer/Platforms/WatchOS.platform/Developer/SDKs/WatchOS27.0.sdk -O0 -w -Xlinker -no_warn_duplicate_libraries -F/Users/admin/builder/spi-builder-workspace/.derivedData/Build/Intermediates.noindex/EagerLinkingTBDs/Debug-watchos -F/Users/admin/builder/spi-builder-workspace/.derivedData/Build/Products/Debug-watchos/PackageFrameworks -F/Users/admin/builder/spi-builder-workspace/.derivedData/Build/Products/Debug-watchos -iframework /Applications/Xcode-27.0.0-Release.Candidate.app/Contents/Developer/Platforms/WatchOS.platform/Developer/Library/Frameworks -iframework /Applications/Xcode-27.0.0-Release.Candidate.app/Contents/Developer/Platforms/WatchOS.platform/Developer/SDKs/WatchOS27.0.sdk/Developer/Library/Frameworks -filelist /Users/admin/builder/spi-builder-workspace/.derivedData/Build/Intermediates.noindex/swift-testing.build/Debug-watchos/Testing-t.build/Objects-normal/arm64/Testing.LinkFileList -nostdlib -Xlinker -object_path_lto -Xlinker /Users/admin/builder/spi-builder-workspace/.derivedData/Build/Intermediates.noindex/swift-testing.build/Debug-watchos/Testing-t.build/Objects-normal/arm64/Testing_lto.o -Xlinker -no_deduplicate -Xlinker -debug_variant -Xlinker -dependency_info -Xlinker /Users/admin/builder/spi-builder-workspace/.derivedData/Build/Intermediates.noindex/swift-testing.build/Debug-watchos/Testing-t.build/Objects-normal/arm64/Testing_dependency_info.dat -fobjc-link-runtime -L/Applications/Xcode-27.0.0-Release.Candidate.app/Contents/Developer/Toolchains/XcodeDefault.xctoolchain/usr/lib/swift/watchos -L/usr/lib/swift -Xlinker -add_ast_path -Xlinker /Users/admin/builder/spi-builder-workspace/.derivedData/Build/Intermediates.noindex/swift-testing.build/Debug-watchos/Testing-t.build/Objects-normal/arm64/Testing.swiftmodule -o /Users/admin/builder/spi-builder-workspace/.derivedData/Build/Intermediates.noindex/swift-testing.build/Debug-watchos/Testing-t.build/Objects-normal/arm64/Binary/Testing.o
SwiftExplicitDependencyGeneratePcm arm64_32 /Users/admin/builder/spi-builder-workspace/.derivedData/SDKExplicitPrecompiledModules/UIKit-BGAQE5HOOTG6M9C46O1HHPCDR.pcm
SwiftExplicitDependencyGeneratePcm arm64 /Users/admin/builder/spi-builder-workspace/.derivedData/SDKExplicitPrecompiledModules/UIKit-2XWL6VFNA7WRWSTXI42YLU909.pcm
SwiftExplicitDependencyGeneratePcm arm64 /Users/admin/builder/spi-builder-workspace/.derivedData/SDKExplicitPrecompiledModules/SwiftUICore-D4BOUT6VJWDXKNATG8P2F95W3.pcm
SwiftDriverJobDiscovery normal arm64_32 Compiling Configuration+EventHandling.swift, Configuration.TestFilter.swift, Configuration.swift, Runner.Plan+Dumping.swift, Runner.Plan.swift, Runner.RuntimeState.swift, Runner.swift, SkipInfo.swift, Backtrace+Symbolication.swift (in target 'Testing' from project 'swift-testing')
SwiftDriverJobDiscovery normal arm64_32 Compiling ABIv0.EncodedIssue.swift, ABIv0.EncodedMessage.swift, ABIv0.EncodedTest.swift, Clock.swift, Event.swift, Event.ConsoleOutputRecorder.swift, Event.HumanReadableOutputRecorder.swift, Event.JUnitXMLRecorder.swift, Event.Symbol.swift (in target 'Testing' from project 'swift-testing')
SwiftDriver\ Compilation Testing normal arm64_32 com.apple.xcode.tools.swift.compiler (in target 'Testing' from project 'swift-testing')
cd /Users/admin/builder/spi-builder-workspace/.swiftpm/xcode
builtin-Swift-Compilation -- /Applications/Xcode-27.0.0-Release.Candidate.app/Contents/Developer/Toolchains/XcodeDefault.xctoolchain/usr/bin/swiftc -parse-as-library -module-name Testing -Onone @/Users/admin/builder/spi-builder-workspace/.derivedData/Build/Intermediates.noindex/swift-testing.build/Debug-watchos/Testing-t.build/Objects-normal/arm64_32/Testing.SwiftFileList -DSWIFT_PACKAGE -DDEBUG -DSWIFT_MODULE_RESOURCE_BUNDLE_UNAVAILABLE -DSWT_TARGET_OS_APPLE -DSWT_NO_EXIT_TESTS -Xcc -fmodule-map-file\=/Users/admin/builder/spi-builder-workspace/.dependencies/checkouts/swift-testing/Sources/_TestingInternals/include/module.modulemap -DXcode -enable-experimental-feature AvailabilityMacro\=_mangledTypeNameAPI:macOS\ 11.0,\ iOS\ 14.0,\ watchOS\ 7.0,\ tvOS\ 14.0 -enable-experimental-feature AvailabilityMacro\=_backtraceAsyncAPI:macOS\ 12.0,\ iOS\ 15.0,\ watchOS\ 8.0,\ tvOS\ 15.0 -enable-experimental-feature AvailabilityMacro\=_clockAPI:macOS\ 13.0,\ iOS\ 16.0,\ watchOS\ 9.0,\ tvOS\ 16.0 -enable-experimental-feature AvailabilityMacro\=_regexAPI:macOS\ 13.0,\ iOS\ 16.0,\ tvOS\ 16.0,\ watchOS\ 9.0 -enable-experimental-feature AvailabilityMacro\=_swiftVersionAPI:macOS\ 13.0,\ iOS\ 16.0,\ tvOS\ 16.0,\ watchOS\ 9.0 -enable-experimental-feature AvailabilityMacro\=_typedThrowsAPI:macOS\ 15.0,\ iOS\ 18.0,\ watchOS\ 11.0,\ tvOS\ 18.0,\ visionOS\ 2.0 -enable-experimental-feature AvailabilityMacro\=_distantFuture:macOS\ 99.0,\ iOS\ 99.0,\ watchOS\ 99.0,\ tvOS\ 99.0,\ visionOS\ 99.0 -enable-upcoming-feature ExistentialAny -enable-experimental-feature AccessLevelOnImport -enable-upcoming-feature InternalImportsByDefault -plugin-path /Applications/Xcode-27.0.0-Release.Candidate.app/Contents/Developer/Toolchains/XcodeDefault.xctoolchain/usr/lib/swift/host/plugins/testing -enable-experimental-feature DebugDescriptionMacro -sdk /Applications/Xcode-27.0.0-Release.Candidate.app/Contents/Developer/Platforms/WatchOS.platform/Developer/SDKs/WatchOS27.0.sdk -target arm64_32-apple-watchos9.0 -g -module-cache-path /Users/admin/builder/spi-builder-workspace/.derivedData/ModuleCache.noindex -Xfrontend -serialize-debugging-options -profile-coverage-mapping -profile-generate -enable-testing -suppress-warnings -index-store-path /Users/admin/builder/spi-builder-workspace/.derivedData/Index.noindex/DataStore -Xcc -D_LIBCPP_HARDENING_MODE\=_LIBCPP_HARDENING_MODE_DEBUG -swift-version 6 -I /Users/admin/builder/spi-builder-workspace/.derivedData/Build/Products/Debug-watchos -Isystem /Applications/Xcode-27.0.0-Release.Candidate.app/Contents/Developer/Platforms/WatchOS.platform/Developer/usr/lib -F /Users/admin/builder/spi-builder-workspace/.derivedData/Build/Products/Debug-watchos/PackageFrameworks -F /Users/admin/builder/spi-builder-workspace/.derivedData/Build/Products/Debug-watchos -F /Applications/Xcode-27.0.0-Release.Candidate.app/Contents/Developer/Platforms/WatchOS.platform/Developer/Library/Frameworks -F /Applications/Xcode-27.0.0-Release.Candidate.app/Contents/Developer/Platforms/WatchOS.platform/Developer/SDKs/WatchOS27.0.sdk/Developer/Library/Frameworks -Xfrontend -load-plugin-executable -Xfrontend /Users/admin/builder/spi-builder-workspace/.derivedData/Build/Products/Debug/TestingMacros\#TestingMacros -c -j10 -enable-batch-mode -incremental -Xcc -ivfsstatcache -Xcc /Users/admin/builder/spi-builder-workspace/.derivedData/SDKStatCaches.noindex/watchos27.0-24R360-e829b21a6f8c9b70876ba0858053c04477534ef55a1706bf4c1112bbb242f0a2.sdkstatcache -output-file-map /Users/admin/builder/spi-builder-workspace/.derivedData/Build/Intermediates.noindex/swift-testing.build/Debug-watchos/Testing-t.build/Objects-normal/arm64_32/Testing-OutputFileMap.json -save-temps -no-color-diagnostics -explicit-module-build -module-cache-path /Users/admin/builder/spi-builder-workspace/.derivedData/Build/Intermediates.noindex/SwiftExplicitPrecompiledModules -clang-scanner-module-cache-path /Users/admin/builder/spi-builder-workspace/.derivedData/ModuleCache.noindex -sdk-module-cache-path /Users/admin/builder/spi-builder-workspace/.derivedData/SDKExplicitPrecompiledModules -emit-dependencies -emit-module -emit-module-path /Users/admin/builder/spi-builder-workspace/.derivedData/Build/Intermediates.noindex/swift-testing.build/Debug-watchos/Testing-t.build/Objects-normal/arm64_32/Testing.swiftmodule -serialize-diagnostics -dependency-scan-serialize-diagnostics-path /Users/admin/builder/spi-builder-workspace/.derivedData/Build/Intermediates.noindex/swift-testing.build/Debug-watchos/Testing-t.build/Objects-normal/arm64_32/Testing-dependency-scan.dia -user-module-version 0.99.0 -validate-clang-modules-once -clang-build-session-file /Users/admin/builder/spi-builder-workspace/.derivedData/ModuleCache.noindex/Session.modulevalidation -Xcc -fmodules-prune-interval\=86400 -Xcc -fmodules-prune-after\=345600 -package-name swift_testing -emit-const-values -const-gather-protocols-list /Users/admin/builder/spi-builder-workspace/.derivedData/Build/Intermediates.noindex/swift-testing.build/Debug-watchos/Testing-t.build/Objects-normal/arm64_32/Testing_const_extract_protocols.json -Xcc -I/Users/admin/builder/spi-builder-workspace/.dependencies/checkouts/swift-testing/Sources/_TestingInternals/include -Xcc -I/Users/admin/builder/spi-builder-workspace/.derivedData/Build/Products/Debug-watchos/include -Xcc -I/Users/admin/builder/spi-builder-workspace/.derivedData/Build/Intermediates.noindex/swift-testing.build/Debug-watchos/Testing-t.build/DerivedSources-normal/arm64_32 -Xcc -I/Users/admin/builder/spi-builder-workspace/.derivedData/Build/Intermediates.noindex/swift-testing.build/Debug-watchos/Testing-t.build/DerivedSources/arm64_32 -Xcc -I/Users/admin/builder/spi-builder-workspace/.derivedData/Build/Intermediates.noindex/swift-testing.build/Debug-watchos/Testing-t.build/DerivedSources -Xcc -DSWIFT_PACKAGE -Xcc -DDEBUG\=1 -Xcc -DSWT_TESTING_LIBRARY_VERSION\=\"0.99.0\" -emit-objc-header -emit-objc-header-path /Users/admin/builder/spi-builder-workspace/.derivedData/Build/Intermediates.noindex/swift-testing.build/Debug-watchos/Testing-t.build/Objects-normal/arm64_32/Testing-Swift.h -working-directory /Users/admin/builder/spi-builder-workspace/.swiftpm/xcode -experimental-emit-module-separately -disable-cmo
Ld /Users/admin/builder/spi-builder-workspace/.derivedData/Build/Intermediates.noindex/swift-testing.build/Debug-watchos/Testing-t.build/Objects-normal/arm64_32/Binary/Testing.o normal arm64_32 (in target 'Testing' from project 'swift-testing')
cd /Users/admin/builder/spi-builder-workspace/.dependencies/checkouts/swift-testing
/Applications/Xcode-27.0.0-Release.Candidate.app/Contents/Developer/Toolchains/XcodeDefault.xctoolchain/usr/bin/clang -Xlinker -reproducible -target arm64_32-apple-watchos9.0 -r -isysroot /Applications/Xcode-27.0.0-Release.Candidate.app/Contents/Developer/Platforms/WatchOS.platform/Developer/SDKs/WatchOS27.0.sdk -O0 -w -Xlinker -no_warn_duplicate_libraries -F/Users/admin/builder/spi-builder-workspace/.derivedData/Build/Intermediates.noindex/EagerLinkingTBDs/Debug-watchos -F/Users/admin/builder/spi-builder-workspace/.derivedData/Build/Products/Debug-watchos/PackageFrameworks -F/Users/admin/builder/spi-builder-workspace/.derivedData/Build/Products/Debug-watchos -iframework /Applications/Xcode-27.0.0-Release.Candidate.app/Contents/Developer/Platforms/WatchOS.platform/Developer/Library/Frameworks -iframework /Applications/Xcode-27.0.0-Release.Candidate.app/Contents/Developer/Platforms/WatchOS.platform/Developer/SDKs/WatchOS27.0.sdk/Developer/Library/Frameworks -filelist /Users/admin/builder/spi-builder-workspace/.derivedData/Build/Intermediates.noindex/swift-testing.build/Debug-watchos/Testing-t.build/Objects-normal/arm64_32/Testing.LinkFileList -nostdlib -Xlinker -object_path_lto -Xlinker /Users/admin/builder/spi-builder-workspace/.derivedData/Build/Intermediates.noindex/swift-testing.build/Debug-watchos/Testing-t.build/Objects-normal/arm64_32/Testing_lto.o -Xlinker -no_deduplicate -Xlinker -debug_variant -Xlinker -dependency_info -Xlinker /Users/admin/builder/spi-builder-workspace/.derivedData/Build/Intermediates.noindex/swift-testing.build/Debug-watchos/Testing-t.build/Objects-normal/arm64_32/Testing_dependency_info.dat -fobjc-link-runtime -L/Applications/Xcode-27.0.0-Release.Candidate.app/Contents/Developer/Toolchains/XcodeDefault.xctoolchain/usr/lib/swift/watchos -L/usr/lib/swift -Xlinker -add_ast_path -Xlinker /Users/admin/builder/spi-builder-workspace/.derivedData/Build/Intermediates.noindex/swift-testing.build/Debug-watchos/Testing-t.build/Objects-normal/arm64_32/Testing.swiftmodule -o /Users/admin/builder/spi-builder-workspace/.derivedData/Build/Intermediates.noindex/swift-testing.build/Debug-watchos/Testing-t.build/Objects-normal/arm64_32/Binary/Testing.o
CreateUniversalBinary /Users/admin/builder/spi-builder-workspace/.derivedData/Build/Products/Debug-watchos/Testing.o normal arm64\ arm64_32 (in target 'Testing' from project 'swift-testing')
cd /Users/admin/builder/spi-builder-workspace/.dependencies/checkouts/swift-testing
/Applications/Xcode-27.0.0-Release.Candidate.app/Contents/Developer/Toolchains/XcodeDefault.xctoolchain/usr/bin/lipo -create /Users/admin/builder/spi-builder-workspace/.derivedData/Build/Intermediates.noindex/swift-testing.build/Debug-watchos/Testing-t.build/Objects-normal/arm64/Binary/Testing.o /Users/admin/builder/spi-builder-workspace/.derivedData/Build/Intermediates.noindex/swift-testing.build/Debug-watchos/Testing-t.build/Objects-normal/arm64_32/Binary/Testing.o -output /Users/admin/builder/spi-builder-workspace/.derivedData/Build/Products/Debug-watchos/Testing.o
ExtractAppIntentsMetadata (in target 'Testing' from project 'swift-testing')
cd /Users/admin/builder/spi-builder-workspace/.dependencies/checkouts/swift-testing
/Applications/Xcode-27.0.0-Release.Candidate.app/Contents/Developer/Toolchains/XcodeDefault.xctoolchain/usr/bin/appintentsmetadataprocessor --toolchain-dir /var/run/com.apple.security.cryptexd/mnt/com.apple.MobileAsset.MetalToolchain-v27.1.266.1.vNCjnp/Metal.xctoolchain --module-name Testing --sdk-root /Applications/Xcode-27.0.0-Release.Candidate.app/Contents/Developer/Platforms/WatchOS.platform/Developer/SDKs/WatchOS27.0.sdk --xcode-version 27A266a --platform-family watchOS --deployment-target 9.0 --bundle-identifier swift-testing.Testing --output /Users/admin/builder/spi-builder-workspace/.derivedData/Build/Products/Debug-watchos/Testing.appintents --target-triple arm64-apple-watchos9.0 --target-triple arm64_32-apple-watchos9.0 --binary-file /Users/admin/builder/spi-builder-workspace/.derivedData/Build/Products/Debug-watchos/Testing.o --dependency-file /Users/admin/builder/spi-builder-workspace/.derivedData/Build/Intermediates.noindex/swift-testing.build/Debug-watchos/Testing-t.build/Objects-normal/arm64/Testing_dependency_info.dat --dependency-file /Users/admin/builder/spi-builder-workspace/.derivedData/Build/Intermediates.noindex/swift-testing.build/Debug-watchos/Testing-t.build/Objects-normal/arm64_32/Testing_dependency_info.dat --stringsdata-file /Users/admin/builder/spi-builder-workspace/.derivedData/Build/Intermediates.noindex/swift-testing.build/Debug-watchos/Testing-t.build/Objects-normal/arm64/ExtractedAppShortcutsMetadata.stringsdata --stringsdata-file /Users/admin/builder/spi-builder-workspace/.derivedData/Build/Intermediates.noindex/swift-testing.build/Debug-watchos/Testing-t.build/Objects-normal/arm64_32/ExtractedAppShortcutsMetadata.stringsdata --source-file-list /Users/admin/builder/spi-builder-workspace/.derivedData/Build/Intermediates.noindex/swift-testing.build/Debug-watchos/Testing-t.build/Objects-normal/arm64/Testing.SwiftFileList --source-file-list /Users/admin/builder/spi-builder-workspace/.derivedData/Build/Intermediates.noindex/swift-testing.build/Debug-watchos/Testing-t.build/Objects-normal/arm64_32/Testing.SwiftFileList --metadata-file-list /Users/admin/builder/spi-builder-workspace/.derivedData/Build/Intermediates.noindex/swift-testing.build/Debug-watchos/Testing-t.build/Testing.DependencyMetadataFileList --static-metadata-file-list /Users/admin/builder/spi-builder-workspace/.derivedData/Build/Intermediates.noindex/swift-testing.build/Debug-watchos/Testing-t.build/Testing.DependencyStaticMetadataFileList --swift-const-vals-list /Users/admin/builder/spi-builder-workspace/.derivedData/Build/Intermediates.noindex/swift-testing.build/Debug-watchos/Testing-t.build/Objects-normal/arm64/Testing.SwiftConstValuesFileList --swift-const-vals-list /Users/admin/builder/spi-builder-workspace/.derivedData/Build/Intermediates.noindex/swift-testing.build/Debug-watchos/Testing-t.build/Objects-normal/arm64_32/Testing.SwiftConstValuesFileList --force --compile-time-extraction --deployment-aware-processing --no-app-shortcuts-localization
2026-09-22 13:06:03.963 appintentsmetadataprocessor[2205:12176] Starting appintentsmetadataprocessor export
2026-09-22 13:06:04.032 appintentsmetadataprocessor[2205:12176] Extracted no relevant App Intents symbols, skipping writing output
SwiftExplicitDependencyGeneratePcm arm64_32 /Users/admin/builder/spi-builder-workspace/.derivedData/SDKExplicitPrecompiledModules/Spatial-4XS0QRL16224ZE9KE9TMKASKT.pcm
SwiftExplicitDependencyGeneratePcm arm64 /Users/admin/builder/spi-builder-workspace/.derivedData/SDKExplicitPrecompiledModules/Spatial-EZKKX4XFW72RZCTOIG80Z93AP.pcm
SwiftExplicitDependencyGeneratePcm arm64_32 /Users/admin/builder/spi-builder-workspace/.derivedData/Build/Intermediates.noindex/SwiftExplicitPrecompiledModules/XCUIAutomation-Z7SN55NB9ZOYV3LWCNMTGGW6.pcm
SwiftExplicitDependencyGeneratePcm arm64 /Users/admin/builder/spi-builder-workspace/.derivedData/Build/Intermediates.noindex/SwiftExplicitPrecompiledModules/XCUIAutomation-69Q6PI8WUDMO1Y7SHD04JMIEC.pcm
SwiftExplicitDependencyCompileModuleFromInterface arm64_32 /Users/admin/builder/spi-builder-workspace/.derivedData/Build/Intermediates.noindex/SwiftExplicitPrecompiledModules/XCUIAutomation-1Z222UB6YQLTV.swiftmodule
SwiftExplicitDependencyGeneratePcm arm64_32 /Users/admin/builder/spi-builder-workspace/.derivedData/Build/Intermediates.noindex/SwiftExplicitPrecompiledModules/XCTest-36M3R6WFEBMP678IAR3ENUMMM.pcm
SwiftExplicitDependencyGeneratePcm arm64 /Users/admin/builder/spi-builder-workspace/.derivedData/Build/Intermediates.noindex/SwiftExplicitPrecompiledModules/XCTest-B0XN9RBECL3T0HBZJ9SXBPU3R.pcm
SwiftExplicitDependencyCompileModuleFromInterface arm64 /Users/admin/builder/spi-builder-workspace/.derivedData/Build/Intermediates.noindex/SwiftExplicitPrecompiledModules/XCUIAutomation-3PQB341DBMV4O.swiftmodule
SwiftExplicitDependencyCompileModuleFromInterface arm64_32 /Users/admin/builder/spi-builder-workspace/.derivedData/Build/Intermediates.noindex/SwiftExplicitPrecompiledModules/XCTest-1SNBWFEGNAYYD.swiftmodule
SwiftExplicitDependencyCompileModuleFromInterface arm64 /Users/admin/builder/spi-builder-workspace/.derivedData/Build/Intermediates.noindex/SwiftExplicitPrecompiledModules/XCTest-MUHEOAP4Y0HH.swiftmodule
SwiftCompile normal arm64_32 Compiling\ Gen.swift,\ ParallelCommands.swift,\ ParallelModel.swift,\ ParallelRunner.swift /Users/admin/builder/spi-builder-workspace/Sources/SwiftQC/Generators/Gen.swift /Users/admin/builder/spi-builder-workspace/Sources/SwiftQC/Parallel/ParallelCommands.swift /Users/admin/builder/spi-builder-workspace/Sources/SwiftQC/Parallel/ParallelModel.swift /Users/admin/builder/spi-builder-workspace/Sources/SwiftQC/Parallel/ParallelRunner.swift (in target 'SwiftQC' from project 'SwiftQC')
SwiftCompile normal arm64_32 /Users/admin/builder/spi-builder-workspace/Sources/SwiftQC/Generators/Gen.swift (in target 'SwiftQC' from project 'SwiftQC')
cd /Users/admin/builder/spi-builder-workspace/.swiftpm/xcode
builtin-SwiftPerFileCompile Gen.swift
SwiftCompile normal arm64_32 /Users/admin/builder/spi-builder-workspace/Sources/SwiftQC/Parallel/ParallelCommands.swift (in target 'SwiftQC' from project 'SwiftQC')
cd /Users/admin/builder/spi-builder-workspace/.swiftpm/xcode
builtin-SwiftPerFileCompile ParallelCommands.swift
SwiftCompile normal arm64_32 /Users/admin/builder/spi-builder-workspace/Sources/SwiftQC/Parallel/ParallelModel.swift (in target 'SwiftQC' from project 'SwiftQC')
cd /Users/admin/builder/spi-builder-workspace/.swiftpm/xcode
builtin-SwiftPerFileCompile ParallelModel.swift
SwiftCompile normal arm64_32 /Users/admin/builder/spi-builder-workspace/Sources/SwiftQC/Parallel/ParallelRunner.swift (in target 'SwiftQC' from project 'SwiftQC')
cd /Users/admin/builder/spi-builder-workspace/.swiftpm/xcode
builtin-SwiftPerFileCompile ParallelRunner.swift
/Users/admin/builder/spi-builder-workspace/Sources/SwiftQC/Parallel/ParallelRunner.swift:146:42: warning: conformance of 'Model' to protocol 'ParallelModel' may be isolated and cannot be passed to actor-isolated context [#IsolatedConformances]
144 | print("Parallel Test: '\(propertyName)' starting. Seed: \(effectiveSeed), Target SUT Threads: \(threads), Target Operations: \(forks)")
145 |
146 | let orchestrator = Orchestrator<Model>(threads: threads, initialSeed: effectiveSeed)
| `- warning: conformance of 'Model' to protocol 'ParallelModel' may be isolated and cannot be passed to actor-isolated context [#IsolatedConformances]
147 | let sutRefManager = SUTReferenceManager<Model>()
148 | let factoryToPass: @Sendable () async -> SUT_Runner = sutFactory
/Users/admin/builder/spi-builder-workspace/Sources/SwiftQC/Parallel/ParallelRunner.swift:147:50: warning: conformance of 'Model' to protocol 'ParallelModel' may be isolated and cannot be passed to actor-isolated context [#IsolatedConformances]
145 |
146 | let orchestrator = Orchestrator<Model>(threads: threads, initialSeed: effectiveSeed)
147 | let sutRefManager = SUTReferenceManager<Model>()
| `- warning: conformance of 'Model' to protocol 'ParallelModel' may be isolated and cannot be passed to actor-isolated context [#IsolatedConformances]
148 | let factoryToPass: @Sendable () async -> SUT_Runner = sutFactory
149 |
SwiftCompile normal arm64_32 Compiling\ Result+Arbitrary.swift,\ Set+Arbitrary.swift,\ String+Arbitrary.swift,\ URL+Arbitrary.swift /Users/admin/builder/spi-builder-workspace/Sources/SwiftQC/Arbitrary/Conformances/Result+Arbitrary.swift /Users/admin/builder/spi-builder-workspace/Sources/SwiftQC/Arbitrary/Conformances/Set+Arbitrary.swift /Users/admin/builder/spi-builder-workspace/Sources/SwiftQC/Arbitrary/Conformances/String+Arbitrary.swift /Users/admin/builder/spi-builder-workspace/Sources/SwiftQC/Arbitrary/Conformances/URL+Arbitrary.swift (in target 'SwiftQC' from project 'SwiftQC')
SwiftCompile normal arm64_32 /Users/admin/builder/spi-builder-workspace/Sources/SwiftQC/Arbitrary/Conformances/Result+Arbitrary.swift (in target 'SwiftQC' from project 'SwiftQC')
cd /Users/admin/builder/spi-builder-workspace/.swiftpm/xcode
builtin-SwiftPerFileCompile Result+Arbitrary.swift
SwiftCompile normal arm64_32 /Users/admin/builder/spi-builder-workspace/Sources/SwiftQC/Arbitrary/Conformances/Set+Arbitrary.swift (in target 'SwiftQC' from project 'SwiftQC')
cd /Users/admin/builder/spi-builder-workspace/.swiftpm/xcode
builtin-SwiftPerFileCompile Set+Arbitrary.swift
SwiftCompile normal arm64_32 /Users/admin/builder/spi-builder-workspace/Sources/SwiftQC/Arbitrary/Conformances/String+Arbitrary.swift (in target 'SwiftQC' from project 'SwiftQC')
cd /Users/admin/builder/spi-builder-workspace/.swiftpm/xcode
builtin-SwiftPerFileCompile String+Arbitrary.swift
SwiftCompile normal arm64_32 /Users/admin/builder/spi-builder-workspace/Sources/SwiftQC/Arbitrary/Conformances/URL+Arbitrary.swift (in target 'SwiftQC' from project 'SwiftQC')
cd /Users/admin/builder/spi-builder-workspace/.swiftpm/xcode
builtin-SwiftPerFileCompile URL+Arbitrary.swift
SwiftCompile normal arm64_32 Compiling\ LensShrink.swift,\ Shrinker.swift,\ TupleShrinkers.swift,\ Commands.swift /Users/admin/builder/spi-builder-workspace/Sources/SwiftQC/Shrinkers/LensShrink.swift /Users/admin/builder/spi-builder-workspace/Sources/SwiftQC/Shrinkers/Shrinker.swift /Users/admin/builder/spi-builder-workspace/Sources/SwiftQC/Shrinkers/TupleShrinkers.swift /Users/admin/builder/spi-builder-workspace/Sources/SwiftQC/Stateful/Commands.swift (in target 'SwiftQC' from project 'SwiftQC')
SwiftCompile normal arm64_32 /Users/admin/builder/spi-builder-workspace/Sources/SwiftQC/Shrinkers/LensShrink.swift (in target 'SwiftQC' from project 'SwiftQC')
cd /Users/admin/builder/spi-builder-workspace/.swiftpm/xcode
builtin-SwiftPerFileCompile LensShrink.swift
SwiftCompile normal arm64_32 /Users/admin/builder/spi-builder-workspace/Sources/SwiftQC/Shrinkers/Shrinker.swift (in target 'SwiftQC' from project 'SwiftQC')
cd /Users/admin/builder/spi-builder-workspace/.swiftpm/xcode
builtin-SwiftPerFileCompile Shrinker.swift
SwiftCompile normal arm64_32 /Users/admin/builder/spi-builder-workspace/Sources/SwiftQC/Shrinkers/TupleShrinkers.swift (in target 'SwiftQC' from project 'SwiftQC')
cd /Users/admin/builder/spi-builder-workspace/.swiftpm/xcode
builtin-SwiftPerFileCompile TupleShrinkers.swift
SwiftCompile normal arm64_32 /Users/admin/builder/spi-builder-workspace/Sources/SwiftQC/Stateful/Commands.swift (in target 'SwiftQC' from project 'SwiftQC')
cd /Users/admin/builder/spi-builder-workspace/.swiftpm/xcode
builtin-SwiftPerFileCompile Commands.swift
SwiftCompile normal arm64_32 Compiling\ UUID+Arbitrary.swift,\ UnicodeScalar+Arbitrary.swift,\ Void+Arbitrary.swift,\ Property.swift /Users/admin/builder/spi-builder-workspace/Sources/SwiftQC/Arbitrary/Conformances/UUID+Arbitrary.swift /Users/admin/builder/spi-builder-workspace/Sources/SwiftQC/Arbitrary/Conformances/UnicodeScalar+Arbitrary.swift /Users/admin/builder/spi-builder-workspace/Sources/SwiftQC/Arbitrary/Conformances/Void+Arbitrary.swift /Users/admin/builder/spi-builder-workspace/Sources/SwiftQC/Core/Property.swift (in target 'SwiftQC' from project 'SwiftQC')
SwiftCompile normal arm64_32 /Users/admin/builder/spi-builder-workspace/Sources/SwiftQC/Arbitrary/Conformances/UUID+Arbitrary.swift (in target 'SwiftQC' from project 'SwiftQC')
cd /Users/admin/builder/spi-builder-workspace/.swiftpm/xcode
builtin-SwiftPerFileCompile UUID+Arbitrary.swift
SwiftCompile normal arm64_32 /Users/admin/builder/spi-builder-workspace/Sources/SwiftQC/Arbitrary/Conformances/UnicodeScalar+Arbitrary.swift (in target 'SwiftQC' from project 'SwiftQC')
cd /Users/admin/builder/spi-builder-workspace/.swiftpm/xcode
builtin-SwiftPerFileCompile UnicodeScalar+Arbitrary.swift
SwiftCompile normal arm64_32 /Users/admin/builder/spi-builder-workspace/Sources/SwiftQC/Arbitrary/Conformances/Void+Arbitrary.swift (in target 'SwiftQC' from project 'SwiftQC')
cd /Users/admin/builder/spi-builder-workspace/.swiftpm/xcode
builtin-SwiftPerFileCompile Void+Arbitrary.swift
SwiftCompile normal arm64_32 /Users/admin/builder/spi-builder-workspace/Sources/SwiftQC/Core/Property.swift (in target 'SwiftQC' from project 'SwiftQC')
cd /Users/admin/builder/spi-builder-workspace/.swiftpm/xcode
builtin-SwiftPerFileCompile Property.swift
SwiftCompile normal arm64_32 Compiling\ FloatingPoint+Arbitrary.swift,\ Int+Arbitrary.swift,\ Optional+Arbitrary.swift,\ Range+Arbitrary.swift /Users/admin/builder/spi-builder-workspace/Sources/SwiftQC/Arbitrary/Conformances/FloatingPoint+Arbitrary.swift /Users/admin/builder/spi-builder-workspace/Sources/SwiftQC/Arbitrary/Conformances/Int+Arbitrary.swift /Users/admin/builder/spi-builder-workspace/Sources/SwiftQC/Arbitrary/Conformances/Optional+Arbitrary.swift /Users/admin/builder/spi-builder-workspace/Sources/SwiftQC/Arbitrary/Conformances/Range+Arbitrary.swift (in target 'SwiftQC' from project 'SwiftQC')
/Users/admin/builder/spi-builder-workspace/Sources/SwiftQC/Arbitrary/Conformances/Range+Arbitrary.swift:105:31: error: reference to captured var 'val1' in concurrently-executing code [#SendableClosureCaptures]
103 | }
104 |
105 | return Gen.always(val1..<val2 as Range<Bound.Value>?) // Explicitly optional
| `- error: reference to captured var 'val1' in concurrently-executing code [#SendableClosureCaptures]
106 | }.compactMap { $0 } // compactMap will unwrap Some and filter out None/nil
107 | }
/Users/admin/builder/spi-builder-workspace/Sources/SwiftQC/Arbitrary/Conformances/Range+Arbitrary.swift:105:38: error: reference to captured var 'val2' in concurrently-executing code [#SendableClosureCaptures]
103 | }
104 |
105 | return Gen.always(val1..<val2 as Range<Bound.Value>?) // Explicitly optional
| `- error: reference to captured var 'val2' in concurrently-executing code [#SendableClosureCaptures]
106 | }.compactMap { $0 } // compactMap will unwrap Some and filter out None/nil
107 | }
[#SendableClosureCaptures]: <https://docs.swift.org/compiler/documentation/diagnostics/sendable-closure-captures>
Failed frontend command:
/Applications/Xcode-27.0.0-Release.Candidate.app/Contents/Developer/Toolchains/XcodeDefault.xctoolchain/usr/bin/swift-frontend -frontend -c /Users/admin/builder/spi-builder-workspace/Sources/SwiftQC/Arbitrary/Arbitrary.swift /Users/admin/builder/spi-builder-workspace/Sources/SwiftQC/Arbitrary/Conformances/Array+Arbitrary.swift /Users/admin/builder/spi-builder-workspace/Sources/SwiftQC/Arbitrary/Conformances/Bool+Arbitrary.swift /Users/admin/builder/spi-builder-workspace/Sources/SwiftQC/Arbitrary/Conformances/CGFloat+Arbitrary.swift /Users/admin/builder/spi-builder-workspace/Sources/SwiftQC/Arbitrary/Conformances/Character+Arbitrary.swift /Users/admin/builder/spi-builder-workspace/Sources/SwiftQC/Arbitrary/Conformances/ContiguousArray+Arbitrary.swift /Users/admin/builder/spi-builder-workspace/Sources/SwiftQC/Arbitrary/Conformances/Data+Arbitrary.swift /Users/admin/builder/spi-builder-workspace/Sources/SwiftQC/Arbitrary/Conformances/Date+Arbitrary.swift /Users/admin/builder/spi-builder-workspace/Sources/SwiftQC/Arbitrary/Conformances/DateComponents+Arbitrary.swift /Users/admin/builder/spi-builder-workspace/Sources/SwiftQC/Arbitrary/Conformances/Decimal+Arbitrary.swift /Users/admin/builder/spi-builder-workspace/Sources/SwiftQC/Arbitrary/Conformances/Dictionary+Arbitrary.swift /Users/admin/builder/spi-builder-workspace/Sources/SwiftQC/Arbitrary/Conformances/FixedWidthInteger+Arbitrary.swift -primary-file /Users/admin/builder/spi-builder-workspace/Sources/SwiftQC/Arbitrary/Conformances/FloatingPoint+Arbitrary.swift -primary-file /Users/admin/builder/spi-builder-workspace/Sources/SwiftQC/Arbitrary/Conformances/Int+Arbitrary.swift -primary-file /Users/admin/builder/spi-builder-workspace/Sources/SwiftQC/Arbitrary/Conformances/Optional+Arbitrary.swift -primary-file /Users/admin/builder/spi-builder-workspace/Sources/SwiftQC/Arbitrary/Conformances/Range+Arbitrary.swift /Users/admin/builder/spi-builder-workspace/Sources/SwiftQC/Arbitrary/Conformances/Result+Arbitrary.swift /Users/admin/builder/spi-builder-workspace/Sources/SwiftQC/Arbitrary/Conformances/Set+Arbitrary.swift /Users/admin/builder/spi-builder-workspace/Sources/SwiftQC/Arbitrary/Conformances/String+Arbitrary.swift /Users/admin/builder/spi-builder-workspace/Sources/SwiftQC/Arbitrary/Conformances/URL+Arbitrary.swift /Users/admin/builder/spi-builder-workspace/Sources/SwiftQC/Arbitrary/Conformances/UUID+Arbitrary.swift /Users/admin/builder/spi-builder-workspace/Sources/SwiftQC/Arbitrary/Conformances/UnicodeScalar+Arbitrary.swift /Users/admin/builder/spi-builder-workspace/Sources/SwiftQC/Arbitrary/Conformances/Void+Arbitrary.swift /Users/admin/builder/spi-builder-workspace/Sources/SwiftQC/Core/Property.swift /Users/admin/builder/spi-builder-workspace/Sources/SwiftQC/Generators/Gen.swift /Users/admin/builder/spi-builder-workspace/Sources/SwiftQC/Parallel/ParallelCommands.swift /Users/admin/builder/spi-builder-workspace/Sources/SwiftQC/Parallel/ParallelModel.swift /Users/admin/builder/spi-builder-workspace/Sources/SwiftQC/Parallel/ParallelRunner.swift /Users/admin/builder/spi-builder-workspace/Sources/SwiftQC/Reporting/Reporter.swift /Users/admin/builder/spi-builder-workspace/Sources/SwiftQC/Runner/PropertyRunner.swift /Users/admin/builder/spi-builder-workspace/Sources/SwiftQC/Runner/TestResult.swift /Users/admin/builder/spi-builder-workspace/Sources/SwiftQC/Shrinkers/BuiltinShrinkers.swift /Users/admin/builder/spi-builder-workspace/Sources/SwiftQC/Shrinkers/LensShrink.swift /Users/admin/builder/spi-builder-workspace/Sources/SwiftQC/Shrinkers/Shrinker.swift /Users/admin/builder/spi-builder-workspace/Sources/SwiftQC/Shrinkers/TupleShrinkers.swift /Users/admin/builder/spi-builder-workspace/Sources/SwiftQC/Stateful/Commands.swift /Users/admin/builder/spi-builder-workspace/Sources/SwiftQC/Stateful/StateModel.swift /Users/admin/builder/spi-builder-workspace/Sources/SwiftQC/Stateful/StatefulRunner.swift /Users/admin/builder/spi-builder-workspace/Sources/SwiftQC/Utils/CoverageGuided.swift /Users/admin/builder/spi-builder-workspace/Sources/SwiftQC/Utils/NoShrink.swift -supplementary-output-file-map /Users/admin/builder/spi-builder-workspace/.derivedData/Build/Intermediates.noindex/SwiftQC.build/Debug-watchos/SwiftQC-t.build/Objects-normal/arm64_32/supplementaryOutputs-99 -target arm64_32-apple-watchos9.0 -module-can-import-version CoreGraphics 2049 2049.0.0 -module-can-import-version Foundation 5027.0.69 5027.0.69 -module-can-import-version Testing 0.99.0.0 0 -module-can-import-version XCTest 25228 0 -disable-cross-import-overlay-search -load-resolved-plugin /Applications/Xcode-27.0.0-Release.Candidate.app/Contents/Developer/Platforms/WatchOS.platform/Developer/usr/lib/swift/host/plugins/libFoundationMacros.dylib\#/Applications/Xcode-27.0.0-Release.Candidate.app/Contents/Developer/Platforms/WatchOS.platform/Developer/usr/bin/swift-plugin-server\#FoundationMacros -load-resolved-plugin /Applications/Xcode-27.0.0-Release.Candidate.app/Contents/Developer/Platforms/WatchOS.platform/Developer/usr/lib/swift/host/plugins/libObservationMacros.dylib\#/Applications/Xcode-27.0.0-Release.Candidate.app/Contents/Developer/Platforms/WatchOS.platform/Developer/usr/bin/swift-plugin-server\#ObservationMacros -load-resolved-plugin /Applications/Xcode-27.0.0-Release.Candidate.app/Contents/Developer/Platforms/WatchOS.platform/Developer/usr/lib/swift/host/plugins/libSwiftMacros.dylib\#/Applications/Xcode-27.0.0-Release.Candidate.app/Contents/Developer/Platforms/WatchOS.platform/Developer/usr/bin/swift-plugin-server\#SwiftMacros -load-resolved-plugin /Applications/Xcode-27.0.0-Release.Candidate.app/Contents/Developer/Platforms/WatchOS.platform/Developer/usr/lib/swift/host/plugins/libSwiftUIMacros.dylib\#/Applications/Xcode-27.0.0-Release.Candidate.app/Contents/Developer/Platforms/WatchOS.platform/Developer/usr/bin/swift-plugin-server\#SwiftUIMacros -load-resolved-plugin \#/Users/admin/builder/spi-builder-workspace/.derivedData/Build/Products/Debug/TestingMacros\#TestingMacros -disable-implicit-swift-modules -Xcc -fno-implicit-modules -Xcc -fno-implicit-module-maps -explicit-swift-module-map-file /Users/admin/builder/spi-builder-workspace/.derivedData/Build/Intermediates.noindex/SwiftQC.build/Debug-watchos/SwiftQC-t.build/Objects-normal/arm64_32/SwiftQC-dependencies-2.json -enable-objc-interop -sdk /Applications/Xcode-27.0.0-Release.Candidate.app/Contents/Developer/Platforms/WatchOS.platform/Developer/SDKs/WatchOS27.0.sdk -I /Users/admin/builder/spi-builder-workspace/.derivedData/Build/Products/Debug-watchos -Isystem /Applications/Xcode-27.0.0-Release.Candidate.app/Contents/Developer/Platforms/WatchOS.platform/Developer/usr/lib -F /Users/admin/builder/spi-builder-workspace/.derivedData/Build/Products/Debug-watchos/PackageFrameworks -F /Users/admin/builder/spi-builder-workspace/.derivedData/Build/Products/Debug-watchos -F /Applications/Xcode-27.0.0-Release.Candidate.app/Contents/Developer/Platforms/WatchOS.platform/Developer/Library/Frameworks -F /Applications/Xcode-27.0.0-Release.Candidate.app/Contents/Developer/Platforms/WatchOS.platform/Developer/SDKs/WatchOS27.0.sdk/Developer/Library/Frameworks -module-cache-path /Users/admin/builder/spi-builder-workspace/.derivedData/Build/Intermediates.noindex/SwiftExplicitPrecompiledModules -no-color-diagnostics -Xcc -fno-color-diagnostics -enable-testing -g -debug-info-format\=dwarf -dwarf-version\=4 -profile-generate -profile-coverage-mapping -swift-version 6 -Onone -D SWIFT_PACKAGE -D DEBUG -D SWIFT_MODULE_RESOURCE_BUNDLE_UNAVAILABLE -D Xcode -serialize-debugging-options -load-plugin-executable /Users/admin/builder/spi-builder-workspace/.derivedData/Build/Products/Debug/TestingMacros\#TestingMacros -enable-experimental-feature DebugDescriptionMacro -empty-abi-descriptor -validate-clang-modules-once -clang-build-session-file /Users/admin/builder/spi-builder-workspace/.derivedData/ModuleCache.noindex/Session.modulevalidation -Xcc -working-directory -Xcc /Users/admin/builder/spi-builder-workspace/.swiftpm/xcode -enable-anonymous-context-mangled-names -file-compilation-dir /Users/admin/builder/spi-builder-workspace/.swiftpm/xcode -Xcc -fmodule-map-file\=/Users/admin/builder/spi-builder-workspace/.dependencies/checkouts/swift-testing/Sources/_TestingInternals/include/module.modulemap -Xcc -fmodule-map-file\=/Users/admin/builder/spi-builder-workspace/.dependencies/checkouts/swift-atomics/Sources/_AtomicsShims/include/module.modulemap -Xcc -D_LIBCPP_HARDENING_MODE\=_LIBCPP_HARDENING_MODE_DEBUG -Xcc -ivfsstatcache -Xcc /Users/admin/builder/spi-builder-workspace/.derivedData/SDKStatCaches.noindex/watchos27.0-24R360-e829b21a6f8c9b70876ba0858053c04477534ef55a1706bf4c1112bbb242f0a2.sdkstatcache -Xcc -fmodules-prune-interval\=86400 -Xcc -fmodules-prune-after\=345600 -Xcc -I/Users/admin/builder/spi-builder-workspace/.dependencies/checkouts/swift-testing/Sources/_TestingInternals/include -Xcc -I/Users/admin/builder/spi-builder-workspace/.dependencies/checkouts/swift-atomics/Sources/_AtomicsShims/include -Xcc -I/Users/admin/builder/spi-builder-workspace/.derivedData/Build/Products/Debug-watchos/include -Xcc -I/Users/admin/builder/spi-builder-workspace/.derivedData/Build/Intermediates.noindex/SwiftQC.build/Debug-watchos/SwiftQC-t.build/DerivedSources-normal/arm64_32 -Xcc -I/Users/admin/builder/spi-builder-workspace/.derivedData/Build/Intermediates.noindex/SwiftQC.build/Debug-watchos/SwiftQC-t.build/DerivedSources/arm64_32 -Xcc -I/Users/admin/builder/spi-builder-workspace/.derivedData/Build/Intermediates.noindex/SwiftQC.build/Debug-watchos/SwiftQC-t.build/DerivedSources -Xcc -DSWIFT_PACKAGE -Xcc -DDEBUG\=1 -no-auto-bridging-header-chaining -module-name SwiftQC -package-name spi_builder_workspace -const-gather-protocols-file /Users/admin/builder/spi-builder-workspace/.derivedData/Build/Intermediates.noindex/SwiftQC.build/Debug-watchos/SwiftQC-t.build/Objects-normal/arm64_32/SwiftQC_const_extract_protocols.json -disable-clang-spi -clang-target arm64_32-apple-watchos27.0 -target-sdk-version 27.0 -target-sdk-name watchos27.0 -in-process-plugin-server-path /Applications/Xcode-27.0.0-Release.Candidate.app/Contents/Developer/Toolchains/XcodeDefault.xctoolchain/usr/lib/swift/host/libSwiftInProcPluginServer.dylib -parse-as-library -o /Users/admin/builder/spi-builder-workspace/.derivedData/Build/Intermediates.noindex/SwiftQC.build/Debug-watchos/SwiftQC-t.build/Objects-normal/arm64_32/FloatingPoint+Arbitrary.o -o /Users/admin/builder/spi-builder-workspace/.derivedData/Build/Intermediates.noindex/SwiftQC.build/Debug-watchos/SwiftQC-t.build/Objects-normal/arm64_32/Int+Arbitrary.o -o /Users/admin/builder/spi-builder-workspace/.derivedData/Build/Intermediates.noindex/SwiftQC.build/Debug-watchos/SwiftQC-t.build/Objects-normal/arm64_32/Optional+Arbitrary.o -o /Users/admin/builder/spi-builder-workspace/.derivedData/Build/Intermediates.noindex/SwiftQC.build/Debug-watchos/SwiftQC-t.build/Objects-normal/arm64_32/Range+Arbitrary.o -debug-module-path /Users/admin/builder/spi-builder-workspace/.derivedData/Build/Intermediates.noindex/SwiftQC.build/Debug-watchos/SwiftQC-t.build/Objects-normal/arm64_32/SwiftQC.swiftmodule -index-unit-output-path /SwiftQC.build/Debug-watchos/SwiftQC-t.build/Objects-normal/arm64_32/FloatingPoint+Arbitrary.o -index-unit-output-path /SwiftQC.build/Debug-watchos/SwiftQC-t.build/Objects-normal/arm64_32/Int+Arbitrary.o -index-unit-output-path /SwiftQC.build/Debug-watchos/SwiftQC-t.build/Objects-normal/arm64_32/Optional+Arbitrary.o -index-unit-output-path /SwiftQC.build/Debug-watchos/SwiftQC-t.build/Objects-normal/arm64_32/Range+Arbitrary.o -index-store-path /Users/admin/builder/spi-builder-workspace/.derivedData/Index.noindex/DataStore -index-system-modules
SwiftCompile normal arm64_32 /Users/admin/builder/spi-builder-workspace/Sources/SwiftQC/Arbitrary/Conformances/FloatingPoint+Arbitrary.swift (in target 'SwiftQC' from project 'SwiftQC')
cd /Users/admin/builder/spi-builder-workspace/.swiftpm/xcode
builtin-SwiftPerFileCompile FloatingPoint+Arbitrary.swift
SwiftCompile normal arm64_32 /Users/admin/builder/spi-builder-workspace/Sources/SwiftQC/Arbitrary/Conformances/Int+Arbitrary.swift (in target 'SwiftQC' from project 'SwiftQC')
cd /Users/admin/builder/spi-builder-workspace/.swiftpm/xcode
builtin-SwiftPerFileCompile Int+Arbitrary.swift
SwiftCompile normal arm64_32 /Users/admin/builder/spi-builder-workspace/Sources/SwiftQC/Arbitrary/Conformances/Optional+Arbitrary.swift (in target 'SwiftQC' from project 'SwiftQC')
cd /Users/admin/builder/spi-builder-workspace/.swiftpm/xcode
builtin-SwiftPerFileCompile Optional+Arbitrary.swift
SwiftCompile normal arm64_32 /Users/admin/builder/spi-builder-workspace/Sources/SwiftQC/Arbitrary/Conformances/Range+Arbitrary.swift (in target 'SwiftQC' from project 'SwiftQC')
cd /Users/admin/builder/spi-builder-workspace/.swiftpm/xcode
builtin-SwiftPerFileCompile Range+Arbitrary.swift
SwiftCompile normal arm64_32 Compiling\ StateModel.swift,\ StatefulRunner.swift,\ CoverageGuided.swift,\ NoShrink.swift /Users/admin/builder/spi-builder-workspace/Sources/SwiftQC/Stateful/StateModel.swift /Users/admin/builder/spi-builder-workspace/Sources/SwiftQC/Stateful/StatefulRunner.swift /Users/admin/builder/spi-builder-workspace/Sources/SwiftQC/Utils/CoverageGuided.swift /Users/admin/builder/spi-builder-workspace/Sources/SwiftQC/Utils/NoShrink.swift (in target 'SwiftQC' from project 'SwiftQC')
SwiftCompile normal arm64_32 /Users/admin/builder/spi-builder-workspace/Sources/SwiftQC/Stateful/StateModel.swift (in target 'SwiftQC' from project 'SwiftQC')
cd /Users/admin/builder/spi-builder-workspace/.swiftpm/xcode
builtin-SwiftPerFileCompile StateModel.swift
SwiftCompile normal arm64_32 /Users/admin/builder/spi-builder-workspace/Sources/SwiftQC/Stateful/StatefulRunner.swift (in target 'SwiftQC' from project 'SwiftQC')
cd /Users/admin/builder/spi-builder-workspace/.swiftpm/xcode
builtin-SwiftPerFileCompile StatefulRunner.swift
SwiftCompile normal arm64_32 /Users/admin/builder/spi-builder-workspace/Sources/SwiftQC/Utils/CoverageGuided.swift (in target 'SwiftQC' from project 'SwiftQC')
cd /Users/admin/builder/spi-builder-workspace/.swiftpm/xcode
builtin-SwiftPerFileCompile CoverageGuided.swift
SwiftCompile normal arm64_32 /Users/admin/builder/spi-builder-workspace/Sources/SwiftQC/Utils/NoShrink.swift (in target 'SwiftQC' from project 'SwiftQC')
cd /Users/admin/builder/spi-builder-workspace/.swiftpm/xcode
builtin-SwiftPerFileCompile NoShrink.swift
SwiftCompile normal arm64_32 Compiling\ Reporter.swift,\ PropertyRunner.swift,\ TestResult.swift,\ BuiltinShrinkers.swift /Users/admin/builder/spi-builder-workspace/Sources/SwiftQC/Reporting/Reporter.swift /Users/admin/builder/spi-builder-workspace/Sources/SwiftQC/Runner/PropertyRunner.swift /Users/admin/builder/spi-builder-workspace/Sources/SwiftQC/Runner/TestResult.swift /Users/admin/builder/spi-builder-workspace/Sources/SwiftQC/Shrinkers/BuiltinShrinkers.swift (in target 'SwiftQC' from project 'SwiftQC')
SwiftCompile normal arm64_32 /Users/admin/builder/spi-builder-workspace/Sources/SwiftQC/Reporting/Reporter.swift (in target 'SwiftQC' from project 'SwiftQC')
cd /Users/admin/builder/spi-builder-workspace/.swiftpm/xcode
builtin-SwiftPerFileCompile Reporter.swift
SwiftCompile normal arm64_32 /Users/admin/builder/spi-builder-workspace/Sources/SwiftQC/Runner/PropertyRunner.swift (in target 'SwiftQC' from project 'SwiftQC')
cd /Users/admin/builder/spi-builder-workspace/.swiftpm/xcode
builtin-SwiftPerFileCompile PropertyRunner.swift
SwiftCompile normal arm64_32 /Users/admin/builder/spi-builder-workspace/Sources/SwiftQC/Runner/TestResult.swift (in target 'SwiftQC' from project 'SwiftQC')
cd /Users/admin/builder/spi-builder-workspace/.swiftpm/xcode
builtin-SwiftPerFileCompile TestResult.swift
SwiftCompile normal arm64_32 /Users/admin/builder/spi-builder-workspace/Sources/SwiftQC/Shrinkers/BuiltinShrinkers.swift (in target 'SwiftQC' from project 'SwiftQC')
cd /Users/admin/builder/spi-builder-workspace/.swiftpm/xcode
builtin-SwiftPerFileCompile BuiltinShrinkers.swift
SwiftCompile normal arm64_32 Compiling\ DateComponents+Arbitrary.swift,\ Decimal+Arbitrary.swift,\ Dictionary+Arbitrary.swift,\ FixedWidthInteger+Arbitrary.swift /Users/admin/builder/spi-builder-workspace/Sources/SwiftQC/Arbitrary/Conformances/DateComponents+Arbitrary.swift /Users/admin/builder/spi-builder-workspace/Sources/SwiftQC/Arbitrary/Conformances/Decimal+Arbitrary.swift /Users/admin/builder/spi-builder-workspace/Sources/SwiftQC/Arbitrary/Conformances/Dictionary+Arbitrary.swift /Users/admin/builder/spi-builder-workspace/Sources/SwiftQC/Arbitrary/Conformances/FixedWidthInteger+Arbitrary.swift (in target 'SwiftQC' from project 'SwiftQC')
SwiftCompile normal arm64_32 /Users/admin/builder/spi-builder-workspace/Sources/SwiftQC/Arbitrary/Conformances/DateComponents+Arbitrary.swift (in target 'SwiftQC' from project 'SwiftQC')
cd /Users/admin/builder/spi-builder-workspace/.swiftpm/xcode
builtin-SwiftPerFileCompile DateComponents+Arbitrary.swift
SwiftCompile normal arm64_32 /Users/admin/builder/spi-builder-workspace/Sources/SwiftQC/Arbitrary/Conformances/Decimal+Arbitrary.swift (in target 'SwiftQC' from project 'SwiftQC')
cd /Users/admin/builder/spi-builder-workspace/.swiftpm/xcode
builtin-SwiftPerFileCompile Decimal+Arbitrary.swift
SwiftCompile normal arm64_32 /Users/admin/builder/spi-builder-workspace/Sources/SwiftQC/Arbitrary/Conformances/Dictionary+Arbitrary.swift (in target 'SwiftQC' from project 'SwiftQC')
cd /Users/admin/builder/spi-builder-workspace/.swiftpm/xcode
builtin-SwiftPerFileCompile Dictionary+Arbitrary.swift
SwiftCompile normal arm64_32 /Users/admin/builder/spi-builder-workspace/Sources/SwiftQC/Arbitrary/Conformances/FixedWidthInteger+Arbitrary.swift (in target 'SwiftQC' from project 'SwiftQC')
cd /Users/admin/builder/spi-builder-workspace/.swiftpm/xcode
builtin-SwiftPerFileCompile FixedWidthInteger+Arbitrary.swift
SwiftEmitModule normal arm64_32 Emitting\ module\ for\ SwiftQC (in target 'SwiftQC' from project 'SwiftQC')
SwiftCompile normal arm64_32 (in target 'SwiftQC' from project 'SwiftQC')
cd /Users/admin/builder/spi-builder-workspace/.swiftpm/xcode
SwiftCompile normal arm64_32 Compiling\ Arbitrary.swift,\ Array+Arbitrary.swift,\ Bool+Arbitrary.swift,\ CGFloat+Arbitrary.swift /Users/admin/builder/spi-builder-workspace/Sources/SwiftQC/Arbitrary/Arbitrary.swift /Users/admin/builder/spi-builder-workspace/Sources/SwiftQC/Arbitrary/Conformances/Array+Arbitrary.swift /Users/admin/builder/spi-builder-workspace/Sources/SwiftQC/Arbitrary/Conformances/Bool+Arbitrary.swift /Users/admin/builder/spi-builder-workspace/Sources/SwiftQC/Arbitrary/Conformances/CGFloat+Arbitrary.swift (in target 'SwiftQC' from project 'SwiftQC')
SwiftCompile normal arm64_32 /Users/admin/builder/spi-builder-workspace/Sources/SwiftQC/Arbitrary/Arbitrary.swift (in target 'SwiftQC' from project 'SwiftQC')
cd /Users/admin/builder/spi-builder-workspace/.swiftpm/xcode
builtin-SwiftPerFileCompile Arbitrary.swift
SwiftCompile normal arm64_32 /Users/admin/builder/spi-builder-workspace/Sources/SwiftQC/Arbitrary/Conformances/Array+Arbitrary.swift (in target 'SwiftQC' from project 'SwiftQC')
cd /Users/admin/builder/spi-builder-workspace/.swiftpm/xcode
builtin-SwiftPerFileCompile Array+Arbitrary.swift
SwiftCompile normal arm64_32 /Users/admin/builder/spi-builder-workspace/Sources/SwiftQC/Arbitrary/Conformances/Bool+Arbitrary.swift (in target 'SwiftQC' from project 'SwiftQC')
cd /Users/admin/builder/spi-builder-workspace/.swiftpm/xcode
builtin-SwiftPerFileCompile Bool+Arbitrary.swift
SwiftCompile normal arm64_32 /Users/admin/builder/spi-builder-workspace/Sources/SwiftQC/Arbitrary/Conformances/CGFloat+Arbitrary.swift (in target 'SwiftQC' from project 'SwiftQC')
cd /Users/admin/builder/spi-builder-workspace/.swiftpm/xcode
builtin-SwiftPerFileCompile CGFloat+Arbitrary.swift
SwiftEmitModule normal arm64 Emitting\ module\ for\ SwiftQC (in target 'SwiftQC' from project 'SwiftQC')
SwiftCompile normal arm64 (in target 'SwiftQC' from project 'SwiftQC')
cd /Users/admin/builder/spi-builder-workspace/.swiftpm/xcode
PruneExplicitPrecompiledModules /Users/admin/builder/spi-builder-workspace/.derivedData/Build/Intermediates.noindex/SwiftExplicitPrecompiledModules
PruneExplicitPrecompiledModules /Users/admin/builder/spi-builder-workspace/.derivedData/SDKExplicitPrecompiledModules
PruneExplicitPrecompiledModules /Users/admin/builder/spi-builder-workspace/.derivedData/Build/Intermediates.noindex/ExplicitPrecompiledModules
2026-09-22 13:05:20.560 xcodebuild[1142:6785] [MT] IDERunDestination: Supported platforms for the buildables in the current scheme is empty.
** BUILD FAILED **
The following build commands failed:
SwiftCompile normal arm64_32 Compiling\ FloatingPoint+Arbitrary.swift,\ Int+Arbitrary.swift,\ Optional+Arbitrary.swift,\ Range+Arbitrary.swift /Users/admin/builder/spi-builder-workspace/Sources/SwiftQC/Arbitrary/Conformances/FloatingPoint+Arbitrary.swift /Users/admin/builder/spi-builder-workspace/Sources/SwiftQC/Arbitrary/Conformances/Int+Arbitrary.swift /Users/admin/builder/spi-builder-workspace/Sources/SwiftQC/Arbitrary/Conformances/Optional+Arbitrary.swift /Users/admin/builder/spi-builder-workspace/Sources/SwiftQC/Arbitrary/Conformances/Range+Arbitrary.swift (in target 'SwiftQC' from project 'SwiftQC')
SwiftCompile normal arm64_32 /Users/admin/builder/spi-builder-workspace/Sources/SwiftQC/Arbitrary/Conformances/Range+Arbitrary.swift (in target 'SwiftQC' from project 'SwiftQC')
Building workspace SwiftQC with scheme SwiftQC-Package
(3 failures)
Command line invocation:
/Applications/Xcode-27.0.0-Release.Candidate.app/Contents/Developer/usr/bin/xcodebuild -IDEClonedSourcePackagesDirPathOverride=/Users/admin/builder/spi-builder-workspace/.dependencies -resolvePackageDependencies
Resolve Package Graph
Resolved source packages:
swift-argument-parser: https://github.com/apple/swift-argument-parser.git @ 1.8.2
SwiftQC: /Users/admin/builder/spi-builder-workspace
SymbolKit: https://github.com/swiftlang/swift-docc-symbolkit @ 1.0.0
swift-testing: https://github.com/apple/swift-testing.git @ 0.99.0
swift-gen: https://github.com/pointfreeco/swift-gen.git @ 0.5.0
swift-atomics: https://github.com/apple/swift-atomics.git @ 1.3.1
SwiftDocCPlugin: https://github.com/apple/swift-docc-plugin @ 1.5.0
swift-syntax: https://github.com/swiftlang/swift-syntax.git @ 600.0.1
resolved source packages: swift-argument-parser, SwiftQC, SymbolKit, swift-testing, swift-gen, swift-atomics, SwiftDocCPlugin, swift-syntax
2026-09-22 13:06:13.069 xcodebuild[2227:12265] [MT] IDERunDestination: Supported platforms for the buildables in the current scheme is empty.
{
"dependencies" : [
{
"identity" : "swift-gen",
"requirement" : {
"range" : [
{
"lower_bound" : "0.4.0",
"upper_bound" : "1.0.0"
}
]
},
"type" : "sourceControl",
"url" : "https://github.com/pointfreeco/swift-gen.git"
},
{
"identity" : "swift-argument-parser",
"requirement" : {
"range" : [
{
"lower_bound" : "1.0.0",
"upper_bound" : "2.0.0"
}
]
},
"type" : "sourceControl",
"url" : "https://github.com/apple/swift-argument-parser.git"
},
{
"identity" : "swift-atomics",
"requirement" : {
"range" : [
{
"lower_bound" : "1.2.0",
"upper_bound" : "2.0.0"
}
]
},
"type" : "sourceControl",
"url" : "https://github.com/apple/swift-atomics.git"
},
{
"identity" : "swift-testing",
"requirement" : {
"range" : [
{
"lower_bound" : "0.7.0",
"upper_bound" : "1.0.0"
}
]
},
"type" : "sourceControl",
"url" : "https://github.com/apple/swift-testing.git"
},
{
"identity" : "swift-docc-plugin",
"requirement" : {
"range" : [
{
"lower_bound" : "1.0.0",
"upper_bound" : "2.0.0"
}
]
},
"type" : "sourceControl",
"url" : "https://github.com/apple/swift-docc-plugin"
}
],
"manifest_display_name" : "SwiftQC",
"name" : "SwiftQC",
"path" : "/Users/admin/builder/spi-builder-workspace",
"platforms" : [
{
"name" : "macos",
"version" : "12.0"
},
{
"name" : "ios",
"version" : "13.0"
},
{
"name" : "tvos",
"version" : "13.0"
},
{
"name" : "watchos",
"version" : "6.0"
}
],
"products" : [
{
"name" : "SwiftQC",
"targets" : [
"SwiftQC"
],
"type" : {
"library" : [
"automatic"
]
}
},
{
"name" : "SwiftQCCLI",
"targets" : [
"SwiftQCCLI"
],
"type" : {
"executable" : null
}
}
],
"targets" : [
{
"c99name" : "SwiftQCTests",
"module_type" : "SwiftTarget",
"name" : "SwiftQCTests",
"path" : "Tests/SwiftQCTests",
"product_dependencies" : [
"Atomics",
"Gen",
"Testing"
],
"sources" : [
"ArbitraryTests.swift",
"GeneratorsTests.swift",
"ParallelTests.swift",
"RunnerTests.swift",
"ShrinkersTests.swift",
"StatefulShrinkingStrategyTests.swift",
"StatefulTests.swift",
"TestModelsShared.swift"
],
"target_dependencies" : [
"SwiftQC"
],
"type" : "test"
},
{
"c99name" : "SwiftQCCLI",
"module_type" : "SwiftTarget",
"name" : "SwiftQCCLI",
"path" : "Sources/SwiftQCCLI",
"product_dependencies" : [
"Gen",
"ArgumentParser"
],
"product_memberships" : [
"SwiftQCCLI"
],
"sources" : [
"SwiftQCCLI.swift"
],
"target_dependencies" : [
"SwiftQC"
],
"type" : "executable"
},
{
"c99name" : "SwiftQC",
"module_type" : "SwiftTarget",
"name" : "SwiftQC",
"path" : "Sources/SwiftQC",
"product_dependencies" : [
"Gen",
"Testing",
"Atomics"
],
"product_memberships" : [
"SwiftQC",
"SwiftQCCLI"
],
"sources" : [
"Arbitrary/Arbitrary.swift",
"Arbitrary/Conformances/Array+Arbitrary.swift",
"Arbitrary/Conformances/Bool+Arbitrary.swift",
"Arbitrary/Conformances/CGFloat+Arbitrary.swift",
"Arbitrary/Conformances/Character+Arbitrary.swift",
"Arbitrary/Conformances/ContiguousArray+Arbitrary.swift",
"Arbitrary/Conformances/Data+Arbitrary.swift",
"Arbitrary/Conformances/Date+Arbitrary.swift",
"Arbitrary/Conformances/DateComponents+Arbitrary.swift",
"Arbitrary/Conformances/Decimal+Arbitrary.swift",
"Arbitrary/Conformances/Dictionary+Arbitrary.swift",
"Arbitrary/Conformances/FixedWidthInteger+Arbitrary.swift",
"Arbitrary/Conformances/FloatingPoint+Arbitrary.swift",
"Arbitrary/Conformances/Int+Arbitrary.swift",
"Arbitrary/Conformances/Optional+Arbitrary.swift",
"Arbitrary/Conformances/Range+Arbitrary.swift",
"Arbitrary/Conformances/Result+Arbitrary.swift",
"Arbitrary/Conformances/Set+Arbitrary.swift",
"Arbitrary/Conformances/String+Arbitrary.swift",
"Arbitrary/Conformances/URL+Arbitrary.swift",
"Arbitrary/Conformances/UUID+Arbitrary.swift",
"Arbitrary/Conformances/UnicodeScalar+Arbitrary.swift",
"Arbitrary/Conformances/Void+Arbitrary.swift",
"Core/Property.swift",
"Generators/Gen.swift",
"Parallel/ParallelCommands.swift",
"Parallel/ParallelModel.swift",
"Parallel/ParallelRunner.swift",
"Reporting/Reporter.swift",
"Runner/PropertyRunner.swift",
"Runner/TestResult.swift",
"Shrinkers/BuiltinShrinkers.swift",
"Shrinkers/LensShrink.swift",
"Shrinkers/Shrinker.swift",
"Shrinkers/TupleShrinkers.swift",
"Stateful/Commands.swift",
"Stateful/StateModel.swift",
"Stateful/StatefulRunner.swift",
"Utils/CoverageGuided.swift",
"Utils/NoShrink.swift"
],
"type" : "library"
}
],
"tools_version" : "6.0"
}
{
"workspace" : {
"name" : "SwiftQC",
"schemes" : [
"SwiftQC",
"SwiftQC-Package",
"SwiftQCCLI",
"Testing"
]
}
}
2026-09-22 13:06:21.107 xcodebuild[2294:12702] [MT] IDERunDestination: Supported platforms for the buildables in the current scheme is empty.
Running build ...
env DEVELOPER_DIR=/Applications/Xcode-27.0.0-Release.Candidate.app xcrun xcodebuild -IDEClonedSourcePackagesDirPathOverride=$PWD/.dependencies -skipMacroValidation -skipPackagePluginValidation -derivedDataPath $PWD/.derivedData build -scheme SwiftQC-Package -destination generic/platform=watchOS
Command line invocation:
/Applications/Xcode-27.0.0-Release.Candidate.app/Contents/Developer/usr/bin/xcodebuild -IDEClonedSourcePackagesDirPathOverride=/Users/admin/builder/spi-builder-workspace/.dependencies -skipMacroValidation -skipPackagePluginValidation -derivedDataPath /Users/admin/builder/spi-builder-workspace/.derivedData build -scheme SwiftQC-Package -destination generic/platform=watchOS
Resolve Package Graph
Resolved source packages:
SwiftQC: /Users/admin/builder/spi-builder-workspace
swift-argument-parser: https://github.com/apple/swift-argument-parser.git @ 1.8.2
swift-gen: https://github.com/pointfreeco/swift-gen.git @ 0.5.0
swift-atomics: https://github.com/apple/swift-atomics.git @ 1.3.1
SymbolKit: https://github.com/swiftlang/swift-docc-symbolkit @ 1.0.0
SwiftDocCPlugin: https://github.com/apple/swift-docc-plugin @ 1.5.0
swift-testing: https://github.com/apple/swift-testing.git @ 0.99.0
swift-syntax: https://github.com/swiftlang/swift-syntax.git @ 600.0.1
ComputePackagePrebuildTargetDependencyGraph
Prepare packages
CreateBuildRequest
SendProjectDescription
CreateBuildOperation
ComputeTargetDependencyGraph
note: Building targets in dependency order
note: Target dependency graph (36 targets)
Target 'SwiftQCCLI-product' in project 'SwiftQC'
➜ Explicit dependency on target 'SwiftQC' in project 'SwiftQC'
➜ Explicit dependency on target 'Gen-product' in project 'swift-gen'
➜ Explicit dependency on target 'Testing-product' in project 'swift-testing'
➜ Explicit dependency on target 'Atomics-product' in project 'swift-atomics'
➜ Explicit dependency on target 'ArgumentParser-product' in project 'swift-argument-parser'
Target 'ArgumentParser-product' in project 'swift-argument-parser'
➜ Explicit dependency on target 'ArgumentParser' in project 'swift-argument-parser'
➜ Explicit dependency on target 'ArgumentParserToolInfo' in project 'swift-argument-parser'
Target 'ArgumentParser' in project 'swift-argument-parser'
➜ Explicit dependency on target 'ArgumentParserToolInfo' in project 'swift-argument-parser'
Target 'ArgumentParserToolInfo' in project 'swift-argument-parser' (no dependencies)
Target 'SwiftQC-product' in project 'SwiftQC'
➜ Explicit dependency on target 'SwiftQC' in project 'SwiftQC'
➜ Explicit dependency on target 'Gen-product' in project 'swift-gen'
➜ Explicit dependency on target 'Testing-product' in project 'swift-testing'
➜ Explicit dependency on target 'Atomics-product' in project 'swift-atomics'
Target 'SwiftQC' in project 'SwiftQC'
➜ Explicit dependency on target 'Gen-product' in project 'swift-gen'
➜ Explicit dependency on target 'Testing-product' in project 'swift-testing'
➜ Explicit dependency on target 'Atomics-product' in project 'swift-atomics'
Target 'Atomics-product' in project 'swift-atomics'
➜ Explicit dependency on target 'Atomics' in project 'swift-atomics'
➜ Explicit dependency on target '_AtomicsShims' in project 'swift-atomics'
Target 'Atomics' in project 'swift-atomics'
➜ Explicit dependency on target '_AtomicsShims' in project 'swift-atomics'
Target '_AtomicsShims' in project 'swift-atomics' (no dependencies)
Target 'Testing-product' in project 'swift-testing'
➜ Explicit dependency on target 'Testing' in project 'swift-testing'
➜ Explicit dependency on target '_TestingInternals' in project 'swift-testing'
➜ Explicit dependency on target 'TestingMacros' in project 'swift-testing'
Target 'Testing' in project 'swift-testing'
➜ Explicit dependency on target '_TestingInternals' in project 'swift-testing'
➜ Explicit dependency on target 'TestingMacros' in project 'swift-testing'
Target 'TestingMacros' in project 'swift-testing'
➜ Explicit dependency on target 'SwiftDiagnostics-product' in project 'swift-syntax'
➜ Explicit dependency on target 'SwiftSyntax-product' in project 'swift-syntax'
➜ Explicit dependency on target 'SwiftSyntaxBuilder-product' in project 'swift-syntax'
➜ Explicit dependency on target 'SwiftParser-product' in project 'swift-syntax'
➜ Explicit dependency on target 'SwiftSyntaxMacros-product' in project 'swift-syntax'
➜ Explicit dependency on target 'SwiftCompilerPlugin-product' in project 'swift-syntax'
Target 'SwiftCompilerPlugin-product' in project 'swift-syntax'
➜ Explicit dependency on target 'SwiftCompilerPlugin' in project 'swift-syntax'
➜ Explicit dependency on target '_SwiftSyntaxCShims' in project 'swift-syntax'
➜ Explicit dependency on target 'SwiftSyntax509' in project 'swift-syntax'
➜ Explicit dependency on target 'SwiftSyntax510' in project 'swift-syntax'
➜ Explicit dependency on target 'SwiftSyntax600' in project 'swift-syntax'
➜ Explicit dependency on target 'SwiftSyntax' in project 'swift-syntax'
➜ Explicit dependency on target 'SwiftDiagnostics' in project 'swift-syntax'
➜ Explicit dependency on target 'SwiftParser' in project 'swift-syntax'
➜ Explicit dependency on target 'SwiftOperators' in project 'swift-syntax'
➜ Explicit dependency on target 'SwiftBasicFormat' in project 'swift-syntax'
➜ Explicit dependency on target 'SwiftParserDiagnostics' in project 'swift-syntax'
➜ Explicit dependency on target 'SwiftSyntaxBuilder' in project 'swift-syntax'
➜ Explicit dependency on target 'SwiftSyntaxMacros' in project 'swift-syntax'
➜ Explicit dependency on target 'SwiftSyntaxMacroExpansion' in project 'swift-syntax'
➜ Explicit dependency on target 'SwiftCompilerPluginMessageHandling' in project 'swift-syntax'
Target 'SwiftCompilerPlugin' in project 'swift-syntax'
➜ Explicit dependency on target '_SwiftSyntaxCShims' in project 'swift-syntax'
➜ Explicit dependency on target 'SwiftSyntax509' in project 'swift-syntax'
➜ Explicit dependency on target 'SwiftSyntax510' in project 'swift-syntax'
➜ Explicit dependency on target 'SwiftSyntax600' in project 'swift-syntax'
➜ Explicit dependency on target 'SwiftSyntax' in project 'swift-syntax'
➜ Explicit dependency on target 'SwiftDiagnostics' in project 'swift-syntax'
➜ Explicit dependency on target 'SwiftParser' in project 'swift-syntax'
➜ Explicit dependency on target 'SwiftOperators' in project 'swift-syntax'
➜ Explicit dependency on target 'SwiftBasicFormat' in project 'swift-syntax'
➜ Explicit dependency on target 'SwiftParserDiagnostics' in project 'swift-syntax'
➜ Explicit dependency on target 'SwiftSyntaxBuilder' in project 'swift-syntax'
➜ Explicit dependency on target 'SwiftSyntaxMacros' in project 'swift-syntax'
➜ Explicit dependency on target 'SwiftSyntaxMacroExpansion' in project 'swift-syntax'
➜ Explicit dependency on target 'SwiftCompilerPluginMessageHandling' in project 'swift-syntax'
Target 'SwiftCompilerPluginMessageHandling' in project 'swift-syntax'
➜ Explicit dependency on target '_SwiftSyntaxCShims' in project 'swift-syntax'
➜ Explicit dependency on target 'SwiftSyntax509' in project 'swift-syntax'
➜ Explicit dependency on target 'SwiftSyntax510' in project 'swift-syntax'
➜ Explicit dependency on target 'SwiftSyntax600' in project 'swift-syntax'
➜ Explicit dependency on target 'SwiftSyntax' in project 'swift-syntax'
➜ Explicit dependency on target 'SwiftDiagnostics' in project 'swift-syntax'
➜ Explicit dependency on target 'SwiftParser' in project 'swift-syntax'
➜ Explicit dependency on target 'SwiftOperators' in project 'swift-syntax'
➜ Explicit dependency on target 'SwiftBasicFormat' in project 'swift-syntax'
➜ Explicit dependency on target 'SwiftParserDiagnostics' in project 'swift-syntax'
➜ Explicit dependency on target 'SwiftSyntaxBuilder' in project 'swift-syntax'
➜ Explicit dependency on target 'SwiftSyntaxMacros' in project 'swift-syntax'
➜ Explicit dependency on target 'SwiftSyntaxMacroExpansion' in project 'swift-syntax'
Target 'SwiftSyntaxMacroExpansion' in project 'swift-syntax'
➜ Explicit dependency on target '_SwiftSyntaxCShims' in project 'swift-syntax'
➜ Explicit dependency on target 'SwiftSyntax509' in project 'swift-syntax'
➜ Explicit dependency on target 'SwiftSyntax510' in project 'swift-syntax'
➜ Explicit dependency on target 'SwiftSyntax600' in project 'swift-syntax'
➜ Explicit dependency on target 'SwiftSyntax' in project 'swift-syntax'
➜ Explicit dependency on target 'SwiftBasicFormat' in project 'swift-syntax'
➜ Explicit dependency on target 'SwiftParser' in project 'swift-syntax'
➜ Explicit dependency on target 'SwiftDiagnostics' in project 'swift-syntax'
➜ Explicit dependency on target 'SwiftParserDiagnostics' in project 'swift-syntax'
➜ Explicit dependency on target 'SwiftSyntaxBuilder' in project 'swift-syntax'
➜ Explicit dependency on target 'SwiftSyntaxMacros' in project 'swift-syntax'
➜ Explicit dependency on target 'SwiftOperators' in project 'swift-syntax'
Target 'SwiftOperators' in project 'swift-syntax'
➜ Explicit dependency on target '_SwiftSyntaxCShims' in project 'swift-syntax'
➜ Explicit dependency on target 'SwiftSyntax509' in project 'swift-syntax'
➜ Explicit dependency on target 'SwiftSyntax510' in project 'swift-syntax'
➜ Explicit dependency on target 'SwiftSyntax600' in project 'swift-syntax'
➜ Explicit dependency on target 'SwiftSyntax' in project 'swift-syntax'
➜ Explicit dependency on target 'SwiftDiagnostics' in project 'swift-syntax'
➜ Explicit dependency on target 'SwiftParser' in project 'swift-syntax'
Target 'SwiftSyntaxMacros-product' in project 'swift-syntax'
➜ Explicit dependency on target 'SwiftSyntaxMacros' in project 'swift-syntax'
➜ Explicit dependency on target '_SwiftSyntaxCShims' in project 'swift-syntax'
➜ Explicit dependency on target 'SwiftSyntax509' in project 'swift-syntax'
➜ Explicit dependency on target 'SwiftSyntax510' in project 'swift-syntax'
➜ Explicit dependency on target 'SwiftSyntax600' in project 'swift-syntax'
➜ Explicit dependency on target 'SwiftSyntax' in project 'swift-syntax'
➜ Explicit dependency on target 'SwiftDiagnostics' in project 'swift-syntax'
➜ Explicit dependency on target 'SwiftParser' in project 'swift-syntax'
➜ Explicit dependency on target 'SwiftBasicFormat' in project 'swift-syntax'
➜ Explicit dependency on target 'SwiftParserDiagnostics' in project 'swift-syntax'
➜ Explicit dependency on target 'SwiftSyntaxBuilder' in project 'swift-syntax'
Target 'SwiftSyntaxMacros' in project 'swift-syntax'
➜ Explicit dependency on target '_SwiftSyntaxCShims' in project 'swift-syntax'
➜ Explicit dependency on target 'SwiftSyntax509' in project 'swift-syntax'
➜ Explicit dependency on target 'SwiftSyntax510' in project 'swift-syntax'
➜ Explicit dependency on target 'SwiftSyntax600' in project 'swift-syntax'
➜ Explicit dependency on target 'SwiftSyntax' in project 'swift-syntax'
➜ Explicit dependency on target 'SwiftDiagnostics' in project 'swift-syntax'
➜ Explicit dependency on target 'SwiftParser' in project 'swift-syntax'
➜ Explicit dependency on target 'SwiftBasicFormat' in project 'swift-syntax'
➜ Explicit dependency on target 'SwiftParserDiagnostics' in project 'swift-syntax'
➜ Explicit dependency on target 'SwiftSyntaxBuilder' in project 'swift-syntax'
Target 'SwiftParser-product' in project 'swift-syntax'
➜ Explicit dependency on target 'SwiftParser' in project 'swift-syntax'
➜ Explicit dependency on target '_SwiftSyntaxCShims' in project 'swift-syntax'
➜ Explicit dependency on target 'SwiftSyntax509' in project 'swift-syntax'
➜ Explicit dependency on target 'SwiftSyntax510' in project 'swift-syntax'
➜ Explicit dependency on target 'SwiftSyntax600' in project 'swift-syntax'
➜ Explicit dependency on target 'SwiftSyntax' in project 'swift-syntax'
Target 'SwiftSyntaxBuilder-product' in project 'swift-syntax'
➜ Explicit dependency on target 'SwiftSyntaxBuilder' in project 'swift-syntax'
➜ Explicit dependency on target '_SwiftSyntaxCShims' in project 'swift-syntax'
➜ Explicit dependency on target 'SwiftSyntax509' in project 'swift-syntax'
➜ Explicit dependency on target 'SwiftSyntax510' in project 'swift-syntax'
➜ Explicit dependency on target 'SwiftSyntax600' in project 'swift-syntax'
➜ Explicit dependency on target 'SwiftSyntax' in project 'swift-syntax'
➜ Explicit dependency on target 'SwiftBasicFormat' in project 'swift-syntax'
➜ Explicit dependency on target 'SwiftParser' in project 'swift-syntax'
➜ Explicit dependency on target 'SwiftDiagnostics' in project 'swift-syntax'
➜ Explicit dependency on target 'SwiftParserDiagnostics' in project 'swift-syntax'
Target 'SwiftSyntaxBuilder' in project 'swift-syntax'
➜ Explicit dependency on target '_SwiftSyntaxCShims' in project 'swift-syntax'
➜ Explicit dependency on target 'SwiftSyntax509' in project 'swift-syntax'
➜ Explicit dependency on target 'SwiftSyntax510' in project 'swift-syntax'
➜ Explicit dependency on target 'SwiftSyntax600' in project 'swift-syntax'
➜ Explicit dependency on target 'SwiftSyntax' in project 'swift-syntax'
➜ Explicit dependency on target 'SwiftBasicFormat' in project 'swift-syntax'
➜ Explicit dependency on target 'SwiftParser' in project 'swift-syntax'
➜ Explicit dependency on target 'SwiftDiagnostics' in project 'swift-syntax'
➜ Explicit dependency on target 'SwiftParserDiagnostics' in project 'swift-syntax'
Target 'SwiftParserDiagnostics' in project 'swift-syntax'
➜ Explicit dependency on target '_SwiftSyntaxCShims' in project 'swift-syntax'
➜ Explicit dependency on target 'SwiftSyntax509' in project 'swift-syntax'
➜ Explicit dependency on target 'SwiftSyntax510' in project 'swift-syntax'
➜ Explicit dependency on target 'SwiftSyntax600' in project 'swift-syntax'
➜ Explicit dependency on target 'SwiftSyntax' in project 'swift-syntax'
➜ Explicit dependency on target 'SwiftBasicFormat' in project 'swift-syntax'
➜ Explicit dependency on target 'SwiftDiagnostics' in project 'swift-syntax'
➜ Explicit dependency on target 'SwiftParser' in project 'swift-syntax'
Target 'SwiftParser' in project 'swift-syntax'
➜ Explicit dependency on target '_SwiftSyntaxCShims' in project 'swift-syntax'
➜ Explicit dependency on target 'SwiftSyntax509' in project 'swift-syntax'
➜ Explicit dependency on target 'SwiftSyntax510' in project 'swift-syntax'
➜ Explicit dependency on target 'SwiftSyntax600' in project 'swift-syntax'
➜ Explicit dependency on target 'SwiftSyntax' in project 'swift-syntax'
Target 'SwiftBasicFormat' in project 'swift-syntax'
➜ Explicit dependency on target '_SwiftSyntaxCShims' in project 'swift-syntax'
➜ Explicit dependency on target 'SwiftSyntax509' in project 'swift-syntax'
➜ Explicit dependency on target 'SwiftSyntax510' in project 'swift-syntax'
➜ Explicit dependency on target 'SwiftSyntax600' in project 'swift-syntax'
➜ Explicit dependency on target 'SwiftSyntax' in project 'swift-syntax'
Target 'SwiftSyntax-product' in project 'swift-syntax'
➜ Explicit dependency on target 'SwiftSyntax' in project 'swift-syntax'
➜ Explicit dependency on target '_SwiftSyntaxCShims' in project 'swift-syntax'
➜ Explicit dependency on target 'SwiftSyntax509' in project 'swift-syntax'
➜ Explicit dependency on target 'SwiftSyntax510' in project 'swift-syntax'
➜ Explicit dependency on target 'SwiftSyntax600' in project 'swift-syntax'
Target 'SwiftDiagnostics-product' in project 'swift-syntax'
➜ Explicit dependency on target 'SwiftDiagnostics' in project 'swift-syntax'
➜ Explicit dependency on target '_SwiftSyntaxCShims' in project 'swift-syntax'
➜ Explicit dependency on target 'SwiftSyntax509' in project 'swift-syntax'
➜ Explicit dependency on target 'SwiftSyntax510' in project 'swift-syntax'
➜ Explicit dependency on target 'SwiftSyntax600' in project 'swift-syntax'
➜ Explicit dependency on target 'SwiftSyntax' in project 'swift-syntax'
Target 'SwiftDiagnostics' in project 'swift-syntax'
➜ Explicit dependency on target '_SwiftSyntaxCShims' in project 'swift-syntax'
➜ Explicit dependency on target 'SwiftSyntax509' in project 'swift-syntax'
➜ Explicit dependency on target 'SwiftSyntax510' in project 'swift-syntax'
➜ Explicit dependency on target 'SwiftSyntax600' in project 'swift-syntax'
➜ Explicit dependency on target 'SwiftSyntax' in project 'swift-syntax'
Target 'SwiftSyntax' in project 'swift-syntax'
➜ Explicit dependency on target '_SwiftSyntaxCShims' in project 'swift-syntax'
➜ Explicit dependency on target 'SwiftSyntax509' in project 'swift-syntax'
➜ Explicit dependency on target 'SwiftSyntax510' in project 'swift-syntax'
➜ Explicit dependency on target 'SwiftSyntax600' in project 'swift-syntax'
Target 'SwiftSyntax600' in project 'swift-syntax' (no dependencies)
Target 'SwiftSyntax510' in project 'swift-syntax' (no dependencies)
Target 'SwiftSyntax509' in project 'swift-syntax' (no dependencies)
Target '_SwiftSyntaxCShims' in project 'swift-syntax' (no dependencies)
Target '_TestingInternals' in project 'swift-testing' (no dependencies)
Target 'Gen-product' in project 'swift-gen'
➜ Explicit dependency on target 'Gen' in project 'swift-gen'
Target 'Gen' in project 'swift-gen' (no dependencies)
GatherProvisioningInputs
CreateBuildDescription
ClangStatCache /Applications/Xcode-27.0.0-Release.Candidate.app/Contents/Developer/Toolchains/XcodeDefault.xctoolchain/usr/bin/clang-stat-cache /Applications/Xcode-27.0.0-Release.Candidate.app/Contents/Developer/Platforms/WatchOS.platform/Developer/SDKs/WatchOS27.0.sdk /Users/admin/builder/spi-builder-workspace/.derivedData/SDKStatCaches.noindex/watchos27.0-24R360-e829b21a6f8c9b70876ba0858053c04477534ef55a1706bf4c1112bbb242f0a2.sdkstatcache
cd /Users/admin/builder/spi-builder-workspace/.swiftpm/xcode
/Applications/Xcode-27.0.0-Release.Candidate.app/Contents/Developer/Toolchains/XcodeDefault.xctoolchain/usr/bin/clang-stat-cache /Applications/Xcode-27.0.0-Release.Candidate.app/Contents/Developer/Platforms/WatchOS.platform/Developer/SDKs/WatchOS27.0.sdk -o /Users/admin/builder/spi-builder-workspace/.derivedData/SDKStatCaches.noindex/watchos27.0-24R360-e829b21a6f8c9b70876ba0858053c04477534ef55a1706bf4c1112bbb242f0a2.sdkstatcache
ClangStatCache /Applications/Xcode-27.0.0-Release.Candidate.app/Contents/Developer/Toolchains/XcodeDefault.xctoolchain/usr/bin/clang-stat-cache /Applications/Xcode-27.0.0-Release.Candidate.app/Contents/Developer/Platforms/MacOSX.platform/Developer/SDKs/MacOSX27.0.sdk /Users/admin/builder/spi-builder-workspace/.derivedData/SDKStatCaches.noindex/macosx27.0-26A425-e829b21a6f8c9b70876ba0858053c0446a22442a12e9d48fe1a705f55a1adfc4.sdkstatcache
cd /Users/admin/builder/spi-builder-workspace/.swiftpm/xcode
/Applications/Xcode-27.0.0-Release.Candidate.app/Contents/Developer/Toolchains/XcodeDefault.xctoolchain/usr/bin/clang-stat-cache /Applications/Xcode-27.0.0-Release.Candidate.app/Contents/Developer/Platforms/MacOSX.platform/Developer/SDKs/MacOSX27.0.sdk -o /Users/admin/builder/spi-builder-workspace/.derivedData/SDKStatCaches.noindex/macosx27.0-26A425-e829b21a6f8c9b70876ba0858053c0446a22442a12e9d48fe1a705f55a1adfc4.sdkstatcache
SwiftDriver SwiftQC normal arm64 com.apple.xcode.tools.swift.compiler (in target 'SwiftQC' from project 'SwiftQC')
cd /Users/admin/builder/spi-builder-workspace/.swiftpm/xcode
builtin-SwiftDriver -- /Applications/Xcode-27.0.0-Release.Candidate.app/Contents/Developer/Toolchains/XcodeDefault.xctoolchain/usr/bin/swiftc -parse-as-library -module-name SwiftQC -Onone @/Users/admin/builder/spi-builder-workspace/.derivedData/Build/Intermediates.noindex/SwiftQC.build/Debug-watchos/SwiftQC-t.build/Objects-normal/arm64/SwiftQC.SwiftFileList -DSWIFT_PACKAGE -DDEBUG -DSWIFT_MODULE_RESOURCE_BUNDLE_UNAVAILABLE -Xcc -fmodule-map-file\=/Users/admin/builder/spi-builder-workspace/.dependencies/checkouts/swift-testing/Sources/_TestingInternals/include/module.modulemap -Xcc -fmodule-map-file\=/Users/admin/builder/spi-builder-workspace/.dependencies/checkouts/swift-atomics/Sources/_AtomicsShims/include/module.modulemap -DXcode -plugin-path /Applications/Xcode-27.0.0-Release.Candidate.app/Contents/Developer/Toolchains/XcodeDefault.xctoolchain/usr/lib/swift/host/plugins/testing -enable-experimental-feature DebugDescriptionMacro -sdk /Applications/Xcode-27.0.0-Release.Candidate.app/Contents/Developer/Platforms/WatchOS.platform/Developer/SDKs/WatchOS27.0.sdk -target arm64-apple-watchos9.0 -g -module-cache-path /Users/admin/builder/spi-builder-workspace/.derivedData/ModuleCache.noindex -Xfrontend -serialize-debugging-options -profile-coverage-mapping -profile-generate -enable-testing -index-store-path /Users/admin/builder/spi-builder-workspace/.derivedData/Index.noindex/DataStore -Xcc -D_LIBCPP_HARDENING_MODE\=_LIBCPP_HARDENING_MODE_DEBUG -swift-version 6 -I /Users/admin/builder/spi-builder-workspace/.derivedData/Build/Products/Debug-watchos -Isystem /Applications/Xcode-27.0.0-Release.Candidate.app/Contents/Developer/Platforms/WatchOS.platform/Developer/usr/lib -F /Users/admin/builder/spi-builder-workspace/.derivedData/Build/Products/Debug-watchos/PackageFrameworks -F /Users/admin/builder/spi-builder-workspace/.derivedData/Build/Products/Debug-watchos -F /Applications/Xcode-27.0.0-Release.Candidate.app/Contents/Developer/Platforms/WatchOS.platform/Developer/Library/Frameworks -F /Applications/Xcode-27.0.0-Release.Candidate.app/Contents/Developer/Platforms/WatchOS.platform/Developer/SDKs/WatchOS27.0.sdk/Developer/Library/Frameworks -Xfrontend -load-plugin-executable -Xfrontend /Users/admin/builder/spi-builder-workspace/.derivedData/Build/Products/Debug/TestingMacros\#TestingMacros -c -j10 -enable-batch-mode -incremental -Xcc -ivfsstatcache -Xcc /Users/admin/builder/spi-builder-workspace/.derivedData/SDKStatCaches.noindex/watchos27.0-24R360-e829b21a6f8c9b70876ba0858053c04477534ef55a1706bf4c1112bbb242f0a2.sdkstatcache -output-file-map /Users/admin/builder/spi-builder-workspace/.derivedData/Build/Intermediates.noindex/SwiftQC.build/Debug-watchos/SwiftQC-t.build/Objects-normal/arm64/SwiftQC-OutputFileMap.json -save-temps -no-color-diagnostics -explicit-module-build -module-cache-path /Users/admin/builder/spi-builder-workspace/.derivedData/Build/Intermediates.noindex/SwiftExplicitPrecompiledModules -clang-scanner-module-cache-path /Users/admin/builder/spi-builder-workspace/.derivedData/ModuleCache.noindex -sdk-module-cache-path /Users/admin/builder/spi-builder-workspace/.derivedData/SDKExplicitPrecompiledModules -emit-dependencies -emit-module -emit-module-path /Users/admin/builder/spi-builder-workspace/.derivedData/Build/Intermediates.noindex/SwiftQC.build/Debug-watchos/SwiftQC-t.build/Objects-normal/arm64/SwiftQC.swiftmodule -serialize-diagnostics -dependency-scan-serialize-diagnostics-path /Users/admin/builder/spi-builder-workspace/.derivedData/Build/Intermediates.noindex/SwiftQC.build/Debug-watchos/SwiftQC-t.build/Objects-normal/arm64/SwiftQC-dependency-scan.dia -validate-clang-modules-once -clang-build-session-file /Users/admin/builder/spi-builder-workspace/.derivedData/ModuleCache.noindex/Session.modulevalidation -Xcc -fmodules-prune-interval\=86400 -Xcc -fmodules-prune-after\=345600 -package-name spi_builder_workspace -emit-const-values -const-gather-protocols-list /Users/admin/builder/spi-builder-workspace/.derivedData/Build/Intermediates.noindex/SwiftQC.build/Debug-watchos/SwiftQC-t.build/Objects-normal/arm64/SwiftQC_const_extract_protocols.json -Xcc -I/Users/admin/builder/spi-builder-workspace/.dependencies/checkouts/swift-testing/Sources/_TestingInternals/include -Xcc -I/Users/admin/builder/spi-builder-workspace/.dependencies/checkouts/swift-atomics/Sources/_AtomicsShims/include -Xcc -I/Users/admin/builder/spi-builder-workspace/.derivedData/Build/Products/Debug-watchos/include -Xcc -I/Users/admin/builder/spi-builder-workspace/.derivedData/Build/Intermediates.noindex/SwiftQC.build/Debug-watchos/SwiftQC-t.build/DerivedSources-normal/arm64 -Xcc -I/Users/admin/builder/spi-builder-workspace/.derivedData/Build/Intermediates.noindex/SwiftQC.build/Debug-watchos/SwiftQC-t.build/DerivedSources/arm64 -Xcc -I/Users/admin/builder/spi-builder-workspace/.derivedData/Build/Intermediates.noindex/SwiftQC.build/Debug-watchos/SwiftQC-t.build/DerivedSources -Xcc -DSWIFT_PACKAGE -Xcc -DDEBUG\=1 -emit-objc-header -emit-objc-header-path /Users/admin/builder/spi-builder-workspace/.derivedData/Build/Intermediates.noindex/SwiftQC.build/Debug-watchos/SwiftQC-t.build/Objects-normal/arm64/SwiftQC-Swift.h -working-directory /Users/admin/builder/spi-builder-workspace/.swiftpm/xcode -experimental-emit-module-separately -disable-cmo
SwiftDriver SwiftQC normal arm64_32 com.apple.xcode.tools.swift.compiler (in target 'SwiftQC' from project 'SwiftQC')
cd /Users/admin/builder/spi-builder-workspace/.swiftpm/xcode
builtin-SwiftDriver -- /Applications/Xcode-27.0.0-Release.Candidate.app/Contents/Developer/Toolchains/XcodeDefault.xctoolchain/usr/bin/swiftc -parse-as-library -module-name SwiftQC -Onone @/Users/admin/builder/spi-builder-workspace/.derivedData/Build/Intermediates.noindex/SwiftQC.build/Debug-watchos/SwiftQC-t.build/Objects-normal/arm64_32/SwiftQC.SwiftFileList -DSWIFT_PACKAGE -DDEBUG -DSWIFT_MODULE_RESOURCE_BUNDLE_UNAVAILABLE -Xcc -fmodule-map-file\=/Users/admin/builder/spi-builder-workspace/.dependencies/checkouts/swift-testing/Sources/_TestingInternals/include/module.modulemap -Xcc -fmodule-map-file\=/Users/admin/builder/spi-builder-workspace/.dependencies/checkouts/swift-atomics/Sources/_AtomicsShims/include/module.modulemap -DXcode -plugin-path /Applications/Xcode-27.0.0-Release.Candidate.app/Contents/Developer/Toolchains/XcodeDefault.xctoolchain/usr/lib/swift/host/plugins/testing -enable-experimental-feature DebugDescriptionMacro -sdk /Applications/Xcode-27.0.0-Release.Candidate.app/Contents/Developer/Platforms/WatchOS.platform/Developer/SDKs/WatchOS27.0.sdk -target arm64_32-apple-watchos9.0 -g -module-cache-path /Users/admin/builder/spi-builder-workspace/.derivedData/ModuleCache.noindex -Xfrontend -serialize-debugging-options -profile-coverage-mapping -profile-generate -enable-testing -index-store-path /Users/admin/builder/spi-builder-workspace/.derivedData/Index.noindex/DataStore -Xcc -D_LIBCPP_HARDENING_MODE\=_LIBCPP_HARDENING_MODE_DEBUG -swift-version 6 -I /Users/admin/builder/spi-builder-workspace/.derivedData/Build/Products/Debug-watchos -Isystem /Applications/Xcode-27.0.0-Release.Candidate.app/Contents/Developer/Platforms/WatchOS.platform/Developer/usr/lib -F /Users/admin/builder/spi-builder-workspace/.derivedData/Build/Products/Debug-watchos/PackageFrameworks -F /Users/admin/builder/spi-builder-workspace/.derivedData/Build/Products/Debug-watchos -F /Applications/Xcode-27.0.0-Release.Candidate.app/Contents/Developer/Platforms/WatchOS.platform/Developer/Library/Frameworks -F /Applications/Xcode-27.0.0-Release.Candidate.app/Contents/Developer/Platforms/WatchOS.platform/Developer/SDKs/WatchOS27.0.sdk/Developer/Library/Frameworks -Xfrontend -load-plugin-executable -Xfrontend /Users/admin/builder/spi-builder-workspace/.derivedData/Build/Products/Debug/TestingMacros\#TestingMacros -c -j10 -enable-batch-mode -incremental -Xcc -ivfsstatcache -Xcc /Users/admin/builder/spi-builder-workspace/.derivedData/SDKStatCaches.noindex/watchos27.0-24R360-e829b21a6f8c9b70876ba0858053c04477534ef55a1706bf4c1112bbb242f0a2.sdkstatcache -output-file-map /Users/admin/builder/spi-builder-workspace/.derivedData/Build/Intermediates.noindex/SwiftQC.build/Debug-watchos/SwiftQC-t.build/Objects-normal/arm64_32/SwiftQC-OutputFileMap.json -save-temps -no-color-diagnostics -explicit-module-build -module-cache-path /Users/admin/builder/spi-builder-workspace/.derivedData/Build/Intermediates.noindex/SwiftExplicitPrecompiledModules -clang-scanner-module-cache-path /Users/admin/builder/spi-builder-workspace/.derivedData/ModuleCache.noindex -sdk-module-cache-path /Users/admin/builder/spi-builder-workspace/.derivedData/SDKExplicitPrecompiledModules -emit-dependencies -emit-module -emit-module-path /Users/admin/builder/spi-builder-workspace/.derivedData/Build/Intermediates.noindex/SwiftQC.build/Debug-watchos/SwiftQC-t.build/Objects-normal/arm64_32/SwiftQC.swiftmodule -serialize-diagnostics -dependency-scan-serialize-diagnostics-path /Users/admin/builder/spi-builder-workspace/.derivedData/Build/Intermediates.noindex/SwiftQC.build/Debug-watchos/SwiftQC-t.build/Objects-normal/arm64_32/SwiftQC-dependency-scan.dia -validate-clang-modules-once -clang-build-session-file /Users/admin/builder/spi-builder-workspace/.derivedData/ModuleCache.noindex/Session.modulevalidation -Xcc -fmodules-prune-interval\=86400 -Xcc -fmodules-prune-after\=345600 -package-name spi_builder_workspace -emit-const-values -const-gather-protocols-list /Users/admin/builder/spi-builder-workspace/.derivedData/Build/Intermediates.noindex/SwiftQC.build/Debug-watchos/SwiftQC-t.build/Objects-normal/arm64_32/SwiftQC_const_extract_protocols.json -Xcc -I/Users/admin/builder/spi-builder-workspace/.dependencies/checkouts/swift-testing/Sources/_TestingInternals/include -Xcc -I/Users/admin/builder/spi-builder-workspace/.dependencies/checkouts/swift-atomics/Sources/_AtomicsShims/include -Xcc -I/Users/admin/builder/spi-builder-workspace/.derivedData/Build/Products/Debug-watchos/include -Xcc -I/Users/admin/builder/spi-builder-workspace/.derivedData/Build/Intermediates.noindex/SwiftQC.build/Debug-watchos/SwiftQC-t.build/DerivedSources-normal/arm64_32 -Xcc -I/Users/admin/builder/spi-builder-workspace/.derivedData/Build/Intermediates.noindex/SwiftQC.build/Debug-watchos/SwiftQC-t.build/DerivedSources/arm64_32 -Xcc -I/Users/admin/builder/spi-builder-workspace/.derivedData/Build/Intermediates.noindex/SwiftQC.build/Debug-watchos/SwiftQC-t.build/DerivedSources -Xcc -DSWIFT_PACKAGE -Xcc -DDEBUG\=1 -emit-objc-header -emit-objc-header-path /Users/admin/builder/spi-builder-workspace/.derivedData/Build/Intermediates.noindex/SwiftQC.build/Debug-watchos/SwiftQC-t.build/Objects-normal/arm64_32/SwiftQC-Swift.h -working-directory /Users/admin/builder/spi-builder-workspace/.swiftpm/xcode -experimental-emit-module-separately -disable-cmo
SwiftCompile normal arm64_32 Compiling\ Arbitrary.swift,\ Array+Arbitrary.swift,\ Bool+Arbitrary.swift,\ CGFloat+Arbitrary.swift /Users/admin/builder/spi-builder-workspace/Sources/SwiftQC/Arbitrary/Arbitrary.swift /Users/admin/builder/spi-builder-workspace/Sources/SwiftQC/Arbitrary/Conformances/Array+Arbitrary.swift /Users/admin/builder/spi-builder-workspace/Sources/SwiftQC/Arbitrary/Conformances/Bool+Arbitrary.swift /Users/admin/builder/spi-builder-workspace/Sources/SwiftQC/Arbitrary/Conformances/CGFloat+Arbitrary.swift (in target 'SwiftQC' from project 'SwiftQC')
SwiftCompile normal arm64_32 /Users/admin/builder/spi-builder-workspace/Sources/SwiftQC/Arbitrary/Arbitrary.swift (in target 'SwiftQC' from project 'SwiftQC')
cd /Users/admin/builder/spi-builder-workspace/.swiftpm/xcode
builtin-SwiftPerFileCompile Arbitrary.swift
SwiftCompile normal arm64_32 /Users/admin/builder/spi-builder-workspace/Sources/SwiftQC/Arbitrary/Conformances/Array+Arbitrary.swift (in target 'SwiftQC' from project 'SwiftQC')
cd /Users/admin/builder/spi-builder-workspace/.swiftpm/xcode
builtin-SwiftPerFileCompile Array+Arbitrary.swift
SwiftCompile normal arm64_32 /Users/admin/builder/spi-builder-workspace/Sources/SwiftQC/Arbitrary/Conformances/Bool+Arbitrary.swift (in target 'SwiftQC' from project 'SwiftQC')
cd /Users/admin/builder/spi-builder-workspace/.swiftpm/xcode
builtin-SwiftPerFileCompile Bool+Arbitrary.swift
SwiftCompile normal arm64_32 /Users/admin/builder/spi-builder-workspace/Sources/SwiftQC/Arbitrary/Conformances/CGFloat+Arbitrary.swift (in target 'SwiftQC' from project 'SwiftQC')
cd /Users/admin/builder/spi-builder-workspace/.swiftpm/xcode
builtin-SwiftPerFileCompile CGFloat+Arbitrary.swift
SwiftEmitModule normal arm64_32 Emitting\ module\ for\ SwiftQC (in target 'SwiftQC' from project 'SwiftQC')
SwiftCompile normal arm64_32 (in target 'SwiftQC' from project 'SwiftQC')
cd /Users/admin/builder/spi-builder-workspace/.swiftpm/xcode
SwiftCompile normal arm64_32 Compiling\ DateComponents+Arbitrary.swift,\ Decimal+Arbitrary.swift,\ Dictionary+Arbitrary.swift,\ FixedWidthInteger+Arbitrary.swift /Users/admin/builder/spi-builder-workspace/Sources/SwiftQC/Arbitrary/Conformances/DateComponents+Arbitrary.swift /Users/admin/builder/spi-builder-workspace/Sources/SwiftQC/Arbitrary/Conformances/Decimal+Arbitrary.swift /Users/admin/builder/spi-builder-workspace/Sources/SwiftQC/Arbitrary/Conformances/Dictionary+Arbitrary.swift /Users/admin/builder/spi-builder-workspace/Sources/SwiftQC/Arbitrary/Conformances/FixedWidthInteger+Arbitrary.swift (in target 'SwiftQC' from project 'SwiftQC')
SwiftCompile normal arm64_32 /Users/admin/builder/spi-builder-workspace/Sources/SwiftQC/Arbitrary/Conformances/DateComponents+Arbitrary.swift (in target 'SwiftQC' from project 'SwiftQC')
cd /Users/admin/builder/spi-builder-workspace/.swiftpm/xcode
builtin-SwiftPerFileCompile DateComponents+Arbitrary.swift
SwiftCompile normal arm64_32 /Users/admin/builder/spi-builder-workspace/Sources/SwiftQC/Arbitrary/Conformances/Decimal+Arbitrary.swift (in target 'SwiftQC' from project 'SwiftQC')
cd /Users/admin/builder/spi-builder-workspace/.swiftpm/xcode
builtin-SwiftPerFileCompile Decimal+Arbitrary.swift
SwiftCompile normal arm64_32 /Users/admin/builder/spi-builder-workspace/Sources/SwiftQC/Arbitrary/Conformances/Dictionary+Arbitrary.swift (in target 'SwiftQC' from project 'SwiftQC')
cd /Users/admin/builder/spi-builder-workspace/.swiftpm/xcode
builtin-SwiftPerFileCompile Dictionary+Arbitrary.swift
SwiftCompile normal arm64_32 /Users/admin/builder/spi-builder-workspace/Sources/SwiftQC/Arbitrary/Conformances/FixedWidthInteger+Arbitrary.swift (in target 'SwiftQC' from project 'SwiftQC')
cd /Users/admin/builder/spi-builder-workspace/.swiftpm/xcode
builtin-SwiftPerFileCompile FixedWidthInteger+Arbitrary.swift
SwiftCompile normal arm64_32 Compiling\ Character+Arbitrary.swift,\ ContiguousArray+Arbitrary.swift,\ Data+Arbitrary.swift,\ Date+Arbitrary.swift /Users/admin/builder/spi-builder-workspace/Sources/SwiftQC/Arbitrary/Conformances/Character+Arbitrary.swift /Users/admin/builder/spi-builder-workspace/Sources/SwiftQC/Arbitrary/Conformances/ContiguousArray+Arbitrary.swift /Users/admin/builder/spi-builder-workspace/Sources/SwiftQC/Arbitrary/Conformances/Data+Arbitrary.swift /Users/admin/builder/spi-builder-workspace/Sources/SwiftQC/Arbitrary/Conformances/Date+Arbitrary.swift (in target 'SwiftQC' from project 'SwiftQC')
SwiftCompile normal arm64_32 /Users/admin/builder/spi-builder-workspace/Sources/SwiftQC/Arbitrary/Conformances/Character+Arbitrary.swift (in target 'SwiftQC' from project 'SwiftQC')
cd /Users/admin/builder/spi-builder-workspace/.swiftpm/xcode
builtin-SwiftPerFileCompile Character+Arbitrary.swift
SwiftCompile normal arm64_32 /Users/admin/builder/spi-builder-workspace/Sources/SwiftQC/Arbitrary/Conformances/ContiguousArray+Arbitrary.swift (in target 'SwiftQC' from project 'SwiftQC')
cd /Users/admin/builder/spi-builder-workspace/.swiftpm/xcode
builtin-SwiftPerFileCompile ContiguousArray+Arbitrary.swift
SwiftCompile normal arm64_32 /Users/admin/builder/spi-builder-workspace/Sources/SwiftQC/Arbitrary/Conformances/Data+Arbitrary.swift (in target 'SwiftQC' from project 'SwiftQC')
cd /Users/admin/builder/spi-builder-workspace/.swiftpm/xcode
builtin-SwiftPerFileCompile Data+Arbitrary.swift
SwiftCompile normal arm64_32 /Users/admin/builder/spi-builder-workspace/Sources/SwiftQC/Arbitrary/Conformances/Date+Arbitrary.swift (in target 'SwiftQC' from project 'SwiftQC')
cd /Users/admin/builder/spi-builder-workspace/.swiftpm/xcode
builtin-SwiftPerFileCompile Date+Arbitrary.swift
SwiftCompile normal arm64_32 Compiling\ Result+Arbitrary.swift,\ Set+Arbitrary.swift,\ String+Arbitrary.swift,\ URL+Arbitrary.swift /Users/admin/builder/spi-builder-workspace/Sources/SwiftQC/Arbitrary/Conformances/Result+Arbitrary.swift /Users/admin/builder/spi-builder-workspace/Sources/SwiftQC/Arbitrary/Conformances/Set+Arbitrary.swift /Users/admin/builder/spi-builder-workspace/Sources/SwiftQC/Arbitrary/Conformances/String+Arbitrary.swift /Users/admin/builder/spi-builder-workspace/Sources/SwiftQC/Arbitrary/Conformances/URL+Arbitrary.swift (in target 'SwiftQC' from project 'SwiftQC')
SwiftCompile normal arm64_32 /Users/admin/builder/spi-builder-workspace/Sources/SwiftQC/Arbitrary/Conformances/Result+Arbitrary.swift (in target 'SwiftQC' from project 'SwiftQC')
cd /Users/admin/builder/spi-builder-workspace/.swiftpm/xcode
builtin-SwiftPerFileCompile Result+Arbitrary.swift
SwiftCompile normal arm64_32 /Users/admin/builder/spi-builder-workspace/Sources/SwiftQC/Arbitrary/Conformances/Set+Arbitrary.swift (in target 'SwiftQC' from project 'SwiftQC')
cd /Users/admin/builder/spi-builder-workspace/.swiftpm/xcode
builtin-SwiftPerFileCompile Set+Arbitrary.swift
SwiftCompile normal arm64_32 /Users/admin/builder/spi-builder-workspace/Sources/SwiftQC/Arbitrary/Conformances/String+Arbitrary.swift (in target 'SwiftQC' from project 'SwiftQC')
cd /Users/admin/builder/spi-builder-workspace/.swiftpm/xcode
builtin-SwiftPerFileCompile String+Arbitrary.swift
SwiftCompile normal arm64_32 /Users/admin/builder/spi-builder-workspace/Sources/SwiftQC/Arbitrary/Conformances/URL+Arbitrary.swift (in target 'SwiftQC' from project 'SwiftQC')
cd /Users/admin/builder/spi-builder-workspace/.swiftpm/xcode
builtin-SwiftPerFileCompile URL+Arbitrary.swift
SwiftCompile normal arm64_32 Compiling\ Gen.swift,\ ParallelCommands.swift,\ ParallelModel.swift,\ ParallelRunner.swift /Users/admin/builder/spi-builder-workspace/Sources/SwiftQC/Generators/Gen.swift /Users/admin/builder/spi-builder-workspace/Sources/SwiftQC/Parallel/ParallelCommands.swift /Users/admin/builder/spi-builder-workspace/Sources/SwiftQC/Parallel/ParallelModel.swift /Users/admin/builder/spi-builder-workspace/Sources/SwiftQC/Parallel/ParallelRunner.swift (in target 'SwiftQC' from project 'SwiftQC')
/Users/admin/builder/spi-builder-workspace/Sources/SwiftQC/Parallel/ParallelRunner.swift:146:42: warning: conformance of 'Model' to protocol 'ParallelModel' may be isolated and cannot be passed to actor-isolated context [#IsolatedConformances]
144 | print("Parallel Test: '\(propertyName)' starting. Seed: \(effectiveSeed), Target SUT Threads: \(threads), Target Operations: \(forks)")
145 |
146 | let orchestrator = Orchestrator<Model>(threads: threads, initialSeed: effectiveSeed)
| `- warning: conformance of 'Model' to protocol 'ParallelModel' may be isolated and cannot be passed to actor-isolated context [#IsolatedConformances]
147 | let sutRefManager = SUTReferenceManager<Model>()
148 | let factoryToPass: @Sendable () async -> SUT_Runner = sutFactory
/Users/admin/builder/spi-builder-workspace/Sources/SwiftQC/Parallel/ParallelRunner.swift:147:50: warning: conformance of 'Model' to protocol 'ParallelModel' may be isolated and cannot be passed to actor-isolated context [#IsolatedConformances]
145 |
146 | let orchestrator = Orchestrator<Model>(threads: threads, initialSeed: effectiveSeed)
147 | let sutRefManager = SUTReferenceManager<Model>()
| `- warning: conformance of 'Model' to protocol 'ParallelModel' may be isolated and cannot be passed to actor-isolated context [#IsolatedConformances]
148 | let factoryToPass: @Sendable () async -> SUT_Runner = sutFactory
149 |
SwiftCompile normal arm64_32 /Users/admin/builder/spi-builder-workspace/Sources/SwiftQC/Generators/Gen.swift (in target 'SwiftQC' from project 'SwiftQC')
cd /Users/admin/builder/spi-builder-workspace/.swiftpm/xcode
builtin-SwiftPerFileCompile Gen.swift
SwiftCompile normal arm64_32 /Users/admin/builder/spi-builder-workspace/Sources/SwiftQC/Parallel/ParallelCommands.swift (in target 'SwiftQC' from project 'SwiftQC')
cd /Users/admin/builder/spi-builder-workspace/.swiftpm/xcode
builtin-SwiftPerFileCompile ParallelCommands.swift
SwiftCompile normal arm64_32 /Users/admin/builder/spi-builder-workspace/Sources/SwiftQC/Parallel/ParallelModel.swift (in target 'SwiftQC' from project 'SwiftQC')
cd /Users/admin/builder/spi-builder-workspace/.swiftpm/xcode
builtin-SwiftPerFileCompile ParallelModel.swift
SwiftCompile normal arm64_32 /Users/admin/builder/spi-builder-workspace/Sources/SwiftQC/Parallel/ParallelRunner.swift (in target 'SwiftQC' from project 'SwiftQC')
cd /Users/admin/builder/spi-builder-workspace/.swiftpm/xcode
builtin-SwiftPerFileCompile ParallelRunner.swift
SwiftCompile normal arm64_32 Compiling\ UUID+Arbitrary.swift,\ UnicodeScalar+Arbitrary.swift,\ Void+Arbitrary.swift,\ Property.swift /Users/admin/builder/spi-builder-workspace/Sources/SwiftQC/Arbitrary/Conformances/UUID+Arbitrary.swift /Users/admin/builder/spi-builder-workspace/Sources/SwiftQC/Arbitrary/Conformances/UnicodeScalar+Arbitrary.swift /Users/admin/builder/spi-builder-workspace/Sources/SwiftQC/Arbitrary/Conformances/Void+Arbitrary.swift /Users/admin/builder/spi-builder-workspace/Sources/SwiftQC/Core/Property.swift (in target 'SwiftQC' from project 'SwiftQC')
SwiftCompile normal arm64_32 /Users/admin/builder/spi-builder-workspace/Sources/SwiftQC/Arbitrary/Conformances/UUID+Arbitrary.swift (in target 'SwiftQC' from project 'SwiftQC')
cd /Users/admin/builder/spi-builder-workspace/.swiftpm/xcode
builtin-SwiftPerFileCompile UUID+Arbitrary.swift
SwiftCompile normal arm64_32 /Users/admin/builder/spi-builder-workspace/Sources/SwiftQC/Arbitrary/Conformances/UnicodeScalar+Arbitrary.swift (in target 'SwiftQC' from project 'SwiftQC')
cd /Users/admin/builder/spi-builder-workspace/.swiftpm/xcode
builtin-SwiftPerFileCompile UnicodeScalar+Arbitrary.swift
SwiftCompile normal arm64_32 /Users/admin/builder/spi-builder-workspace/Sources/SwiftQC/Arbitrary/Conformances/Void+Arbitrary.swift (in target 'SwiftQC' from project 'SwiftQC')
cd /Users/admin/builder/spi-builder-workspace/.swiftpm/xcode
builtin-SwiftPerFileCompile Void+Arbitrary.swift
SwiftCompile normal arm64_32 /Users/admin/builder/spi-builder-workspace/Sources/SwiftQC/Core/Property.swift (in target 'SwiftQC' from project 'SwiftQC')
cd /Users/admin/builder/spi-builder-workspace/.swiftpm/xcode
builtin-SwiftPerFileCompile Property.swift
SwiftCompile normal arm64_32 Compiling\ FloatingPoint+Arbitrary.swift,\ Int+Arbitrary.swift,\ Optional+Arbitrary.swift,\ Range+Arbitrary.swift /Users/admin/builder/spi-builder-workspace/Sources/SwiftQC/Arbitrary/Conformances/FloatingPoint+Arbitrary.swift /Users/admin/builder/spi-builder-workspace/Sources/SwiftQC/Arbitrary/Conformances/Int+Arbitrary.swift /Users/admin/builder/spi-builder-workspace/Sources/SwiftQC/Arbitrary/Conformances/Optional+Arbitrary.swift /Users/admin/builder/spi-builder-workspace/Sources/SwiftQC/Arbitrary/Conformances/Range+Arbitrary.swift (in target 'SwiftQC' from project 'SwiftQC')
/Users/admin/builder/spi-builder-workspace/Sources/SwiftQC/Arbitrary/Conformances/Range+Arbitrary.swift:105:31: error: reference to captured var 'val1' in concurrently-executing code [#SendableClosureCaptures]
103 | }
104 |
105 | return Gen.always(val1..<val2 as Range<Bound.Value>?) // Explicitly optional
| `- error: reference to captured var 'val1' in concurrently-executing code [#SendableClosureCaptures]
106 | }.compactMap { $0 } // compactMap will unwrap Some and filter out None/nil
107 | }
/Users/admin/builder/spi-builder-workspace/Sources/SwiftQC/Arbitrary/Conformances/Range+Arbitrary.swift:105:38: error: reference to captured var 'val2' in concurrently-executing code [#SendableClosureCaptures]
103 | }
104 |
105 | return Gen.always(val1..<val2 as Range<Bound.Value>?) // Explicitly optional
| `- error: reference to captured var 'val2' in concurrently-executing code [#SendableClosureCaptures]
106 | }.compactMap { $0 } // compactMap will unwrap Some and filter out None/nil
107 | }
[#SendableClosureCaptures]: <https://docs.swift.org/compiler/documentation/diagnostics/sendable-closure-captures>
Failed frontend command:
/Applications/Xcode-27.0.0-Release.Candidate.app/Contents/Developer/Toolchains/XcodeDefault.xctoolchain/usr/bin/swift-frontend -frontend -c /Users/admin/builder/spi-builder-workspace/Sources/SwiftQC/Arbitrary/Arbitrary.swift /Users/admin/builder/spi-builder-workspace/Sources/SwiftQC/Arbitrary/Conformances/Array+Arbitrary.swift /Users/admin/builder/spi-builder-workspace/Sources/SwiftQC/Arbitrary/Conformances/Bool+Arbitrary.swift /Users/admin/builder/spi-builder-workspace/Sources/SwiftQC/Arbitrary/Conformances/CGFloat+Arbitrary.swift /Users/admin/builder/spi-builder-workspace/Sources/SwiftQC/Arbitrary/Conformances/Character+Arbitrary.swift /Users/admin/builder/spi-builder-workspace/Sources/SwiftQC/Arbitrary/Conformances/ContiguousArray+Arbitrary.swift /Users/admin/builder/spi-builder-workspace/Sources/SwiftQC/Arbitrary/Conformances/Data+Arbitrary.swift /Users/admin/builder/spi-builder-workspace/Sources/SwiftQC/Arbitrary/Conformances/Date+Arbitrary.swift /Users/admin/builder/spi-builder-workspace/Sources/SwiftQC/Arbitrary/Conformances/DateComponents+Arbitrary.swift /Users/admin/builder/spi-builder-workspace/Sources/SwiftQC/Arbitrary/Conformances/Decimal+Arbitrary.swift /Users/admin/builder/spi-builder-workspace/Sources/SwiftQC/Arbitrary/Conformances/Dictionary+Arbitrary.swift /Users/admin/builder/spi-builder-workspace/Sources/SwiftQC/Arbitrary/Conformances/FixedWidthInteger+Arbitrary.swift -primary-file /Users/admin/builder/spi-builder-workspace/Sources/SwiftQC/Arbitrary/Conformances/FloatingPoint+Arbitrary.swift -primary-file /Users/admin/builder/spi-builder-workspace/Sources/SwiftQC/Arbitrary/Conformances/Int+Arbitrary.swift -primary-file /Users/admin/builder/spi-builder-workspace/Sources/SwiftQC/Arbitrary/Conformances/Optional+Arbitrary.swift -primary-file /Users/admin/builder/spi-builder-workspace/Sources/SwiftQC/Arbitrary/Conformances/Range+Arbitrary.swift /Users/admin/builder/spi-builder-workspace/Sources/SwiftQC/Arbitrary/Conformances/Result+Arbitrary.swift /Users/admin/builder/spi-builder-workspace/Sources/SwiftQC/Arbitrary/Conformances/Set+Arbitrary.swift /Users/admin/builder/spi-builder-workspace/Sources/SwiftQC/Arbitrary/Conformances/String+Arbitrary.swift /Users/admin/builder/spi-builder-workspace/Sources/SwiftQC/Arbitrary/Conformances/URL+Arbitrary.swift /Users/admin/builder/spi-builder-workspace/Sources/SwiftQC/Arbitrary/Conformances/UUID+Arbitrary.swift /Users/admin/builder/spi-builder-workspace/Sources/SwiftQC/Arbitrary/Conformances/UnicodeScalar+Arbitrary.swift /Users/admin/builder/spi-builder-workspace/Sources/SwiftQC/Arbitrary/Conformances/Void+Arbitrary.swift /Users/admin/builder/spi-builder-workspace/Sources/SwiftQC/Core/Property.swift /Users/admin/builder/spi-builder-workspace/Sources/SwiftQC/Generators/Gen.swift /Users/admin/builder/spi-builder-workspace/Sources/SwiftQC/Parallel/ParallelCommands.swift /Users/admin/builder/spi-builder-workspace/Sources/SwiftQC/Parallel/ParallelModel.swift /Users/admin/builder/spi-builder-workspace/Sources/SwiftQC/Parallel/ParallelRunner.swift /Users/admin/builder/spi-builder-workspace/Sources/SwiftQC/Reporting/Reporter.swift /Users/admin/builder/spi-builder-workspace/Sources/SwiftQC/Runner/PropertyRunner.swift /Users/admin/builder/spi-builder-workspace/Sources/SwiftQC/Runner/TestResult.swift /Users/admin/builder/spi-builder-workspace/Sources/SwiftQC/Shrinkers/BuiltinShrinkers.swift /Users/admin/builder/spi-builder-workspace/Sources/SwiftQC/Shrinkers/LensShrink.swift /Users/admin/builder/spi-builder-workspace/Sources/SwiftQC/Shrinkers/Shrinker.swift /Users/admin/builder/spi-builder-workspace/Sources/SwiftQC/Shrinkers/TupleShrinkers.swift /Users/admin/builder/spi-builder-workspace/Sources/SwiftQC/Stateful/Commands.swift /Users/admin/builder/spi-builder-workspace/Sources/SwiftQC/Stateful/StateModel.swift /Users/admin/builder/spi-builder-workspace/Sources/SwiftQC/Stateful/StatefulRunner.swift /Users/admin/builder/spi-builder-workspace/Sources/SwiftQC/Utils/CoverageGuided.swift /Users/admin/builder/spi-builder-workspace/Sources/SwiftQC/Utils/NoShrink.swift -supplementary-output-file-map /Users/admin/builder/spi-builder-workspace/.derivedData/Build/Intermediates.noindex/SwiftQC.build/Debug-watchos/SwiftQC-t.build/Objects-normal/arm64_32/supplementaryOutputs-7 -target arm64_32-apple-watchos9.0 -module-can-import-version CoreGraphics 2049 2049.0.0 -module-can-import-version Foundation 5027.0.69 5027.0.69 -module-can-import-version Testing 0.99.0.0 0 -module-can-import-version XCTest 25228 0 -disable-cross-import-overlay-search -load-resolved-plugin /Applications/Xcode-27.0.0-Release.Candidate.app/Contents/Developer/Platforms/WatchOS.platform/Developer/usr/lib/swift/host/plugins/libFoundationMacros.dylib\#/Applications/Xcode-27.0.0-Release.Candidate.app/Contents/Developer/Platforms/WatchOS.platform/Developer/usr/bin/swift-plugin-server\#FoundationMacros -load-resolved-plugin /Applications/Xcode-27.0.0-Release.Candidate.app/Contents/Developer/Platforms/WatchOS.platform/Developer/usr/lib/swift/host/plugins/libObservationMacros.dylib\#/Applications/Xcode-27.0.0-Release.Candidate.app/Contents/Developer/Platforms/WatchOS.platform/Developer/usr/bin/swift-plugin-server\#ObservationMacros -load-resolved-plugin /Applications/Xcode-27.0.0-Release.Candidate.app/Contents/Developer/Platforms/WatchOS.platform/Developer/usr/lib/swift/host/plugins/libSwiftMacros.dylib\#/Applications/Xcode-27.0.0-Release.Candidate.app/Contents/Developer/Platforms/WatchOS.platform/Developer/usr/bin/swift-plugin-server\#SwiftMacros -load-resolved-plugin /Applications/Xcode-27.0.0-Release.Candidate.app/Contents/Developer/Platforms/WatchOS.platform/Developer/usr/lib/swift/host/plugins/libSwiftUIMacros.dylib\#/Applications/Xcode-27.0.0-Release.Candidate.app/Contents/Developer/Platforms/WatchOS.platform/Developer/usr/bin/swift-plugin-server\#SwiftUIMacros -load-resolved-plugin \#/Users/admin/builder/spi-builder-workspace/.derivedData/Build/Products/Debug/TestingMacros\#TestingMacros -disable-implicit-swift-modules -Xcc -fno-implicit-modules -Xcc -fno-implicit-module-maps -explicit-swift-module-map-file /Users/admin/builder/spi-builder-workspace/.derivedData/Build/Intermediates.noindex/SwiftQC.build/Debug-watchos/SwiftQC-t.build/Objects-normal/arm64_32/SwiftQC-dependencies-1.json -enable-objc-interop -sdk /Applications/Xcode-27.0.0-Release.Candidate.app/Contents/Developer/Platforms/WatchOS.platform/Developer/SDKs/WatchOS27.0.sdk -I /Users/admin/builder/spi-builder-workspace/.derivedData/Build/Products/Debug-watchos -Isystem /Applications/Xcode-27.0.0-Release.Candidate.app/Contents/Developer/Platforms/WatchOS.platform/Developer/usr/lib -F /Users/admin/builder/spi-builder-workspace/.derivedData/Build/Products/Debug-watchos/PackageFrameworks -F /Users/admin/builder/spi-builder-workspace/.derivedData/Build/Products/Debug-watchos -F /Applications/Xcode-27.0.0-Release.Candidate.app/Contents/Developer/Platforms/WatchOS.platform/Developer/Library/Frameworks -F /Applications/Xcode-27.0.0-Release.Candidate.app/Contents/Developer/Platforms/WatchOS.platform/Developer/SDKs/WatchOS27.0.sdk/Developer/Library/Frameworks -module-cache-path /Users/admin/builder/spi-builder-workspace/.derivedData/Build/Intermediates.noindex/SwiftExplicitPrecompiledModules -no-color-diagnostics -Xcc -fno-color-diagnostics -enable-testing -g -debug-info-format\=dwarf -dwarf-version\=4 -profile-generate -profile-coverage-mapping -swift-version 6 -Onone -D SWIFT_PACKAGE -D DEBUG -D SWIFT_MODULE_RESOURCE_BUNDLE_UNAVAILABLE -D Xcode -serialize-debugging-options -load-plugin-executable /Users/admin/builder/spi-builder-workspace/.derivedData/Build/Products/Debug/TestingMacros\#TestingMacros -enable-experimental-feature DebugDescriptionMacro -empty-abi-descriptor -validate-clang-modules-once -clang-build-session-file /Users/admin/builder/spi-builder-workspace/.derivedData/ModuleCache.noindex/Session.modulevalidation -Xcc -working-directory -Xcc /Users/admin/builder/spi-builder-workspace/.swiftpm/xcode -enable-anonymous-context-mangled-names -file-compilation-dir /Users/admin/builder/spi-builder-workspace/.swiftpm/xcode -Xcc -fmodule-map-file\=/Users/admin/builder/spi-builder-workspace/.dependencies/checkouts/swift-testing/Sources/_TestingInternals/include/module.modulemap -Xcc -fmodule-map-file\=/Users/admin/builder/spi-builder-workspace/.dependencies/checkouts/swift-atomics/Sources/_AtomicsShims/include/module.modulemap -Xcc -D_LIBCPP_HARDENING_MODE\=_LIBCPP_HARDENING_MODE_DEBUG -Xcc -ivfsstatcache -Xcc /Users/admin/builder/spi-builder-workspace/.derivedData/SDKStatCaches.noindex/watchos27.0-24R360-e829b21a6f8c9b70876ba0858053c04477534ef55a1706bf4c1112bbb242f0a2.sdkstatcache -Xcc -fmodules-prune-interval\=86400 -Xcc -fmodules-prune-after\=345600 -Xcc -I/Users/admin/builder/spi-builder-workspace/.dependencies/checkouts/swift-testing/Sources/_TestingInternals/include -Xcc -I/Users/admin/builder/spi-builder-workspace/.dependencies/checkouts/swift-atomics/Sources/_AtomicsShims/include -Xcc -I/Users/admin/builder/spi-builder-workspace/.derivedData/Build/Products/Debug-watchos/include -Xcc -I/Users/admin/builder/spi-builder-workspace/.derivedData/Build/Intermediates.noindex/SwiftQC.build/Debug-watchos/SwiftQC-t.build/DerivedSources-normal/arm64_32 -Xcc -I/Users/admin/builder/spi-builder-workspace/.derivedData/Build/Intermediates.noindex/SwiftQC.build/Debug-watchos/SwiftQC-t.build/DerivedSources/arm64_32 -Xcc -I/Users/admin/builder/spi-builder-workspace/.derivedData/Build/Intermediates.noindex/SwiftQC.build/Debug-watchos/SwiftQC-t.build/DerivedSources -Xcc -DSWIFT_PACKAGE -Xcc -DDEBUG\=1 -no-auto-bridging-header-chaining -module-name SwiftQC -package-name spi_builder_workspace -const-gather-protocols-file /Users/admin/builder/spi-builder-workspace/.derivedData/Build/Intermediates.noindex/SwiftQC.build/Debug-watchos/SwiftQC-t.build/Objects-normal/arm64_32/SwiftQC_const_extract_protocols.json -disable-clang-spi -clang-target arm64_32-apple-watchos27.0 -target-sdk-version 27.0 -target-sdk-name watchos27.0 -in-process-plugin-server-path /Applications/Xcode-27.0.0-Release.Candidate.app/Contents/Developer/Toolchains/XcodeDefault.xctoolchain/usr/lib/swift/host/libSwiftInProcPluginServer.dylib -parse-as-library -o /Users/admin/builder/spi-builder-workspace/.derivedData/Build/Intermediates.noindex/SwiftQC.build/Debug-watchos/SwiftQC-t.build/Objects-normal/arm64_32/FloatingPoint+Arbitrary.o -o /Users/admin/builder/spi-builder-workspace/.derivedData/Build/Intermediates.noindex/SwiftQC.build/Debug-watchos/SwiftQC-t.build/Objects-normal/arm64_32/Int+Arbitrary.o -o /Users/admin/builder/spi-builder-workspace/.derivedData/Build/Intermediates.noindex/SwiftQC.build/Debug-watchos/SwiftQC-t.build/Objects-normal/arm64_32/Optional+Arbitrary.o -o /Users/admin/builder/spi-builder-workspace/.derivedData/Build/Intermediates.noindex/SwiftQC.build/Debug-watchos/SwiftQC-t.build/Objects-normal/arm64_32/Range+Arbitrary.o -debug-module-path /Users/admin/builder/spi-builder-workspace/.derivedData/Build/Intermediates.noindex/SwiftQC.build/Debug-watchos/SwiftQC-t.build/Objects-normal/arm64_32/SwiftQC.swiftmodule -index-unit-output-path /SwiftQC.build/Debug-watchos/SwiftQC-t.build/Objects-normal/arm64_32/FloatingPoint+Arbitrary.o -index-unit-output-path /SwiftQC.build/Debug-watchos/SwiftQC-t.build/Objects-normal/arm64_32/Int+Arbitrary.o -index-unit-output-path /SwiftQC.build/Debug-watchos/SwiftQC-t.build/Objects-normal/arm64_32/Optional+Arbitrary.o -index-unit-output-path /SwiftQC.build/Debug-watchos/SwiftQC-t.build/Objects-normal/arm64_32/Range+Arbitrary.o -index-store-path /Users/admin/builder/spi-builder-workspace/.derivedData/Index.noindex/DataStore -index-system-modules
SwiftCompile normal arm64_32 /Users/admin/builder/spi-builder-workspace/Sources/SwiftQC/Arbitrary/Conformances/FloatingPoint+Arbitrary.swift (in target 'SwiftQC' from project 'SwiftQC')
cd /Users/admin/builder/spi-builder-workspace/.swiftpm/xcode
builtin-SwiftPerFileCompile FloatingPoint+Arbitrary.swift
SwiftCompile normal arm64_32 /Users/admin/builder/spi-builder-workspace/Sources/SwiftQC/Arbitrary/Conformances/Int+Arbitrary.swift (in target 'SwiftQC' from project 'SwiftQC')
cd /Users/admin/builder/spi-builder-workspace/.swiftpm/xcode
builtin-SwiftPerFileCompile Int+Arbitrary.swift
SwiftCompile normal arm64_32 /Users/admin/builder/spi-builder-workspace/Sources/SwiftQC/Arbitrary/Conformances/Optional+Arbitrary.swift (in target 'SwiftQC' from project 'SwiftQC')
cd /Users/admin/builder/spi-builder-workspace/.swiftpm/xcode
builtin-SwiftPerFileCompile Optional+Arbitrary.swift
SwiftCompile normal arm64_32 /Users/admin/builder/spi-builder-workspace/Sources/SwiftQC/Arbitrary/Conformances/Range+Arbitrary.swift (in target 'SwiftQC' from project 'SwiftQC')
cd /Users/admin/builder/spi-builder-workspace/.swiftpm/xcode
builtin-SwiftPerFileCompile Range+Arbitrary.swift
SwiftCompile normal arm64_32 Compiling\ LensShrink.swift,\ Shrinker.swift,\ TupleShrinkers.swift,\ Commands.swift /Users/admin/builder/spi-builder-workspace/Sources/SwiftQC/Shrinkers/LensShrink.swift /Users/admin/builder/spi-builder-workspace/Sources/SwiftQC/Shrinkers/Shrinker.swift /Users/admin/builder/spi-builder-workspace/Sources/SwiftQC/Shrinkers/TupleShrinkers.swift /Users/admin/builder/spi-builder-workspace/Sources/SwiftQC/Stateful/Commands.swift (in target 'SwiftQC' from project 'SwiftQC')
SwiftCompile normal arm64_32 /Users/admin/builder/spi-builder-workspace/Sources/SwiftQC/Shrinkers/LensShrink.swift (in target 'SwiftQC' from project 'SwiftQC')
cd /Users/admin/builder/spi-builder-workspace/.swiftpm/xcode
builtin-SwiftPerFileCompile LensShrink.swift
SwiftCompile normal arm64_32 /Users/admin/builder/spi-builder-workspace/Sources/SwiftQC/Shrinkers/Shrinker.swift (in target 'SwiftQC' from project 'SwiftQC')
cd /Users/admin/builder/spi-builder-workspace/.swiftpm/xcode
builtin-SwiftPerFileCompile Shrinker.swift
SwiftCompile normal arm64_32 /Users/admin/builder/spi-builder-workspace/Sources/SwiftQC/Shrinkers/TupleShrinkers.swift (in target 'SwiftQC' from project 'SwiftQC')
cd /Users/admin/builder/spi-builder-workspace/.swiftpm/xcode
builtin-SwiftPerFileCompile TupleShrinkers.swift
SwiftCompile normal arm64_32 /Users/admin/builder/spi-builder-workspace/Sources/SwiftQC/Stateful/Commands.swift (in target 'SwiftQC' from project 'SwiftQC')
cd /Users/admin/builder/spi-builder-workspace/.swiftpm/xcode
builtin-SwiftPerFileCompile Commands.swift
SwiftCompile normal arm64_32 Compiling\ StateModel.swift,\ StatefulRunner.swift,\ CoverageGuided.swift,\ NoShrink.swift /Users/admin/builder/spi-builder-workspace/Sources/SwiftQC/Stateful/StateModel.swift /Users/admin/builder/spi-builder-workspace/Sources/SwiftQC/Stateful/StatefulRunner.swift /Users/admin/builder/spi-builder-workspace/Sources/SwiftQC/Utils/CoverageGuided.swift /Users/admin/builder/spi-builder-workspace/Sources/SwiftQC/Utils/NoShrink.swift (in target 'SwiftQC' from project 'SwiftQC')
SwiftCompile normal arm64_32 /Users/admin/builder/spi-builder-workspace/Sources/SwiftQC/Stateful/StateModel.swift (in target 'SwiftQC' from project 'SwiftQC')
cd /Users/admin/builder/spi-builder-workspace/.swiftpm/xcode
builtin-SwiftPerFileCompile StateModel.swift
SwiftCompile normal arm64_32 /Users/admin/builder/spi-builder-workspace/Sources/SwiftQC/Stateful/StatefulRunner.swift (in target 'SwiftQC' from project 'SwiftQC')
cd /Users/admin/builder/spi-builder-workspace/.swiftpm/xcode
builtin-SwiftPerFileCompile StatefulRunner.swift
SwiftCompile normal arm64_32 /Users/admin/builder/spi-builder-workspace/Sources/SwiftQC/Utils/CoverageGuided.swift (in target 'SwiftQC' from project 'SwiftQC')
cd /Users/admin/builder/spi-builder-workspace/.swiftpm/xcode
builtin-SwiftPerFileCompile CoverageGuided.swift
SwiftCompile normal arm64_32 /Users/admin/builder/spi-builder-workspace/Sources/SwiftQC/Utils/NoShrink.swift (in target 'SwiftQC' from project 'SwiftQC')
cd /Users/admin/builder/spi-builder-workspace/.swiftpm/xcode
builtin-SwiftPerFileCompile NoShrink.swift
SwiftEmitModule normal arm64 Emitting\ module\ for\ SwiftQC (in target 'SwiftQC' from project 'SwiftQC')
SwiftCompile normal arm64 (in target 'SwiftQC' from project 'SwiftQC')
cd /Users/admin/builder/spi-builder-workspace/.swiftpm/xcode
PruneExplicitPrecompiledModules /Users/admin/builder/spi-builder-workspace/.derivedData/SDKExplicitPrecompiledModules
PruneExplicitPrecompiledModules /Users/admin/builder/spi-builder-workspace/.derivedData/Build/Intermediates.noindex/ExplicitPrecompiledModules
PruneExplicitPrecompiledModules /Users/admin/builder/spi-builder-workspace/.derivedData/Build/Intermediates.noindex/SwiftExplicitPrecompiledModules
2026-09-22 13:06:29.543 xcodebuild[2354:13106] [MT] IDERunDestination: Supported platforms for the buildables in the current scheme is empty.
** BUILD FAILED **
The following build commands failed:
SwiftCompile normal arm64_32 Compiling\ FloatingPoint+Arbitrary.swift,\ Int+Arbitrary.swift,\ Optional+Arbitrary.swift,\ Range+Arbitrary.swift /Users/admin/builder/spi-builder-workspace/Sources/SwiftQC/Arbitrary/Conformances/FloatingPoint+Arbitrary.swift /Users/admin/builder/spi-builder-workspace/Sources/SwiftQC/Arbitrary/Conformances/Int+Arbitrary.swift /Users/admin/builder/spi-builder-workspace/Sources/SwiftQC/Arbitrary/Conformances/Optional+Arbitrary.swift /Users/admin/builder/spi-builder-workspace/Sources/SwiftQC/Arbitrary/Conformances/Range+Arbitrary.swift (in target 'SwiftQC' from project 'SwiftQC')
SwiftCompile normal arm64_32 /Users/admin/builder/spi-builder-workspace/Sources/SwiftQC/Arbitrary/Conformances/Range+Arbitrary.swift (in target 'SwiftQC' from project 'SwiftQC')
Building workspace SwiftQC with scheme SwiftQC-Package
(3 failures)
BUILD FAILURE 6.4 watchOS