Build Information
Failed to build AppHarbrSDK, reference main (c268e0), with Swift 6.4 for tvOS using Xcode 27.0 on 4 Oct 2026 04:39:02 UTC.
Build Command
env DEVELOPER_DIR=/Applications/Xcode-27.0.0-Release.Candidate.app xcrun xcodebuild -IDEClonedSourcePackagesDirPathOverride=$PWD/.dependencies -skipMacroValidation -skipPackagePluginValidation -derivedDataPath $PWD/.derivedData build -scheme AppHarbrSDK -destination generic/platform=tvOSBuild Log
========================================
RunAll
========================================
Builder version: 5.1.1
Interrupt handler set up.
========================================
Checkout
========================================
Clone URL: https://github.com/GeoEdgeSDK/AppHarbrSDK.git
Reference: main
Initialized empty Git repository in /Users/admin/builder/spi-builder-workspace/.git/
From https://github.com/GeoEdgeSDK/AppHarbrSDK
* branch main -> FETCH_HEAD
* [new branch] main -> origin/main
HEAD is now at c268e02 Add AppHarbrSDK 1.38.0
Cloned https://github.com/GeoEdgeSDK/AppHarbrSDK.git
Revision (git rev-parse @):
c268e0268b6546da11dab525fb61625d783e6049
SUCCESS checkout https://github.com/GeoEdgeSDK/AppHarbrSDK.git at main
========================================
Build
========================================
Selected platform: tvOS
Swift version: 6.4
Building package at path: $PWD
https://github.com/GeoEdgeSDK/AppHarbrSDK.git
Command line invocation:
/Applications/Xcode-27.0.0-Release.Candidate.app/Contents/Developer/usr/bin/xcodebuild -IDEClonedSourcePackagesDirPathOverride=/Users/admin/builder/spi-builder-workspace/.dependencies -resolvePackageDependencies
Resolve Package Graph
Resolve Package Graph
Resolved source packages:
AppHarbrSDK: /Users/admin/builder/spi-builder-workspace
resolved source packages: AppHarbrSDK
2026-10-04 00:38:16.638 xcodebuild[529:3017] [MT] IDERunDestination: Supported platforms for the buildables in the current scheme is empty.
{
"dependencies" : [
],
"manifest_display_name" : "AppHarbrSDK",
"name" : "AppHarbrSDK",
"path" : "/Users/admin/builder/spi-builder-workspace",
"platforms" : [
{
"name" : "ios",
"version" : "12.0"
}
],
"products" : [
{
"name" : "AppHarbrSDK",
"targets" : [
"AppHarbrSDK"
],
"type" : {
"library" : [
"automatic"
]
}
}
],
"targets" : [
{
"c99name" : "AppHarbrSDK",
"module_type" : "BinaryTarget",
"name" : "AppHarbrSDK",
"path" : "remote/archive/AH-SDK-iOS-1.38.0.zip",
"product_memberships" : [
"AppHarbrSDK"
],
"sources" : [
],
"type" : "binary"
}
],
"tools_version" : "5.5"
}
{
"workspace" : {
"name" : "AppHarbrSDK",
"schemes" : [
"AppHarbrSDK"
]
}
}
2026-10-04 00:38:57.308 xcodebuild[659:4171] [MT] IDERunDestination: Supported platforms for the buildables in the current scheme is empty.
Running build ...
env DEVELOPER_DIR=/Applications/Xcode-27.0.0-Release.Candidate.app xcrun xcodebuild -IDEClonedSourcePackagesDirPathOverride=$PWD/.dependencies -skipMacroValidation -skipPackagePluginValidation -derivedDataPath $PWD/.derivedData build -scheme AppHarbrSDK -destination generic/platform=tvOS
Command line invocation:
/Applications/Xcode-27.0.0-Release.Candidate.app/Contents/Developer/usr/bin/xcodebuild -IDEClonedSourcePackagesDirPathOverride=/Users/admin/builder/spi-builder-workspace/.dependencies -skipMacroValidation -skipPackagePluginValidation -derivedDataPath /Users/admin/builder/spi-builder-workspace/.derivedData build -scheme AppHarbrSDK -destination generic/platform=tvOS
Resolve Package Graph
Resolved source packages:
AppHarbrSDK: /Users/admin/builder/spi-builder-workspace
ComputePackagePrebuildTargetDependencyGraph
Prepare packages
CreateBuildRequest
SendProjectDescription
CreateBuildOperation
ComputeTargetDependencyGraph
note: Building targets in dependency order
note: Target dependency graph (1 target)
Target 'AppHarbrSDK-product' in project 'AppHarbrSDK' (no dependencies)
GatherProvisioningInputs
CreateBuildDescription
ExecuteExternalTool /Applications/Xcode-27.0.0-Release.Candidate.app/Contents/Developer/Toolchains/XcodeDefault.xctoolchain/usr/bin/clang -v -E -dM -isysroot /Applications/Xcode-27.0.0-Release.Candidate.app/Contents/Developer/Platforms/AppleTVOS.platform/Developer/SDKs/AppleTVOS27.0.sdk -x c -c /dev/null
Build description signature: 628af6cb6612932726848690da7f1c50
Build description path: /Users/admin/builder/spi-builder-workspace/.derivedData/Build/Intermediates.noindex/XCBuildData/628af6cb6612932726848690da7f1c50.xcbuilddata
/Users/admin/builder/spi-builder-workspace/.dependencies/artifacts/spi-builder-workspace/AppHarbrSDK/AppHarbrSDK.xcframework:1:1: error: While building for tvOS, no library for this platform was found in '/Users/admin/builder/spi-builder-workspace/.dependencies/artifacts/spi-builder-workspace/AppHarbrSDK/AppHarbrSDK.xcframework'. (in target 'AppHarbrSDK-product' from project 'AppHarbrSDK')
2026-10-04 00:38:58.825 xcodebuild[660:4217] [MT] IDERunDestination: Supported platforms for the buildables in the current scheme is empty.
** BUILD FAILED **
The following build commands failed:
Building workspace AppHarbrSDK with scheme AppHarbrSDK
(1 failure)
Command line invocation:
/Applications/Xcode-27.0.0-Release.Candidate.app/Contents/Developer/usr/bin/xcodebuild -IDEClonedSourcePackagesDirPathOverride=/Users/admin/builder/spi-builder-workspace/.dependencies -resolvePackageDependencies
Resolve Package Graph
Resolved source packages:
AppHarbrSDK: /Users/admin/builder/spi-builder-workspace
resolved source packages: AppHarbrSDK
2026-10-04 00:39:00.369 xcodebuild[672:4314] [MT] IDERunDestination: Supported platforms for the buildables in the current scheme is empty.
{
"dependencies" : [
],
"manifest_display_name" : "AppHarbrSDK",
"name" : "AppHarbrSDK",
"path" : "/Users/admin/builder/spi-builder-workspace",
"platforms" : [
{
"name" : "ios",
"version" : "12.0"
}
],
"products" : [
{
"name" : "AppHarbrSDK",
"targets" : [
"AppHarbrSDK"
],
"type" : {
"library" : [
"automatic"
]
}
}
],
"targets" : [
{
"c99name" : "AppHarbrSDK",
"module_type" : "BinaryTarget",
"name" : "AppHarbrSDK",
"path" : "remote/archive/AH-SDK-iOS-1.38.0.zip",
"product_memberships" : [
"AppHarbrSDK"
],
"sources" : [
],
"type" : "binary"
}
],
"tools_version" : "5.5"
}
{
"workspace" : {
"name" : "AppHarbrSDK",
"schemes" : [
"AppHarbrSDK"
]
}
}
2026-10-04 00:39:01.639 xcodebuild[680:4376] [MT] IDERunDestination: Supported platforms for the buildables in the current scheme is empty.
Running build ...
env DEVELOPER_DIR=/Applications/Xcode-27.0.0-Release.Candidate.app xcrun xcodebuild -IDEClonedSourcePackagesDirPathOverride=$PWD/.dependencies -skipMacroValidation -skipPackagePluginValidation -derivedDataPath $PWD/.derivedData build -scheme AppHarbrSDK -destination generic/platform=tvOS
Command line invocation:
/Applications/Xcode-27.0.0-Release.Candidate.app/Contents/Developer/usr/bin/xcodebuild -IDEClonedSourcePackagesDirPathOverride=/Users/admin/builder/spi-builder-workspace/.dependencies -skipMacroValidation -skipPackagePluginValidation -derivedDataPath /Users/admin/builder/spi-builder-workspace/.derivedData build -scheme AppHarbrSDK -destination generic/platform=tvOS
Resolve Package Graph
Resolved source packages:
AppHarbrSDK: /Users/admin/builder/spi-builder-workspace
ComputePackagePrebuildTargetDependencyGraph
Prepare packages
CreateBuildRequest
SendProjectDescription
CreateBuildOperation
ComputeTargetDependencyGraph
note: Building targets in dependency order
note: Target dependency graph (1 target)
Target 'AppHarbrSDK-product' in project 'AppHarbrSDK' (no dependencies)
GatherProvisioningInputs
CreateBuildDescription
/Users/admin/builder/spi-builder-workspace/.dependencies/artifacts/spi-builder-workspace/AppHarbrSDK/AppHarbrSDK.xcframework:1:1: error: While building for tvOS, no library for this platform was found in '/Users/admin/builder/spi-builder-workspace/.dependencies/artifacts/spi-builder-workspace/AppHarbrSDK/AppHarbrSDK.xcframework'. (in target 'AppHarbrSDK-product' from project 'AppHarbrSDK')
2026-10-04 00:39:02.588 xcodebuild[681:4408] [MT] IDERunDestination: Supported platforms for the buildables in the current scheme is empty.
** BUILD FAILED **
The following build commands failed:
Building workspace AppHarbrSDK with scheme AppHarbrSDK
(1 failure)
BUILD FAILURE 6.4 tvOS