The Swift Package Index logo.Swift Package Index

Build Information

Failed to build LNTouchVisualizer, reference master (07c153), with Swift 6.4 for Wasm on 21 Sep 2026 01:49:44 UTC.

Build Command

bash -c docker run --pull=always --rm -v "checkouts-54344843-0":/host -w "$PWD" -e JAVA_HOME="/root/.sdkman/candidates/java/current" -e SPI_BUILD="1" -e SPI_PROCESSING="1" registry.gitlab.com/saguaro1/spi-images:wasm-6.4-latest swift build --swift-sdk swift-6.4.x-DEVELOPMENT-SNAPSHOT-2026-09-04-a_wasm 2>&1

Build Log

========================================
RunAll
========================================
Builder version: 5.1.0
Interrupt handler set up.
========================================
Checkout
========================================
Clone URL: https://github.com/LeoNatan/LNTouchVisualizer.git
Reference: master
Initialized empty Git repository in /host/spi-builder-workspace/.git/
hint: Using 'master' as the name for the initial branch. This default branch name
hint: is subject to change. To configure the initial branch name to use in all
hint: of your new repositories, which will suppress this warning, call:
hint:
hint: 	git config --global init.defaultBranch <name>
hint:
hint: Names commonly chosen instead of 'master' are 'main', 'trunk' and
hint: 'development'. The just-created branch can be renamed via this command:
hint:
hint: 	git branch -m <name>
From https://github.com/LeoNatan/LNTouchVisualizer
 * branch            master     -> FETCH_HEAD
 * [new branch]      master     -> origin/master
HEAD is now at 07c1534 1.0.5
Cloned https://github.com/LeoNatan/LNTouchVisualizer.git
Revision (git rev-parse @):
07c15344366caddbcd05f519984a726b07a61166
SUCCESS checkout https://github.com/LeoNatan/LNTouchVisualizer.git at master
========================================
Build
========================================
Selected platform:         wasm
Swift version:             6.4
Building package at path:  $PWD
https://github.com/LeoNatan/LNTouchVisualizer.git
Running build ...
bash -c docker run --pull=always --rm -v "checkouts-54344843-0":/host -w "$PWD" -e JAVA_HOME="/root/.sdkman/candidates/java/current" -e SPI_BUILD="1" -e SPI_PROCESSING="1" registry.gitlab.com/saguaro1/spi-images:wasm-6.4-latest swift build --swift-sdk swift-6.4.x-DEVELOPMENT-SNAPSHOT-2026-09-04-a_wasm 2>&1
wasm-6.4-latest: Pulling from saguaro1/spi-images
Digest: sha256:4328fdb43c680d205c1d6761b1e3267aa38277eefdda9ddfb17b6a0f1a77857a
Status: Image is up to date for registry.gitlab.com/saguaro1/spi-images:wasm-6.4-latest
Building for debugging...
[Planning deferred tasks]
In file included from /host/spi-builder-workspace/LNTouchVisualizer/LNTouchVisualizer/Private/LNTouchImageView.m:9:
/host/spi-builder-workspace/LNTouchVisualizer/LNTouchVisualizer/Private/LNTouchImageView.h:9:9: fatal error: 'UIKit/UIKit.h' file not found
    9 | #import <UIKit/UIKit.h>
      |         ^~~~~~~~~~~~~~~
1 error generated.
error: CompileC /host/spi-builder-workspace/.build/out/Intermediates.noindex/LNTouchVisualizer.build/Debug-webassembly-wasm32/LNTouchVisualizer-t.build/Objects-normal/wasm32/LNTouchImageView.o /host/spi-builder-workspace/LNTouchVisualizer/LNTouchVisualizer/Private/LNTouchImageView.m normal wasm32 objective-c com.apple.compilers.llvm.clang.1_0.compiler failed with a nonzero exit code. Command line:     cd /host

    Using response file: /host/spi-builder-workspace/.build/out/Intermediates.noindex/LNTouchVisualizer.build/Debug-webassembly-wasm32/LNTouchVisualizer-t.build/Objects-normal/wasm32/6f95552a3397ee1cec971b90cf334075d5f321c3a3b0689ad55c3d1e24702600-common-args.resp

    /usr/bin/clang -x objective-c -target wasm32-unknown-wasip1 -fmessage-length\=0 -fdiagnostics-show-note-include-stack -fmacro-backtrace-limit\=0 -fcolor-diagnostics -Wno-trigraphs -Wno-missing-field-initializers -Wno-missing-prototypes -Wno-return-type -Wno-implicit-atomic-properties -Wno-objc-interface-ivars -Wno-arc-repeated-use-of-weak -Wno-missing-braces -Wparentheses -Wswitch -Wno-unused-function -Wno-unused-label -Wno-unused-parameter -Wno-unused-variable -Wunused-value -Wno-empty-body -Wno-uninitialized -Wno-unknown-pragmas -Wno-shadow -Wno-four-char-constants -Wno-conversion -Wno-constant-conversion -Wno-int-conversion -Wno-bool-conversion -Wno-enum-conversion -Wno-float-conversion -Wno-non-literal-null-conversion -Wno-objc-literal-conversion -Wno-shorten-64-to-32 -Wpointer-sign -Wno-newline-eof -Wno-selector -Wno-strict-selector-match -Wno-undeclared-selector -Wno-deprecated-implementations -Wno-implicit-fallthrough -fstrict-aliasing -Wprotocol -Wdeprecated-declarations -Wno-sign-conversion -Wno-infinite-recursion -Wno-comma -Wno-block-capture-autoreleasing -Wno-strict-prototypes -Wno-semicolon-before-method-body --sysroot /root/.swiftpm/swift-sdks/swift-6.4.x-DEVELOPMENT-SNAPSHOT-2026-09-04-a_wasm.artifactbundle/swift-6.4.x-DEVELOPMENT-SNAPSHOT-2026-09-04-a_wasm/wasm32-unknown-wasip1/WASI.sdk @/host/spi-builder-workspace/.build/out/Intermediates.noindex/LNTouchVisualizer.build/Debug-webassembly-wasm32/LNTouchVisualizer-t.build/Objects-normal/wasm32/6f95552a3397ee1cec971b90cf334075d5f321c3a3b0689ad55c3d1e24702600-common-args.resp -MMD -MT dependencies -MF /host/spi-builder-workspace/.build/out/Intermediates.noindex/LNTouchVisualizer.build/Debug-webassembly-wasm32/LNTouchVisualizer-t.build/Objects-normal/wasm32/LNTouchImageView.d --serialize-diagnostics /host/spi-builder-workspace/.build/out/Intermediates.noindex/LNTouchVisualizer.build/Debug-webassembly-wasm32/LNTouchVisualizer-t.build/Objects-normal/wasm32/LNTouchImageView.dia -c /host/spi-builder-workspace/LNTouchVisualizer/LNTouchVisualizer/Private/LNTouchImageView.m -o /host/spi-builder-workspace/.build/out/Intermediates.noindex/LNTouchVisualizer.build/Debug-webassembly-wasm32/LNTouchVisualizer-t.build/Objects-normal/wasm32/LNTouchImageView.o
In file included from /host/spi-builder-workspace/LNTouchVisualizer/LNTouchVisualizer/Private/LNTouchImageFactory.m:9:
/host/spi-builder-workspace/LNTouchVisualizer/LNTouchVisualizer/Private/LNTouchImageFactory.h:9:9: fatal error: 'UIKit/UIKit.h' file not found
    9 | #import <UIKit/UIKit.h>
      |         ^~~~~~~~~~~~~~~
1 error generated.
error: CompileC /host/spi-builder-workspace/.build/out/Intermediates.noindex/LNTouchVisualizer.build/Debug-webassembly-wasm32/LNTouchVisualizer-t.build/Objects-normal/wasm32/LNTouchImageFactory.o /host/spi-builder-workspace/LNTouchVisualizer/LNTouchVisualizer/Private/LNTouchImageFactory.m normal wasm32 objective-c com.apple.compilers.llvm.clang.1_0.compiler failed with a nonzero exit code. Command line:     cd /host

    Using response file: /host/spi-builder-workspace/.build/out/Intermediates.noindex/LNTouchVisualizer.build/Debug-webassembly-wasm32/LNTouchVisualizer-t.build/Objects-normal/wasm32/6f95552a3397ee1cec971b90cf334075d5f321c3a3b0689ad55c3d1e24702600-common-args.resp

    /usr/bin/clang -x objective-c -target wasm32-unknown-wasip1 -fmessage-length\=0 -fdiagnostics-show-note-include-stack -fmacro-backtrace-limit\=0 -fcolor-diagnostics -Wno-trigraphs -Wno-missing-field-initializers -Wno-missing-prototypes -Wno-return-type -Wno-implicit-atomic-properties -Wno-objc-interface-ivars -Wno-arc-repeated-use-of-weak -Wno-missing-braces -Wparentheses -Wswitch -Wno-unused-function -Wno-unused-label -Wno-unused-parameter -Wno-unused-variable -Wunused-value -Wno-empty-body -Wno-uninitialized -Wno-unknown-pragmas -Wno-shadow -Wno-four-char-constants -Wno-conversion -Wno-constant-conversion -Wno-int-conversion -Wno-bool-conversion -Wno-enum-conversion -Wno-float-conversion -Wno-non-literal-null-conversion -Wno-objc-literal-conversion -Wno-shorten-64-to-32 -Wpointer-sign -Wno-newline-eof -Wno-selector -Wno-strict-selector-match -Wno-undeclared-selector -Wno-deprecated-implementations -Wno-implicit-fallthrough -fstrict-aliasing -Wprotocol -Wdeprecated-declarations -Wno-sign-conversion -Wno-infinite-recursion -Wno-comma -Wno-block-capture-autoreleasing -Wno-strict-prototypes -Wno-semicolon-before-method-body --sysroot /root/.swiftpm/swift-sdks/swift-6.4.x-DEVELOPMENT-SNAPSHOT-2026-09-04-a_wasm.artifactbundle/swift-6.4.x-DEVELOPMENT-SNAPSHOT-2026-09-04-a_wasm/wasm32-unknown-wasip1/WASI.sdk @/host/spi-builder-workspace/.build/out/Intermediates.noindex/LNTouchVisualizer.build/Debug-webassembly-wasm32/LNTouchVisualizer-t.build/Objects-normal/wasm32/6f95552a3397ee1cec971b90cf334075d5f321c3a3b0689ad55c3d1e24702600-common-args.resp -MMD -MT dependencies -MF /host/spi-builder-workspace/.build/out/Intermediates.noindex/LNTouchVisualizer.build/Debug-webassembly-wasm32/LNTouchVisualizer-t.build/Objects-normal/wasm32/LNTouchImageFactory.d --serialize-diagnostics /host/spi-builder-workspace/.build/out/Intermediates.noindex/LNTouchVisualizer.build/Debug-webassembly-wasm32/LNTouchVisualizer-t.build/Objects-normal/wasm32/LNTouchImageFactory.dia -c /host/spi-builder-workspace/LNTouchVisualizer/LNTouchVisualizer/Private/LNTouchImageFactory.m -o /host/spi-builder-workspace/.build/out/Intermediates.noindex/LNTouchVisualizer.build/Debug-webassembly-wasm32/LNTouchVisualizer-t.build/Objects-normal/wasm32/LNTouchImageFactory.o
In file included from /host/spi-builder-workspace/LNTouchVisualizer/LNTouchVisualizer/Private/LNTouchConfig.m:9:
/host/spi-builder-workspace/LNTouchVisualizer/include/LNTouchVisualizer/LNTouchConfig.h:9:9: fatal error: 'UIKit/UIKit.h' file not found
    9 | #import <UIKit/UIKit.h>
      |         ^~~~~~~~~~~~~~~
1 error generated.
error: CompileC /host/spi-builder-workspace/.build/out/Intermediates.noindex/LNTouchVisualizer.build/Debug-webassembly-wasm32/LNTouchVisualizer-t.build/Objects-normal/wasm32/LNTouchConfig.o /host/spi-builder-workspace/LNTouchVisualizer/LNTouchVisualizer/Private/LNTouchConfig.m normal wasm32 objective-c com.apple.compilers.llvm.clang.1_0.compiler failed with a nonzero exit code. Command line:     cd /host

    Using response file: /host/spi-builder-workspace/.build/out/Intermediates.noindex/LNTouchVisualizer.build/Debug-webassembly-wasm32/LNTouchVisualizer-t.build/Objects-normal/wasm32/6f95552a3397ee1cec971b90cf334075d5f321c3a3b0689ad55c3d1e24702600-common-args.resp

    /usr/bin/clang -x objective-c -target wasm32-unknown-wasip1 -fmessage-length\=0 -fdiagnostics-show-note-include-stack -fmacro-backtrace-limit\=0 -fcolor-diagnostics -Wno-trigraphs -Wno-missing-field-initializers -Wno-missing-prototypes -Wno-return-type -Wno-implicit-atomic-properties -Wno-objc-interface-ivars -Wno-arc-repeated-use-of-weak -Wno-missing-braces -Wparentheses -Wswitch -Wno-unused-function -Wno-unused-label -Wno-unused-parameter -Wno-unused-variable -Wunused-value -Wno-empty-body -Wno-uninitialized -Wno-unknown-pragmas -Wno-shadow -Wno-four-char-constants -Wno-conversion -Wno-constant-conversion -Wno-int-conversion -Wno-bool-conversion -Wno-enum-conversion -Wno-float-conversion -Wno-non-literal-null-conversion -Wno-objc-literal-conversion -Wno-shorten-64-to-32 -Wpointer-sign -Wno-newline-eof -Wno-selector -Wno-strict-selector-match -Wno-undeclared-selector -Wno-deprecated-implementations -Wno-implicit-fallthrough -fstrict-aliasing -Wprotocol -Wdeprecated-declarations -Wno-sign-conversion -Wno-infinite-recursion -Wno-comma -Wno-block-capture-autoreleasing -Wno-strict-prototypes -Wno-semicolon-before-method-body --sysroot /root/.swiftpm/swift-sdks/swift-6.4.x-DEVELOPMENT-SNAPSHOT-2026-09-04-a_wasm.artifactbundle/swift-6.4.x-DEVELOPMENT-SNAPSHOT-2026-09-04-a_wasm/wasm32-unknown-wasip1/WASI.sdk @/host/spi-builder-workspace/.build/out/Intermediates.noindex/LNTouchVisualizer.build/Debug-webassembly-wasm32/LNTouchVisualizer-t.build/Objects-normal/wasm32/6f95552a3397ee1cec971b90cf334075d5f321c3a3b0689ad55c3d1e24702600-common-args.resp -MMD -MT dependencies -MF /host/spi-builder-workspace/.build/out/Intermediates.noindex/LNTouchVisualizer.build/Debug-webassembly-wasm32/LNTouchVisualizer-t.build/Objects-normal/wasm32/LNTouchConfig.d --serialize-diagnostics /host/spi-builder-workspace/.build/out/Intermediates.noindex/LNTouchVisualizer.build/Debug-webassembly-wasm32/LNTouchVisualizer-t.build/Objects-normal/wasm32/LNTouchConfig.dia -c /host/spi-builder-workspace/LNTouchVisualizer/LNTouchVisualizer/Private/LNTouchConfig.m -o /host/spi-builder-workspace/.build/out/Intermediates.noindex/LNTouchVisualizer.build/Debug-webassembly-wasm32/LNTouchVisualizer-t.build/Objects-normal/wasm32/LNTouchConfig.o
In file included from /host/spi-builder-workspace/LNTouchVisualizer/LNTouchVisualizer/Private/UIWindowScene+TouchVisualizer.m:9:
/host/spi-builder-workspace/LNTouchVisualizer/include/LNTouchVisualizer/UIWindowScene+TouchVisualizer.h:9:9: fatal error: 'UIKit/UIKit.h' file not found
    9 | #import <UIKit/UIKit.h>
      |         ^~~~~~~~~~~~~~~
1 error generated.
error: CompileC /host/spi-builder-workspace/.build/out/Intermediates.noindex/LNTouchVisualizer.build/Debug-webassembly-wasm32/LNTouchVisualizer-t.build/Objects-normal/wasm32/UIWindowScene+TouchVisualizer.o /host/spi-builder-workspace/LNTouchVisualizer/LNTouchVisualizer/Private/UIWindowScene+TouchVisualizer.m normal wasm32 objective-c com.apple.compilers.llvm.clang.1_0.compiler failed with a nonzero exit code. Command line:     cd /host

    Using response file: /host/spi-builder-workspace/.build/out/Intermediates.noindex/LNTouchVisualizer.build/Debug-webassembly-wasm32/LNTouchVisualizer-t.build/Objects-normal/wasm32/6f95552a3397ee1cec971b90cf334075d5f321c3a3b0689ad55c3d1e24702600-common-args.resp

    /usr/bin/clang -x objective-c -target wasm32-unknown-wasip1 -fmessage-length\=0 -fdiagnostics-show-note-include-stack -fmacro-backtrace-limit\=0 -fcolor-diagnostics -Wno-trigraphs -Wno-missing-field-initializers -Wno-missing-prototypes -Wno-return-type -Wno-implicit-atomic-properties -Wno-objc-interface-ivars -Wno-arc-repeated-use-of-weak -Wno-missing-braces -Wparentheses -Wswitch -Wno-unused-function -Wno-unused-label -Wno-unused-parameter -Wno-unused-variable -Wunused-value -Wno-empty-body -Wno-uninitialized -Wno-unknown-pragmas -Wno-shadow -Wno-four-char-constants -Wno-conversion -Wno-constant-conversion -Wno-int-conversion -Wno-bool-conversion -Wno-enum-conversion -Wno-float-conversion -Wno-non-literal-null-conversion -Wno-objc-literal-conversion -Wno-shorten-64-to-32 -Wpointer-sign -Wno-newline-eof -Wno-selector -Wno-strict-selector-match -Wno-undeclared-selector -Wno-deprecated-implementations -Wno-implicit-fallthrough -fstrict-aliasing -Wprotocol -Wdeprecated-declarations -Wno-sign-conversion -Wno-infinite-recursion -Wno-comma -Wno-block-capture-autoreleasing -Wno-strict-prototypes -Wno-semicolon-before-method-body --sysroot /root/.swiftpm/swift-sdks/swift-6.4.x-DEVELOPMENT-SNAPSHOT-2026-09-04-a_wasm.artifactbundle/swift-6.4.x-DEVELOPMENT-SNAPSHOT-2026-09-04-a_wasm/wasm32-unknown-wasip1/WASI.sdk @/host/spi-builder-workspace/.build/out/Intermediates.noindex/LNTouchVisualizer.build/Debug-webassembly-wasm32/LNTouchVisualizer-t.build/Objects-normal/wasm32/6f95552a3397ee1cec971b90cf334075d5f321c3a3b0689ad55c3d1e24702600-common-args.resp -MMD -MT dependencies -MF /host/spi-builder-workspace/.build/out/Intermediates.noindex/LNTouchVisualizer.build/Debug-webassembly-wasm32/LNTouchVisualizer-t.build/Objects-normal/wasm32/UIWindowScene+TouchVisualizer.d --serialize-diagnostics /host/spi-builder-workspace/.build/out/Intermediates.noindex/LNTouchVisualizer.build/Debug-webassembly-wasm32/LNTouchVisualizer-t.build/Objects-normal/wasm32/UIWindowScene+TouchVisualizer.dia -c /host/spi-builder-workspace/LNTouchVisualizer/LNTouchVisualizer/Private/UIWindowScene+TouchVisualizer.m -o /host/spi-builder-workspace/.build/out/Intermediates.noindex/LNTouchVisualizer.build/Debug-webassembly-wasm32/LNTouchVisualizer-t.build/Objects-normal/wasm32/UIWindowScene+TouchVisualizer.o
In file included from /host/spi-builder-workspace/LNTouchVisualizer/LNTouchVisualizer/Private/LNTouchVisualizerWindow.m:9:
/host/spi-builder-workspace/LNTouchVisualizer/include/LNTouchVisualizer/LNTouchVisualizerWindow.h:8:9: fatal error: 'UIKit/UIKit.h' file not found
    8 | #import <UIKit/UIKit.h>
      |         ^~~~~~~~~~~~~~~
1 error generated.
error: CompileC /host/spi-builder-workspace/.build/out/Intermediates.noindex/LNTouchVisualizer.build/Debug-webassembly-wasm32/LNTouchVisualizer-t.build/Objects-normal/wasm32/LNTouchVisualizerWindow.o /host/spi-builder-workspace/LNTouchVisualizer/LNTouchVisualizer/Private/LNTouchVisualizerWindow.m normal wasm32 objective-c com.apple.compilers.llvm.clang.1_0.compiler failed with a nonzero exit code. Command line:     cd /host

    Using response file: /host/spi-builder-workspace/.build/out/Intermediates.noindex/LNTouchVisualizer.build/Debug-webassembly-wasm32/LNTouchVisualizer-t.build/Objects-normal/wasm32/6f95552a3397ee1cec971b90cf334075d5f321c3a3b0689ad55c3d1e24702600-common-args.resp

    /usr/bin/clang -x objective-c -target wasm32-unknown-wasip1 -fmessage-length\=0 -fdiagnostics-show-note-include-stack -fmacro-backtrace-limit\=0 -fcolor-diagnostics -Wno-trigraphs -Wno-missing-field-initializers -Wno-missing-prototypes -Wno-return-type -Wno-implicit-atomic-properties -Wno-objc-interface-ivars -Wno-arc-repeated-use-of-weak -Wno-missing-braces -Wparentheses -Wswitch -Wno-unused-function -Wno-unused-label -Wno-unused-parameter -Wno-unused-variable -Wunused-value -Wno-empty-body -Wno-uninitialized -Wno-unknown-pragmas -Wno-shadow -Wno-four-char-constants -Wno-conversion -Wno-constant-conversion -Wno-int-conversion -Wno-bool-conversion -Wno-enum-conversion -Wno-float-conversion -Wno-non-literal-null-conversion -Wno-objc-literal-conversion -Wno-shorten-64-to-32 -Wpointer-sign -Wno-newline-eof -Wno-selector -Wno-strict-selector-match -Wno-undeclared-selector -Wno-deprecated-implementations -Wno-implicit-fallthrough -fstrict-aliasing -Wprotocol -Wdeprecated-declarations -Wno-sign-conversion -Wno-infinite-recursion -Wno-comma -Wno-block-capture-autoreleasing -Wno-strict-prototypes -Wno-semicolon-before-method-body --sysroot /root/.swiftpm/swift-sdks/swift-6.4.x-DEVELOPMENT-SNAPSHOT-2026-09-04-a_wasm.artifactbundle/swift-6.4.x-DEVELOPMENT-SNAPSHOT-2026-09-04-a_wasm/wasm32-unknown-wasip1/WASI.sdk @/host/spi-builder-workspace/.build/out/Intermediates.noindex/LNTouchVisualizer.build/Debug-webassembly-wasm32/LNTouchVisualizer-t.build/Objects-normal/wasm32/6f95552a3397ee1cec971b90cf334075d5f321c3a3b0689ad55c3d1e24702600-common-args.resp -MMD -MT dependencies -MF /host/spi-builder-workspace/.build/out/Intermediates.noindex/LNTouchVisualizer.build/Debug-webassembly-wasm32/LNTouchVisualizer-t.build/Objects-normal/wasm32/LNTouchVisualizerWindow.d --serialize-diagnostics /host/spi-builder-workspace/.build/out/Intermediates.noindex/LNTouchVisualizer.build/Debug-webassembly-wasm32/LNTouchVisualizer-t.build/Objects-normal/wasm32/LNTouchVisualizerWindow.dia -c /host/spi-builder-workspace/LNTouchVisualizer/LNTouchVisualizer/Private/LNTouchVisualizerWindow.m -o /host/spi-builder-workspace/.build/out/Intermediates.noindex/LNTouchVisualizer.build/Debug-webassembly-wasm32/LNTouchVisualizer-t.build/Objects-normal/wasm32/LNTouchVisualizerWindow.o
error: Build failed
BUILD FAILURE 6.4 wasm