The Swift Package Index logo.Swift Package Index

Build Information

Failed to build RealmSwiftMacro, reference main (b98237), with Swift 6.4 for macOS (Xcode) using Xcode 27.0 on 19 Sep 2026 16:34:15 UTC.

Build Command

env DEVELOPER_DIR=/Applications/Xcode-27.0.0-Release.Candidate.app xcrun xcodebuild -IDEClonedSourcePackagesDirPathOverride=$PWD/.dependencies -skipMacroValidation -skipPackagePluginValidation -derivedDataPath $PWD/.derivedData build -scheme RealmSwiftMacro-Package -destination platform=macOS,arch=arm64

Build Log

In file included from /Applications/Xcode-27.0.0-Release.Candidate.app/Contents/Developer/Platforms/MacOSX.platform/Developer/SDKs/MacOSX27.0.sdk/usr/include/c++/v1/__iterator/advance.h:26:
In file included from /Applications/Xcode-27.0.0-Release.Candidate.app/Contents/Developer/Platforms/MacOSX.platform/Developer/SDKs/MacOSX27.0.sdk/usr/include/c++/v1/limits:524:
In file included from /Applications/Xcode-27.0.0-Release.Candidate.app/Contents/Developer/Platforms/MacOSX.platform/Developer/SDKs/MacOSX27.0.sdk/usr/include/c++/v1/type_traits:505:
/Applications/Xcode-27.0.0-Release.Candidate.app/Contents/Developer/Platforms/MacOSX.platform/Developer/SDKs/MacOSX27.0.sdk/usr/include/c++/v1/__type_traits/is_pod.h:22:36: note: marked '_Clang::no_specializations' here
   22 | struct _LIBCPP_DEPRECATED_IN_CXX20 _LIBCPP_NO_SPECIALIZATIONS is_pod : integral_constant<bool, __is_pod(_Tp)> {};
      |                                    ^
In file included from /Users/admin/builder/spi-builder-workspace/.dependencies/checkouts/realm-core/src/external/s2/s2latlngrect.cc:3:
In file included from /Applications/Xcode-27.0.0-Release.Candidate.app/Contents/Developer/Platforms/MacOSX.platform/Developer/SDKs/MacOSX27.0.sdk/usr/include/c++/v1/algorithm:1840:
/Applications/Xcode-27.0.0-Release.Candidate.app/Contents/Developer/Platforms/MacOSX.platform/Developer/SDKs/MacOSX27.0.sdk/usr/include/c++/v1/__config:970:9: note: expanded from macro '_LIBCPP_NO_SPECIALIZATIONS'
  970 |       [[_Clang::__no_specializations__("Users are not allowed to specialize this standard library entity")]]
      |         ^
In file included from /Users/admin/builder/spi-builder-workspace/.dependencies/checkouts/realm-core/src/external/s2/s2latlngrect.cc:10:
In file included from /Users/admin/builder/spi-builder-workspace/.dependencies/checkouts/realm-core/src/external/s2/s2latlngrect.h:15:
In file included from /Users/admin/builder/spi-builder-workspace/.dependencies/checkouts/realm-core/src/external/s2/r1interval.h:21:
/Users/admin/builder/spi-builder-workspace/.dependencies/checkouts/realm-core/src/external/s2/util/math/vector2-inl.h:358:1: error: 'is_pod' cannot be specialized: Users are not allowed to specialize this standard library entity [-Winvalid-specialization]
  358 | PROPAGATE_POD_FROM_TEMPLATE_ARGUMENT(Vector2);
      | ^
In file included from /Users/admin/builder/spi-builder-workspace/.dependencies/checkouts/realm-core/src/external/s2/s2latlngrect.cc:10:
In file included from /Users/admin/builder/spi-builder-workspace/.dependencies/checkouts/realm-core/src/external/s2/s2latlngrect.h:12:
In file included from /Users/admin/builder/spi-builder-workspace/.dependencies/checkouts/realm-core/src/external/s2/base/basictypes.h:9:
In file included from /Users/admin/builder/spi-builder-workspace/.dependencies/checkouts/realm-core/src/external/s2/base/casts.h:19:
/Users/admin/builder/spi-builder-workspace/.dependencies/checkouts/realm-core/src/external/s2/base/macros.h:181:30: note: expanded from macro 'PROPAGATE_POD_FROM_TEMPLATE_ARGUMENT'
  181 | template <typename T> struct is_pod<TemplateName<T> > : std::is_trivial<T> { }; \
      |                              ^
In file included from /Users/admin/builder/spi-builder-workspace/.dependencies/checkouts/realm-core/src/external/s2/s2latlngrect.cc:3:
In file included from /Applications/Xcode-27.0.0-Release.Candidate.app/Contents/Developer/Platforms/MacOSX.platform/Developer/SDKs/MacOSX27.0.sdk/usr/include/c++/v1/algorithm:1845:
In file included from /Applications/Xcode-27.0.0-Release.Candidate.app/Contents/Developer/Platforms/MacOSX.platform/Developer/SDKs/MacOSX27.0.sdk/usr/include/c++/v1/__algorithm/binary_search.h:14:
In file included from /Applications/Xcode-27.0.0-Release.Candidate.app/Contents/Developer/Platforms/MacOSX.platform/Developer/SDKs/MacOSX27.0.sdk/usr/include/c++/v1/__algorithm/lower_bound.h:14:
In file included from /Applications/Xcode-27.0.0-Release.Candidate.app/Contents/Developer/Platforms/MacOSX.platform/Developer/SDKs/MacOSX27.0.sdk/usr/include/c++/v1/__algorithm/iterator_operations.h:16:
In file included from /Applications/Xcode-27.0.0-Release.Candidate.app/Contents/Developer/Platforms/MacOSX.platform/Developer/SDKs/MacOSX27.0.sdk/usr/include/c++/v1/__iterator/advance.h:26:
In file included from /Applications/Xcode-27.0.0-Release.Candidate.app/Contents/Developer/Platforms/MacOSX.platform/Developer/SDKs/MacOSX27.0.sdk/usr/include/c++/v1/limits:524:
In file included from /Applications/Xcode-27.0.0-Release.Candidate.app/Contents/Developer/Platforms/MacOSX.platform/Developer/SDKs/MacOSX27.0.sdk/usr/include/c++/v1/type_traits:505:
/Applications/Xcode-27.0.0-Release.Candidate.app/Contents/Developer/Platforms/MacOSX.platform/Developer/SDKs/MacOSX27.0.sdk/usr/include/c++/v1/__type_traits/is_pod.h:22:36: note: marked '_Clang::no_specializations' here
   22 | struct _LIBCPP_DEPRECATED_IN_CXX20 _LIBCPP_NO_SPECIALIZATIONS is_pod : integral_constant<bool, __is_pod(_Tp)> {};
      |                                    ^
In file included from /Users/admin/builder/spi-builder-workspace/.dependencies/checkouts/realm-core/src/external/s2/s2latlngrect.cc:3:
In file included from /Applications/Xcode-27.0.0-Release.Candidate.app/Contents/Developer/Platforms/MacOSX.platform/Developer/SDKs/MacOSX27.0.sdk/usr/include/c++/v1/algorithm:1840:
/Applications/Xcode-27.0.0-Release.Candidate.app/Contents/Developer/Platforms/MacOSX.platform/Developer/SDKs/MacOSX27.0.sdk/usr/include/c++/v1/__config:970:9: note: expanded from macro '_LIBCPP_NO_SPECIALIZATIONS'
  970 |       [[_Clang::__no_specializations__("Users are not allowed to specialize this standard library entity")]]
      |         ^
In file included from /Users/admin/builder/spi-builder-workspace/.dependencies/checkouts/realm-core/src/external/s2/s2latlngrect.cc:10:
In file included from /Users/admin/builder/spi-builder-workspace/.dependencies/checkouts/realm-core/src/external/s2/s2latlngrect.h:15:
/Users/admin/builder/spi-builder-workspace/.dependencies/checkouts/realm-core/src/external/s2/r1interval.h:180:1: error: 'is_pod' cannot be specialized: Users are not allowed to specialize this standard library entity [-Winvalid-specialization]
  180 | DECLARE_POD(R1Interval);
      | ^
In file included from /Users/admin/builder/spi-builder-workspace/.dependencies/checkouts/realm-core/src/external/s2/s2latlngrect.cc:10:
In file included from /Users/admin/builder/spi-builder-workspace/.dependencies/checkouts/realm-core/src/external/s2/s2latlngrect.h:12:
In file included from /Users/admin/builder/spi-builder-workspace/.dependencies/checkouts/realm-core/src/external/s2/base/basictypes.h:9:
In file included from /Users/admin/builder/spi-builder-workspace/.dependencies/checkouts/realm-core/src/external/s2/base/casts.h:19:
/Users/admin/builder/spi-builder-workspace/.dependencies/checkouts/realm-core/src/external/s2/base/macros.h:165:19: note: expanded from macro 'DECLARE_POD'
  165 | template<> struct is_pod<TypeName> : true_type { }; \
      |                   ^
In file included from /Users/admin/builder/spi-builder-workspace/.dependencies/checkouts/realm-core/src/external/s2/s2latlngrect.cc:3:
In file included from /Applications/Xcode-27.0.0-Release.Candidate.app/Contents/Developer/Platforms/MacOSX.platform/Developer/SDKs/MacOSX27.0.sdk/usr/include/c++/v1/algorithm:1845:
In file included from /Applications/Xcode-27.0.0-Release.Candidate.app/Contents/Developer/Platforms/MacOSX.platform/Developer/SDKs/MacOSX27.0.sdk/usr/include/c++/v1/__algorithm/binary_search.h:14:
In file included from /Applications/Xcode-27.0.0-Release.Candidate.app/Contents/Developer/Platforms/MacOSX.platform/Developer/SDKs/MacOSX27.0.sdk/usr/include/c++/v1/__algorithm/lower_bound.h:14:
In file included from /Applications/Xcode-27.0.0-Release.Candidate.app/Contents/Developer/Platforms/MacOSX.platform/Developer/SDKs/MacOSX27.0.sdk/usr/include/c++/v1/__algorithm/iterator_operations.h:16:
In file included from /Applications/Xcode-27.0.0-Release.Candidate.app/Contents/Developer/Platforms/MacOSX.platform/Developer/SDKs/MacOSX27.0.sdk/usr/include/c++/v1/__iterator/advance.h:26:
In file included from /Applications/Xcode-27.0.0-Release.Candidate.app/Contents/Developer/Platforms/MacOSX.platform/Developer/SDKs/MacOSX27.0.sdk/usr/include/c++/v1/limits:524:
In file included from /Applications/Xcode-27.0.0-Release.Candidate.app/Contents/Developer/Platforms/MacOSX.platform/Developer/SDKs/MacOSX27.0.sdk/usr/include/c++/v1/type_traits:505:
/Applications/Xcode-27.0.0-Release.Candidate.app/Contents/Developer/Platforms/MacOSX.platform/Developer/SDKs/MacOSX27.0.sdk/usr/include/c++/v1/__type_traits/is_pod.h:22:36: note: marked '_Clang::no_specializations' here
   22 | struct _LIBCPP_DEPRECATED_IN_CXX20 _LIBCPP_NO_SPECIALIZATIONS is_pod : integral_constant<bool, __is_pod(_Tp)> {};
      |                                    ^
In file included from /Users/admin/builder/spi-builder-workspace/.dependencies/checkouts/realm-core/src/external/s2/s2latlngrect.cc:3:
In file included from /Applications/Xcode-27.0.0-Release.Candidate.app/Contents/Developer/Platforms/MacOSX.platform/Developer/SDKs/MacOSX27.0.sdk/usr/include/c++/v1/algorithm:1840:
/Applications/Xcode-27.0.0-Release.Candidate.app/Contents/Developer/Platforms/MacOSX.platform/Developer/SDKs/MacOSX27.0.sdk/usr/include/c++/v1/__config:970:9: note: expanded from macro '_LIBCPP_NO_SPECIALIZATIONS'
  970 |       [[_Clang::__no_specializations__("Users are not allowed to specialize this standard library entity")]]
      |         ^
In file included from /Users/admin/builder/spi-builder-workspace/.dependencies/checkouts/realm-core/src/external/s2/s2latlngrect.cc:10:
In file included from /Users/admin/builder/spi-builder-workspace/.dependencies/checkouts/realm-core/src/external/s2/s2latlngrect.h:16:
/Users/admin/builder/spi-builder-workspace/.dependencies/checkouts/realm-core/src/external/s2/s1interval.h:189:1: error: 'is_pod' cannot be specialized: Users are not allowed to specialize this standard library entity [-Winvalid-specialization]
  189 | DECLARE_POD(S1Interval);
      | ^
In file included from /Users/admin/builder/spi-builder-workspace/.dependencies/checkouts/realm-core/src/external/s2/s2latlngrect.cc:10:
In file included from /Users/admin/builder/spi-builder-workspace/.dependencies/checkouts/realm-core/src/external/s2/s2latlngrect.h:12:
In file included from /Users/admin/builder/spi-builder-workspace/.dependencies/checkouts/realm-core/src/external/s2/base/basictypes.h:9:
In file included from /Users/admin/builder/spi-builder-workspace/.dependencies/checkouts/realm-core/src/external/s2/base/casts.h:19:
/Users/admin/builder/spi-builder-workspace/.dependencies/checkouts/realm-core/src/external/s2/base/macros.h:165:19: note: expanded from macro 'DECLARE_POD'
  165 | template<> struct is_pod<TypeName> : true_type { }; \
      |                   ^
In file included from /Users/admin/builder/spi-builder-workspace/.dependencies/checkouts/realm-core/src/external/s2/s2latlngrect.cc:3:
In file included from /Applications/Xcode-27.0.0-Release.Candidate.app/Contents/Developer/Platforms/MacOSX.platform/Developer/SDKs/MacOSX27.0.sdk/usr/include/c++/v1/algorithm:1845:
In file included from /Applications/Xcode-27.0.0-Release.Candidate.app/Contents/Developer/Platforms/MacOSX.platform/Developer/SDKs/MacOSX27.0.sdk/usr/include/c++/v1/__algorithm/binary_search.h:14:
In file included from /Applications/Xcode-27.0.0-Release.Candidate.app/Contents/Developer/Platforms/MacOSX.platform/Developer/SDKs/MacOSX27.0.sdk/usr/include/c++/v1/__algorithm/lower_bound.h:14:
In file included from /Applications/Xcode-27.0.0-Release.Candidate.app/Contents/Developer/Platforms/MacOSX.platform/Developer/SDKs/MacOSX27.0.sdk/usr/include/c++/v1/__algorithm/iterator_operations.h:16:
In file included from /Applications/Xcode-27.0.0-Release.Candidate.app/Contents/Developer/Platforms/MacOSX.platform/Developer/SDKs/MacOSX27.0.sdk/usr/include/c++/v1/__iterator/advance.h:26:
In file included from /Applications/Xcode-27.0.0-Release.Candidate.app/Contents/Developer/Platforms/MacOSX.platform/Developer/SDKs/MacOSX27.0.sdk/usr/include/c++/v1/limits:524:
In file included from /Applications/Xcode-27.0.0-Release.Candidate.app/Contents/Developer/Platforms/MacOSX.platform/Developer/SDKs/MacOSX27.0.sdk/usr/include/c++/v1/type_traits:505:
/Applications/Xcode-27.0.0-Release.Candidate.app/Contents/Developer/Platforms/MacOSX.platform/Developer/SDKs/MacOSX27.0.sdk/usr/include/c++/v1/__type_traits/is_pod.h:22:36: note: marked '_Clang::no_specializations' here
   22 | struct _LIBCPP_DEPRECATED_IN_CXX20 _LIBCPP_NO_SPECIALIZATIONS is_pod : integral_constant<bool, __is_pod(_Tp)> {};
      |                                    ^
In file included from /Users/admin/builder/spi-builder-workspace/.dependencies/checkouts/realm-core/src/external/s2/s2latlngrect.cc:3:
In file included from /Applications/Xcode-27.0.0-Release.Candidate.app/Contents/Developer/Platforms/MacOSX.platform/Developer/SDKs/MacOSX27.0.sdk/usr/include/c++/v1/algorithm:1840:
/Applications/Xcode-27.0.0-Release.Candidate.app/Contents/Developer/Platforms/MacOSX.platform/Developer/SDKs/MacOSX27.0.sdk/usr/include/c++/v1/__config:970:9: note: expanded from macro '_LIBCPP_NO_SPECIALIZATIONS'
  970 |       [[_Clang::__no_specializations__("Users are not allowed to specialize this standard library entity")]]
      |         ^
In file included from /Users/admin/builder/spi-builder-workspace/.dependencies/checkouts/realm-core/src/external/s2/s2latlngrect.cc:10:
In file included from /Users/admin/builder/spi-builder-workspace/.dependencies/checkouts/realm-core/src/external/s2/s2latlngrect.h:18:
/Users/admin/builder/spi-builder-workspace/.dependencies/checkouts/realm-core/src/external/s2/s2latlng.h:112:1: error: 'is_pod' cannot be specialized: Users are not allowed to specialize this standard library entity [-Winvalid-specialization]
  112 | DECLARE_POD(S2LatLng);
      | ^
In file included from /Users/admin/builder/spi-builder-workspace/.dependencies/checkouts/realm-core/src/external/s2/s2latlngrect.cc:10:
In file included from /Users/admin/builder/spi-builder-workspace/.dependencies/checkouts/realm-core/src/external/s2/s2latlngrect.h:12:
In file included from /Users/admin/builder/spi-builder-workspace/.dependencies/checkouts/realm-core/src/external/s2/base/basictypes.h:9:
In file included from /Users/admin/builder/spi-builder-workspace/.dependencies/checkouts/realm-core/src/external/s2/base/casts.h:19:
/Users/admin/builder/spi-builder-workspace/.dependencies/checkouts/realm-core/src/external/s2/base/macros.h:165:19: note: expanded from macro 'DECLARE_POD'
  165 | template<> struct is_pod<TypeName> : true_type { }; \
      |                   ^
In file included from /Users/admin/builder/spi-builder-workspace/.dependencies/checkouts/realm-core/src/external/s2/s2latlngrect.cc:3:
In file included from /Applications/Xcode-27.0.0-Release.Candidate.app/Contents/Developer/Platforms/MacOSX.platform/Developer/SDKs/MacOSX27.0.sdk/usr/include/c++/v1/algorithm:1845:
In file included from /Applications/Xcode-27.0.0-Release.Candidate.app/Contents/Developer/Platforms/MacOSX.platform/Developer/SDKs/MacOSX27.0.sdk/usr/include/c++/v1/__algorithm/binary_search.h:14:
In file included from /Applications/Xcode-27.0.0-Release.Candidate.app/Contents/Developer/Platforms/MacOSX.platform/Developer/SDKs/MacOSX27.0.sdk/usr/include/c++/v1/__algorithm/lower_bound.h:14:
In file included from /Applications/Xcode-27.0.0-Release.Candidate.app/Contents/Developer/Platforms/MacOSX.platform/Developer/SDKs/MacOSX27.0.sdk/usr/include/c++/v1/__algorithm/iterator_operations.h:16:
In file included from /Applications/Xcode-27.0.0-Release.Candidate.app/Contents/Developer/Platforms/MacOSX.platform/Developer/SDKs/MacOSX27.0.sdk/usr/include/c++/v1/__iterator/advance.h:26:
In file included from /Applications/Xcode-27.0.0-Release.Candidate.app/Contents/Developer/Platforms/MacOSX.platform/Developer/SDKs/MacOSX27.0.sdk/usr/include/c++/v1/limits:524:
In file included from /Applications/Xcode-27.0.0-Release.Candidate.app/Contents/Developer/Platforms/MacOSX.platform/Developer/SDKs/MacOSX27.0.sdk/usr/include/c++/v1/type_traits:505:
/Applications/Xcode-27.0.0-Release.Candidate.app/Contents/Developer/Platforms/MacOSX.platform/Developer/SDKs/MacOSX27.0.sdk/usr/include/c++/v1/__type_traits/is_pod.h:22:36: note: marked '_Clang::no_specializations' here
   22 | struct _LIBCPP_DEPRECATED_IN_CXX20 _LIBCPP_NO_SPECIALIZATIONS is_pod : integral_constant<bool, __is_pod(_Tp)> {};
      |                                    ^
In file included from /Users/admin/builder/spi-builder-workspace/.dependencies/checkouts/realm-core/src/external/s2/s2latlngrect.cc:3:
In file included from /Applications/Xcode-27.0.0-Release.Candidate.app/Contents/Developer/Platforms/MacOSX.platform/Developer/SDKs/MacOSX27.0.sdk/usr/include/c++/v1/algorithm:1840:
/Applications/Xcode-27.0.0-Release.Candidate.app/Contents/Developer/Platforms/MacOSX.platform/Developer/SDKs/MacOSX27.0.sdk/usr/include/c++/v1/__config:970:9: note: expanded from macro '_LIBCPP_NO_SPECIALIZATIONS'
  970 |       [[_Clang::__no_specializations__("Users are not allowed to specialize this standard library entity")]]
      |         ^
In file included from /Users/admin/builder/spi-builder-workspace/.dependencies/checkouts/realm-core/src/external/s2/s2latlngrect.cc:14:
In file included from /Users/admin/builder/spi-builder-workspace/.dependencies/checkouts/realm-core/src/external/s2/s2cell.h:9:
/Users/admin/builder/spi-builder-workspace/.dependencies/checkouts/realm-core/src/external/s2/s2cellid.h:318:1: error: 'is_pod' cannot be specialized: Users are not allowed to specialize this standard library entity [-Winvalid-specialization]
  318 | DECLARE_POD(S2CellId);
      | ^
In file included from /Users/admin/builder/spi-builder-workspace/.dependencies/checkouts/realm-core/src/external/s2/s2latlngrect.cc:10:
In file included from /Users/admin/builder/spi-builder-workspace/.dependencies/checkouts/realm-core/src/external/s2/s2latlngrect.h:12:
In file included from /Users/admin/builder/spi-builder-workspace/.dependencies/checkouts/realm-core/src/external/s2/base/basictypes.h:9:
In file included from /Users/admin/builder/spi-builder-workspace/.dependencies/checkouts/realm-core/src/external/s2/base/casts.h:19:
/Users/admin/builder/spi-builder-workspace/.dependencies/checkouts/realm-core/src/external/s2/base/macros.h:165:19: note: expanded from macro 'DECLARE_POD'
  165 | template<> struct is_pod<TypeName> : true_type { }; \
      |                   ^
In file included from /Users/admin/builder/spi-builder-workspace/.dependencies/checkouts/realm-core/src/external/s2/s2latlngrect.cc:3:
In file included from /Applications/Xcode-27.0.0-Release.Candidate.app/Contents/Developer/Platforms/MacOSX.platform/Developer/SDKs/MacOSX27.0.sdk/usr/include/c++/v1/algorithm:1845:
In file included from /Applications/Xcode-27.0.0-Release.Candidate.app/Contents/Developer/Platforms/MacOSX.platform/Developer/SDKs/MacOSX27.0.sdk/usr/include/c++/v1/__algorithm/binary_search.h:14:
In file included from /Applications/Xcode-27.0.0-Release.Candidate.app/Contents/Developer/Platforms/MacOSX.platform/Developer/SDKs/MacOSX27.0.sdk/usr/include/c++/v1/__algorithm/lower_bound.h:14:
In file included from /Applications/Xcode-27.0.0-Release.Candidate.app/Contents/Developer/Platforms/MacOSX.platform/Developer/SDKs/MacOSX27.0.sdk/usr/include/c++/v1/__algorithm/iterator_operations.h:16:
In file included from /Applications/Xcode-27.0.0-Release.Candidate.app/Contents/Developer/Platforms/MacOSX.platform/Developer/SDKs/MacOSX27.0.sdk/usr/include/c++/v1/__iterator/advance.h:26:
In file included from /Applications/Xcode-27.0.0-Release.Candidate.app/Contents/Developer/Platforms/MacOSX.platform/Developer/SDKs/MacOSX27.0.sdk/usr/include/c++/v1/limits:524:
In file included from /Applications/Xcode-27.0.0-Release.Candidate.app/Contents/Developer/Platforms/MacOSX.platform/Developer/SDKs/MacOSX27.0.sdk/usr/include/c++/v1/type_traits:505:
/Applications/Xcode-27.0.0-Release.Candidate.app/Contents/Developer/Platforms/MacOSX.platform/Developer/SDKs/MacOSX27.0.sdk/usr/include/c++/v1/__type_traits/is_pod.h:22:36: note: marked '_Clang::no_specializations' here
   22 | struct _LIBCPP_DEPRECATED_IN_CXX20 _LIBCPP_NO_SPECIALIZATIONS is_pod : integral_constant<bool, __is_pod(_Tp)> {};
      |                                    ^
In file included from /Users/admin/builder/spi-builder-workspace/.dependencies/checkouts/realm-core/src/external/s2/s2latlngrect.cc:3:
In file included from /Applications/Xcode-27.0.0-Release.Candidate.app/Contents/Developer/Platforms/MacOSX.platform/Developer/SDKs/MacOSX27.0.sdk/usr/include/c++/v1/algorithm:1840:
/Applications/Xcode-27.0.0-Release.Candidate.app/Contents/Developer/Platforms/MacOSX.platform/Developer/SDKs/MacOSX27.0.sdk/usr/include/c++/v1/__config:970:9: note: expanded from macro '_LIBCPP_NO_SPECIALIZATIONS'
  970 |       [[_Clang::__no_specializations__("Users are not allowed to specialize this standard library entity")]]
      |         ^
7 errors generated.
CompileC /Users/admin/builder/spi-builder-workspace/.derivedData/Build/Intermediates.noindex/RealmDatabase.build/Debug/s2geometry-t.build/Objects-normal/arm64/s2loop.o /Users/admin/builder/spi-builder-workspace/.dependencies/checkouts/realm-core/src/external/s2/s2loop.cc normal arm64 c++ com.apple.compilers.llvm.clang.1_0.compiler (in target 's2geometry' from project 'RealmDatabase')
    cd /Users/admin/builder/spi-builder-workspace/.swiftpm/xcode

    Using response file: /Users/admin/builder/spi-builder-workspace/.derivedData/Build/Intermediates.noindex/RealmDatabase.build/Debug/s2geometry-t.build/Objects-normal/arm64/82b82416624d2658e5098eb0a28c15c5-common-args.resp

    /Applications/Xcode-27.0.0-Release.Candidate.app/Contents/Developer/Toolchains/XcodeDefault.xctoolchain/usr/bin/clang -x c++ -ivfsstatcache /Users/admin/builder/spi-builder-workspace/.derivedData/SDKStatCaches.noindex/macosx27.0-26A425-e829b21a6f8c9b70876ba0858053c0446a22442a12e9d48fe1a705f55a1adfc4.sdkstatcache -target arm64-apple-macos12.0 -fmessage-length\=0 -fdiagnostics-show-note-include-stack -fmacro-backtrace-limit\=0 -fno-color-diagnostics -fmodules-prune-interval\=86400 -fmodules-prune-after\=345600 -fbuild-session-file\=/Users/admin/builder/spi-builder-workspace/.derivedData/ModuleCache.noindex/Session.modulevalidation -fmodules-validate-once-per-build-session -Wnon-modular-include-in-framework-module -Werror\=non-modular-include-in-framework-module -Wno-trigraphs -Wno-missing-field-initializers -Wno-missing-prototypes -Wno-return-type -Wno-non-virtual-dtor -Wno-overloaded-virtual -Wno-exit-time-destructors -Wno-missing-braces -Wparentheses -Wswitch -Wno-unused-function -Wno-unused-label -Wno-unused-parameter -Wno-unused-variable -Wunused-value -Wno-empty-body -Wno-uninitialized -Wno-unknown-pragmas -w -Wno-shadow -Wno-four-char-constants -Wno-conversion -Wno-constant-conversion -Wno-int-conversion -Wno-bool-conversion -Wno-enum-conversion -Wno-float-conversion -Wno-non-literal-null-conversion -Wno-objc-literal-conversion -Wshorten-64-to-32 -Wno-newline-eof -Wno-c++11-extensions -Wno-implicit-fallthrough -isysroot /Applications/Xcode-27.0.0-Release.Candidate.app/Contents/Developer/Platforms/MacOSX.platform/Developer/SDKs/MacOSX27.0.sdk -fstrict-aliasing -Wdeprecated-declarations -Winvalid-offsetof -Wno-sign-conversion -Wno-infinite-recursion -Wno-move -Wno-comma -Wno-block-capture-autoreleasing -Wno-strict-prototypes -Wno-range-loop-analysis -Wno-semicolon-before-method-body -index-store-path /Users/admin/builder/spi-builder-workspace/.derivedData/Index.noindex/DataStore @/Users/admin/builder/spi-builder-workspace/.derivedData/Build/Intermediates.noindex/RealmDatabase.build/Debug/s2geometry-t.build/Objects-normal/arm64/82b82416624d2658e5098eb0a28c15c5-common-args.resp -MMD -MT dependencies -MF /Users/admin/builder/spi-builder-workspace/.derivedData/Build/Intermediates.noindex/RealmDatabase.build/Debug/s2geometry-t.build/Objects-normal/arm64/s2loop.d --serialize-diagnostics /Users/admin/builder/spi-builder-workspace/.derivedData/Build/Intermediates.noindex/RealmDatabase.build/Debug/s2geometry-t.build/Objects-normal/arm64/s2loop.dia -c /Users/admin/builder/spi-builder-workspace/.dependencies/checkouts/realm-core/src/external/s2/s2loop.cc -o /Users/admin/builder/spi-builder-workspace/.derivedData/Build/Intermediates.noindex/RealmDatabase.build/Debug/s2geometry-t.build/Objects-normal/arm64/s2loop.o -index-unit-output-path /RealmDatabase.build/Debug/s2geometry-t.build/Objects-normal/arm64/s2loop.o
In file included from /Users/admin/builder/spi-builder-workspace/.dependencies/checkouts/realm-core/src/external/s2/s2loop.cc:16:
In file included from /Users/admin/builder/spi-builder-workspace/.dependencies/checkouts/realm-core/src/external/s2/s2.h:29:
/Users/admin/builder/spi-builder-workspace/.dependencies/checkouts/realm-core/src/external/s2/util/math/vector3-inl.h:425:1: error: 'is_pod' cannot be specialized: Users are not allowed to specialize this standard library entity [-Winvalid-specialization]
  425 | PROPAGATE_POD_FROM_TEMPLATE_ARGUMENT(Vector3);
      | ^
In file included from /Users/admin/builder/spi-builder-workspace/.dependencies/checkouts/realm-core/src/external/s2/s2loop.cc:16:
In file included from /Users/admin/builder/spi-builder-workspace/.dependencies/checkouts/realm-core/src/external/s2/s2.h:26:
In file included from /Users/admin/builder/spi-builder-workspace/.dependencies/checkouts/realm-core/src/external/s2/base/basictypes.h:9:
In file included from /Users/admin/builder/spi-builder-workspace/.dependencies/checkouts/realm-core/src/external/s2/base/casts.h:19:
/Users/admin/builder/spi-builder-workspace/.dependencies/checkouts/realm-core/src/external/s2/base/macros.h:181:30: note: expanded from macro 'PROPAGATE_POD_FROM_TEMPLATE_ARGUMENT'
  181 | template <typename T> struct is_pod<TemplateName<T> > : std::is_trivial<T> { }; \
      |                              ^
In file included from /Users/admin/builder/spi-builder-workspace/.dependencies/checkouts/realm-core/src/external/s2/s2loop.cc:3:
In file included from /Applications/Xcode-27.0.0-Release.Candidate.app/Contents/Developer/Platforms/MacOSX.platform/Developer/SDKs/MacOSX27.0.sdk/usr/include/c++/v1/algorithm:1845:
In file included from /Applications/Xcode-27.0.0-Release.Candidate.app/Contents/Developer/Platforms/MacOSX.platform/Developer/SDKs/MacOSX27.0.sdk/usr/include/c++/v1/__algorithm/binary_search.h:14:
In file included from /Applications/Xcode-27.0.0-Release.Candidate.app/Contents/Developer/Platforms/MacOSX.platform/Developer/SDKs/MacOSX27.0.sdk/usr/include/c++/v1/__algorithm/lower_bound.h:14:
In file included from /Applications/Xcode-27.0.0-Release.Candidate.app/Contents/Developer/Platforms/MacOSX.platform/Developer/SDKs/MacOSX27.0.sdk/usr/include/c++/v1/__algorithm/iterator_operations.h:16:
In file included from /Applications/Xcode-27.0.0-Release.Candidate.app/Contents/Developer/Platforms/MacOSX.platform/Developer/SDKs/MacOSX27.0.sdk/usr/include/c++/v1/__iterator/advance.h:26:
In file included from /Applications/Xcode-27.0.0-Release.Candidate.app/Contents/Developer/Platforms/MacOSX.platform/Developer/SDKs/MacOSX27.0.sdk/usr/include/c++/v1/limits:524:
In file included from /Applications/Xcode-27.0.0-Release.Candidate.app/Contents/Developer/Platforms/MacOSX.platform/Developer/SDKs/MacOSX27.0.sdk/usr/include/c++/v1/type_traits:505:
/Applications/Xcode-27.0.0-Release.Candidate.app/Contents/Developer/Platforms/MacOSX.platform/Developer/SDKs/MacOSX27.0.sdk/usr/include/c++/v1/__type_traits/is_pod.h:22:36: note: marked '_Clang::no_specializations' here
   22 | struct _LIBCPP_DEPRECATED_IN_CXX20 _LIBCPP_NO_SPECIALIZATIONS is_pod : integral_constant<bool, __is_pod(_Tp)> {};
      |                                    ^
In file included from /Users/admin/builder/spi-builder-workspace/.dependencies/checkouts/realm-core/src/external/s2/s2loop.cc:3:
In file included from /Applications/Xcode-27.0.0-Release.Candidate.app/Contents/Developer/Platforms/MacOSX.platform/Developer/SDKs/MacOSX27.0.sdk/usr/include/c++/v1/algorithm:1840:
/Applications/Xcode-27.0.0-Release.Candidate.app/Contents/Developer/Platforms/MacOSX.platform/Developer/SDKs/MacOSX27.0.sdk/usr/include/c++/v1/__config:970:9: note: expanded from macro '_LIBCPP_NO_SPECIALIZATIONS'
  970 |       [[_Clang::__no_specializations__("Users are not allowed to specialize this standard library entity")]]
      |         ^
In file included from /Users/admin/builder/spi-builder-workspace/.dependencies/checkouts/realm-core/src/external/s2/s2loop.cc:23:
In file included from /Users/admin/builder/spi-builder-workspace/.dependencies/checkouts/realm-core/src/external/s2/s2loop.h:16:
In file included from /Users/admin/builder/spi-builder-workspace/.dependencies/checkouts/realm-core/src/external/s2/s2edgeindex.h:22:
/Users/admin/builder/spi-builder-workspace/.dependencies/checkouts/realm-core/src/external/s2/s2cellid.h:318:1: error: 'is_pod' cannot be specialized: Users are not allowed to specialize this standard library entity [-Winvalid-specialization]
  318 | DECLARE_POD(S2CellId);
      | ^
In file included from /Users/admin/builder/spi-builder-workspace/.dependencies/checkouts/realm-core/src/external/s2/s2loop.cc:16:
In file included from /Users/admin/builder/spi-builder-workspace/.dependencies/checkouts/realm-core/src/external/s2/s2.h:26:
In file included from /Users/admin/builder/spi-builder-workspace/.dependencies/checkouts/realm-core/src/external/s2/base/basictypes.h:9:
In file included from /Users/admin/builder/spi-builder-workspace/.dependencies/checkouts/realm-core/src/external/s2/base/casts.h:19:
/Users/admin/builder/spi-builder-workspace/.dependencies/checkouts/realm-core/src/external/s2/base/macros.h:165:19: note: expanded from macro 'DECLARE_POD'
  165 | template<> struct is_pod<TypeName> : true_type { }; \
      |                   ^
In file included from /Users/admin/builder/spi-builder-workspace/.dependencies/checkouts/realm-core/src/external/s2/s2loop.cc:3:
In file included from /Applications/Xcode-27.0.0-Release.Candidate.app/Contents/Developer/Platforms/MacOSX.platform/Developer/SDKs/MacOSX27.0.sdk/usr/include/c++/v1/algorithm:1845:
In file included from /Applications/Xcode-27.0.0-Release.Candidate.app/Contents/Developer/Platforms/MacOSX.platform/Developer/SDKs/MacOSX27.0.sdk/usr/include/c++/v1/__algorithm/binary_search.h:14:
In file included from /Applications/Xcode-27.0.0-Release.Candidate.app/Contents/Developer/Platforms/MacOSX.platform/Developer/SDKs/MacOSX27.0.sdk/usr/include/c++/v1/__algorithm/lower_bound.h:14:
In file included from /Applications/Xcode-27.0.0-Release.Candidate.app/Contents/Developer/Platforms/MacOSX.platform/Developer/SDKs/MacOSX27.0.sdk/usr/include/c++/v1/__algorithm/iterator_operations.h:16:
In file included from /Applications/Xcode-27.0.0-Release.Candidate.app/Contents/Developer/Platforms/MacOSX.platform/Developer/SDKs/MacOSX27.0.sdk/usr/include/c++/v1/__iterator/advance.h:26:
In file included from /Applications/Xcode-27.0.0-Release.Candidate.app/Contents/Developer/Platforms/MacOSX.platform/Developer/SDKs/MacOSX27.0.sdk/usr/include/c++/v1/limits:524:
In file included from /Applications/Xcode-27.0.0-Release.Candidate.app/Contents/Developer/Platforms/MacOSX.platform/Developer/SDKs/MacOSX27.0.sdk/usr/include/c++/v1/type_traits:505:
/Applications/Xcode-27.0.0-Release.Candidate.app/Contents/Developer/Platforms/MacOSX.platform/Developer/SDKs/MacOSX27.0.sdk/usr/include/c++/v1/__type_traits/is_pod.h:22:36: note: marked '_Clang::no_specializations' here
   22 | struct _LIBCPP_DEPRECATED_IN_CXX20 _LIBCPP_NO_SPECIALIZATIONS is_pod : integral_constant<bool, __is_pod(_Tp)> {};
      |                                    ^
In file included from /Users/admin/builder/spi-builder-workspace/.dependencies/checkouts/realm-core/src/external/s2/s2loop.cc:3:
In file included from /Applications/Xcode-27.0.0-Release.Candidate.app/Contents/Developer/Platforms/MacOSX.platform/Developer/SDKs/MacOSX27.0.sdk/usr/include/c++/v1/algorithm:1840:
/Applications/Xcode-27.0.0-Release.Candidate.app/Contents/Developer/Platforms/MacOSX.platform/Developer/SDKs/MacOSX27.0.sdk/usr/include/c++/v1/__config:970:9: note: expanded from macro '_LIBCPP_NO_SPECIALIZATIONS'
  970 |       [[_Clang::__no_specializations__("Users are not allowed to specialize this standard library entity")]]
      |         ^
In file included from /Users/admin/builder/spi-builder-workspace/.dependencies/checkouts/realm-core/src/external/s2/s2loop.cc:23:
In file included from /Users/admin/builder/spi-builder-workspace/.dependencies/checkouts/realm-core/src/external/s2/s2loop.h:16:
In file included from /Users/admin/builder/spi-builder-workspace/.dependencies/checkouts/realm-core/src/external/s2/s2edgeindex.h:23:
In file included from /Users/admin/builder/spi-builder-workspace/.dependencies/checkouts/realm-core/src/external/s2/s2edgeutil.h:9:
In file included from /Users/admin/builder/spi-builder-workspace/.dependencies/checkouts/realm-core/src/external/s2/s2latlngrect.h:14:
/Users/admin/builder/spi-builder-workspace/.dependencies/checkouts/realm-core/src/external/s2/s1angle.h:101:1: error: 'is_pod' cannot be specialized: Users are not allowed to specialize this standard library entity [-Winvalid-specialization]
  101 | DECLARE_POD(S1Angle);
      | ^
In file included from /Users/admin/builder/spi-builder-workspace/.dependencies/checkouts/realm-core/src/external/s2/s2loop.cc:16:
In file included from /Users/admin/builder/spi-builder-workspace/.dependencies/checkouts/realm-core/src/external/s2/s2.h:26:
In file included from /Users/admin/builder/spi-builder-workspace/.dependencies/checkouts/realm-core/src/external/s2/base/basictypes.h:9:
In file included from /Users/admin/builder/spi-builder-workspace/.dependencies/checkouts/realm-core/src/external/s2/base/casts.h:19:
/Users/admin/builder/spi-builder-workspace/.dependencies/checkouts/realm-core/src/external/s2/base/macros.h:165:19: note: expanded from macro 'DECLARE_POD'
  165 | template<> struct is_pod<TypeName> : true_type { }; \
      |                   ^
In file included from /Users/admin/builder/spi-builder-workspace/.dependencies/checkouts/realm-core/src/external/s2/s2loop.cc:3:
In file included from /Applications/Xcode-27.0.0-Release.Candidate.app/Contents/Developer/Platforms/MacOSX.platform/Developer/SDKs/MacOSX27.0.sdk/usr/include/c++/v1/algorithm:1845:
In file included from /Applications/Xcode-27.0.0-Release.Candidate.app/Contents/Developer/Platforms/MacOSX.platform/Developer/SDKs/MacOSX27.0.sdk/usr/include/c++/v1/__algorithm/binary_search.h:14:
In file included from /Applications/Xcode-27.0.0-Release.Candidate.app/Contents/Developer/Platforms/MacOSX.platform/Developer/SDKs/MacOSX27.0.sdk/usr/include/c++/v1/__algorithm/lower_bound.h:14:
In file included from /Applications/Xcode-27.0.0-Release.Candidate.app/Contents/Developer/Platforms/MacOSX.platform/Developer/SDKs/MacOSX27.0.sdk/usr/include/c++/v1/__algorithm/iterator_operations.h:16:
In file included from /Applications/Xcode-27.0.0-Release.Candidate.app/Contents/Developer/Platforms/MacOSX.platform/Developer/SDKs/MacOSX27.0.sdk/usr/include/c++/v1/__iterator/advance.h:26:
In file included from /Applications/Xcode-27.0.0-Release.Candidate.app/Contents/Developer/Platforms/MacOSX.platform/Developer/SDKs/MacOSX27.0.sdk/usr/include/c++/v1/limits:524:
In file included from /Applications/Xcode-27.0.0-Release.Candidate.app/Contents/Developer/Platforms/MacOSX.platform/Developer/SDKs/MacOSX27.0.sdk/usr/include/c++/v1/type_traits:505:
/Applications/Xcode-27.0.0-Release.Candidate.app/Contents/Developer/Platforms/MacOSX.platform/Developer/SDKs/MacOSX27.0.sdk/usr/include/c++/v1/__type_traits/is_pod.h:22:36: note: marked '_Clang::no_specializations' here
   22 | struct _LIBCPP_DEPRECATED_IN_CXX20 _LIBCPP_NO_SPECIALIZATIONS is_pod : integral_constant<bool, __is_pod(_Tp)> {};
      |                                    ^
In file included from /Users/admin/builder/spi-builder-workspace/.dependencies/checkouts/realm-core/src/external/s2/s2loop.cc:3:
In file included from /Applications/Xcode-27.0.0-Release.Candidate.app/Contents/Developer/Platforms/MacOSX.platform/Developer/SDKs/MacOSX27.0.sdk/usr/include/c++/v1/algorithm:1840:
/Applications/Xcode-27.0.0-Release.Candidate.app/Contents/Developer/Platforms/MacOSX.platform/Developer/SDKs/MacOSX27.0.sdk/usr/include/c++/v1/__config:970:9: note: expanded from macro '_LIBCPP_NO_SPECIALIZATIONS'
  970 |       [[_Clang::__no_specializations__("Users are not allowed to specialize this standard library entity")]]
      |         ^
In file included from /Users/admin/builder/spi-builder-workspace/.dependencies/checkouts/realm-core/src/external/s2/s2loop.cc:23:
In file included from /Users/admin/builder/spi-builder-workspace/.dependencies/checkouts/realm-core/src/external/s2/s2loop.h:16:
In file included from /Users/admin/builder/spi-builder-workspace/.dependencies/checkouts/realm-core/src/external/s2/s2edgeindex.h:23:
In file included from /Users/admin/builder/spi-builder-workspace/.dependencies/checkouts/realm-core/src/external/s2/s2edgeutil.h:9:
In file included from /Users/admin/builder/spi-builder-workspace/.dependencies/checkouts/realm-core/src/external/s2/s2latlngrect.h:15:
In file included from /Users/admin/builder/spi-builder-workspace/.dependencies/checkouts/realm-core/src/external/s2/r1interval.h:21:
/Users/admin/builder/spi-builder-workspace/.dependencies/checkouts/realm-core/src/external/s2/util/math/vector2-inl.h:358:1: error: 'is_pod' cannot be specialized: Users are not allowed to specialize this standard library entity [-Winvalid-specialization]
  358 | PROPAGATE_POD_FROM_TEMPLATE_ARGUMENT(Vector2);
      | ^
In file included from /Users/admin/builder/spi-builder-workspace/.dependencies/checkouts/realm-core/src/external/s2/s2loop.cc:16:
In file included from /Users/admin/builder/spi-builder-workspace/.dependencies/checkouts/realm-core/src/external/s2/s2.h:26:
In file included from /Users/admin/builder/spi-builder-workspace/.dependencies/checkouts/realm-core/src/external/s2/base/basictypes.h:9:
In file included from /Users/admin/builder/spi-builder-workspace/.dependencies/checkouts/realm-core/src/external/s2/base/casts.h:19:
/Users/admin/builder/spi-builder-workspace/.dependencies/checkouts/realm-core/src/external/s2/base/macros.h:181:30: note: expanded from macro 'PROPAGATE_POD_FROM_TEMPLATE_ARGUMENT'
  181 | template <typename T> struct is_pod<TemplateName<T> > : std::is_trivial<T> { }; \
      |                              ^
In file included from /Users/admin/builder/spi-builder-workspace/.dependencies/checkouts/realm-core/src/external/s2/s2loop.cc:3:
In file included from /Applications/Xcode-27.0.0-Release.Candidate.app/Contents/Developer/Platforms/MacOSX.platform/Developer/SDKs/MacOSX27.0.sdk/usr/include/c++/v1/algorithm:1845:
In file included from /Applications/Xcode-27.0.0-Release.Candidate.app/Contents/Developer/Platforms/MacOSX.platform/Developer/SDKs/MacOSX27.0.sdk/usr/include/c++/v1/__algorithm/binary_search.h:14:
In file included from /Applications/Xcode-27.0.0-Release.Candidate.app/Contents/Developer/Platforms/MacOSX.platform/Developer/SDKs/MacOSX27.0.sdk/usr/include/c++/v1/__algorithm/lower_bound.h:14:
In file included from /Applications/Xcode-27.0.0-Release.Candidate.app/Contents/Developer/Platforms/MacOSX.platform/Developer/SDKs/MacOSX27.0.sdk/usr/include/c++/v1/__algorithm/iterator_operations.h:16:
In file included from /Applications/Xcode-27.0.0-Release.Candidate.app/Contents/Developer/Platforms/MacOSX.platform/Developer/SDKs/MacOSX27.0.sdk/usr/include/c++/v1/__iterator/advance.h:26:
In file included from /Applications/Xcode-27.0.0-Release.Candidate.app/Contents/Developer/Platforms/MacOSX.platform/Developer/SDKs/MacOSX27.0.sdk/usr/include/c++/v1/limits:524:
In file included from /Applications/Xcode-27.0.0-Release.Candidate.app/Contents/Developer/Platforms/MacOSX.platform/Developer/SDKs/MacOSX27.0.sdk/usr/include/c++/v1/type_traits:505:
/Applications/Xcode-27.0.0-Release.Candidate.app/Contents/Developer/Platforms/MacOSX.platform/Developer/SDKs/MacOSX27.0.sdk/usr/include/c++/v1/__type_traits/is_pod.h:22:36: note: marked '_Clang::no_specializations' here
   22 | struct _LIBCPP_DEPRECATED_IN_CXX20 _LIBCPP_NO_SPECIALIZATIONS is_pod : integral_constant<bool, __is_pod(_Tp)> {};
      |                                    ^
In file included from /Users/admin/builder/spi-builder-workspace/.dependencies/checkouts/realm-core/src/external/s2/s2loop.cc:3:
In file included from /Applications/Xcode-27.0.0-Release.Candidate.app/Contents/Developer/Platforms/MacOSX.platform/Developer/SDKs/MacOSX27.0.sdk/usr/include/c++/v1/algorithm:1840:
/Applications/Xcode-27.0.0-Release.Candidate.app/Contents/Developer/Platforms/MacOSX.platform/Developer/SDKs/MacOSX27.0.sdk/usr/include/c++/v1/__config:970:9: note: expanded from macro '_LIBCPP_NO_SPECIALIZATIONS'
  970 |       [[_Clang::__no_specializations__("Users are not allowed to specialize this standard library entity")]]
      |         ^
In file included from /Users/admin/builder/spi-builder-workspace/.dependencies/checkouts/realm-core/src/external/s2/s2loop.cc:23:
In file included from /Users/admin/builder/spi-builder-workspace/.dependencies/checkouts/realm-core/src/external/s2/s2loop.h:16:
In file included from /Users/admin/builder/spi-builder-workspace/.dependencies/checkouts/realm-core/src/external/s2/s2edgeindex.h:23:
In file included from /Users/admin/builder/spi-builder-workspace/.dependencies/checkouts/realm-core/src/external/s2/s2edgeutil.h:9:
In file included from /Users/admin/builder/spi-builder-workspace/.dependencies/checkouts/realm-core/src/external/s2/s2latlngrect.h:15:
/Users/admin/builder/spi-builder-workspace/.dependencies/checkouts/realm-core/src/external/s2/r1interval.h:180:1: error: 'is_pod' cannot be specialized: Users are not allowed to specialize this standard library entity [-Winvalid-specialization]
  180 | DECLARE_POD(R1Interval);
      | ^
In file included from /Users/admin/builder/spi-builder-workspace/.dependencies/checkouts/realm-core/src/external/s2/s2loop.cc:16:
In file included from /Users/admin/builder/spi-builder-workspace/.dependencies/checkouts/realm-core/src/external/s2/s2.h:26:
In file included from /Users/admin/builder/spi-builder-workspace/.dependencies/checkouts/realm-core/src/external/s2/base/basictypes.h:9:
In file included from /Users/admin/builder/spi-builder-workspace/.dependencies/checkouts/realm-core/src/external/s2/base/casts.h:19:
/Users/admin/builder/spi-builder-workspace/.dependencies/checkouts/realm-core/src/external/s2/base/macros.h:165:19: note: expanded from macro 'DECLARE_POD'
  165 | template<> struct is_pod<TypeName> : true_type { }; \
      |                   ^
In file included from /Users/admin/builder/spi-builder-workspace/.dependencies/checkouts/realm-core/src/external/s2/s2loop.cc:3:
In file included from /Applications/Xcode-27.0.0-Release.Candidate.app/Contents/Developer/Platforms/MacOSX.platform/Developer/SDKs/MacOSX27.0.sdk/usr/include/c++/v1/algorithm:1845:
In file included from /Applications/Xcode-27.0.0-Release.Candidate.app/Contents/Developer/Platforms/MacOSX.platform/Developer/SDKs/MacOSX27.0.sdk/usr/include/c++/v1/__algorithm/binary_search.h:14:
In file included from /Applications/Xcode-27.0.0-Release.Candidate.app/Contents/Developer/Platforms/MacOSX.platform/Developer/SDKs/MacOSX27.0.sdk/usr/include/c++/v1/__algorithm/lower_bound.h:14:
In file included from /Applications/Xcode-27.0.0-Release.Candidate.app/Contents/Developer/Platforms/MacOSX.platform/Developer/SDKs/MacOSX27.0.sdk/usr/include/c++/v1/__algorithm/iterator_operations.h:16:
In file included from /Applications/Xcode-27.0.0-Release.Candidate.app/Contents/Developer/Platforms/MacOSX.platform/Developer/SDKs/MacOSX27.0.sdk/usr/include/c++/v1/__iterator/advance.h:26:
In file included from /Applications/Xcode-27.0.0-Release.Candidate.app/Contents/Developer/Platforms/MacOSX.platform/Developer/SDKs/MacOSX27.0.sdk/usr/include/c++/v1/limits:524:
In file included from /Applications/Xcode-27.0.0-Release.Candidate.app/Contents/Developer/Platforms/MacOSX.platform/Developer/SDKs/MacOSX27.0.sdk/usr/include/c++/v1/type_traits:505:
/Applications/Xcode-27.0.0-Release.Candidate.app/Contents/Developer/Platforms/MacOSX.platform/Developer/SDKs/MacOSX27.0.sdk/usr/include/c++/v1/__type_traits/is_pod.h:22:36: note: marked '_Clang::no_specializations' here
   22 | struct _LIBCPP_DEPRECATED_IN_CXX20 _LIBCPP_NO_SPECIALIZATIONS is_pod : integral_constant<bool, __is_pod(_Tp)> {};
      |                                    ^
In file included from /Users/admin/builder/spi-builder-workspace/.dependencies/checkouts/realm-core/src/external/s2/s2loop.cc:3:
In file included from /Applications/Xcode-27.0.0-Release.Candidate.app/Contents/Developer/Platforms/MacOSX.platform/Developer/SDKs/MacOSX27.0.sdk/usr/include/c++/v1/algorithm:1840:
/Applications/Xcode-27.0.0-Release.Candidate.app/Contents/Developer/Platforms/MacOSX.platform/Developer/SDKs/MacOSX27.0.sdk/usr/include/c++/v1/__config:970:9: note: expanded from macro '_LIBCPP_NO_SPECIALIZATIONS'
  970 |       [[_Clang::__no_specializations__("Users are not allowed to specialize this standard library entity")]]
      |         ^
In file included from /Users/admin/builder/spi-builder-workspace/.dependencies/checkouts/realm-core/src/external/s2/s2loop.cc:23:
In file included from /Users/admin/builder/spi-builder-workspace/.dependencies/checkouts/realm-core/src/external/s2/s2loop.h:16:
In file included from /Users/admin/builder/spi-builder-workspace/.dependencies/checkouts/realm-core/src/external/s2/s2edgeindex.h:23:
In file included from /Users/admin/builder/spi-builder-workspace/.dependencies/checkouts/realm-core/src/external/s2/s2edgeutil.h:9:
In file included from /Users/admin/builder/spi-builder-workspace/.dependencies/checkouts/realm-core/src/external/s2/s2latlngrect.h:16:
/Users/admin/builder/spi-builder-workspace/.dependencies/checkouts/realm-core/src/external/s2/s1interval.h:189:1: error: 'is_pod' cannot be specialized: Users are not allowed to specialize this standard library entity [-Winvalid-specialization]
  189 | DECLARE_POD(S1Interval);
      | ^
In file included from /Users/admin/builder/spi-builder-workspace/.dependencies/checkouts/realm-core/src/external/s2/s2loop.cc:16:
In file included from /Users/admin/builder/spi-builder-workspace/.dependencies/checkouts/realm-core/src/external/s2/s2.h:26:
In file included from /Users/admin/builder/spi-builder-workspace/.dependencies/checkouts/realm-core/src/external/s2/base/basictypes.h:9:
In file included from /Users/admin/builder/spi-builder-workspace/.dependencies/checkouts/realm-core/src/external/s2/base/casts.h:19:
/Users/admin/builder/spi-builder-workspace/.dependencies/checkouts/realm-core/src/external/s2/base/macros.h:165:19: note: expanded from macro 'DECLARE_POD'
  165 | template<> struct is_pod<TypeName> : true_type { }; \
      |                   ^
In file included from /Users/admin/builder/spi-builder-workspace/.dependencies/checkouts/realm-core/src/external/s2/s2loop.cc:3:
In file included from /Applications/Xcode-27.0.0-Release.Candidate.app/Contents/Developer/Platforms/MacOSX.platform/Developer/SDKs/MacOSX27.0.sdk/usr/include/c++/v1/algorithm:1845:
In file included from /Applications/Xcode-27.0.0-Release.Candidate.app/Contents/Developer/Platforms/MacOSX.platform/Developer/SDKs/MacOSX27.0.sdk/usr/include/c++/v1/__algorithm/binary_search.h:14:
In file included from /Applications/Xcode-27.0.0-Release.Candidate.app/Contents/Developer/Platforms/MacOSX.platform/Developer/SDKs/MacOSX27.0.sdk/usr/include/c++/v1/__algorithm/lower_bound.h:14:
In file included from /Applications/Xcode-27.0.0-Release.Candidate.app/Contents/Developer/Platforms/MacOSX.platform/Developer/SDKs/MacOSX27.0.sdk/usr/include/c++/v1/__algorithm/iterator_operations.h:16:
In file included from /Applications/Xcode-27.0.0-Release.Candidate.app/Contents/Developer/Platforms/MacOSX.platform/Developer/SDKs/MacOSX27.0.sdk/usr/include/c++/v1/__iterator/advance.h:26:
In file included from /Applications/Xcode-27.0.0-Release.Candidate.app/Contents/Developer/Platforms/MacOSX.platform/Developer/SDKs/MacOSX27.0.sdk/usr/include/c++/v1/limits:524:
In file included from /Applications/Xcode-27.0.0-Release.Candidate.app/Contents/Developer/Platforms/MacOSX.platform/Developer/SDKs/MacOSX27.0.sdk/usr/include/c++/v1/type_traits:505:
/Applications/Xcode-27.0.0-Release.Candidate.app/Contents/Developer/Platforms/MacOSX.platform/Developer/SDKs/MacOSX27.0.sdk/usr/include/c++/v1/__type_traits/is_pod.h:22:36: note: marked '_Clang::no_specializations' here
   22 | struct _LIBCPP_DEPRECATED_IN_CXX20 _LIBCPP_NO_SPECIALIZATIONS is_pod : integral_constant<bool, __is_pod(_Tp)> {};
      |                                    ^
In file included from /Users/admin/builder/spi-builder-workspace/.dependencies/checkouts/realm-core/src/external/s2/s2loop.cc:3:
In file included from /Applications/Xcode-27.0.0-Release.Candidate.app/Contents/Developer/Platforms/MacOSX.platform/Developer/SDKs/MacOSX27.0.sdk/usr/include/c++/v1/algorithm:1840:
/Applications/Xcode-27.0.0-Release.Candidate.app/Contents/Developer/Platforms/MacOSX.platform/Developer/SDKs/MacOSX27.0.sdk/usr/include/c++/v1/__config:970:9: note: expanded from macro '_LIBCPP_NO_SPECIALIZATIONS'
  970 |       [[_Clang::__no_specializations__("Users are not allowed to specialize this standard library entity")]]
      |         ^
In file included from /Users/admin/builder/spi-builder-workspace/.dependencies/checkouts/realm-core/src/external/s2/s2loop.cc:23:
In file included from /Users/admin/builder/spi-builder-workspace/.dependencies/checkouts/realm-core/src/external/s2/s2loop.h:16:
In file included from /Users/admin/builder/spi-builder-workspace/.dependencies/checkouts/realm-core/src/external/s2/s2edgeindex.h:23:
In file included from /Users/admin/builder/spi-builder-workspace/.dependencies/checkouts/realm-core/src/external/s2/s2edgeutil.h:9:
In file included from /Users/admin/builder/spi-builder-workspace/.dependencies/checkouts/realm-core/src/external/s2/s2latlngrect.h:18:
/Users/admin/builder/spi-builder-workspace/.dependencies/checkouts/realm-core/src/external/s2/s2latlng.h:112:1: error: 'is_pod' cannot be specialized: Users are not allowed to specialize this standard library entity [-Winvalid-specialization]
  112 | DECLARE_POD(S2LatLng);
      | ^
In file included from /Users/admin/builder/spi-builder-workspace/.dependencies/checkouts/realm-core/src/external/s2/s2loop.cc:16:
In file included from /Users/admin/builder/spi-builder-workspace/.dependencies/checkouts/realm-core/src/external/s2/s2.h:26:
In file included from /Users/admin/builder/spi-builder-workspace/.dependencies/checkouts/realm-core/src/external/s2/base/basictypes.h:9:
In file included from /Users/admin/builder/spi-builder-workspace/.dependencies/checkouts/realm-core/src/external/s2/base/casts.h:19:
/Users/admin/builder/spi-builder-workspace/.dependencies/checkouts/realm-core/src/external/s2/base/macros.h:165:19: note: expanded from macro 'DECLARE_POD'
  165 | template<> struct is_pod<TypeName> : true_type { }; \
      |                   ^
In file included from /Users/admin/builder/spi-builder-workspace/.dependencies/checkouts/realm-core/src/external/s2/s2loop.cc:3:
In file included from /Applications/Xcode-27.0.0-Release.Candidate.app/Contents/Developer/Platforms/MacOSX.platform/Developer/SDKs/MacOSX27.0.sdk/usr/include/c++/v1/algorithm:1845:
In file included from /Applications/Xcode-27.0.0-Release.Candidate.app/Contents/Developer/Platforms/MacOSX.platform/Developer/SDKs/MacOSX27.0.sdk/usr/include/c++/v1/__algorithm/binary_search.h:14:
In file included from /Applications/Xcode-27.0.0-Release.Candidate.app/Contents/Developer/Platforms/MacOSX.platform/Developer/SDKs/MacOSX27.0.sdk/usr/include/c++/v1/__algorithm/lower_bound.h:14:
In file included from /Applications/Xcode-27.0.0-Release.Candidate.app/Contents/Developer/Platforms/MacOSX.platform/Developer/SDKs/MacOSX27.0.sdk/usr/include/c++/v1/__algorithm/iterator_operations.h:16:
In file included from /Applications/Xcode-27.0.0-Release.Candidate.app/Contents/Developer/Platforms/MacOSX.platform/Developer/SDKs/MacOSX27.0.sdk/usr/include/c++/v1/__iterator/advance.h:26:
In file included from /Applications/Xcode-27.0.0-Release.Candidate.app/Contents/Developer/Platforms/MacOSX.platform/Developer/SDKs/MacOSX27.0.sdk/usr/include/c++/v1/limits:524:
In file included from /Applications/Xcode-27.0.0-Release.Candidate.app/Contents/Developer/Platforms/MacOSX.platform/Developer/SDKs/MacOSX27.0.sdk/usr/include/c++/v1/type_traits:505:
/Applications/Xcode-27.0.0-Release.Candidate.app/Contents/Developer/Platforms/MacOSX.platform/Developer/SDKs/MacOSX27.0.sdk/usr/include/c++/v1/__type_traits/is_pod.h:22:36: note: marked '_Clang::no_specializations' here
   22 | struct _LIBCPP_DEPRECATED_IN_CXX20 _LIBCPP_NO_SPECIALIZATIONS is_pod : integral_constant<bool, __is_pod(_Tp)> {};
      |                                    ^
In file included from /Users/admin/builder/spi-builder-workspace/.dependencies/checkouts/realm-core/src/external/s2/s2loop.cc:3:
In file included from /Applications/Xcode-27.0.0-Release.Candidate.app/Contents/Developer/Platforms/MacOSX.platform/Developer/SDKs/MacOSX27.0.sdk/usr/include/c++/v1/algorithm:1840:
/Applications/Xcode-27.0.0-Release.Candidate.app/Contents/Developer/Platforms/MacOSX.platform/Developer/SDKs/MacOSX27.0.sdk/usr/include/c++/v1/__config:970:9: note: expanded from macro '_LIBCPP_NO_SPECIALIZATIONS'
  970 |       [[_Clang::__no_specializations__("Users are not allowed to specialize this standard library entity")]]
      |         ^
SwiftDriver RealmSwiftMacroMacros normal arm64 com.apple.xcode.tools.swift.compiler (in target 'RealmSwiftMacroMacros' from project 'RealmSwiftMacro')
    cd /Users/admin/builder/spi-builder-workspace/.swiftpm/xcode
    builtin-SwiftDriver -- /Applications/Xcode-27.0.0-Release.Candidate.app/Contents/Developer/Toolchains/XcodeDefault.xctoolchain/usr/bin/swiftc -parse-as-library -module-name RealmSwiftMacroMacros -Onone @/Users/admin/builder/spi-builder-workspace/.derivedData/Build/Intermediates.noindex/RealmSwiftMacro.build/Debug/RealmSwiftMacroMacros-t.build/Objects-normal/arm64/RealmSwiftMacroMacros.SwiftFileList -DSWIFT_PACKAGE -DDEBUG -DXcode -I /Users/admin/builder/spi-builder-workspace/.dependencies/prebuilts/swift-syntax/602.0.0/swiftlang-6.4.0.34.1-macosx27.0-MacroSupport/Modules -I /Users/admin/builder/spi-builder-workspace/.dependencies/checkouts/swift-syntax/Sources/_SwiftLibraryPluginProviderCShims/include -I /Users/admin/builder/spi-builder-workspace/.dependencies/checkouts/swift-syntax/Sources/_SwiftSyntaxCShims/include -plugin-path /Applications/Xcode-27.0.0-Release.Candidate.app/Contents/Developer/Toolchains/XcodeDefault.xctoolchain/usr/lib/swift/host/plugins/testing -enable-experimental-feature DebugDescriptionMacro -sdk /Applications/Xcode-27.0.0-Release.Candidate.app/Contents/Developer/Platforms/MacOSX.platform/Developer/SDKs/MacOSX27.0.sdk -target arm64-apple-macos13.0 -g -module-cache-path /Users/admin/builder/spi-builder-workspace/.derivedData/ModuleCache.noindex -Xfrontend -serialize-debugging-options -profile-coverage-mapping -profile-generate -enable-testing -index-store-path /Users/admin/builder/spi-builder-workspace/.derivedData/Index.noindex/DataStore -Xcc -D_LIBCPP_HARDENING_MODE\=_LIBCPP_HARDENING_MODE_DEBUG -swift-version 5 -I /Users/admin/builder/spi-builder-workspace/.derivedData/Build/Products/Debug -Isystem /Applications/Xcode-27.0.0-Release.Candidate.app/Contents/Developer/Platforms/MacOSX.platform/Developer/usr/lib -F /Users/admin/builder/spi-builder-workspace/.derivedData/Build/Products/Debug -F /Applications/Xcode-27.0.0-Release.Candidate.app/Contents/Developer/Platforms/MacOSX.platform/Developer/Library/Frameworks -c -j10 -enable-batch-mode -incremental -Xcc -ivfsstatcache -Xcc /Users/admin/builder/spi-builder-workspace/.derivedData/SDKStatCaches.noindex/macosx27.0-26A425-e829b21a6f8c9b70876ba0858053c0446a22442a12e9d48fe1a705f55a1adfc4.sdkstatcache -output-file-map /Users/admin/builder/spi-builder-workspace/.derivedData/Build/Intermediates.noindex/RealmSwiftMacro.build/Debug/RealmSwiftMacroMacros-t.build/Objects-normal/arm64/RealmSwiftMacroMacros-OutputFileMap.json -save-temps -no-color-diagnostics -explicit-module-build -module-cache-path /Users/admin/builder/spi-builder-workspace/.derivedData/Build/Intermediates.noindex/SwiftExplicitPrecompiledModules -clang-scanner-module-cache-path /Users/admin/builder/spi-builder-workspace/.derivedData/ModuleCache.noindex -sdk-module-cache-path /Users/admin/builder/spi-builder-workspace/.derivedData/SDKExplicitPrecompiledModules -emit-dependencies -emit-module -emit-module-path /Users/admin/builder/spi-builder-workspace/.derivedData/Build/Intermediates.noindex/RealmSwiftMacro.build/Debug/RealmSwiftMacroMacros-t.build/Objects-normal/arm64/RealmSwiftMacroMacros.swiftmodule -serialize-diagnostics -dependency-scan-serialize-diagnostics-path /Users/admin/builder/spi-builder-workspace/.derivedData/Build/Intermediates.noindex/RealmSwiftMacro.build/Debug/RealmSwiftMacroMacros-t.build/Objects-normal/arm64/RealmSwiftMacroMacros-dependency-scan.dia -validate-clang-modules-once -clang-build-session-file /Users/admin/builder/spi-builder-workspace/.derivedData/ModuleCache.noindex/Session.modulevalidation -Xcc -fmodules-prune-interval\=86400 -Xcc -fmodules-prune-after\=345600 -package-name spi_builder_workspace -emit-const-values -const-gather-protocols-list /Users/admin/builder/spi-builder-workspace/.derivedData/Build/Intermediates.noindex/RealmSwiftMacro.build/Debug/RealmSwiftMacroMacros-t.build/Objects-normal/arm64/RealmSwiftMacroMacros_const_extract_protocols.json -Xcc -I/Users/admin/builder/spi-builder-workspace/.derivedData/Build/Products/Debug/include -Xcc -I/Users/admin/builder/spi-builder-workspace/.derivedData/Build/Intermediates.noindex/RealmSwiftMacro.build/Debug/RealmSwiftMacroMacros-t.build/DerivedSources-normal/arm64 -Xcc -I/Users/admin/builder/spi-builder-workspace/.derivedData/Build/Intermediates.noindex/RealmSwiftMacro.build/Debug/RealmSwiftMacroMacros-t.build/DerivedSources/arm64 -Xcc -I/Users/admin/builder/spi-builder-workspace/.derivedData/Build/Intermediates.noindex/RealmSwiftMacro.build/Debug/RealmSwiftMacroMacros-t.build/DerivedSources -Xcc -DSWIFT_PACKAGE -Xcc -DDEBUG\=1 -working-directory /Users/admin/builder/spi-builder-workspace/.swiftpm/xcode -experimental-emit-module-separately -disable-cmo
SwiftDriver RealmSwiftMacroMacros-6813939CA2DEAA6A-testable normal arm64 com.apple.xcode.tools.swift.compiler (in target 'RealmSwiftMacroMacros' from project 'RealmSwiftMacro')
    cd /Users/admin/builder/spi-builder-workspace/.swiftpm/xcode
    builtin-SwiftDriver -- /Applications/Xcode-27.0.0-Release.Candidate.app/Contents/Developer/Toolchains/XcodeDefault.xctoolchain/usr/bin/swiftc -parse-as-library -module-name RealmSwiftMacroMacros -Onone @/Users/admin/builder/spi-builder-workspace/.derivedData/Build/Intermediates.noindex/RealmSwiftMacro.build/Debug/RealmSwiftMacroMacros-6813939CA2DEAA6A-testable-t.build/Objects-normal/arm64/RealmSwiftMacroMacros-6813939CA2DEAA6A-testable.SwiftFileList -DSWIFT_PACKAGE -DDEBUG -DXcode -Xfrontend -entry-point-function-name -Xfrontend RealmSwiftMacroMacros_main -I /Users/admin/builder/spi-builder-workspace/.dependencies/prebuilts/swift-syntax/602.0.0/swiftlang-6.4.0.34.1-macosx27.0-MacroSupport/Modules -I /Users/admin/builder/spi-builder-workspace/.dependencies/checkouts/swift-syntax/Sources/_SwiftLibraryPluginProviderCShims/include -I /Users/admin/builder/spi-builder-workspace/.dependencies/checkouts/swift-syntax/Sources/_SwiftSyntaxCShims/include -plugin-path /Applications/Xcode-27.0.0-Release.Candidate.app/Contents/Developer/Toolchains/XcodeDefault.xctoolchain/usr/lib/swift/host/plugins/testing -enable-experimental-feature DebugDescriptionMacro -sdk /Applications/Xcode-27.0.0-Release.Candidate.app/Contents/Developer/Platforms/MacOSX.platform/Developer/SDKs/MacOSX27.0.sdk -target arm64-apple-macos13.0 -g -module-cache-path /Users/admin/builder/spi-builder-workspace/.derivedData/ModuleCache.noindex -Xfrontend -serialize-debugging-options -profile-coverage-mapping -profile-generate -enable-testing -index-store-path /Users/admin/builder/spi-builder-workspace/.derivedData/Index.noindex/DataStore -Xcc -D_LIBCPP_HARDENING_MODE\=_LIBCPP_HARDENING_MODE_DEBUG -swift-version 5 -I /Users/admin/builder/spi-builder-workspace/.derivedData/Build/Products/Debug -Isystem /Applications/Xcode-27.0.0-Release.Candidate.app/Contents/Developer/Platforms/MacOSX.platform/Developer/usr/lib -F /Users/admin/builder/spi-builder-workspace/.derivedData/Build/Products/Debug -F /Applications/Xcode-27.0.0-Release.Candidate.app/Contents/Developer/Platforms/MacOSX.platform/Developer/Library/Frameworks -c -j10 -enable-batch-mode -incremental -Xcc -ivfsstatcache -Xcc /Users/admin/builder/spi-builder-workspace/.derivedData/SDKStatCaches.noindex/macosx27.0-26A425-e829b21a6f8c9b70876ba0858053c0446a22442a12e9d48fe1a705f55a1adfc4.sdkstatcache -output-file-map /Users/admin/builder/spi-builder-workspace/.derivedData/Build/Intermediates.noindex/RealmSwiftMacro.build/Debug/RealmSwiftMacroMacros-6813939CA2DEAA6A-testable-t.build/Objects-normal/arm64/RealmSwiftMacroMacros-6813939CA2DEAA6A-testable-OutputFileMap.json -save-temps -no-color-diagnostics -explicit-module-build -module-cache-path /Users/admin/builder/spi-builder-workspace/.derivedData/Build/Intermediates.noindex/SwiftExplicitPrecompiledModules -clang-scanner-module-cache-path /Users/admin/builder/spi-builder-workspace/.derivedData/ModuleCache.noindex -sdk-module-cache-path /Users/admin/builder/spi-builder-workspace/.derivedData/SDKExplicitPrecompiledModules -emit-dependencies -emit-module -emit-module-path /Users/admin/builder/spi-builder-workspace/.derivedData/Build/Intermediates.noindex/RealmSwiftMacro.build/Debug/RealmSwiftMacroMacros-6813939CA2DEAA6A-testable-t.build/Objects-normal/arm64/RealmSwiftMacroMacros.swiftmodule -serialize-diagnostics -dependency-scan-serialize-diagnostics-path /Users/admin/builder/spi-builder-workspace/.derivedData/Build/Intermediates.noindex/RealmSwiftMacro.build/Debug/RealmSwiftMacroMacros-6813939CA2DEAA6A-testable-t.build/Objects-normal/arm64/RealmSwiftMacroMacros-dependency-scan.dia -validate-clang-modules-once -clang-build-session-file /Users/admin/builder/spi-builder-workspace/.derivedData/ModuleCache.noindex/Session.modulevalidation -Xcc -fmodules-prune-interval\=86400 -Xcc -fmodules-prune-after\=345600 -package-name spi_builder_workspace -emit-const-values -const-gather-protocols-list /Users/admin/builder/spi-builder-workspace/.derivedData/Build/Intermediates.noindex/RealmSwiftMacro.build/Debug/RealmSwiftMacroMacros-6813939CA2DEAA6A-testable-t.build/Objects-normal/arm64/RealmSwiftMacroMacros-6813939CA2DEAA6A-testable_const_extract_protocols.json -Xcc -I/Users/admin/builder/spi-builder-workspace/.derivedData/Build/Products/Debug/include -Xcc -I/Users/admin/builder/spi-builder-workspace/.derivedData/Build/Intermediates.noindex/RealmSwiftMacro.build/Debug/RealmSwiftMacroMacros-6813939CA2DEAA6A-testable-t.build/DerivedSources-normal/arm64 -Xcc -I/Users/admin/builder/spi-builder-workspace/.derivedData/Build/Intermediates.noindex/RealmSwiftMacro.build/Debug/RealmSwiftMacroMacros-6813939CA2DEAA6A-testable-t.build/DerivedSources/arm64 -Xcc -I/Users/admin/builder/spi-builder-workspace/.derivedData/Build/Intermediates.noindex/RealmSwiftMacro.build/Debug/RealmSwiftMacroMacros-6813939CA2DEAA6A-testable-t.build/DerivedSources -Xcc -DSWIFT_PACKAGE -Xcc -DDEBUG\=1 -emit-objc-header -emit-objc-header-path /Users/admin/builder/spi-builder-workspace/.derivedData/Build/Intermediates.noindex/RealmSwiftMacro.build/Debug/RealmSwiftMacroMacros-6813939CA2DEAA6A-testable-t.build/Objects-normal/arm64/RealmSwiftMacroMacros-Swift.h -working-directory /Users/admin/builder/spi-builder-workspace/.swiftpm/xcode -experimental-emit-module-separately -disable-cmo
SwiftDriver RealmSwift normal arm64 com.apple.xcode.tools.swift.compiler (in target 'RealmSwift' from project 'Realm')
    cd /Users/admin/builder/spi-builder-workspace/.swiftpm/xcode
    builtin-SwiftDriver -- /Applications/Xcode-27.0.0-Release.Candidate.app/Contents/Developer/Toolchains/XcodeDefault.xctoolchain/usr/bin/swiftc -parse-as-library -module-name RealmSwift -Onone @/Users/admin/builder/spi-builder-workspace/.derivedData/Build/Intermediates.noindex/Realm.build/Debug/RealmSwift-t.build/Objects-normal/arm64/RealmSwift.SwiftFileList -DSWIFT_PACKAGE -DDEBUG -DSWIFT_MODULE_RESOURCE_BUNDLE_AVAILABLE -Xcc -fmodule-map-file\=/Users/admin/builder/spi-builder-workspace/.dependencies/checkouts/realm-core/src/module.modulemap -Xcc -fmodule-map-file\=/Users/admin/builder/spi-builder-workspace/.derivedData/Build/Intermediates.noindex/GeneratedModuleMaps/s2geometry.modulemap -Xcc -fmodule-map-file\=/Users/admin/builder/spi-builder-workspace/.derivedData/Build/Intermediates.noindex/GeneratedModuleMaps/Bid.modulemap -Xcc -fmodule-map-file\=/Users/admin/builder/spi-builder-workspace/.derivedData/Build/Intermediates.noindex/GeneratedModuleMaps/RealmCoreResources.modulemap -Xcc -fmodule-map-file\=/Users/admin/builder/spi-builder-workspace/.dependencies/checkouts/realm-swift/include/module.modulemap -DXcode -plugin-path /Applications/Xcode-27.0.0-Release.Candidate.app/Contents/Developer/Toolchains/XcodeDefault.xctoolchain/usr/lib/swift/host/plugins/testing -enable-experimental-feature DebugDescriptionMacro -sdk /Applications/Xcode-27.0.0-Release.Candidate.app/Contents/Developer/Platforms/MacOSX.platform/Developer/SDKs/MacOSX27.0.sdk -target arm64-apple-macos12.0 -g -module-cache-path /Users/admin/builder/spi-builder-workspace/.derivedData/ModuleCache.noindex -Xfrontend -serialize-debugging-options -profile-coverage-mapping -profile-generate -enable-testing -suppress-warnings -index-store-path /Users/admin/builder/spi-builder-workspace/.derivedData/Index.noindex/DataStore -Xcc -D_LIBCPP_HARDENING_MODE\=_LIBCPP_HARDENING_MODE_DEBUG -swift-version 6 -I /Users/admin/builder/spi-builder-workspace/.derivedData/Build/Products/Debug -Isystem /Applications/Xcode-27.0.0-Release.Candidate.app/Contents/Developer/Platforms/MacOSX.platform/Developer/usr/lib -F /Users/admin/builder/spi-builder-workspace/.derivedData/Build/Products/Debug/PackageFrameworks -F /Users/admin/builder/spi-builder-workspace/.derivedData/Build/Products/Debug -F /Applications/Xcode-27.0.0-Release.Candidate.app/Contents/Developer/Platforms/MacOSX.platform/Developer/Library/Frameworks -c -j10 -enable-batch-mode -incremental -Xcc -ivfsstatcache -Xcc /Users/admin/builder/spi-builder-workspace/.derivedData/SDKStatCaches.noindex/macosx27.0-26A425-e829b21a6f8c9b70876ba0858053c0446a22442a12e9d48fe1a705f55a1adfc4.sdkstatcache -output-file-map /Users/admin/builder/spi-builder-workspace/.derivedData/Build/Intermediates.noindex/Realm.build/Debug/RealmSwift-t.build/Objects-normal/arm64/RealmSwift-OutputFileMap.json -save-temps -no-color-diagnostics -explicit-module-build -module-cache-path /Users/admin/builder/spi-builder-workspace/.derivedData/Build/Intermediates.noindex/SwiftExplicitPrecompiledModules -clang-scanner-module-cache-path /Users/admin/builder/spi-builder-workspace/.derivedData/ModuleCache.noindex -sdk-module-cache-path /Users/admin/builder/spi-builder-workspace/.derivedData/SDKExplicitPrecompiledModules -emit-dependencies -emit-module -emit-module-path /Users/admin/builder/spi-builder-workspace/.derivedData/Build/Intermediates.noindex/Realm.build/Debug/RealmSwift-t.build/Objects-normal/arm64/RealmSwift.swiftmodule -serialize-diagnostics -dependency-scan-serialize-diagnostics-path /Users/admin/builder/spi-builder-workspace/.derivedData/Build/Intermediates.noindex/Realm.build/Debug/RealmSwift-t.build/Objects-normal/arm64/RealmSwift-dependency-scan.dia -validate-clang-modules-once -clang-build-session-file /Users/admin/builder/spi-builder-workspace/.derivedData/ModuleCache.noindex/Session.modulevalidation -Xcc -fmodules-prune-interval\=86400 -Xcc -fmodules-prune-after\=345600 -package-name realm_swift -emit-const-values -const-gather-protocols-list /Users/admin/builder/spi-builder-workspace/.derivedData/Build/Intermediates.noindex/Realm.build/Debug/RealmSwift-t.build/Objects-normal/arm64/RealmSwift_const_extract_protocols.json -Xcc -I/Users/admin/builder/spi-builder-workspace/.dependencies/checkouts/realm-core/src -Xcc -I/Users/admin/builder/spi-builder-workspace/.dependencies/checkouts/realm-core/src/external/s2 -Xcc -I/Users/admin/builder/spi-builder-workspace/.dependencies/checkouts/realm-core/src/external/IntelRDFPMathLib20U2/LIBRARY/src -Xcc -I/Users/admin/builder/spi-builder-workspace/.dependencies/checkouts/realm-core/src/spm -Xcc -I/Users/admin/builder/spi-builder-workspace/.dependencies/checkouts/realm-swift/include -Xcc -I/Users/admin/builder/spi-builder-workspace/.derivedData/Build/Products/Debug/include -Xcc -I/Users/admin/builder/spi-builder-workspace/.derivedData/Build/Intermediates.noindex/Realm.build/Debug/RealmSwift-t.build/DerivedSources-normal/arm64 -Xcc -I/Users/admin/builder/spi-builder-workspace/.derivedData/Build/Intermediates.noindex/Realm.build/Debug/RealmSwift-t.build/DerivedSources/arm64 -Xcc -I/Users/admin/builder/spi-builder-workspace/.derivedData/Build/Intermediates.noindex/Realm.build/Debug/RealmSwift-t.build/DerivedSources -Xcc -DSWIFT_PACKAGE -Xcc -DDEBUG\=1 -emit-objc-header -emit-objc-header-path /Users/admin/builder/spi-builder-workspace/.derivedData/Build/Intermediates.noindex/Realm.build/Debug/RealmSwift-t.build/Objects-normal/arm64/RealmSwift-Swift.h -working-directory /Users/admin/builder/spi-builder-workspace/.swiftpm/xcode -experimental-emit-module-separately -disable-cmo
PruneExplicitPrecompiledModules /Users/admin/builder/spi-builder-workspace/.derivedData/Build/Intermediates.noindex/SwiftExplicitPrecompiledModules
PruneExplicitPrecompiledModules /Users/admin/builder/spi-builder-workspace/.derivedData/SDKExplicitPrecompiledModules
PruneExplicitPrecompiledModules /Users/admin/builder/spi-builder-workspace/.derivedData/Build/Intermediates.noindex/ExplicitPrecompiledModules
2026-09-19 12:33:56.087 xcodebuild[835:5016] [MT] IDERunDestination: Supported platforms for the buildables in the current scheme is empty.
2026-09-19 12:33:56.187 xcodebuild[835:5016] [MT] IDERunDestination: Supported platforms for the buildables in the current scheme is empty.
--- xcodebuild: WARNING: Using the first of multiple matching destinations:
{ platform:macOS, arch:arm64, id:1be41b06e26085cd7b5a2748db48ba82e3517288, name:My Mac }
{ platform:macOS, arch:arm64, variant:Mac Catalyst, id:1be41b06e26085cd7b5a2748db48ba82e3517288, name:My Mac }
{ platform:macOS, arch:arm64, variant:DriverKit, id:1be41b06e26085cd7b5a2748db48ba82e3517288, name:My Mac }
{ platform:macOS, arch:arm64, variant:Designed for [iPad,iPhone], id:1be41b06e26085cd7b5a2748db48ba82e3517288, name:My Mac }
** BUILD FAILED **
The following build commands failed:
	CompileC /Users/admin/builder/spi-builder-workspace/.derivedData/Build/Intermediates.noindex/RealmDatabase.build/Debug/s2geometry-t.build/Objects-normal/arm64/s2r2rect.o /Users/admin/builder/spi-builder-workspace/.dependencies/checkouts/realm-core/src/external/s2/s2r2rect.cc normal arm64 c++ com.apple.compilers.llvm.clang.1_0.compiler (in target 's2geometry' from project 'RealmDatabase')
	CompileC /Users/admin/builder/spi-builder-workspace/.derivedData/Build/Intermediates.noindex/RealmDatabase.build/Debug/s2geometry-t.build/Objects-normal/arm64/s2region.o /Users/admin/builder/spi-builder-workspace/.dependencies/checkouts/realm-core/src/external/s2/s2region.cc normal arm64 c++ com.apple.compilers.llvm.clang.1_0.compiler (in target 's2geometry' from project 'RealmDatabase')
	CompileC /Users/admin/builder/spi-builder-workspace/.derivedData/Build/Intermediates.noindex/RealmDatabase.build/Debug/s2geometry-t.build/Objects-normal/arm64/s2polyline.o /Users/admin/builder/spi-builder-workspace/.dependencies/checkouts/realm-core/src/external/s2/s2polyline.cc normal arm64 c++ com.apple.compilers.llvm.clang.1_0.compiler (in target 's2geometry' from project 'RealmDatabase')
	CompileC /Users/admin/builder/spi-builder-workspace/.derivedData/Build/Intermediates.noindex/RealmDatabase.build/Debug/s2geometry-t.build/Objects-normal/arm64/s2pointregion.o /Users/admin/builder/spi-builder-workspace/.dependencies/checkouts/realm-core/src/external/s2/s2pointregion.cc normal arm64 c++ com.apple.compilers.llvm.clang.1_0.compiler (in target 's2geometry' from project 'RealmDatabase')
	CompileC /Users/admin/builder/spi-builder-workspace/.derivedData/Build/Intermediates.noindex/RealmDatabase.build/Debug/s2geometry-t.build/Objects-normal/arm64/s2latlng.o /Users/admin/builder/spi-builder-workspace/.dependencies/checkouts/realm-core/src/external/s2/s2latlng.cc normal arm64 c++ com.apple.compilers.llvm.clang.1_0.compiler (in target 's2geometry' from project 'RealmDatabase')
	Building workspace RealmSwiftMacro with scheme RealmSwiftMacro-Package
(6 failures)
Command line invocation:
    /Applications/Xcode-27.0.0-Release.Candidate.app/Contents/Developer/usr/bin/xcodebuild -IDEClonedSourcePackagesDirPathOverride=/Users/admin/builder/spi-builder-workspace/.dependencies -resolvePackageDependencies
Resolve Package Graph
Resolved source packages:
  swift-syntax: https://github.com/apple/swift-syntax.git @ 602.0.0
  RealmDatabase: https://github.com/realm/realm-core.git @ 14.14.0
  Realm: https://github.com/realm/realm-swift @ 10.54.6
  RealmSwiftMacro: /Users/admin/builder/spi-builder-workspace
resolved source packages: swift-syntax, RealmDatabase, Realm, RealmSwiftMacro
2026-09-19 12:34:07.760 xcodebuild[907:5503] [MT] IDERunDestination: Supported platforms for the buildables in the current scheme is empty.
2026-09-19 12:34:07.860 xcodebuild[907:5503] [MT] IDERunDestination: Supported platforms for the buildables in the current scheme is empty.
{
  "dependencies" : [
    {
      "identity" : "swift-syntax",
      "requirement" : {
        "range" : [
          {
            "lower_bound" : "602.0.0",
            "upper_bound" : "603.0.0"
          }
        ]
      },
      "type" : "sourceControl",
      "url" : "https://github.com/apple/swift-syntax.git"
    },
    {
      "identity" : "realm-swift",
      "requirement" : {
        "range" : [
          {
            "lower_bound" : "10.54.6",
            "upper_bound" : "11.0.0"
          }
        ]
      },
      "type" : "sourceControl",
      "url" : "https://github.com/realm/realm-swift"
    }
  ],
  "manifest_display_name" : "RealmSwiftMacro",
  "name" : "RealmSwiftMacro",
  "path" : "/Users/admin/builder/spi-builder-workspace",
  "platforms" : [
    {
      "name" : "macos",
      "version" : "13.0"
    },
    {
      "name" : "ios",
      "version" : "15.0"
    },
    {
      "name" : "tvos",
      "version" : "13.0"
    },
    {
      "name" : "watchos",
      "version" : "6.0"
    },
    {
      "name" : "maccatalyst",
      "version" : "13.0"
    }
  ],
  "products" : [
    {
      "name" : "RealmSwiftMacro",
      "targets" : [
        "RealmSwiftMacro"
      ],
      "type" : {
        "library" : [
          "automatic"
        ]
      }
    },
    {
      "name" : "RealmSwiftMacroClient",
      "targets" : [
        "RealmSwiftMacroClient"
      ],
      "type" : {
        "executable" : null
      }
    },
    {
      "name" : "RealmSwiftMacroMacros",
      "targets" : [
        "RealmSwiftMacroMacros"
      ],
      "type" : {
        "macro" : null
      }
    }
  ],
  "targets" : [
    {
      "c99name" : "RealmSwiftMacroTests",
      "module_type" : "SwiftTarget",
      "name" : "RealmSwiftMacroTests",
      "path" : "Tests/RealmSwiftMacroTests",
      "product_dependencies" : [
        "SwiftSyntaxMacrosTestSupport"
      ],
      "sources" : [
        "RealmSwiftMacroTests.swift"
      ],
      "target_dependencies" : [
        "RealmSwiftMacroMacros"
      ],
      "type" : "test"
    },
    {
      "c99name" : "RealmSwiftMacroMacros",
      "module_type" : "SwiftTarget",
      "name" : "RealmSwiftMacroMacros",
      "path" : "Sources/RealmSwiftMacroMacros",
      "product_dependencies" : [
        "SwiftSyntaxMacros",
        "SwiftCompilerPlugin"
      ],
      "product_memberships" : [
        "RealmSwiftMacro",
        "RealmSwiftMacroClient",
        "RealmSwiftMacroMacros"
      ],
      "sources" : [
        "RealmModelMacro.swift",
        "RealmSwiftMacroMacro.swift"
      ],
      "type" : "macro"
    },
    {
      "c99name" : "RealmSwiftMacroClient",
      "module_type" : "SwiftTarget",
      "name" : "RealmSwiftMacroClient",
      "path" : "Sources/RealmSwiftMacroClient",
      "product_dependencies" : [
        "RealmSwift"
      ],
      "product_memberships" : [
        "RealmSwiftMacroClient"
      ],
      "sources" : [
        "SNS.swift",
        "Todo.swift",
        "main.swift"
      ],
      "target_dependencies" : [
        "RealmSwiftMacro"
      ],
      "type" : "executable"
    },
    {
      "c99name" : "RealmSwiftMacro",
      "module_type" : "SwiftTarget",
      "name" : "RealmSwiftMacro",
      "path" : "Sources/RealmSwiftMacro",
      "product_dependencies" : [
        "RealmSwift"
      ],
      "product_memberships" : [
        "RealmSwiftMacro",
        "RealmSwiftMacroClient"
      ],
      "sources" : [
        "RealmSwiftMacro.swift"
      ],
      "target_dependencies" : [
        "RealmSwiftMacroMacros"
      ],
      "type" : "library"
    }
  ],
  "tools_version" : "5.9"
}
{
  "workspace" : {
    "name" : "RealmSwiftMacro",
    "schemes" : [
      "RealmSwiftMacro",
      "RealmSwiftMacro-Package",
      "RealmSwiftMacroClient"
    ]
  }
}
2026-09-19 12:34:10.081 xcodebuild[916:5592] [MT] IDERunDestination: Supported platforms for the buildables in the current scheme is empty.
2026-09-19 12:34:10.183 xcodebuild[916:5592] [MT] IDERunDestination: Supported platforms for the buildables in the current scheme is empty.
Running build ...
env DEVELOPER_DIR=/Applications/Xcode-27.0.0-Release.Candidate.app xcrun xcodebuild -IDEClonedSourcePackagesDirPathOverride=$PWD/.dependencies -skipMacroValidation -skipPackagePluginValidation -derivedDataPath $PWD/.derivedData build -scheme RealmSwiftMacro-Package -destination platform=macOS,arch=arm64
Command line invocation:
    /Applications/Xcode-27.0.0-Release.Candidate.app/Contents/Developer/usr/bin/xcodebuild -IDEClonedSourcePackagesDirPathOverride=/Users/admin/builder/spi-builder-workspace/.dependencies -skipMacroValidation -skipPackagePluginValidation -derivedDataPath /Users/admin/builder/spi-builder-workspace/.derivedData build -scheme RealmSwiftMacro-Package -destination platform=macOS,arch=arm64
Resolve Package Graph
Resolved source packages:
  RealmDatabase: https://github.com/realm/realm-core.git @ 14.14.0
  Realm: https://github.com/realm/realm-swift @ 10.54.6
  RealmSwiftMacro: /Users/admin/builder/spi-builder-workspace
  swift-syntax: https://github.com/apple/swift-syntax.git @ 602.0.0
ComputePackagePrebuildTargetDependencyGraph
Prepare packages
CreateBuildRequest
SendProjectDescription
CreateBuildOperation
ComputeTargetDependencyGraph
note: Building targets in dependency order
note: Target dependency graph (17 targets)
    Target 'RealmSwiftMacroTests-product' in project 'RealmSwiftMacro'
        ➜ Explicit dependency on target 'RealmSwiftMacroMacros' in project 'RealmSwiftMacro'
        ➜ Explicit dependency on target 'RealmSwiftMacroMacros' in project 'RealmSwiftMacro'
    Target 'RealmSwiftMacroMacros' in project 'RealmSwiftMacro' (no dependencies)
    Target 'RealmSwiftMacroClient-product' in project 'RealmSwiftMacro'
        ➜ Explicit dependency on target 'RealmSwiftMacroMacros' in project 'RealmSwiftMacro'
        ➜ Explicit dependency on target 'RealmSwift-product' in project 'Realm'
        ➜ Explicit dependency on target 'RealmSwiftMacro' in project 'RealmSwiftMacro'
    Target 'RealmSwiftMacro-product' in project 'RealmSwiftMacro'
        ➜ Explicit dependency on target 'RealmSwiftMacro' in project 'RealmSwiftMacro'
        ➜ Explicit dependency on target 'RealmSwiftMacroMacros' in project 'RealmSwiftMacro'
        ➜ Explicit dependency on target 'RealmSwift-product' in project 'Realm'
    Target 'RealmSwiftMacro' in project 'RealmSwiftMacro'
        ➜ Explicit dependency on target 'RealmSwiftMacroMacros' in project 'RealmSwiftMacro'
        ➜ Explicit dependency on target 'RealmSwift-product' in project 'Realm'
    Target 'RealmSwift-product' in project 'Realm'
        ➜ Explicit dependency on target 'RealmSwift' in project 'Realm'
        ➜ Explicit dependency on target 'Realm_RealmSwift' in project 'Realm'
        ➜ Explicit dependency on target 'Realm' in project 'Realm'
        ➜ Explicit dependency on target 'RealmCore-product' in project 'RealmDatabase'
    Target 'RealmSwift' in project 'Realm'
        ➜ Explicit dependency on target 'Realm_RealmSwift' in project 'Realm'
        ➜ Explicit dependency on target 'Realm' in project 'Realm'
        ➜ Explicit dependency on target 'RealmCore-product' in project 'RealmDatabase'
    Target 'Realm' in project 'Realm'
        ➜ Explicit dependency on target 'Realm_Realm' in project 'Realm'
        ➜ Explicit dependency on target 'RealmCore-product' in project 'RealmDatabase'
    Target 'RealmCore-product' in project 'RealmDatabase'
        ➜ Explicit dependency on target 'RealmCoreResources' in project 'RealmDatabase'
        ➜ Explicit dependency on target 'RealmDatabase_RealmCoreResources' in project 'RealmDatabase'
        ➜ Explicit dependency on target 'Bid' in project 'RealmDatabase'
        ➜ Explicit dependency on target 's2geometry' in project 'RealmDatabase'
        ➜ Explicit dependency on target 'RealmCore' in project 'RealmDatabase'
    Target 'RealmCoreResources' in project 'RealmDatabase'
        ➜ Explicit dependency on target 'RealmDatabase_RealmCoreResources' in project 'RealmDatabase'
        ➜ Explicit dependency on target 'Bid' in project 'RealmDatabase'
        ➜ Explicit dependency on target 's2geometry' in project 'RealmDatabase'
        ➜ Explicit dependency on target 'RealmCore' in project 'RealmDatabase'
    Target 'RealmCore' in project 'RealmDatabase'
        ➜ Explicit dependency on target 'Bid' in project 'RealmDatabase'
        ➜ Explicit dependency on target 's2geometry' in project 'RealmDatabase'
    Target 's2geometry' in project 'RealmDatabase' (no dependencies)
    Target 'Bid' in project 'RealmDatabase' (no dependencies)
    Target 'RealmDatabase_RealmCoreResources' in project 'RealmDatabase' (no dependencies)
    Target 'Realm_Realm' in project 'Realm' (no dependencies)
    Target 'Realm_RealmSwift' in project 'Realm' (no dependencies)
    Target 'RealmSwiftMacroMacros' in project 'RealmSwiftMacro' (no dependencies)
GatherProvisioningInputs
CreateBuildDescription
ClangStatCache /Applications/Xcode-27.0.0-Release.Candidate.app/Contents/Developer/Toolchains/XcodeDefault.xctoolchain/usr/bin/clang-stat-cache /Applications/Xcode-27.0.0-Release.Candidate.app/Contents/Developer/Platforms/MacOSX.platform/Developer/SDKs/MacOSX27.0.sdk /Users/admin/builder/spi-builder-workspace/.derivedData/SDKStatCaches.noindex/macosx27.0-26A425-e829b21a6f8c9b70876ba0858053c0446a22442a12e9d48fe1a705f55a1adfc4.sdkstatcache
    cd /Users/admin/builder/spi-builder-workspace/.swiftpm/xcode
    /Applications/Xcode-27.0.0-Release.Candidate.app/Contents/Developer/Toolchains/XcodeDefault.xctoolchain/usr/bin/clang-stat-cache /Applications/Xcode-27.0.0-Release.Candidate.app/Contents/Developer/Platforms/MacOSX.platform/Developer/SDKs/MacOSX27.0.sdk -o /Users/admin/builder/spi-builder-workspace/.derivedData/SDKStatCaches.noindex/macosx27.0-26A425-e829b21a6f8c9b70876ba0858053c0446a22442a12e9d48fe1a705f55a1adfc4.sdkstatcache
ScanDependencies /Users/admin/builder/spi-builder-workspace/.derivedData/Build/Intermediates.noindex/Realm.build/Debug/Realm-t.build/Objects-normal/arm64/resource_bundle_accessor.o /Users/admin/builder/spi-builder-workspace/.derivedData/Build/Intermediates.noindex/Realm.build/Debug/Realm-t.build/DerivedSources/resource_bundle_accessor.m normal arm64 objective-c com.apple.compilers.llvm.clang.1_0.compiler (in target 'Realm' from project 'Realm')
    cd /Users/admin/builder/spi-builder-workspace/.swiftpm/xcode

    Using response file: /Users/admin/builder/spi-builder-workspace/.derivedData/Build/Intermediates.noindex/Realm.build/Debug/Realm-t.build/Objects-normal/arm64/e6072d4f65d7061329687fe24e3d63a7-common-args.resp

    builtin-ScanDependencies -o /Users/admin/builder/spi-builder-workspace/.derivedData/Build/Intermediates.noindex/Realm.build/Debug/Realm-t.build/Objects-normal/arm64/resource_bundle_accessor.o.scan -- /Applications/Xcode-27.0.0-Release.Candidate.app/Contents/Developer/Toolchains/XcodeDefault.xctoolchain/usr/bin/clang -x objective-c -ivfsstatcache /Users/admin/builder/spi-builder-workspace/.derivedData/SDKStatCaches.noindex/macosx27.0-26A425-e829b21a6f8c9b70876ba0858053c0446a22442a12e9d48fe1a705f55a1adfc4.sdkstatcache -target arm64-apple-macos12.0 -fmessage-length\=0 -fdiagnostics-show-note-include-stack -fmacro-backtrace-limit\=0 -fno-color-diagnostics -fmodules-prune-interval\=86400 -fmodules-prune-after\=345600 -fbuild-session-file\=/Users/admin/builder/spi-builder-workspace/.derivedData/ModuleCache.noindex/Session.modulevalidation -fmodules-validate-once-per-build-session -Wnon-modular-include-in-framework-module -Werror\=non-modular-include-in-framework-module -Wno-trigraphs -Wno-missing-field-initializers -Wno-missing-prototypes -Wno-return-type -Wno-implicit-atomic-properties -Wno-objc-interface-ivars -Wno-arc-repeated-use-of-weak -Wno-missing-braces -Wparentheses -Wswitch -Wno-unused-function -Wno-unused-label -Wno-unused-parameter -Wno-unused-variable -Wunused-value -Wno-empty-body -Wno-uninitialized -Wno-unknown-pragmas -w -Wno-shadow -Wno-four-char-constants -Wno-conversion -Wno-constant-conversion -Wno-int-conversion -Wno-bool-conversion -Wno-enum-conversion -Wno-float-conversion -Wno-non-literal-null-conversion -Wno-objc-literal-conversion -Wshorten-64-to-32 -Wpointer-sign -Wno-newline-eof -Wno-selector -Wno-strict-selector-match -Wno-undeclared-selector -Wno-deprecated-implementations -Wno-implicit-fallthrough -isysroot /Applications/Xcode-27.0.0-Release.Candidate.app/Contents/Developer/Platforms/MacOSX.platform/Developer/SDKs/MacOSX27.0.sdk -fstrict-aliasing -Wprotocol -Wdeprecated-declarations -Wno-sign-conversion -Wno-infinite-recursion -Wno-comma -Wno-block-capture-autoreleasing -Wno-strict-prototypes -Wno-semicolon-before-method-body -index-store-path /Users/admin/builder/spi-builder-workspace/.derivedData/Index.noindex/DataStore @/Users/admin/builder/spi-builder-workspace/.derivedData/Build/Intermediates.noindex/Realm.build/Debug/Realm-t.build/Objects-normal/arm64/e6072d4f65d7061329687fe24e3d63a7-common-args.resp -include /Users/admin/builder/spi-builder-workspace/.derivedData/Build/Intermediates.noindex/Realm.build/Debug/Realm-t.build/DerivedSources/resource_bundle_accessor.h -MMD -MT dependencies -MF /Users/admin/builder/spi-builder-workspace/.derivedData/Build/Intermediates.noindex/Realm.build/Debug/Realm-t.build/Objects-normal/arm64/resource_bundle_accessor.d --serialize-diagnostics /Users/admin/builder/spi-builder-workspace/.derivedData/Build/Intermediates.noindex/Realm.build/Debug/Realm-t.build/Objects-normal/arm64/resource_bundle_accessor.dia -c /Users/admin/builder/spi-builder-workspace/.derivedData/Build/Intermediates.noindex/Realm.build/Debug/Realm-t.build/DerivedSources/resource_bundle_accessor.m -o /Users/admin/builder/spi-builder-workspace/.derivedData/Build/Intermediates.noindex/Realm.build/Debug/Realm-t.build/Objects-normal/arm64/resource_bundle_accessor.o -index-unit-output-path /Realm.build/Debug/Realm-t.build/Objects-normal/arm64/resource_bundle_accessor.o
ScanDependencies /Users/admin/builder/spi-builder-workspace/.derivedData/Build/Intermediates.noindex/Realm.build/Debug/Realm-t.build/Objects-normal/arm64/RLMSwiftSupport.o /Users/admin/builder/spi-builder-workspace/.dependencies/checkouts/realm-swift/Realm/RLMSwiftSupport.m normal arm64 objective-c com.apple.compilers.llvm.clang.1_0.compiler (in target 'Realm' from project 'Realm')
    cd /Users/admin/builder/spi-builder-workspace/.swiftpm/xcode

    Using response file: /Users/admin/builder/spi-builder-workspace/.derivedData/Build/Intermediates.noindex/Realm.build/Debug/Realm-t.build/Objects-normal/arm64/e6072d4f65d7061329687fe24e3d63a7-common-args.resp

    builtin-ScanDependencies -o /Users/admin/builder/spi-builder-workspace/.derivedData/Build/Intermediates.noindex/Realm.build/Debug/Realm-t.build/Objects-normal/arm64/RLMSwiftSupport.o.scan -- /Applications/Xcode-27.0.0-Release.Candidate.app/Contents/Developer/Toolchains/XcodeDefault.xctoolchain/usr/bin/clang -x objective-c -ivfsstatcache /Users/admin/builder/spi-builder-workspace/.derivedData/SDKStatCaches.noindex/macosx27.0-26A425-e829b21a6f8c9b70876ba0858053c0446a22442a12e9d48fe1a705f55a1adfc4.sdkstatcache -target arm64-apple-macos12.0 -fmessage-length\=0 -fdiagnostics-show-note-include-stack -fmacro-backtrace-limit\=0 -fno-color-diagnostics -fmodules-prune-interval\=86400 -fmodules-prune-after\=345600 -fbuild-session-file\=/Users/admin/builder/spi-builder-workspace/.derivedData/ModuleCache.noindex/Session.modulevalidation -fmodules-validate-once-per-build-session -Wnon-modular-include-in-framework-module -Werror\=non-modular-include-in-framework-module -Wno-trigraphs -Wno-missing-field-initializers -Wno-missing-prototypes -Wno-return-type -Wno-implicit-atomic-properties -Wno-objc-interface-ivars -Wno-arc-repeated-use-of-weak -Wno-missing-braces -Wparentheses -Wswitch -Wno-unused-function -Wno-unused-label -Wno-unused-parameter -Wno-unused-variable -Wunused-value -Wno-empty-body -Wno-uninitialized -Wno-unknown-pragmas -w -Wno-shadow -Wno-four-char-constants -Wno-conversion -Wno-constant-conversion -Wno-int-conversion -Wno-bool-conversion -Wno-enum-conversion -Wno-float-conversion -Wno-non-literal-null-conversion -Wno-objc-literal-conversion -Wshorten-64-to-32 -Wpointer-sign -Wno-newline-eof -Wno-selector -Wno-strict-selector-match -Wno-undeclared-selector -Wno-deprecated-implementations -Wno-implicit-fallthrough -isysroot /Applications/Xcode-27.0.0-Release.Candidate.app/Contents/Developer/Platforms/MacOSX.platform/Developer/SDKs/MacOSX27.0.sdk -fstrict-aliasing -Wprotocol -Wdeprecated-declarations -Wno-sign-conversion -Wno-infinite-recursion -Wno-comma -Wno-block-capture-autoreleasing -Wno-strict-prototypes -Wno-semicolon-before-method-body -index-store-path /Users/admin/builder/spi-builder-workspace/.derivedData/Index.noindex/DataStore @/Users/admin/builder/spi-builder-workspace/.derivedData/Build/Intermediates.noindex/Realm.build/Debug/Realm-t.build/Objects-normal/arm64/e6072d4f65d7061329687fe24e3d63a7-common-args.resp -include /Users/admin/builder/spi-builder-workspace/.derivedData/Build/Intermediates.noindex/Realm.build/Debug/Realm-t.build/DerivedSources/resource_bundle_accessor.h -MMD -MT dependencies -MF /Users/admin/builder/spi-builder-workspace/.derivedData/Build/Intermediates.noindex/Realm.build/Debug/Realm-t.build/Objects-normal/arm64/RLMSwiftSupport.d --serialize-diagnostics /Users/admin/builder/spi-builder-workspace/.derivedData/Build/Intermediates.noindex/Realm.build/Debug/Realm-t.build/Objects-normal/arm64/RLMSwiftSupport.dia -c /Users/admin/builder/spi-builder-workspace/.dependencies/checkouts/realm-swift/Realm/RLMSwiftSupport.m -o /Users/admin/builder/spi-builder-workspace/.derivedData/Build/Intermediates.noindex/Realm.build/Debug/Realm-t.build/Objects-normal/arm64/RLMSwiftSupport.o -index-unit-output-path /Realm.build/Debug/Realm-t.build/Objects-normal/arm64/RLMSwiftSupport.o
ScanDependencies /Users/admin/builder/spi-builder-workspace/.derivedData/Build/Intermediates.noindex/Realm.build/Debug/Realm-t.build/Objects-normal/arm64/RLMInitialSubscriptionsConfiguration.o /Users/admin/builder/spi-builder-workspace/.dependencies/checkouts/realm-swift/Realm/RLMInitialSubscriptionsConfiguration.m normal arm64 objective-c com.apple.compilers.llvm.clang.1_0.compiler (in target 'Realm' from project 'Realm')
    cd /Users/admin/builder/spi-builder-workspace/.swiftpm/xcode

    Using response file: /Users/admin/builder/spi-builder-workspace/.derivedData/Build/Intermediates.noindex/Realm.build/Debug/Realm-t.build/Objects-normal/arm64/e6072d4f65d7061329687fe24e3d63a7-common-args.resp

    builtin-ScanDependencies -o /Users/admin/builder/spi-builder-workspace/.derivedData/Build/Intermediates.noindex/Realm.build/Debug/Realm-t.build/Objects-normal/arm64/RLMInitialSubscriptionsConfiguration.o.scan -- /Applications/Xcode-27.0.0-Release.Candidate.app/Contents/Developer/Toolchains/XcodeDefault.xctoolchain/usr/bin/clang -x objective-c -ivfsstatcache /Users/admin/builder/spi-builder-workspace/.derivedData/SDKStatCaches.noindex/macosx27.0-26A425-e829b21a6f8c9b70876ba0858053c0446a22442a12e9d48fe1a705f55a1adfc4.sdkstatcache -target arm64-apple-macos12.0 -fmessage-length\=0 -fdiagnostics-show-note-include-stack -fmacro-backtrace-limit\=0 -fno-color-diagnostics -fmodules-prune-interval\=86400 -fmodules-prune-after\=345600 -fbuild-session-file\=/Users/admin/builder/spi-builder-workspace/.derivedData/ModuleCache.noindex/Session.modulevalidation -fmodules-validate-once-per-build-session -Wnon-modular-include-in-framework-module -Werror\=non-modular-include-in-framework-module -Wno-trigraphs -Wno-missing-field-initializers -Wno-missing-prototypes -Wno-return-type -Wno-implicit-atomic-properties -Wno-objc-interface-ivars -Wno-arc-repeated-use-of-weak -Wno-missing-braces -Wparentheses -Wswitch -Wno-unused-function -Wno-unused-label -Wno-unused-parameter -Wno-unused-variable -Wunused-value -Wno-empty-body -Wno-uninitialized -Wno-unknown-pragmas -w -Wno-shadow -Wno-four-char-constants -Wno-conversion -Wno-constant-conversion -Wno-int-conversion -Wno-bool-conversion -Wno-enum-conversion -Wno-float-conversion -Wno-non-literal-null-conversion -Wno-objc-literal-conversion -Wshorten-64-to-32 -Wpointer-sign -Wno-newline-eof -Wno-selector -Wno-strict-selector-match -Wno-undeclared-selector -Wno-deprecated-implementations -Wno-implicit-fallthrough -isysroot /Applications/Xcode-27.0.0-Release.Candidate.app/Contents/Developer/Platforms/MacOSX.platform/Developer/SDKs/MacOSX27.0.sdk -fstrict-aliasing -Wprotocol -Wdeprecated-declarations -Wno-sign-conversion -Wno-infinite-recursion -Wno-comma -Wno-block-capture-autoreleasing -Wno-strict-prototypes -Wno-semicolon-before-method-body -index-store-path /Users/admin/builder/spi-builder-workspace/.derivedData/Index.noindex/DataStore @/Users/admin/builder/spi-builder-workspace/.derivedData/Build/Intermediates.noindex/Realm.build/Debug/Realm-t.build/Objects-normal/arm64/e6072d4f65d7061329687fe24e3d63a7-common-args.resp -include /Users/admin/builder/spi-builder-workspace/.derivedData/Build/Intermediates.noindex/Realm.build/Debug/Realm-t.build/DerivedSources/resource_bundle_accessor.h -MMD -MT dependencies -MF /Users/admin/builder/spi-builder-workspace/.derivedData/Build/Intermediates.noindex/Realm.build/Debug/Realm-t.build/Objects-normal/arm64/RLMInitialSubscriptionsConfiguration.d --serialize-diagnostics /Users/admin/builder/spi-builder-workspace/.derivedData/Build/Intermediates.noindex/Realm.build/Debug/Realm-t.build/Objects-normal/arm64/RLMInitialSubscriptionsConfiguration.dia -c /Users/admin/builder/spi-builder-workspace/.dependencies/checkouts/realm-swift/Realm/RLMInitialSubscriptionsConfiguration.m -o /Users/admin/builder/spi-builder-workspace/.derivedData/Build/Intermediates.noindex/Realm.build/Debug/Realm-t.build/Objects-normal/arm64/RLMInitialSubscriptionsConfiguration.o -index-unit-output-path /Realm.build/Debug/Realm-t.build/Objects-normal/arm64/RLMInitialSubscriptionsConfiguration.o
ScanDependencies /Users/admin/builder/spi-builder-workspace/.derivedData/Build/Intermediates.noindex/Realm.build/Debug/Realm-t.build/Objects-normal/arm64/RLMConstants.o /Users/admin/builder/spi-builder-workspace/.dependencies/checkouts/realm-swift/Realm/RLMConstants.m normal arm64 objective-c com.apple.compilers.llvm.clang.1_0.compiler (in target 'Realm' from project 'Realm')
    cd /Users/admin/builder/spi-builder-workspace/.swiftpm/xcode

    Using response file: /Users/admin/builder/spi-builder-workspace/.derivedData/Build/Intermediates.noindex/Realm.build/Debug/Realm-t.build/Objects-normal/arm64/e6072d4f65d7061329687fe24e3d63a7-common-args.resp

    builtin-ScanDependencies -o /Users/admin/builder/spi-builder-workspace/.derivedData/Build/Intermediates.noindex/Realm.build/Debug/Realm-t.build/Objects-normal/arm64/RLMConstants.o.scan -- /Applications/Xcode-27.0.0-Release.Candidate.app/Contents/Developer/Toolchains/XcodeDefault.xctoolchain/usr/bin/clang -x objective-c -ivfsstatcache /Users/admin/builder/spi-builder-workspace/.derivedData/SDKStatCaches.noindex/macosx27.0-26A425-e829b21a6f8c9b70876ba0858053c0446a22442a12e9d48fe1a705f55a1adfc4.sdkstatcache -target arm64-apple-macos12.0 -fmessage-length\=0 -fdiagnostics-show-note-include-stack -fmacro-backtrace-limit\=0 -fno-color-diagnostics -fmodules-prune-interval\=86400 -fmodules-prune-after\=345600 -fbuild-session-file\=/Users/admin/builder/spi-builder-workspace/.derivedData/ModuleCache.noindex/Session.modulevalidation -fmodules-validate-once-per-build-session -Wnon-modular-include-in-framework-module -Werror\=non-modular-include-in-framework-module -Wno-trigraphs -Wno-missing-field-initializers -Wno-missing-prototypes -Wno-return-type -Wno-implicit-atomic-properties -Wno-objc-interface-ivars -Wno-arc-repeated-use-of-weak -Wno-missing-braces -Wparentheses -Wswitch -Wno-unused-function -Wno-unused-label -Wno-unused-parameter -Wno-unused-variable -Wunused-value -Wno-empty-body -Wno-uninitialized -Wno-unknown-pragmas -w -Wno-shadow -Wno-four-char-constants -Wno-conversion -Wno-constant-conversion -Wno-int-conversion -Wno-bool-conversion -Wno-enum-conversion -Wno-float-conversion -Wno-non-literal-null-conversion -Wno-objc-literal-conversion -Wshorten-64-to-32 -Wpointer-sign -Wno-newline-eof -Wno-selector -Wno-strict-selector-match -Wno-undeclared-selector -Wno-deprecated-implementations -Wno-implicit-fallthrough -isysroot /Applications/Xcode-27.0.0-Release.Candidate.app/Contents/Developer/Platforms/MacOSX.platform/Developer/SDKs/MacOSX27.0.sdk -fstrict-aliasing -Wprotocol -Wdeprecated-declarations -Wno-sign-conversion -Wno-infinite-recursion -Wno-comma -Wno-block-capture-autoreleasing -Wno-strict-prototypes -Wno-semicolon-before-method-body -index-store-path /Users/admin/builder/spi-builder-workspace/.derivedData/Index.noindex/DataStore @/Users/admin/builder/spi-builder-workspace/.derivedData/Build/Intermediates.noindex/Realm.build/Debug/Realm-t.build/Objects-normal/arm64/e6072d4f65d7061329687fe24e3d63a7-common-args.resp -include /Users/admin/builder/spi-builder-workspace/.derivedData/Build/Intermediates.noindex/Realm.build/Debug/Realm-t.build/DerivedSources/resource_bundle_accessor.h -MMD -MT dependencies -MF /Users/admin/builder/spi-builder-workspace/.derivedData/Build/Intermediates.noindex/Realm.build/Debug/Realm-t.build/Objects-normal/arm64/RLMConstants.d --serialize-diagnostics /Users/admin/builder/spi-builder-workspace/.derivedData/Build/Intermediates.noindex/Realm.build/Debug/Realm-t.build/Objects-normal/arm64/RLMConstants.dia -c /Users/admin/builder/spi-builder-workspace/.dependencies/checkouts/realm-swift/Realm/RLMConstants.m -o /Users/admin/builder/spi-builder-workspace/.derivedData/Build/Intermediates.noindex/Realm.build/Debug/Realm-t.build/Objects-normal/arm64/RLMConstants.o -index-unit-output-path /Realm.build/Debug/Realm-t.build/Objects-normal/arm64/RLMConstants.o
ScanDependencies /Users/admin/builder/spi-builder-workspace/.derivedData/Build/Intermediates.noindex/Realm.build/Debug/Realm-t.build/Objects-normal/arm64/NSError+RLMSync.o /Users/admin/builder/spi-builder-workspace/.dependencies/checkouts/realm-swift/Realm/NSError+RLMSync.m normal arm64 objective-c com.apple.compilers.llvm.clang.1_0.compiler (in target 'Realm' from project 'Realm')
    cd /Users/admin/builder/spi-builder-workspace/.swiftpm/xcode

    Using response file: /Users/admin/builder/spi-builder-workspace/.derivedData/Build/Intermediates.noindex/Realm.build/Debug/Realm-t.build/Objects-normal/arm64/e6072d4f65d7061329687fe24e3d63a7-common-args.resp

    builtin-ScanDependencies -o /Users/admin/builder/spi-builder-workspace/.derivedData/Build/Intermediates.noindex/Realm.build/Debug/Realm-t.build/Objects-normal/arm64/NSError+RLMSync.o.scan -- /Applications/Xcode-27.0.0-Release.Candidate.app/Contents/Developer/Toolchains/XcodeDefault.xctoolchain/usr/bin/clang -x objective-c -ivfsstatcache /Users/admin/builder/spi-builder-workspace/.derivedData/SDKStatCaches.noindex/macosx27.0-26A425-e829b21a6f8c9b70876ba0858053c0446a22442a12e9d48fe1a705f55a1adfc4.sdkstatcache -target arm64-apple-macos12.0 -fmessage-length\=0 -fdiagnostics-show-note-include-stack -fmacro-backtrace-limit\=0 -fno-color-diagnostics -fmodules-prune-interval\=86400 -fmodules-prune-after\=345600 -fbuild-session-file\=/Users/admin/builder/spi-builder-workspace/.derivedData/ModuleCache.noindex/Session.modulevalidation -fmodules-validate-once-per-build-session -Wnon-modular-include-in-framework-module -Werror\=non-modular-include-in-framework-module -Wno-trigraphs -Wno-missing-field-initializers -Wno-missing-prototypes -Wno-return-type -Wno-implicit-atomic-properties -Wno-objc-interface-ivars -Wno-arc-repeated-use-of-weak -Wno-missing-braces -Wparentheses -Wswitch -Wno-unused-function -Wno-unused-label -Wno-unused-parameter -Wno-unused-variable -Wunused-value -Wno-empty-body -Wno-uninitialized -Wno-unknown-pragmas -w -Wno-shadow -Wno-four-char-constants -Wno-conversion -Wno-constant-conversion -Wno-int-conversion -Wno-bool-conversion -Wno-enum-conversion -Wno-float-conversion -Wno-non-literal-null-conversion -Wno-objc-literal-conversion -Wshorten-64-to-32 -Wpointer-sign -Wno-newline-eof -Wno-selector -Wno-strict-selector-match -Wno-undeclared-selector -Wno-deprecated-implementations -Wno-implicit-fallthrough -isysroot /Applications/Xcode-27.0.0-Release.Candidate.app/Contents/Developer/Platforms/MacOSX.platform/Developer/SDKs/MacOSX27.0.sdk -fstrict-aliasing -Wprotocol -Wdeprecated-declarations -Wno-sign-conversion -Wno-infinite-recursion -Wno-comma -Wno-block-capture-autoreleasing -Wno-strict-prototypes -Wno-semicolon-before-method-body -index-store-path /Users/admin/builder/spi-builder-workspace/.derivedData/Index.noindex/DataStore @/Users/admin/builder/spi-builder-workspace/.derivedData/Build/Intermediates.noindex/Realm.build/Debug/Realm-t.build/Objects-normal/arm64/e6072d4f65d7061329687fe24e3d63a7-common-args.resp -include /Users/admin/builder/spi-builder-workspace/.derivedData/Build/Intermediates.noindex/Realm.build/Debug/Realm-t.build/DerivedSources/resource_bundle_accessor.h -MMD -MT dependencies -MF /Users/admin/builder/spi-builder-workspace/.derivedData/Build/Intermediates.noindex/Realm.build/Debug/Realm-t.build/Objects-normal/arm64/NSError+RLMSync.d --serialize-diagnostics /Users/admin/builder/spi-builder-workspace/.derivedData/Build/Intermediates.noindex/Realm.build/Debug/Realm-t.build/Objects-normal/arm64/NSError+RLMSync.dia -c /Users/admin/builder/spi-builder-workspace/.dependencies/checkouts/realm-swift/Realm/NSError+RLMSync.m -o /Users/admin/builder/spi-builder-workspace/.derivedData/Build/Intermediates.noindex/Realm.build/Debug/Realm-t.build/Objects-normal/arm64/NSError+RLMSync.o -index-unit-output-path /Realm.build/Debug/Realm-t.build/Objects-normal/arm64/NSError+RLMSync.o
ScanDependencies /Users/admin/builder/spi-builder-workspace/.derivedData/Build/Intermediates.noindex/RealmDatabase.build/Debug/Bid-t.build/Objects-normal/arm64/bid_round.o /Users/admin/builder/spi-builder-workspace/.dependencies/checkouts/realm-core/src/external/IntelRDFPMathLib20U2/LIBRARY/src/bid_round.c normal arm64 c com.apple.compilers.llvm.clang.1_0.compiler (in target 'Bid' from project 'RealmDatabase')
    cd /Users/admin/builder/spi-builder-workspace/.swiftpm/xcode

    Using response file: /Users/admin/builder/spi-builder-workspace/.derivedData/Build/Intermediates.noindex/RealmDatabase.build/Debug/Bid-t.build/Objects-normal/arm64/7187679823f38a2a940e0043cdf9d637-common-args.resp

    builtin-ScanDependencies -o /Users/admin/builder/spi-builder-workspace/.derivedData/Build/Intermediates.noindex/RealmDatabase.build/Debug/Bid-t.build/Objects-normal/arm64/bid_round.o.scan -- /Applications/Xcode-27.0.0-Release.Candidate.app/Contents/Developer/Toolchains/XcodeDefault.xctoolchain/usr/bin/clang -x c -ivfsstatcache /Users/admin/builder/spi-builder-workspace/.derivedData/SDKStatCaches.noindex/macosx27.0-26A425-e829b21a6f8c9b70876ba0858053c0446a22442a12e9d48fe1a705f55a1adfc4.sdkstatcache -target arm64-apple-macos12.0 -fmessage-length\=0 -fdiagnostics-show-note-include-stack -fmacro-backtrace-limit\=0 -fno-color-diagnostics -fmodules-prune-interval\=86400 -fmodules-prune-after\=345600 -fbuild-session-file\=/Users/admin/builder/spi-builder-workspace/.derivedData/ModuleCache.noindex/Session.modulevalidation -fmodules-validate-once-per-build-session -Wnon-modular-include-in-framework-module -Werror\=non-modular-include-in-framework-module -Wno-trigraphs -Wno-missing-field-initializers -Wno-missing-prototypes -Wno-return-type -Wno-missing-braces -Wparentheses -Wswitch -Wno-unused-function -Wno-unused-label -Wno-unused-parameter -Wno-unused-variable -Wunused-value -Wno-empty-body -Wno-uninitialized -Wno-unknown-pragmas -w -Wno-shadow -Wno-four-char-constants -Wno-conversion -Wno-constant-conversion -Wno-int-conversion -Wno-bool-conversion -Wno-enum-conversion -Wno-float-conversion -Wno-non-literal-null-conversion -Wno-objc-literal-conversion -Wshorten-64-to-32 -Wpointer-sign -Wno-newline-eof -Wno-implicit-fallthrough -isysroot /Applications/Xcode-27.0.0-Release.Candidate.app/Contents/Developer/Platforms/MacOSX.platform/Developer/SDKs/MacOSX27.0.sdk -fstrict-aliasing -Wdeprecated-declarations -Wno-sign-conversion -Wno-infinite-recursion -Wno-comma -Wno-block-capture-autoreleasing -Wno-strict-prototypes -Wno-semicolon-before-method-body -index-store-path /Users/admin/builder/spi-builder-workspace/.derivedData/Index.noindex/DataStore @/Users/admin/builder/spi-builder-workspace/.derivedData/Build/Intermediates.noindex/RealmDatabase.build/Debug/Bid-t.build/Objects-normal/arm64/7187679823f38a2a940e0043cdf9d637-common-args.resp -MMD -MT dependencies -MF /Users/admin/builder/spi-builder-workspace/.derivedData/Build/Intermediates.noindex/RealmDatabase.build/Debug/Bid-t.build/Objects-normal/arm64/bid_round.d --serialize-diagnostics /Users/admin/builder/spi-builder-workspace/.derivedData/Build/Intermediates.noindex/RealmDatabase.build/Debug/Bid-t.build/Objects-normal/arm64/bid_round.dia -c /Users/admin/builder/spi-builder-workspace/.dependencies/checkouts/realm-core/src/external/IntelRDFPMathLib20U2/LIBRARY/src/bid_round.c -o /Users/admin/builder/spi-builder-workspace/.derivedData/Build/Intermediates.noindex/RealmDatabase.build/Debug/Bid-t.build/Objects-normal/arm64/bid_round.o -index-unit-output-path /RealmDatabase.build/Debug/Bid-t.build/Objects-normal/arm64/bid_round.o
ScanDependencies /Users/admin/builder/spi-builder-workspace/.derivedData/Build/Intermediates.noindex/RealmDatabase.build/Debug/Bid-t.build/Objects-normal/arm64/bid_from_int.o /Users/admin/builder/spi-builder-workspace/.dependencies/checkouts/realm-core/src/external/IntelRDFPMathLib20U2/LIBRARY/src/bid_from_int.c normal arm64 c com.apple.compilers.llvm.clang.1_0.compiler (in target 'Bid' from project 'RealmDatabase')
    cd /Users/admin/builder/spi-builder-workspace/.swiftpm/xcode

    Using response file: /Users/admin/builder/spi-builder-workspace/.derivedData/Build/Intermediates.noindex/RealmDatabase.build/Debug/Bid-t.build/Objects-normal/arm64/7187679823f38a2a940e0043cdf9d637-common-args.resp

    builtin-ScanDependencies -o /Users/admin/builder/spi-builder-workspace/.derivedData/Build/Intermediates.noindex/RealmDatabase.build/Debug/Bid-t.build/Objects-normal/arm64/bid_from_int.o.scan -- /Applications/Xcode-27.0.0-Release.Candidate.app/Contents/Developer/Toolchains/XcodeDefault.xctoolchain/usr/bin/clang -x c -ivfsstatcache /Users/admin/builder/spi-builder-workspace/.derivedData/SDKStatCaches.noindex/macosx27.0-26A425-e829b21a6f8c9b70876ba0858053c0446a22442a12e9d48fe1a705f55a1adfc4.sdkstatcache -target arm64-apple-macos12.0 -fmessage-length\=0 -fdiagnostics-show-note-include-stack -fmacro-backtrace-limit\=0 -fno-color-diagnostics -fmodules-prune-interval\=86400 -fmodules-prune-after\=345600 -fbuild-session-file\=/Users/admin/builder/spi-builder-workspace/.derivedData/ModuleCache.noindex/Session.modulevalidation -fmodules-validate-once-per-build-session -Wnon-modular-include-in-framework-module -Werror\=non-modular-include-in-framework-module -Wno-trigraphs -Wno-missing-field-initializers -Wno-missing-prototypes -Wno-return-type -Wno-missing-braces -Wparentheses -Wswitch -Wno-unused-function -Wno-unused-label -Wno-unused-parameter -Wno-unused-variable -Wunused-value -Wno-empty-body -Wno-uninitialized -Wno-unknown-pragmas -w -Wno-shadow -Wno-four-char-constants -Wno-conversion -Wno-constant-conversion -Wno-int-conversion -Wno-bool-conversion -Wno-enum-conversion -Wno-float-conversion -Wno-non-literal-null-conversion -Wno-objc-literal-conversion -Wshorten-64-to-32 -Wpointer-sign -Wno-newline-eof -Wno-implicit-fallthrough -isysroot /Applications/Xcode-27.0.0-Release.Candidate.app/Contents/Developer/Platforms/MacOSX.platform/Developer/SDKs/MacOSX27.0.sdk -fstrict-aliasing -Wdeprecated-declarations -Wno-sign-conversion -Wno-infinite-recursion -Wno-comma -Wno-block-capture-autoreleasing -Wno-strict-prototypes -Wno-semicolon-before-method-body -index-store-path /Users/admin/builder/spi-builder-workspace/.derivedData/Index.noindex/DataStore @/Users/admin/builder/spi-builder-workspace/.derivedData/Build/Intermediates.noindex/RealmDatabase.build/Debug/Bid-t.build/Objects-normal/arm64/7187679823f38a2a940e0043cdf9d637-common-args.resp -MMD -MT dependencies -MF /Users/admin/builder/spi-builder-workspace/.derivedData/Build/Intermediates.noindex/RealmDatabase.build/Debug/Bid-t.build/Objects-normal/arm64/bid_from_int.d --serialize-diagnostics /Users/admin/builder/spi-builder-workspace/.derivedData/Build/Intermediates.noindex/RealmDatabase.build/Debug/Bid-t.build/Objects-normal/arm64/bid_from_int.dia -c /Users/admin/builder/spi-builder-workspace/.dependencies/checkouts/realm-core/src/external/IntelRDFPMathLib20U2/LIBRARY/src/bid_from_int.c -o /Users/admin/builder/spi-builder-workspace/.derivedData/Build/Intermediates.noindex/RealmDatabase.build/Debug/Bid-t.build/Objects-normal/arm64/bid_from_int.o -index-unit-output-path /RealmDatabase.build/Debug/Bid-t.build/Objects-normal/arm64/bid_from_int.o
ScanDependencies /Users/admin/builder/spi-builder-workspace/.derivedData/Build/Intermediates.noindex/RealmDatabase.build/Debug/Bid-t.build/Objects-normal/arm64/bid_convert_data.o /Users/admin/builder/spi-builder-workspace/.dependencies/checkouts/realm-core/src/external/IntelRDFPMathLib20U2/LIBRARY/src/bid_convert_data.c normal arm64 c com.apple.compilers.llvm.clang.1_0.compiler (in target 'Bid' from project 'RealmDatabase')
    cd /Users/admin/builder/spi-builder-workspace/.swiftpm/xcode

    Using response file: /Users/admin/builder/spi-builder-workspace/.derivedData/Build/Intermediates.noindex/RealmDatabase.build/Debug/Bid-t.build/Objects-normal/arm64/7187679823f38a2a940e0043cdf9d637-common-args.resp

    builtin-ScanDependencies -o /Users/admin/builder/spi-builder-workspace/.derivedData/Build/Intermediates.noindex/RealmDatabase.build/Debug/Bid-t.build/Objects-normal/arm64/bid_convert_data.o.scan -- /Applications/Xcode-27.0.0-Release.Candidate.app/Contents/Developer/Toolchains/XcodeDefault.xctoolchain/usr/bin/clang -x c -ivfsstatcache /Users/admin/builder/spi-builder-workspace/.derivedData/SDKStatCaches.noindex/macosx27.0-26A425-e829b21a6f8c9b70876ba0858053c0446a22442a12e9d48fe1a705f55a1adfc4.sdkstatcache -target arm64-apple-macos12.0 -fmessage-length\=0 -fdiagnostics-show-note-include-stack -fmacro-backtrace-limit\=0 -fno-color-diagnostics -fmodules-prune-interval\=86400 -fmodules-prune-after\=345600 -fbuild-session-file\=/Users/admin/builder/spi-builder-workspace/.derivedData/ModuleCache.noindex/Session.modulevalidation -fmodules-validate-once-per-build-session -Wnon-modular-include-in-framework-module -Werror\=non-modular-include-in-framework-module -Wno-trigraphs -Wno-missing-field-initializers -Wno-missing-prototypes -Wno-return-type -Wno-missing-braces -Wparentheses -Wswitch -Wno-unused-function -Wno-unused-label -Wno-unused-parameter -Wno-unused-variable -Wunused-value -Wno-empty-body -Wno-uninitialized -Wno-unknown-pragmas -w -Wno-shadow -Wno-four-char-constants -Wno-conversion -Wno-constant-conversion -Wno-int-conversion -Wno-bool-conversion -Wno-enum-conversion -Wno-float-conversion -Wno-non-literal-null-conversion -Wno-objc-literal-conversion -Wshorten-64-to-32 -Wpointer-sign -Wno-newline-eof -Wno-implicit-fallthrough -isysroot /Applications/Xcode-27.0.0-Release.Candidate.app/Contents/Developer/Platforms/MacOSX.platform/Developer/SDKs/MacOSX27.0.sdk -fstrict-aliasing -Wdeprecated-declarations -Wno-sign-conversion -Wno-infinite-recursion -Wno-comma -Wno-block-capture-autoreleasing -Wno-strict-prototypes -Wno-semicolon-before-method-body -index-store-path /Users/admin/builder/spi-builder-workspace/.derivedData/Index.noindex/DataStore @/Users/admin/builder/spi-builder-workspace/.derivedData/Build/Intermediates.noindex/RealmDatabase.build/Debug/Bid-t.build/Objects-normal/arm64/7187679823f38a2a940e0043cdf9d637-common-args.resp -MMD -MT dependencies -MF /Users/admin/builder/spi-builder-workspace/.derivedData/Build/Intermediates.noindex/RealmDatabase.build/Debug/Bid-t.build/Objects-normal/arm64/bid_convert_data.d --serialize-diagnostics /Users/admin/builder/spi-builder-workspace/.derivedData/Build/Intermediates.noindex/RealmDatabase.build/Debug/Bid-t.build/Objects-normal/arm64/bid_convert_data.dia -c /Users/admin/builder/spi-builder-workspace/.dependencies/checkouts/realm-core/src/external/IntelRDFPMathLib20U2/LIBRARY/src/bid_convert_data.c -o /Users/admin/builder/spi-builder-workspace/.derivedData/Build/Intermediates.noindex/RealmDatabase.build/Debug/Bid-t.build/Objects-normal/arm64/bid_convert_data.o -index-unit-output-path /RealmDatabase.build/Debug/Bid-t.build/Objects-normal/arm64/bid_convert_data.o
ScanDependencies /Users/admin/builder/spi-builder-workspace/.derivedData/Build/Intermediates.noindex/RealmDatabase.build/Debug/Bid-t.build/Objects-normal/arm64/bid_decimal_data.o /Users/admin/builder/spi-builder-workspace/.dependencies/checkouts/realm-core/src/external/IntelRDFPMathLib20U2/LIBRARY/src/bid_decimal_data.c normal arm64 c com.apple.compilers.llvm.clang.1_0.compiler (in target 'Bid' from project 'RealmDatabase')
    cd /Users/admin/builder/spi-builder-workspace/.swiftpm/xcode

    Using response file: /Users/admin/builder/spi-builder-workspace/.derivedData/Build/Intermediates.noindex/RealmDatabase.build/Debug/Bid-t.build/Objects-normal/arm64/7187679823f38a2a940e0043cdf9d637-common-args.resp

    builtin-ScanDependencies -o /Users/admin/builder/spi-builder-workspace/.derivedData/Build/Intermediates.noindex/RealmDatabase.build/Debug/Bid-t.build/Objects-normal/arm64/bid_decimal_data.o.scan -- /Applications/Xcode-27.0.0-Release.Candidate.app/Contents/Developer/Toolchains/XcodeDefault.xctoolchain/usr/bin/clang -x c -ivfsstatcache /Users/admin/builder/spi-builder-workspace/.derivedData/SDKStatCaches.noindex/macosx27.0-26A425-e829b21a6f8c9b70876ba0858053c0446a22442a12e9d48fe1a705f55a1adfc4.sdkstatcache -target arm64-apple-macos12.0 -fmessage-length\=0 -fdiagnostics-show-note-include-stack -fmacro-backtrace-limit\=0 -fno-color-diagnostics -fmodules-prune-interval\=86400 -fmodules-prune-after\=345600 -fbuild-session-file\=/Users/admin/builder/spi-builder-workspace/.derivedData/ModuleCache.noindex/Session.modulevalidation -fmodules-validate-once-per-build-session -Wnon-modular-include-in-framework-module -Werror\=non-modular-include-in-framework-module -Wno-trigraphs -Wno-missing-field-initializers -Wno-missing-prototypes -Wno-return-type -Wno-missing-braces -Wparentheses -Wswitch -Wno-unused-function -Wno-unused-label -Wno-unused-parameter -Wno-unused-variable -Wunused-value -Wno-empty-body -Wno-uninitialized -Wno-unknown-pragmas -w -Wno-shadow -Wno-four-char-constants -Wno-conversion -Wno-constant-conversion -Wno-int-conversion -Wno-bool-conversion -Wno-enum-conversion -Wno-float-conversion -Wno-non-literal-null-conversion -Wno-objc-literal-conversion -Wshorten-64-to-32 -Wpointer-sign -Wno-newline-eof -Wno-implicit-fallthrough -isysroot /Applications/Xcode-27.0.0-Release.Candidate.app/Contents/Developer/Platforms/MacOSX.platform/Developer/SDKs/MacOSX27.0.sdk -fstrict-aliasing -Wdeprecated-declarations -Wno-sign-conversion -Wno-infinite-recursion -Wno-comma -Wno-block-capture-autoreleasing -Wno-strict-prototypes -Wno-semicolon-before-method-body -index-store-path /Users/admin/builder/spi-builder-workspace/.derivedData/Index.noindex/DataStore @/Users/admin/builder/spi-builder-workspace/.derivedData/Build/Intermediates.noindex/RealmDatabase.build/Debug/Bid-t.build/Objects-normal/arm64/7187679823f38a2a940e0043cdf9d637-common-args.resp -MMD -MT dependencies -MF /Users/admin/builder/spi-builder-workspace/.derivedData/Build/Intermediates.noindex/RealmDatabase.build/Debug/Bid-t.build/Objects-normal/arm64/bid_decimal_data.d --serialize-diagnostics /Users/admin/builder/spi-builder-workspace/.derivedData/Build/Intermediates.noindex/RealmDatabase.build/Debug/Bid-t.build/Objects-normal/arm64/bid_decimal_data.dia -c /Users/admin/builder/spi-builder-workspace/.dependencies/checkouts/realm-core/src/external/IntelRDFPMathLib20U2/LIBRARY/src/bid_decimal_data.c -o /Users/admin/builder/spi-builder-workspace/.derivedData/Build/Intermediates.noindex/RealmDatabase.build/Debug/Bid-t.build/Objects-normal/arm64/bid_decimal_data.o -index-unit-output-path /RealmDatabase.build/Debug/Bid-t.build/Objects-normal/arm64/bid_decimal_data.o
ScanDependencies /Users/admin/builder/spi-builder-workspace/.derivedData/Build/Intermediates.noindex/RealmDatabase.build/Debug/Bid-t.build/Objects-normal/arm64/bid_decimal_globals.o /Users/admin/builder/spi-builder-workspace/.dependencies/checkouts/realm-core/src/external/IntelRDFPMathLib20U2/LIBRARY/src/bid_decimal_globals.c normal arm64 c com.apple.compilers.llvm.clang.1_0.compiler (in target 'Bid' from project 'RealmDatabase')
    cd /Users/admin/builder/spi-builder-workspace/.swiftpm/xcode

    Using response file: /Users/admin/builder/spi-builder-workspace/.derivedData/Build/Intermediates.noindex/RealmDatabase.build/Debug/Bid-t.build/Objects-normal/arm64/7187679823f38a2a940e0043cdf9d637-common-args.resp

    builtin-ScanDependencies -o /Users/admin/builder/spi-builder-workspace/.derivedData/Build/Intermediates.noindex/RealmDatabase.build/Debug/Bid-t.build/Objects-normal/arm64/bid_decimal_globals.o.scan -- /Applications/Xcode-27.0.0-Release.Candidate.app/Contents/Developer/Toolchains/XcodeDefault.xctoolchain/usr/bin/clang -x c -ivfsstatcache /Users/admin/builder/spi-builder-workspace/.derivedData/SDKStatCaches.noindex/macosx27.0-26A425-e829b21a6f8c9b70876ba0858053c0446a22442a12e9d48fe1a705f55a1adfc4.sdkstatcache -target arm64-apple-macos12.0 -fmessage-length\=0 -fdiagnostics-show-note-include-stack -fmacro-backtrace-limit\=0 -fno-color-diagnostics -fmodules-prune-interval\=86400 -fmodules-prune-after\=345600 -fbuild-session-file\=/Users/admin/builder/spi-builder-workspace/.derivedData/ModuleCache.noindex/Session.modulevalidation -fmodules-validate-once-per-build-session -Wnon-modular-include-in-framework-module -Werror\=non-modular-include-in-framework-module -Wno-trigraphs -Wno-missing-field-initializers -Wno-missing-prototypes -Wno-return-type -Wno-missing-braces -Wparentheses -Wswitch -Wno-unused-function -Wno-unused-label -Wno-unused-parameter -Wno-unused-variable -Wunused-value -Wno-empty-body -Wno-uninitialized -Wno-unknown-pragmas -w -Wno-shadow -Wno-four-char-constants -Wno-conversion -Wno-constant-conversion -Wno-int-conversion -Wno-bool-conversion -Wno-enum-conversion -Wno-float-conversion -Wno-non-literal-null-conversion -Wno-objc-literal-conversion -Wshorten-64-to-32 -Wpointer-sign -Wno-newline-eof -Wno-implicit-fallthrough -isysroot /Applications/Xcode-27.0.0-Release.Candidate.app/Contents/Developer/Platforms/MacOSX.platform/Developer/SDKs/MacOSX27.0.sdk -fstrict-aliasing -Wdeprecated-declarations -Wno-sign-conversion -Wno-infinite-recursion -Wno-comma -Wno-block-capture-autoreleasing -Wno-strict-prototypes -Wno-semicolon-before-method-body -index-store-path /Users/admin/builder/spi-builder-workspace/.derivedData/Index.noindex/DataStore @/Users/admin/builder/spi-builder-workspace/.derivedData/Build/Intermediates.noindex/RealmDatabase.build/Debug/Bid-t.build/Objects-normal/arm64/7187679823f38a2a940e0043cdf9d637-common-args.resp -MMD -MT dependencies -MF /Users/admin/builder/spi-builder-workspace/.derivedData/Build/Intermediates.noindex/RealmDatabase.build/Debug/Bid-t.build/Objects-normal/arm64/bid_decimal_globals.d --serialize-diagnostics /Users/admin/builder/spi-builder-workspace/.derivedData/Build/Intermediates.noindex/RealmDatabase.build/Debug/Bid-t.build/Objects-normal/arm64/bid_decimal_globals.dia -c /Users/admin/builder/spi-builder-workspace/.dependencies/checkouts/realm-core/src/external/IntelRDFPMathLib20U2/LIBRARY/src/bid_decimal_globals.c -o /Users/admin/builder/spi-builder-workspace/.derivedData/Build/Intermediates.noindex/RealmDatabase.build/Debug/Bid-t.build/Objects-normal/arm64/bid_decimal_globals.o -index-unit-output-path /RealmDatabase.build/Debug/Bid-t.build/Objects-normal/arm64/bid_decimal_globals.o
SwiftDriver RealmSwiftMacroMacros normal arm64 com.apple.xcode.tools.swift.compiler (in target 'RealmSwiftMacroMacros' from project 'RealmSwiftMacro')
    cd /Users/admin/builder/spi-builder-workspace/.swiftpm/xcode
    builtin-SwiftDriver -- /Applications/Xcode-27.0.0-Release.Candidate.app/Contents/Developer/Toolchains/XcodeDefault.xctoolchain/usr/bin/swiftc -parse-as-library -module-name RealmSwiftMacroMacros -Onone @/Users/admin/builder/spi-builder-workspace/.derivedData/Build/Intermediates.noindex/RealmSwiftMacro.build/Debug/RealmSwiftMacroMacros-t.build/Objects-normal/arm64/RealmSwiftMacroMacros.SwiftFileList -DSWIFT_PACKAGE -DDEBUG -DXcode -I /Users/admin/builder/spi-builder-workspace/.dependencies/prebuilts/swift-syntax/602.0.0/swiftlang-6.4.0.34.1-macosx27.0-MacroSupport/Modules -I /Users/admin/builder/spi-builder-workspace/.dependencies/checkouts/swift-syntax/Sources/_SwiftLibraryPluginProviderCShims/include -I /Users/admin/builder/spi-builder-workspace/.dependencies/checkouts/swift-syntax/Sources/_SwiftSyntaxCShims/include -plugin-path /Applications/Xcode-27.0.0-Release.Candidate.app/Contents/Developer/Toolchains/XcodeDefault.xctoolchain/usr/lib/swift/host/plugins/testing -enable-experimental-feature DebugDescriptionMacro -sdk /Applications/Xcode-27.0.0-Release.Candidate.app/Contents/Developer/Platforms/MacOSX.platform/Developer/SDKs/MacOSX27.0.sdk -target arm64-apple-macos13.0 -g -module-cache-path /Users/admin/builder/spi-builder-workspace/.derivedData/ModuleCache.noindex -Xfrontend -serialize-debugging-options -profile-coverage-mapping -profile-generate -enable-testing -index-store-path /Users/admin/builder/spi-builder-workspace/.derivedData/Index.noindex/DataStore -Xcc -D_LIBCPP_HARDENING_MODE\=_LIBCPP_HARDENING_MODE_DEBUG -swift-version 5 -I /Users/admin/builder/spi-builder-workspace/.derivedData/Build/Products/Debug -Isystem /Applications/Xcode-27.0.0-Release.Candidate.app/Contents/Developer/Platforms/MacOSX.platform/Developer/usr/lib -F /Users/admin/builder/spi-builder-workspace/.derivedData/Build/Products/Debug -F /Applications/Xcode-27.0.0-Release.Candidate.app/Contents/Developer/Platforms/MacOSX.platform/Developer/Library/Frameworks -c -j10 -enable-batch-mode -incremental -Xcc -ivfsstatcache -Xcc /Users/admin/builder/spi-builder-workspace/.derivedData/SDKStatCaches.noindex/macosx27.0-26A425-e829b21a6f8c9b70876ba0858053c0446a22442a12e9d48fe1a705f55a1adfc4.sdkstatcache -output-file-map /Users/admin/builder/spi-builder-workspace/.derivedData/Build/Intermediates.noindex/RealmSwiftMacro.build/Debug/RealmSwiftMacroMacros-t.build/Objects-normal/arm64/RealmSwiftMacroMacros-OutputFileMap.json -save-temps -no-color-diagnostics -explicit-module-build -module-cache-path /Users/admin/builder/spi-builder-workspace/.derivedData/Build/Intermediates.noindex/SwiftExplicitPrecompiledModules -clang-scanner-module-cache-path /Users/admin/builder/spi-builder-workspace/.derivedData/ModuleCache.noindex -sdk-module-cache-path /Users/admin/builder/spi-builder-workspace/.derivedData/SDKExplicitPrecompiledModules -emit-dependencies -emit-module -emit-module-path /Users/admin/builder/spi-builder-workspace/.derivedData/Build/Intermediates.noindex/RealmSwiftMacro.build/Debug/RealmSwiftMacroMacros-t.build/Objects-normal/arm64/RealmSwiftMacroMacros.swiftmodule -serialize-diagnostics -dependency-scan-serialize-diagnostics-path /Users/admin/builder/spi-builder-workspace/.derivedData/Build/Intermediates.noindex/RealmSwiftMacro.build/Debug/RealmSwiftMacroMacros-t.build/Objects-normal/arm64/RealmSwiftMacroMacros-dependency-scan.dia -validate-clang-modules-once -clang-build-session-file /Users/admin/builder/spi-builder-workspace/.derivedData/ModuleCache.noindex/Session.modulevalidation -Xcc -fmodules-prune-interval\=86400 -Xcc -fmodules-prune-after\=345600 -package-name spi_builder_workspace -emit-const-values -const-gather-protocols-list /Users/admin/builder/spi-builder-workspace/.derivedData/Build/Intermediates.noindex/RealmSwiftMacro.build/Debug/RealmSwiftMacroMacros-t.build/Objects-normal/arm64/RealmSwiftMacroMacros_const_extract_protocols.json -Xcc -I/Users/admin/builder/spi-builder-workspace/.derivedData/Build/Products/Debug/include -Xcc -I/Users/admin/builder/spi-builder-workspace/.derivedData/Build/Intermediates.noindex/RealmSwiftMacro.build/Debug/RealmSwiftMacroMacros-t.build/DerivedSources-normal/arm64 -Xcc -I/Users/admin/builder/spi-builder-workspace/.derivedData/Build/Intermediates.noindex/RealmSwiftMacro.build/Debug/RealmSwiftMacroMacros-t.build/DerivedSources/arm64 -Xcc -I/Users/admin/builder/spi-builder-workspace/.derivedData/Build/Intermediates.noindex/RealmSwiftMacro.build/Debug/RealmSwiftMacroMacros-t.build/DerivedSources -Xcc -DSWIFT_PACKAGE -Xcc -DDEBUG\=1 -working-directory /Users/admin/builder/spi-builder-workspace/.swiftpm/xcode -experimental-emit-module-separately -disable-cmo
SwiftDriver RealmSwiftMacroMacros-6813939CA2DEAA6A-testable normal arm64 com.apple.xcode.tools.swift.compiler (in target 'RealmSwiftMacroMacros' from project 'RealmSwiftMacro')
    cd /Users/admin/builder/spi-builder-workspace/.swiftpm/xcode
    builtin-SwiftDriver -- /Applications/Xcode-27.0.0-Release.Candidate.app/Contents/Developer/Toolchains/XcodeDefault.xctoolchain/usr/bin/swiftc -parse-as-library -module-name RealmSwiftMacroMacros -Onone @/Users/admin/builder/spi-builder-workspace/.derivedData/Build/Intermediates.noindex/RealmSwiftMacro.build/Debug/RealmSwiftMacroMacros-6813939CA2DEAA6A-testable-t.build/Objects-normal/arm64/RealmSwiftMacroMacros-6813939CA2DEAA6A-testable.SwiftFileList -DSWIFT_PACKAGE -DDEBUG -DXcode -Xfrontend -entry-point-function-name -Xfrontend RealmSwiftMacroMacros_main -I /Users/admin/builder/spi-builder-workspace/.dependencies/prebuilts/swift-syntax/602.0.0/swiftlang-6.4.0.34.1-macosx27.0-MacroSupport/Modules -I /Users/admin/builder/spi-builder-workspace/.dependencies/checkouts/swift-syntax/Sources/_SwiftLibraryPluginProviderCShims/include -I /Users/admin/builder/spi-builder-workspace/.dependencies/checkouts/swift-syntax/Sources/_SwiftSyntaxCShims/include -plugin-path /Applications/Xcode-27.0.0-Release.Candidate.app/Contents/Developer/Toolchains/XcodeDefault.xctoolchain/usr/lib/swift/host/plugins/testing -enable-experimental-feature DebugDescriptionMacro -sdk /Applications/Xcode-27.0.0-Release.Candidate.app/Contents/Developer/Platforms/MacOSX.platform/Developer/SDKs/MacOSX27.0.sdk -target arm64-apple-macos13.0 -g -module-cache-path /Users/admin/builder/spi-builder-workspace/.derivedData/ModuleCache.noindex -Xfrontend -serialize-debugging-options -profile-coverage-mapping -profile-generate -enable-testing -index-store-path /Users/admin/builder/spi-builder-workspace/.derivedData/Index.noindex/DataStore -Xcc -D_LIBCPP_HARDENING_MODE\=_LIBCPP_HARDENING_MODE_DEBUG -swift-version 5 -I /Users/admin/builder/spi-builder-workspace/.derivedData/Build/Products/Debug -Isystem /Applications/Xcode-27.0.0-Release.Candidate.app/Contents/Developer/Platforms/MacOSX.platform/Developer/usr/lib -F /Users/admin/builder/spi-builder-workspace/.derivedData/Build/Products/Debug -F /Applications/Xcode-27.0.0-Release.Candidate.app/Contents/Developer/Platforms/MacOSX.platform/Developer/Library/Frameworks -c -j10 -enable-batch-mode -incremental -Xcc -ivfsstatcache -Xcc /Users/admin/builder/spi-builder-workspace/.derivedData/SDKStatCaches.noindex/macosx27.0-26A425-e829b21a6f8c9b70876ba0858053c0446a22442a12e9d48fe1a705f55a1adfc4.sdkstatcache -output-file-map /Users/admin/builder/spi-builder-workspace/.derivedData/Build/Intermediates.noindex/RealmSwiftMacro.build/Debug/RealmSwiftMacroMacros-6813939CA2DEAA6A-testable-t.build/Objects-normal/arm64/RealmSwiftMacroMacros-6813939CA2DEAA6A-testable-OutputFileMap.json -save-temps -no-color-diagnostics -explicit-module-build -module-cache-path /Users/admin/builder/spi-builder-workspace/.derivedData/Build/Intermediates.noindex/SwiftExplicitPrecompiledModules -clang-scanner-module-cache-path /Users/admin/builder/spi-builder-workspace/.derivedData/ModuleCache.noindex -sdk-module-cache-path /Users/admin/builder/spi-builder-workspace/.derivedData/SDKExplicitPrecompiledModules -emit-dependencies -emit-module -emit-module-path /Users/admin/builder/spi-builder-workspace/.derivedData/Build/Intermediates.noindex/RealmSwiftMacro.build/Debug/RealmSwiftMacroMacros-6813939CA2DEAA6A-testable-t.build/Objects-normal/arm64/RealmSwiftMacroMacros.swiftmodule -serialize-diagnostics -dependency-scan-serialize-diagnostics-path /Users/admin/builder/spi-builder-workspace/.derivedData/Build/Intermediates.noindex/RealmSwiftMacro.build/Debug/RealmSwiftMacroMacros-6813939CA2DEAA6A-testable-t.build/Objects-normal/arm64/RealmSwiftMacroMacros-dependency-scan.dia -validate-clang-modules-once -clang-build-session-file /Users/admin/builder/spi-builder-workspace/.derivedData/ModuleCache.noindex/Session.modulevalidation -Xcc -fmodules-prune-interval\=86400 -Xcc -fmodules-prune-after\=345600 -package-name spi_builder_workspace -emit-const-values -const-gather-protocols-list /Users/admin/builder/spi-builder-workspace/.derivedData/Build/Intermediates.noindex/RealmSwiftMacro.build/Debug/RealmSwiftMacroMacros-6813939CA2DEAA6A-testable-t.build/Objects-normal/arm64/RealmSwiftMacroMacros-6813939CA2DEAA6A-testable_const_extract_protocols.json -Xcc -I/Users/admin/builder/spi-builder-workspace/.derivedData/Build/Products/Debug/include -Xcc -I/Users/admin/builder/spi-builder-workspace/.derivedData/Build/Intermediates.noindex/RealmSwiftMacro.build/Debug/RealmSwiftMacroMacros-6813939CA2DEAA6A-testable-t.build/DerivedSources-normal/arm64 -Xcc -I/Users/admin/builder/spi-builder-workspace/.derivedData/Build/Intermediates.noindex/RealmSwiftMacro.build/Debug/RealmSwiftMacroMacros-6813939CA2DEAA6A-testable-t.build/DerivedSources/arm64 -Xcc -I/Users/admin/builder/spi-builder-workspace/.derivedData/Build/Intermediates.noindex/RealmSwiftMacro.build/Debug/RealmSwiftMacroMacros-6813939CA2DEAA6A-testable-t.build/DerivedSources -Xcc -DSWIFT_PACKAGE -Xcc -DDEBUG\=1 -emit-objc-header -emit-objc-header-path /Users/admin/builder/spi-builder-workspace/.derivedData/Build/Intermediates.noindex/RealmSwiftMacro.build/Debug/RealmSwiftMacroMacros-6813939CA2DEAA6A-testable-t.build/Objects-normal/arm64/RealmSwiftMacroMacros-Swift.h -working-directory /Users/admin/builder/spi-builder-workspace/.swiftpm/xcode -experimental-emit-module-separately -disable-cmo
SwiftDriver RealmSwift normal arm64 com.apple.xcode.tools.swift.compiler (in target 'RealmSwift' from project 'Realm')
    cd /Users/admin/builder/spi-builder-workspace/.swiftpm/xcode
    builtin-SwiftDriver -- /Applications/Xcode-27.0.0-Release.Candidate.app/Contents/Developer/Toolchains/XcodeDefault.xctoolchain/usr/bin/swiftc -parse-as-library -module-name RealmSwift -Onone @/Users/admin/builder/spi-builder-workspace/.derivedData/Build/Intermediates.noindex/Realm.build/Debug/RealmSwift-t.build/Objects-normal/arm64/RealmSwift.SwiftFileList -DSWIFT_PACKAGE -DDEBUG -DSWIFT_MODULE_RESOURCE_BUNDLE_AVAILABLE -Xcc -fmodule-map-file\=/Users/admin/builder/spi-builder-workspace/.dependencies/checkouts/realm-core/src/module.modulemap -Xcc -fmodule-map-file\=/Users/admin/builder/spi-builder-workspace/.derivedData/Build/Intermediates.noindex/GeneratedModuleMaps/s2geometry.modulemap -Xcc -fmodule-map-file\=/Users/admin/builder/spi-builder-workspace/.derivedData/Build/Intermediates.noindex/GeneratedModuleMaps/Bid.modulemap -Xcc -fmodule-map-file\=/Users/admin/builder/spi-builder-workspace/.derivedData/Build/Intermediates.noindex/GeneratedModuleMaps/RealmCoreResources.modulemap -Xcc -fmodule-map-file\=/Users/admin/builder/spi-builder-workspace/.dependencies/checkouts/realm-swift/include/module.modulemap -DXcode -plugin-path /Applications/Xcode-27.0.0-Release.Candidate.app/Contents/Developer/Toolchains/XcodeDefault.xctoolchain/usr/lib/swift/host/plugins/testing -enable-experimental-feature DebugDescriptionMacro -sdk /Applications/Xcode-27.0.0-Release.Candidate.app/Contents/Developer/Platforms/MacOSX.platform/Developer/SDKs/MacOSX27.0.sdk -target arm64-apple-macos12.0 -g -module-cache-path /Users/admin/builder/spi-builder-workspace/.derivedData/ModuleCache.noindex -Xfrontend -serialize-debugging-options -profile-coverage-mapping -profile-generate -enable-testing -suppress-warnings -index-store-path /Users/admin/builder/spi-builder-workspace/.derivedData/Index.noindex/DataStore -Xcc -D_LIBCPP_HARDENING_MODE\=_LIBCPP_HARDENING_MODE_DEBUG -swift-version 6 -I /Users/admin/builder/spi-builder-workspace/.derivedData/Build/Products/Debug -Isystem /Applications/Xcode-27.0.0-Release.Candidate.app/Contents/Developer/Platforms/MacOSX.platform/Developer/usr/lib -F /Users/admin/builder/spi-builder-workspace/.derivedData/Build/Products/Debug/PackageFrameworks -F /Users/admin/builder/spi-builder-workspace/.derivedData/Build/Products/Debug -F /Applications/Xcode-27.0.0-Release.Candidate.app/Contents/Developer/Platforms/MacOSX.platform/Developer/Library/Frameworks -c -j10 -enable-batch-mode -incremental -Xcc -ivfsstatcache -Xcc /Users/admin/builder/spi-builder-workspace/.derivedData/SDKStatCaches.noindex/macosx27.0-26A425-e829b21a6f8c9b70876ba0858053c0446a22442a12e9d48fe1a705f55a1adfc4.sdkstatcache -output-file-map /Users/admin/builder/spi-builder-workspace/.derivedData/Build/Intermediates.noindex/Realm.build/Debug/RealmSwift-t.build/Objects-normal/arm64/RealmSwift-OutputFileMap.json -save-temps -no-color-diagnostics -explicit-module-build -module-cache-path /Users/admin/builder/spi-builder-workspace/.derivedData/Build/Intermediates.noindex/SwiftExplicitPrecompiledModules -clang-scanner-module-cache-path /Users/admin/builder/spi-builder-workspace/.derivedData/ModuleCache.noindex -sdk-module-cache-path /Users/admin/builder/spi-builder-workspace/.derivedData/SDKExplicitPrecompiledModules -emit-dependencies -emit-module -emit-module-path /Users/admin/builder/spi-builder-workspace/.derivedData/Build/Intermediates.noindex/Realm.build/Debug/RealmSwift-t.build/Objects-normal/arm64/RealmSwift.swiftmodule -serialize-diagnostics -dependency-scan-serialize-diagnostics-path /Users/admin/builder/spi-builder-workspace/.derivedData/Build/Intermediates.noindex/Realm.build/Debug/RealmSwift-t.build/Objects-normal/arm64/RealmSwift-dependency-scan.dia -validate-clang-modules-once -clang-build-session-file /Users/admin/builder/spi-builder-workspace/.derivedData/ModuleCache.noindex/Session.modulevalidation -Xcc -fmodules-prune-interval\=86400 -Xcc -fmodules-prune-after\=345600 -package-name realm_swift -emit-const-values -const-gather-protocols-list /Users/admin/builder/spi-builder-workspace/.derivedData/Build/Intermediates.noindex/Realm.build/Debug/RealmSwift-t.build/Objects-normal/arm64/RealmSwift_const_extract_protocols.json -Xcc -I/Users/admin/builder/spi-builder-workspace/.dependencies/checkouts/realm-core/src -Xcc -I/Users/admin/builder/spi-builder-workspace/.dependencies/checkouts/realm-core/src/external/s2 -Xcc -I/Users/admin/builder/spi-builder-workspace/.dependencies/checkouts/realm-core/src/external/IntelRDFPMathLib20U2/LIBRARY/src -Xcc -I/Users/admin/builder/spi-builder-workspace/.dependencies/checkouts/realm-core/src/spm -Xcc -I/Users/admin/builder/spi-builder-workspace/.dependencies/checkouts/realm-swift/include -Xcc -I/Users/admin/builder/spi-builder-workspace/.derivedData/Build/Products/Debug/include -Xcc -I/Users/admin/builder/spi-builder-workspace/.derivedData/Build/Intermediates.noindex/Realm.build/Debug/RealmSwift-t.build/DerivedSources-normal/arm64 -Xcc -I/Users/admin/builder/spi-builder-workspace/.derivedData/Build/Intermediates.noindex/Realm.build/Debug/RealmSwift-t.build/DerivedSources/arm64 -Xcc -I/Users/admin/builder/spi-builder-workspace/.derivedData/Build/Intermediates.noindex/Realm.build/Debug/RealmSwift-t.build/DerivedSources -Xcc -DSWIFT_PACKAGE -Xcc -DDEBUG\=1 -emit-objc-header -emit-objc-header-path /Users/admin/builder/spi-builder-workspace/.derivedData/Build/Intermediates.noindex/Realm.build/Debug/RealmSwift-t.build/Objects-normal/arm64/RealmSwift-Swift.h -working-directory /Users/admin/builder/spi-builder-workspace/.swiftpm/xcode -experimental-emit-module-separately -disable-cmo
CompileC /Users/admin/builder/spi-builder-workspace/.derivedData/Build/Intermediates.noindex/RealmDatabase.build/Debug/s2geometry-t.build/Objects-normal/arm64/s2region.o /Users/admin/builder/spi-builder-workspace/.dependencies/checkouts/realm-core/src/external/s2/s2region.cc normal arm64 c++ com.apple.compilers.llvm.clang.1_0.compiler (in target 's2geometry' from project 'RealmDatabase')
    cd /Users/admin/builder/spi-builder-workspace/.swiftpm/xcode

    Using response file: /Users/admin/builder/spi-builder-workspace/.derivedData/Build/Intermediates.noindex/RealmDatabase.build/Debug/s2geometry-t.build/Objects-normal/arm64/82b82416624d2658e5098eb0a28c15c5-common-args.resp

    /Applications/Xcode-27.0.0-Release.Candidate.app/Contents/Developer/Toolchains/XcodeDefault.xctoolchain/usr/bin/clang -x c++ -ivfsstatcache /Users/admin/builder/spi-builder-workspace/.derivedData/SDKStatCaches.noindex/macosx27.0-26A425-e829b21a6f8c9b70876ba0858053c0446a22442a12e9d48fe1a705f55a1adfc4.sdkstatcache -target arm64-apple-macos12.0 -fmessage-length\=0 -fdiagnostics-show-note-include-stack -fmacro-backtrace-limit\=0 -fno-color-diagnostics -fmodules-prune-interval\=86400 -fmodules-prune-after\=345600 -fbuild-session-file\=/Users/admin/builder/spi-builder-workspace/.derivedData/ModuleCache.noindex/Session.modulevalidation -fmodules-validate-once-per-build-session -Wnon-modular-include-in-framework-module -Werror\=non-modular-include-in-framework-module -Wno-trigraphs -Wno-missing-field-initializers -Wno-missing-prototypes -Wno-return-type -Wno-non-virtual-dtor -Wno-overloaded-virtual -Wno-exit-time-destructors -Wno-missing-braces -Wparentheses -Wswitch -Wno-unused-function -Wno-unused-label -Wno-unused-parameter -Wno-unused-variable -Wunused-value -Wno-empty-body -Wno-uninitialized -Wno-unknown-pragmas -w -Wno-shadow -Wno-four-char-constants -Wno-conversion -Wno-constant-conversion -Wno-int-conversion -Wno-bool-conversion -Wno-enum-conversion -Wno-float-conversion -Wno-non-literal-null-conversion -Wno-objc-literal-conversion -Wshorten-64-to-32 -Wno-newline-eof -Wno-c++11-extensions -Wno-implicit-fallthrough -isysroot /Applications/Xcode-27.0.0-Release.Candidate.app/Contents/Developer/Platforms/MacOSX.platform/Developer/SDKs/MacOSX27.0.sdk -fstrict-aliasing -Wdeprecated-declarations -Winvalid-offsetof -Wno-sign-conversion -Wno-infinite-recursion -Wno-move -Wno-comma -Wno-block-capture-autoreleasing -Wno-strict-prototypes -Wno-range-loop-analysis -Wno-semicolon-before-method-body -index-store-path /Users/admin/builder/spi-builder-workspace/.derivedData/Index.noindex/DataStore @/Users/admin/builder/spi-builder-workspace/.derivedData/Build/Intermediates.noindex/RealmDatabase.build/Debug/s2geometry-t.build/Objects-normal/arm64/82b82416624d2658e5098eb0a28c15c5-common-args.resp -MMD -MT dependencies -MF /Users/admin/builder/spi-builder-workspace/.derivedData/Build/Intermediates.noindex/RealmDatabase.build/Debug/s2geometry-t.build/Objects-normal/arm64/s2region.d --serialize-diagnostics /Users/admin/builder/spi-builder-workspace/.derivedData/Build/Intermediates.noindex/RealmDatabase.build/Debug/s2geometry-t.build/Objects-normal/arm64/s2region.dia -c /Users/admin/builder/spi-builder-workspace/.dependencies/checkouts/realm-core/src/external/s2/s2region.cc -o /Users/admin/builder/spi-builder-workspace/.derivedData/Build/Intermediates.noindex/RealmDatabase.build/Debug/s2geometry-t.build/Objects-normal/arm64/s2region.o -index-unit-output-path /RealmDatabase.build/Debug/s2geometry-t.build/Objects-normal/arm64/s2region.o
In file included from /Users/admin/builder/spi-builder-workspace/.dependencies/checkouts/realm-core/src/external/s2/s2region.cc:3:
In file included from /Users/admin/builder/spi-builder-workspace/.dependencies/checkouts/realm-core/src/external/s2/s2region.h:6:
In file included from /Users/admin/builder/spi-builder-workspace/.dependencies/checkouts/realm-core/src/external/s2/s2.h:29:
/Users/admin/builder/spi-builder-workspace/.dependencies/checkouts/realm-core/src/external/s2/util/math/vector3-inl.h:425:1: error: 'is_pod' cannot be specialized: Users are not allowed to specialize this standard library entity [-Winvalid-specialization]
  425 | PROPAGATE_POD_FROM_TEMPLATE_ARGUMENT(Vector3);
      | ^
In file included from /Users/admin/builder/spi-builder-workspace/.dependencies/checkouts/realm-core/src/external/s2/s2region.cc:3:
In file included from /Users/admin/builder/spi-builder-workspace/.dependencies/checkouts/realm-core/src/external/s2/s2region.h:6:
In file included from /Users/admin/builder/spi-builder-workspace/.dependencies/checkouts/realm-core/src/external/s2/s2.h:26:
In file included from /Users/admin/builder/spi-builder-workspace/.dependencies/checkouts/realm-core/src/external/s2/base/basictypes.h:9:
In file included from /Users/admin/builder/spi-builder-workspace/.dependencies/checkouts/realm-core/src/external/s2/base/casts.h:19:
/Users/admin/builder/spi-builder-workspace/.dependencies/checkouts/realm-core/src/external/s2/base/macros.h:181:30: note: expanded from macro 'PROPAGATE_POD_FROM_TEMPLATE_ARGUMENT'
  181 | template <typename T> struct is_pod<TemplateName<T> > : std::is_trivial<T> { }; \
      |                              ^
In file included from /Users/admin/builder/spi-builder-workspace/.dependencies/checkouts/realm-core/src/external/s2/s2region.cc:3:
In file included from /Users/admin/builder/spi-builder-workspace/.dependencies/checkouts/realm-core/src/external/s2/s2region.h:6:
In file included from /Users/admin/builder/spi-builder-workspace/.dependencies/checkouts/realm-core/src/external/s2/s2.h:10:
In file included from /Applications/Xcode-27.0.0-Release.Candidate.app/Contents/Developer/Platforms/MacOSX.platform/Developer/SDKs/MacOSX27.0.sdk/usr/include/c++/v1/algorithm:1845:
In file included from /Applications/Xcode-27.0.0-Release.Candidate.app/Contents/Developer/Platforms/MacOSX.platform/Developer/SDKs/MacOSX27.0.sdk/usr/include/c++/v1/__algorithm/binary_search.h:14:
In file included from /Applications/Xcode-27.0.0-Release.Candidate.app/Contents/Developer/Platforms/MacOSX.platform/Developer/SDKs/MacOSX27.0.sdk/usr/include/c++/v1/__algorithm/lower_bound.h:14:
In file included from /Applications/Xcode-27.0.0-Release.Candidate.app/Contents/Developer/Platforms/MacOSX.platform/Developer/SDKs/MacOSX27.0.sdk/usr/include/c++/v1/__algorithm/iterator_operations.h:16:
In file included from /Applications/Xcode-27.0.0-Release.Candidate.app/Contents/Developer/Platforms/MacOSX.platform/Developer/SDKs/MacOSX27.0.sdk/usr/include/c++/v1/__iterator/advance.h:26:
In file included from /Applications/Xcode-27.0.0-Release.Candidate.app/Contents/Developer/Platforms/MacOSX.platform/Developer/SDKs/MacOSX27.0.sdk/usr/include/c++/v1/limits:524:
In file included from /Applications/Xcode-27.0.0-Release.Candidate.app/Contents/Developer/Platforms/MacOSX.platform/Developer/SDKs/MacOSX27.0.sdk/usr/include/c++/v1/type_traits:505:
/Applications/Xcode-27.0.0-Release.Candidate.app/Contents/Developer/Platforms/MacOSX.platform/Developer/SDKs/MacOSX27.0.sdk/usr/include/c++/v1/__type_traits/is_pod.h:22:36: note: marked '_Clang::no_specializations' here
   22 | struct _LIBCPP_DEPRECATED_IN_CXX20 _LIBCPP_NO_SPECIALIZATIONS is_pod : integral_constant<bool, __is_pod(_Tp)> {};
      |                                    ^
In file included from /Users/admin/builder/spi-builder-workspace/.dependencies/checkouts/realm-core/src/external/s2/s2region.cc:3:
In file included from /Users/admin/builder/spi-builder-workspace/.dependencies/checkouts/realm-core/src/external/s2/s2region.h:6:
In file included from /Users/admin/builder/spi-builder-workspace/.dependencies/checkouts/realm-core/src/external/s2/s2.h:10:
In file included from /Applications/Xcode-27.0.0-Release.Candidate.app/Contents/Developer/Platforms/MacOSX.platform/Developer/SDKs/MacOSX27.0.sdk/usr/include/c++/v1/algorithm:1840:
/Applications/Xcode-27.0.0-Release.Candidate.app/Contents/Developer/Platforms/MacOSX.platform/Developer/SDKs/MacOSX27.0.sdk/usr/include/c++/v1/__config:970:9: note: expanded from macro '_LIBCPP_NO_SPECIALIZATIONS'
  970 |       [[_Clang::__no_specializations__("Users are not allowed to specialize this standard library entity")]]
      |         ^
1 error generated.
CompileC /Users/admin/builder/spi-builder-workspace/.derivedData/Build/Intermediates.noindex/RealmDatabase.build/Debug/s2geometry-t.build/Objects-normal/arm64/s2r2rect.o /Users/admin/builder/spi-builder-workspace/.dependencies/checkouts/realm-core/src/external/s2/s2r2rect.cc normal arm64 c++ com.apple.compilers.llvm.clang.1_0.compiler (in target 's2geometry' from project 'RealmDatabase')
    cd /Users/admin/builder/spi-builder-workspace/.swiftpm/xcode

    Using response file: /Users/admin/builder/spi-builder-workspace/.derivedData/Build/Intermediates.noindex/RealmDatabase.build/Debug/s2geometry-t.build/Objects-normal/arm64/82b82416624d2658e5098eb0a28c15c5-common-args.resp

    /Applications/Xcode-27.0.0-Release.Candidate.app/Contents/Developer/Toolchains/XcodeDefault.xctoolchain/usr/bin/clang -x c++ -ivfsstatcache /Users/admin/builder/spi-builder-workspace/.derivedData/SDKStatCaches.noindex/macosx27.0-26A425-e829b21a6f8c9b70876ba0858053c0446a22442a12e9d48fe1a705f55a1adfc4.sdkstatcache -target arm64-apple-macos12.0 -fmessage-length\=0 -fdiagnostics-show-note-include-stack -fmacro-backtrace-limit\=0 -fno-color-diagnostics -fmodules-prune-interval\=86400 -fmodules-prune-after\=345600 -fbuild-session-file\=/Users/admin/builder/spi-builder-workspace/.derivedData/ModuleCache.noindex/Session.modulevalidation -fmodules-validate-once-per-build-session -Wnon-modular-include-in-framework-module -Werror\=non-modular-include-in-framework-module -Wno-trigraphs -Wno-missing-field-initializers -Wno-missing-prototypes -Wno-return-type -Wno-non-virtual-dtor -Wno-overloaded-virtual -Wno-exit-time-destructors -Wno-missing-braces -Wparentheses -Wswitch -Wno-unused-function -Wno-unused-label -Wno-unused-parameter -Wno-unused-variable -Wunused-value -Wno-empty-body -Wno-uninitialized -Wno-unknown-pragmas -w -Wno-shadow -Wno-four-char-constants -Wno-conversion -Wno-constant-conversion -Wno-int-conversion -Wno-bool-conversion -Wno-enum-conversion -Wno-float-conversion -Wno-non-literal-null-conversion -Wno-objc-literal-conversion -Wshorten-64-to-32 -Wno-newline-eof -Wno-c++11-extensions -Wno-implicit-fallthrough -isysroot /Applications/Xcode-27.0.0-Release.Candidate.app/Contents/Developer/Platforms/MacOSX.platform/Developer/SDKs/MacOSX27.0.sdk -fstrict-aliasing -Wdeprecated-declarations -Winvalid-offsetof -Wno-sign-conversion -Wno-infinite-recursion -Wno-move -Wno-comma -Wno-block-capture-autoreleasing -Wno-strict-prototypes -Wno-range-loop-analysis -Wno-semicolon-before-method-body -index-store-path /Users/admin/builder/spi-builder-workspace/.derivedData/Index.noindex/DataStore @/Users/admin/builder/spi-builder-workspace/.derivedData/Build/Intermediates.noindex/RealmDatabase.build/Debug/s2geometry-t.build/Objects-normal/arm64/82b82416624d2658e5098eb0a28c15c5-common-args.resp -MMD -MT dependencies -MF /Users/admin/builder/spi-builder-workspace/.derivedData/Build/Intermediates.noindex/RealmDatabase.build/Debug/s2geometry-t.build/Objects-normal/arm64/s2r2rect.d --serialize-diagnostics /Users/admin/builder/spi-builder-workspace/.derivedData/Build/Intermediates.noindex/RealmDatabase.build/Debug/s2geometry-t.build/Objects-normal/arm64/s2r2rect.dia -c /Users/admin/builder/spi-builder-workspace/.dependencies/checkouts/realm-core/src/external/s2/s2r2rect.cc -o /Users/admin/builder/spi-builder-workspace/.derivedData/Build/Intermediates.noindex/RealmDatabase.build/Debug/s2geometry-t.build/Objects-normal/arm64/s2r2rect.o -index-unit-output-path /RealmDatabase.build/Debug/s2geometry-t.build/Objects-normal/arm64/s2r2rect.o
In file included from /Users/admin/builder/spi-builder-workspace/.dependencies/checkouts/realm-core/src/external/s2/s2r2rect.cc:3:
In file included from /Users/admin/builder/spi-builder-workspace/.dependencies/checkouts/realm-core/src/external/s2/s2r2rect.h:8:
In file included from /Users/admin/builder/spi-builder-workspace/.dependencies/checkouts/realm-core/src/external/s2/r1interval.h:21:
/Users/admin/builder/spi-builder-workspace/.dependencies/checkouts/realm-core/src/external/s2/util/math/vector2-inl.h:358:1: error: 'is_pod' cannot be specialized: Users are not allowed to specialize this standard library entity [-Winvalid-specialization]
  358 | PROPAGATE_POD_FROM_TEMPLATE_ARGUMENT(Vector2);
      | ^
In file included from /Users/admin/builder/spi-builder-workspace/.dependencies/checkouts/realm-core/src/external/s2/s2r2rect.cc:3:
In file included from /Users/admin/builder/spi-builder-workspace/.dependencies/checkouts/realm-core/src/external/s2/s2r2rect.h:6:
In file included from /Users/admin/builder/spi-builder-workspace/.dependencies/checkouts/realm-core/src/external/s2/base/basictypes.h:9:
In file included from /Users/admin/builder/spi-builder-workspace/.dependencies/checkouts/realm-core/src/external/s2/base/casts.h:19:
/Users/admin/builder/spi-builder-workspace/.dependencies/checkouts/realm-core/src/external/s2/base/macros.h:181:30: note: expanded from macro 'PROPAGATE_POD_FROM_TEMPLATE_ARGUMENT'
  181 | template <typename T> struct is_pod<TemplateName<T> > : std::is_trivial<T> { }; \
      |                              ^
In file included from /Users/admin/builder/spi-builder-workspace/.dependencies/checkouts/realm-core/src/external/s2/s2r2rect.cc:3:
In file included from /Users/admin/builder/spi-builder-workspace/.dependencies/checkouts/realm-core/src/external/s2/s2r2rect.h:6:
In file included from /Users/admin/builder/spi-builder-workspace/.dependencies/checkouts/realm-core/src/external/s2/base/basictypes.h:9:
In file included from /Users/admin/builder/spi-builder-workspace/.dependencies/checkouts/realm-core/src/external/s2/base/casts.h:16:
In file included from /Applications/Xcode-27.0.0-Release.Candidate.app/Contents/Developer/Platforms/MacOSX.platform/Developer/SDKs/MacOSX27.0.sdk/usr/include/c++/v1/typeinfo:395:
In file included from /Applications/Xcode-27.0.0-Release.Candidate.app/Contents/Developer/Platforms/MacOSX.platform/Developer/SDKs/MacOSX27.0.sdk/usr/include/c++/v1/type_traits:505:
/Applications/Xcode-27.0.0-Release.Candidate.app/Contents/Developer/Platforms/MacOSX.platform/Developer/SDKs/MacOSX27.0.sdk/usr/include/c++/v1/__type_traits/is_pod.h:22:36: note: marked '_Clang::no_specializations' here
   22 | struct _LIBCPP_DEPRECATED_IN_CXX20 _LIBCPP_NO_SPECIALIZATIONS is_pod : integral_constant<bool, __is_pod(_Tp)> {};
      |                                    ^
In file included from /Users/admin/builder/spi-builder-workspace/.dependencies/checkouts/realm-core/src/external/s2/s2r2rect.cc:3:
In file included from /Users/admin/builder/spi-builder-workspace/.dependencies/checkouts/realm-core/src/external/s2/s2r2rect.h:6:
In file included from /Users/admin/builder/spi-builder-workspace/.dependencies/checkouts/realm-core/src/external/s2/base/basictypes.h:9:
In file included from /Users/admin/builder/spi-builder-workspace/.dependencies/checkouts/realm-core/src/external/s2/base/casts.h:14:
In file included from /Applications/Xcode-27.0.0-Release.Candidate.app/Contents/Developer/Platforms/MacOSX.platform/Developer/SDKs/MacOSX27.0.sdk/usr/include/c++/v1/string.h:57:
/Applications/Xcode-27.0.0-Release.Candidate.app/Contents/Developer/Platforms/MacOSX.platform/Developer/SDKs/MacOSX27.0.sdk/usr/include/c++/v1/__config:970:9: note: expanded from macro '_LIBCPP_NO_SPECIALIZATIONS'
  970 |       [[_Clang::__no_specializations__("Users are not allowed to specialize this standard library entity")]]
      |         ^
In file included from /Users/admin/builder/spi-builder-workspace/.dependencies/checkouts/realm-core/src/external/s2/s2r2rect.cc:3:
In file included from /Users/admin/builder/spi-builder-workspace/.dependencies/checkouts/realm-core/src/external/s2/s2r2rect.h:8:
/Users/admin/builder/spi-builder-workspace/.dependencies/checkouts/realm-core/src/external/s2/r1interval.h:180:1: error: 'is_pod' cannot be specialized: Users are not allowed to specialize this standard library entity [-Winvalid-specialization]
  180 | DECLARE_POD(R1Interval);
      | ^
In file included from /Users/admin/builder/spi-builder-workspace/.dependencies/checkouts/realm-core/src/external/s2/s2r2rect.cc:3:
In file included from /Users/admin/builder/spi-builder-workspace/.dependencies/checkouts/realm-core/src/external/s2/s2r2rect.h:6:
In file included from /Users/admin/builder/spi-builder-workspace/.dependencies/checkouts/realm-core/src/external/s2/base/basictypes.h:9:
In file included from /Users/admin/builder/spi-builder-workspace/.dependencies/checkouts/realm-core/src/external/s2/base/casts.h:19:
/Users/admin/builder/spi-builder-workspace/.dependencies/checkouts/realm-core/src/external/s2/base/macros.h:165:19: note: expanded from macro 'DECLARE_POD'
  165 | template<> struct is_pod<TypeName> : true_type { }; \
      |                   ^
In file included from /Users/admin/builder/spi-builder-workspace/.dependencies/checkouts/realm-core/src/external/s2/s2r2rect.cc:3:
In file included from /Users/admin/builder/spi-builder-workspace/.dependencies/checkouts/realm-core/src/external/s2/s2r2rect.h:6:
In file included from /Users/admin/builder/spi-builder-workspace/.dependencies/checkouts/realm-core/src/external/s2/base/basictypes.h:9:
In file included from /Users/admin/builder/spi-builder-workspace/.dependencies/checkouts/realm-core/src/external/s2/base/casts.h:16:
In file included from /Applications/Xcode-27.0.0-Release.Candidate.app/Contents/Developer/Platforms/MacOSX.platform/Developer/SDKs/MacOSX27.0.sdk/usr/include/c++/v1/typeinfo:395:
In file included from /Applications/Xcode-27.0.0-Release.Candidate.app/Contents/Developer/Platforms/MacOSX.platform/Developer/SDKs/MacOSX27.0.sdk/usr/include/c++/v1/type_traits:505:
/Applications/Xcode-27.0.0-Release.Candidate.app/Contents/Developer/Platforms/MacOSX.platform/Developer/SDKs/MacOSX27.0.sdk/usr/include/c++/v1/__type_traits/is_pod.h:22:36: note: marked '_Clang::no_specializations' here
   22 | struct _LIBCPP_DEPRECATED_IN_CXX20 _LIBCPP_NO_SPECIALIZATIONS is_pod : integral_constant<bool, __is_pod(_Tp)> {};
      |                                    ^
In file included from /Users/admin/builder/spi-builder-workspace/.dependencies/checkouts/realm-core/src/external/s2/s2r2rect.cc:3:
In file included from /Users/admin/builder/spi-builder-workspace/.dependencies/checkouts/realm-core/src/external/s2/s2r2rect.h:6:
In file included from /Users/admin/builder/spi-builder-workspace/.dependencies/checkouts/realm-core/src/external/s2/base/basictypes.h:9:
In file included from /Users/admin/builder/spi-builder-workspace/.dependencies/checkouts/realm-core/src/external/s2/base/casts.h:14:
In file included from /Applications/Xcode-27.0.0-Release.Candidate.app/Contents/Developer/Platforms/MacOSX.platform/Developer/SDKs/MacOSX27.0.sdk/usr/include/c++/v1/string.h:57:
/Applications/Xcode-27.0.0-Release.Candidate.app/Contents/Developer/Platforms/MacOSX.platform/Developer/SDKs/MacOSX27.0.sdk/usr/include/c++/v1/__config:970:9: note: expanded from macro '_LIBCPP_NO_SPECIALIZATIONS'
  970 |       [[_Clang::__no_specializations__("Users are not allowed to specialize this standard library entity")]]
      |         ^
In file included from /Users/admin/builder/spi-builder-workspace/.dependencies/checkouts/realm-core/src/external/s2/s2r2rect.cc:3:
In file included from /Users/admin/builder/spi-builder-workspace/.dependencies/checkouts/realm-core/src/external/s2/s2r2rect.h:9:
In file included from /Users/admin/builder/spi-builder-workspace/.dependencies/checkouts/realm-core/src/external/s2/s2region.h:6:
In file included from /Users/admin/builder/spi-builder-workspace/.dependencies/checkouts/realm-core/src/external/s2/s2.h:29:
/Users/admin/builder/spi-builder-workspace/.dependencies/checkouts/realm-core/src/external/s2/util/math/vector3-inl.h:425:1: error: 'is_pod' cannot be specialized: Users are not allowed to specialize this standard library entity [-Winvalid-specialization]
  425 | PROPAGATE_POD_FROM_TEMPLATE_ARGUMENT(Vector3);
      | ^
In file included from /Users/admin/builder/spi-builder-workspace/.dependencies/checkouts/realm-core/src/external/s2/s2r2rect.cc:3:
In file included from /Users/admin/builder/spi-builder-workspace/.dependencies/checkouts/realm-core/src/external/s2/s2r2rect.h:6:
In file included from /Users/admin/builder/spi-builder-workspace/.dependencies/checkouts/realm-core/src/external/s2/base/basictypes.h:9:
In file included from /Users/admin/builder/spi-builder-workspace/.dependencies/checkouts/realm-core/src/external/s2/base/casts.h:19:
/Users/admin/builder/spi-builder-workspace/.dependencies/checkouts/realm-core/src/external/s2/base/macros.h:181:30: note: expanded from macro 'PROPAGATE_POD_FROM_TEMPLATE_ARGUMENT'
  181 | template <typename T> struct is_pod<TemplateName<T> > : std::is_trivial<T> { }; \
      |                              ^
In file included from /Users/admin/builder/spi-builder-workspace/.dependencies/checkouts/realm-core/src/external/s2/s2r2rect.cc:3:
In file included from /Users/admin/builder/spi-builder-workspace/.dependencies/checkouts/realm-core/src/external/s2/s2r2rect.h:6:
In file included from /Users/admin/builder/spi-builder-workspace/.dependencies/checkouts/realm-core/src/external/s2/base/basictypes.h:9:
In file included from /Users/admin/builder/spi-builder-workspace/.dependencies/checkouts/realm-core/src/external/s2/base/casts.h:16:
In file included from /Applications/Xcode-27.0.0-Release.Candidate.app/Contents/Developer/Platforms/MacOSX.platform/Developer/SDKs/MacOSX27.0.sdk/usr/include/c++/v1/typeinfo:395:
In file included from /Applications/Xcode-27.0.0-Release.Candidate.app/Contents/Developer/Platforms/MacOSX.platform/Developer/SDKs/MacOSX27.0.sdk/usr/include/c++/v1/type_traits:505:
/Applications/Xcode-27.0.0-Release.Candidate.app/Contents/Developer/Platforms/MacOSX.platform/Developer/SDKs/MacOSX27.0.sdk/usr/include/c++/v1/__type_traits/is_pod.h:22:36: note: marked '_Clang::no_specializations' here
   22 | struct _LIBCPP_DEPRECATED_IN_CXX20 _LIBCPP_NO_SPECIALIZATIONS is_pod : integral_constant<bool, __is_pod(_Tp)> {};
      |                                    ^
In file included from /Users/admin/builder/spi-builder-workspace/.dependencies/checkouts/realm-core/src/external/s2/s2r2rect.cc:3:
In file included from /Users/admin/builder/spi-builder-workspace/.dependencies/checkouts/realm-core/src/external/s2/s2r2rect.h:6:
In file included from /Users/admin/builder/spi-builder-workspace/.dependencies/checkouts/realm-core/src/external/s2/base/basictypes.h:9:
In file included from /Users/admin/builder/spi-builder-workspace/.dependencies/checkouts/realm-core/src/external/s2/base/casts.h:14:
In file included from /Applications/Xcode-27.0.0-Release.Candidate.app/Contents/Developer/Platforms/MacOSX.platform/Developer/SDKs/MacOSX27.0.sdk/usr/include/c++/v1/string.h:57:
/Applications/Xcode-27.0.0-Release.Candidate.app/Contents/Developer/Platforms/MacOSX.platform/Developer/SDKs/MacOSX27.0.sdk/usr/include/c++/v1/__config:970:9: note: expanded from macro '_LIBCPP_NO_SPECIALIZATIONS'
  970 |       [[_Clang::__no_specializations__("Users are not allowed to specialize this standard library entity")]]
      |         ^
In file included from /Users/admin/builder/spi-builder-workspace/.dependencies/checkouts/realm-core/src/external/s2/s2r2rect.cc:8:
In file included from /Users/admin/builder/spi-builder-workspace/.dependencies/checkouts/realm-core/src/external/s2/s2cap.h:8:
/Users/admin/builder/spi-builder-workspace/.dependencies/checkouts/realm-core/src/external/s2/s1angle.h:101:1: error: 'is_pod' cannot be specialized: Users are not allowed to specialize this standard library entity [-Winvalid-specialization]
  101 | DECLARE_POD(S1Angle);
      | ^
In file included from /Users/admin/builder/spi-builder-workspace/.dependencies/checkouts/realm-core/src/external/s2/s2r2rect.cc:3:
In file included from /Users/admin/builder/spi-builder-workspace/.dependencies/checkouts/realm-core/src/external/s2/s2r2rect.h:6:
In file included from /Users/admin/builder/spi-builder-workspace/.dependencies/checkouts/realm-core/src/external/s2/base/basictypes.h:9:
In file included from /Users/admin/builder/spi-builder-workspace/.dependencies/checkouts/realm-core/src/external/s2/base/casts.h:19:
/Users/admin/builder/spi-builder-workspace/.dependencies/checkouts/realm-core/src/external/s2/base/macros.h:165:19: note: expanded from macro 'DECLARE_POD'
  165 | template<> struct is_pod<TypeName> : true_type { }; \
      |                   ^
In file included from /Users/admin/builder/spi-builder-workspace/.dependencies/checkouts/realm-core/src/external/s2/s2r2rect.cc:3:
In file included from /Users/admin/builder/spi-builder-workspace/.dependencies/checkouts/realm-core/src/external/s2/s2r2rect.h:6:
In file included from /Users/admin/builder/spi-builder-workspace/.dependencies/checkouts/realm-core/src/external/s2/base/basictypes.h:9:
In file included from /Users/admin/builder/spi-builder-workspace/.dependencies/checkouts/realm-core/src/external/s2/base/casts.h:16:
In file included from /Applications/Xcode-27.0.0-Release.Candidate.app/Contents/Developer/Platforms/MacOSX.platform/Developer/SDKs/MacOSX27.0.sdk/usr/include/c++/v1/typeinfo:395:
In file included from /Applications/Xcode-27.0.0-Release.Candidate.app/Contents/Developer/Platforms/MacOSX.platform/Developer/SDKs/MacOSX27.0.sdk/usr/include/c++/v1/type_traits:505:
/Applications/Xcode-27.0.0-Release.Candidate.app/Contents/Developer/Platforms/MacOSX.platform/Developer/SDKs/MacOSX27.0.sdk/usr/include/c++/v1/__type_traits/is_pod.h:22:36: note: marked '_Clang::no_specializations' here
   22 | struct _LIBCPP_DEPRECATED_IN_CXX20 _LIBCPP_NO_SPECIALIZATIONS is_pod : integral_constant<bool, __is_pod(_Tp)> {};
      |                                    ^
In file included from /Users/admin/builder/spi-builder-workspace/.dependencies/checkouts/realm-core/src/external/s2/s2r2rect.cc:3:
In file included from /Users/admin/builder/spi-builder-workspace/.dependencies/checkouts/realm-core/src/external/s2/s2r2rect.h:6:
In file included from /Users/admin/builder/spi-builder-workspace/.dependencies/checkouts/realm-core/src/external/s2/base/basictypes.h:9:
In file included from /Users/admin/builder/spi-builder-workspace/.dependencies/checkouts/realm-core/src/external/s2/base/casts.h:14:
In file included from /Applications/Xcode-27.0.0-Release.Candidate.app/Contents/Developer/Platforms/MacOSX.platform/Developer/SDKs/MacOSX27.0.sdk/usr/include/c++/v1/string.h:57:
/Applications/Xcode-27.0.0-Release.Candidate.app/Contents/Developer/Platforms/MacOSX.platform/Developer/SDKs/MacOSX27.0.sdk/usr/include/c++/v1/__config:970:9: note: expanded from macro '_LIBCPP_NO_SPECIALIZATIONS'
  970 |       [[_Clang::__no_specializations__("Users are not allowed to specialize this standard library entity")]]
      |         ^
In file included from /Users/admin/builder/spi-builder-workspace/.dependencies/checkouts/realm-core/src/external/s2/s2r2rect.cc:9:
In file included from /Users/admin/builder/spi-builder-workspace/.dependencies/checkouts/realm-core/src/external/s2/s2cell.h:9:
/Users/admin/builder/spi-builder-workspace/.dependencies/checkouts/realm-core/src/external/s2/s2cellid.h:318:1: error: 'is_pod' cannot be specialized: Users are not allowed to specialize this standard library entity [-Winvalid-specialization]
  318 | DECLARE_POD(S2CellId);
      | ^
In file included from /Users/admin/builder/spi-builder-workspace/.dependencies/checkouts/realm-core/src/external/s2/s2r2rect.cc:3:
In file included from /Users/admin/builder/spi-builder-workspace/.dependencies/checkouts/realm-core/src/external/s2/s2r2rect.h:6:
In file included from /Users/admin/builder/spi-builder-workspace/.dependencies/checkouts/realm-core/src/external/s2/base/basictypes.h:9:
In file included from /Users/admin/builder/spi-builder-workspace/.dependencies/checkouts/realm-core/src/external/s2/base/casts.h:19:
/Users/admin/builder/spi-builder-workspace/.dependencies/checkouts/realm-core/src/external/s2/base/macros.h:165:19: note: expanded from macro 'DECLARE_POD'
  165 | template<> struct is_pod<TypeName> : true_type { }; \
      |                   ^
In file included from /Users/admin/builder/spi-builder-workspace/.dependencies/checkouts/realm-core/src/external/s2/s2r2rect.cc:3:
In file included from /Users/admin/builder/spi-builder-workspace/.dependencies/checkouts/realm-core/src/external/s2/s2r2rect.h:6:
In file included from /Users/admin/builder/spi-builder-workspace/.dependencies/checkouts/realm-core/src/external/s2/base/basictypes.h:9:
In file included from /Users/admin/builder/spi-builder-workspace/.dependencies/checkouts/realm-core/src/external/s2/base/casts.h:16:
In file included from /Applications/Xcode-27.0.0-Release.Candidate.app/Contents/Developer/Platforms/MacOSX.platform/Developer/SDKs/MacOSX27.0.sdk/usr/include/c++/v1/typeinfo:395:
In file included from /Applications/Xcode-27.0.0-Release.Candidate.app/Contents/Developer/Platforms/MacOSX.platform/Developer/SDKs/MacOSX27.0.sdk/usr/include/c++/v1/type_traits:505:
/Applications/Xcode-27.0.0-Release.Candidate.app/Contents/Developer/Platforms/MacOSX.platform/Developer/SDKs/MacOSX27.0.sdk/usr/include/c++/v1/__type_traits/is_pod.h:22:36: note: marked '_Clang::no_specializations' here
   22 | struct _LIBCPP_DEPRECATED_IN_CXX20 _LIBCPP_NO_SPECIALIZATIONS is_pod : integral_constant<bool, __is_pod(_Tp)> {};
      |                                    ^
In file included from /Users/admin/builder/spi-builder-workspace/.dependencies/checkouts/realm-core/src/external/s2/s2r2rect.cc:3:
In file included from /Users/admin/builder/spi-builder-workspace/.dependencies/checkouts/realm-core/src/external/s2/s2r2rect.h:6:
In file included from /Users/admin/builder/spi-builder-workspace/.dependencies/checkouts/realm-core/src/external/s2/base/basictypes.h:9:
In file included from /Users/admin/builder/spi-builder-workspace/.dependencies/checkouts/realm-core/src/external/s2/base/casts.h:14:
In file included from /Applications/Xcode-27.0.0-Release.Candidate.app/Contents/Developer/Platforms/MacOSX.platform/Developer/SDKs/MacOSX27.0.sdk/usr/include/c++/v1/string.h:57:
/Applications/Xcode-27.0.0-Release.Candidate.app/Contents/Developer/Platforms/MacOSX.platform/Developer/SDKs/MacOSX27.0.sdk/usr/include/c++/v1/__config:970:9: note: expanded from macro '_LIBCPP_NO_SPECIALIZATIONS'
  970 |       [[_Clang::__no_specializations__("Users are not allowed to specialize this standard library entity")]]
      |         ^
CompileC /Users/admin/builder/spi-builder-workspace/.derivedData/Build/Intermediates.noindex/RealmDatabase.build/Debug/s2geometry-t.build/Objects-normal/arm64/s2polyline.o /Users/admin/builder/spi-builder-workspace/.dependencies/checkouts/realm-core/src/external/s2/s2polyline.cc normal arm64 c++ com.apple.compilers.llvm.clang.1_0.compiler (in target 's2geometry' from project 'RealmDatabase')
    cd /Users/admin/builder/spi-builder-workspace/.swiftpm/xcode

    Using response file: /Users/admin/builder/spi-builder-workspace/.derivedData/Build/Intermediates.noindex/RealmDatabase.build/Debug/s2geometry-t.build/Objects-normal/arm64/82b82416624d2658e5098eb0a28c15c5-common-args.resp

    /Applications/Xcode-27.0.0-Release.Candidate.app/Contents/Developer/Toolchains/XcodeDefault.xctoolchain/usr/bin/clang -x c++ -ivfsstatcache /Users/admin/builder/spi-builder-workspace/.derivedData/SDKStatCaches.noindex/macosx27.0-26A425-e829b21a6f8c9b70876ba0858053c0446a22442a12e9d48fe1a705f55a1adfc4.sdkstatcache -target arm64-apple-macos12.0 -fmessage-length\=0 -fdiagnostics-show-note-include-stack -fmacro-backtrace-limit\=0 -fno-color-diagnostics -fmodules-prune-interval\=86400 -fmodules-prune-after\=345600 -fbuild-session-file\=/Users/admin/builder/spi-builder-workspace/.derivedData/ModuleCache.noindex/Session.modulevalidation -fmodules-validate-once-per-build-session -Wnon-modular-include-in-framework-module -Werror\=non-modular-include-in-framework-module -Wno-trigraphs -Wno-missing-field-initializers -Wno-missing-prototypes -Wno-return-type -Wno-non-virtual-dtor -Wno-overloaded-virtual -Wno-exit-time-destructors -Wno-missing-braces -Wparentheses -Wswitch -Wno-unused-function -Wno-unused-label -Wno-unused-parameter -Wno-unused-variable -Wunused-value -Wno-empty-body -Wno-uninitialized -Wno-unknown-pragmas -w -Wno-shadow -Wno-four-char-constants -Wno-conversion -Wno-constant-conversion -Wno-int-conversion -Wno-bool-conversion -Wno-enum-conversion -Wno-float-conversion -Wno-non-literal-null-conversion -Wno-objc-literal-conversion -Wshorten-64-to-32 -Wno-newline-eof -Wno-c++11-extensions -Wno-implicit-fallthrough -isysroot /Applications/Xcode-27.0.0-Release.Candidate.app/Contents/Developer/Platforms/MacOSX.platform/Developer/SDKs/MacOSX27.0.sdk -fstrict-aliasing -Wdeprecated-declarations -Winvalid-offsetof -Wno-sign-conversion -Wno-infinite-recursion -Wno-move -Wno-comma -Wno-block-capture-autoreleasing -Wno-strict-prototypes -Wno-range-loop-analysis -Wno-semicolon-before-method-body -index-store-path /Users/admin/builder/spi-builder-workspace/.derivedData/Index.noindex/DataStore @/Users/admin/builder/spi-builder-workspace/.derivedData/Build/Intermediates.noindex/RealmDatabase.build/Debug/s2geometry-t.build/Objects-normal/arm64/82b82416624d2658e5098eb0a28c15c5-common-args.resp -MMD -MT dependencies -MF /Users/admin/builder/spi-builder-workspace/.derivedData/Build/Intermediates.noindex/RealmDatabase.build/Debug/s2geometry-t.build/Objects-normal/arm64/s2polyline.d --serialize-diagnostics /Users/admin/builder/spi-builder-workspace/.derivedData/Build/Intermediates.noindex/RealmDatabase.build/Debug/s2geometry-t.build/Objects-normal/arm64/s2polyline.dia -c /Users/admin/builder/spi-builder-workspace/.dependencies/checkouts/realm-core/src/external/s2/s2polyline.cc -o /Users/admin/builder/spi-builder-workspace/.derivedData/Build/Intermediates.noindex/RealmDatabase.build/Debug/s2geometry-t.build/Objects-normal/arm64/s2polyline.o -index-unit-output-path /RealmDatabase.build/Debug/s2geometry-t.build/Objects-normal/arm64/s2polyline.o
CompileC /Users/admin/builder/spi-builder-workspace/.derivedData/Build/Intermediates.noindex/RealmDatabase.build/Debug/s2geometry-t.build/Objects-normal/arm64/s2polygonbuilder.o /Users/admin/builder/spi-builder-workspace/.dependencies/checkouts/realm-core/src/external/s2/s2polygonbuilder.cc normal arm64 c++ com.apple.compilers.llvm.clang.1_0.compiler (in target 's2geometry' from project 'RealmDatabase')
    cd /Users/admin/builder/spi-builder-workspace/.swiftpm/xcode

    Using response file: /Users/admin/builder/spi-builder-workspace/.derivedData/Build/Intermediates.noindex/RealmDatabase.build/Debug/s2geometry-t.build/Objects-normal/arm64/82b82416624d2658e5098eb0a28c15c5-common-args.resp

    /Applications/Xcode-27.0.0-Release.Candidate.app/Contents/Developer/Toolchains/XcodeDefault.xctoolchain/usr/bin/clang -x c++ -ivfsstatcache /Users/admin/builder/spi-builder-workspace/.derivedData/SDKStatCaches.noindex/macosx27.0-26A425-e829b21a6f8c9b70876ba0858053c0446a22442a12e9d48fe1a705f55a1adfc4.sdkstatcache -target arm64-apple-macos12.0 -fmessage-length\=0 -fdiagnostics-show-note-include-stack -fmacro-backtrace-limit\=0 -fno-color-diagnostics -fmodules-prune-interval\=86400 -fmodules-prune-after\=345600 -fbuild-session-file\=/Users/admin/builder/spi-builder-workspace/.derivedData/ModuleCache.noindex/Session.modulevalidation -fmodules-validate-once-per-build-session -Wnon-modular-include-in-framework-module -Werror\=non-modular-include-in-framework-module -Wno-trigraphs -Wno-missing-field-initializers -Wno-missing-prototypes -Wno-return-type -Wno-non-virtual-dtor -Wno-overloaded-virtual -Wno-exit-time-destructors -Wno-missing-braces -Wparentheses -Wswitch -Wno-unused-function -Wno-unused-label -Wno-unused-parameter -Wno-unused-variable -Wunused-value -Wno-empty-body -Wno-uninitialized -Wno-unknown-pragmas -w -Wno-shadow -Wno-four-char-constants -Wno-conversion -Wno-constant-conversion -Wno-int-conversion -Wno-bool-conversion -Wno-enum-conversion -Wno-float-conversion -Wno-non-literal-null-conversion -Wno-objc-literal-conversion -Wshorten-64-to-32 -Wno-newline-eof -Wno-c++11-extensions -Wno-implicit-fallthrough -isysroot /Applications/Xcode-27.0.0-Release.Candidate.app/Contents/Developer/Platforms/MacOSX.platform/Developer/SDKs/MacOSX27.0.sdk -fstrict-aliasing -Wdeprecated-declarations -Winvalid-offsetof -Wno-sign-conversion -Wno-infinite-recursion -Wno-move -Wno-comma -Wno-block-capture-autoreleasing -Wno-strict-prototypes -Wno-range-loop-analysis -Wno-semicolon-before-method-body -index-store-path /Users/admin/builder/spi-builder-workspace/.derivedData/Index.noindex/DataStore @/Users/admin/builder/spi-builder-workspace/.derivedData/Build/Intermediates.noindex/RealmDatabase.build/Debug/s2geometry-t.build/Objects-normal/arm64/82b82416624d2658e5098eb0a28c15c5-common-args.resp -MMD -MT dependencies -MF /Users/admin/builder/spi-builder-workspace/.derivedData/Build/Intermediates.noindex/RealmDatabase.build/Debug/s2geometry-t.build/Objects-normal/arm64/s2polygonbuilder.d --serialize-diagnostics /Users/admin/builder/spi-builder-workspace/.derivedData/Build/Intermediates.noindex/RealmDatabase.build/Debug/s2geometry-t.build/Objects-normal/arm64/s2polygonbuilder.dia -c /Users/admin/builder/spi-builder-workspace/.dependencies/checkouts/realm-core/src/external/s2/s2polygonbuilder.cc -o /Users/admin/builder/spi-builder-workspace/.derivedData/Build/Intermediates.noindex/RealmDatabase.build/Debug/s2geometry-t.build/Objects-normal/arm64/s2polygonbuilder.o -index-unit-output-path /RealmDatabase.build/Debug/s2geometry-t.build/Objects-normal/arm64/s2polygonbuilder.o
SwiftExplicitDependencyGeneratePcm arm64 /Users/admin/builder/spi-builder-workspace/.derivedData/SDKExplicitPrecompiledModules/_Builtin_stdarg-7CFWA9OSW5N24E7PG4ZOCF1VH.pcm
SwiftExplicitDependencyGeneratePcm arm64 /Users/admin/builder/spi-builder-workspace/.derivedData/SDKExplicitPrecompiledModules/ptrcheck-DHLCBWKPNUZOYTPJ1J3QVTCXK.pcm
SwiftExplicitDependencyGeneratePcm arm64 /Users/admin/builder/spi-builder-workspace/.derivedData/SDKExplicitPrecompiledModules/_SwiftConcurrencyShims-11TYQJH3GW4GGN6M952RT44S2.pcm
SwiftExplicitDependencyGeneratePcm arm64 /Users/admin/builder/spi-builder-workspace/.derivedData/SDKExplicitPrecompiledModules/ptrcheck-7F7OST5MV9OHXZMCIL2H6FYAO.pcm
SwiftExplicitDependencyGeneratePcm arm64 /Users/admin/builder/spi-builder-workspace/.derivedData/SDKExplicitPrecompiledModules/_Builtin_stdbool-KYV2HKP8IKLKMKQS9DGA2GUQ.pcm
SwiftExplicitDependencyGeneratePcm arm64 /Users/admin/builder/spi-builder-workspace/.derivedData/SDKExplicitPrecompiledModules/_Builtin_float-EXGUO4XEWWSRONNTP4II1R3BM.pcm
SwiftExplicitDependencyGeneratePcm arm64 /Users/admin/builder/spi-builder-workspace/.derivedData/SDKExplicitPrecompiledModules/DeveloperToolsSupport-1MJKJIVFEOCVMYG93RTR2K39.pcm
SwiftExplicitDependencyGeneratePcm arm64 /Users/admin/builder/spi-builder-workspace/.derivedData/SDKExplicitPrecompiledModules/_Builtin_stdarg-DVP6W0QP66W8E74TX0GQAIEFM.pcm
SwiftExplicitDependencyGeneratePcm arm64 /Users/admin/builder/spi-builder-workspace/.derivedData/SDKExplicitPrecompiledModules/SwiftShims-C4V0DQ62WSTCYBYGILXXGQNO3.pcm
SwiftExplicitDependencyGeneratePcm arm64 /Users/admin/builder/spi-builder-workspace/.derivedData/SDKExplicitPrecompiledModules/_Builtin_stddef-3GI9GOKXSW3QCTFOI1USFLDZO.pcm
SwiftExplicitDependencyGeneratePcm arm64 /Users/admin/builder/spi-builder-workspace/.derivedData/SDKExplicitPrecompiledModules/ptrauth-7VGYQCV549PIPP0FHI45MYEXG.pcm
SwiftExplicitDependencyGeneratePcm arm64 /Users/admin/builder/spi-builder-workspace/.derivedData/SDKExplicitPrecompiledModules/_AvailabilityInternal-CJTV5E7EL3MWRA437DUFPBVN2.pcm
SwiftExplicitDependencyGeneratePcm arm64 /Users/admin/builder/spi-builder-workspace/.derivedData/SDKExplicitPrecompiledModules/_SwiftConcurrencyShims-BLUUWKI6AGMD7TJ4RGYS7DP6T.pcm
SwiftExplicitDependencyGeneratePcm arm64 /Users/admin/builder/spi-builder-workspace/.derivedData/SDKExplicitPrecompiledModules/_Builtin_float-105CRCDRP90FQCQO5ZX1LHV7H.pcm
SwiftExplicitDependencyGeneratePcm arm64 /Users/admin/builder/spi-builder-workspace/.derivedData/SDKExplicitPrecompiledModules/_AvailabilityInternal-5OQ8S18SKM02L42PKV6U5ZAWA.pcm
SwiftExplicitDependencyGeneratePcm arm64 /Users/admin/builder/spi-builder-workspace/.derivedData/SDKExplicitPrecompiledModules/_Builtin_stddef-BRQYWAPA5F9I3AGC7LZEIAIGS.pcm
SwiftExplicitDependencyGeneratePcm arm64 /Users/admin/builder/spi-builder-workspace/.derivedData/SDKExplicitPrecompiledModules/SwiftShims-8117TUG7HSOLBQL517OWAROM7.pcm
SwiftExplicitDependencyGeneratePcm arm64 /Users/admin/builder/spi-builder-workspace/.derivedData/SDKExplicitPrecompiledModules/_Builtin_stdbool-8V6HC39D8H2ZKW3GSD1KJ09A9.pcm
CompileC /Users/admin/builder/spi-builder-workspace/.derivedData/Build/Intermediates.noindex/RealmDatabase.build/Debug/s2geometry-t.build/Objects-normal/arm64/s2polygon.o /Users/admin/builder/spi-builder-workspace/.dependencies/checkouts/realm-core/src/external/s2/s2polygon.cc normal arm64 c++ com.apple.compilers.llvm.clang.1_0.compiler (in target 's2geometry' from project 'RealmDatabase')
    cd /Users/admin/builder/spi-builder-workspace/.swiftpm/xcode

    Using response file: /Users/admin/builder/spi-builder-workspace/.derivedData/Build/Intermediates.noindex/RealmDatabase.build/Debug/s2geometry-t.build/Objects-normal/arm64/82b82416624d2658e5098eb0a28c15c5-common-args.resp

    /Applications/Xcode-27.0.0-Release.Candidate.app/Contents/Developer/Toolchains/XcodeDefault.xctoolchain/usr/bin/clang -x c++ -ivfsstatcache /Users/admin/builder/spi-builder-workspace/.derivedData/SDKStatCaches.noindex/macosx27.0-26A425-e829b21a6f8c9b70876ba0858053c0446a22442a12e9d48fe1a705f55a1adfc4.sdkstatcache -target arm64-apple-macos12.0 -fmessage-length\=0 -fdiagnostics-show-note-include-stack -fmacro-backtrace-limit\=0 -fno-color-diagnostics -fmodules-prune-interval\=86400 -fmodules-prune-after\=345600 -fbuild-session-file\=/Users/admin/builder/spi-builder-workspace/.derivedData/ModuleCache.noindex/Session.modulevalidation -fmodules-validate-once-per-build-session -Wnon-modular-include-in-framework-module -Werror\=non-modular-include-in-framework-module -Wno-trigraphs -Wno-missing-field-initializers -Wno-missing-prototypes -Wno-return-type -Wno-non-virtual-dtor -Wno-overloaded-virtual -Wno-exit-time-destructors -Wno-missing-braces -Wparentheses -Wswitch -Wno-unused-function -Wno-unused-label -Wno-unused-parameter -Wno-unused-variable -Wunused-value -Wno-empty-body -Wno-uninitialized -Wno-unknown-pragmas -w -Wno-shadow -Wno-four-char-constants -Wno-conversion -Wno-constant-conversion -Wno-int-conversion -Wno-bool-conversion -Wno-enum-conversion -Wno-float-conversion -Wno-non-literal-null-conversion -Wno-objc-literal-conversion -Wshorten-64-to-32 -Wno-newline-eof -Wno-c++11-extensions -Wno-implicit-fallthrough -isysroot /Applications/Xcode-27.0.0-Release.Candidate.app/Contents/Developer/Platforms/MacOSX.platform/Developer/SDKs/MacOSX27.0.sdk -fstrict-aliasing -Wdeprecated-declarations -Winvalid-offsetof -Wno-sign-conversion -Wno-infinite-recursion -Wno-move -Wno-comma -Wno-block-capture-autoreleasing -Wno-strict-prototypes -Wno-range-loop-analysis -Wno-semicolon-before-method-body -index-store-path /Users/admin/builder/spi-builder-workspace/.derivedData/Index.noindex/DataStore @/Users/admin/builder/spi-builder-workspace/.derivedData/Build/Intermediates.noindex/RealmDatabase.build/Debug/s2geometry-t.build/Objects-normal/arm64/82b82416624d2658e5098eb0a28c15c5-common-args.resp -MMD -MT dependencies -MF /Users/admin/builder/spi-builder-workspace/.derivedData/Build/Intermediates.noindex/RealmDatabase.build/Debug/s2geometry-t.build/Objects-normal/arm64/s2polygon.d --serialize-diagnostics /Users/admin/builder/spi-builder-workspace/.derivedData/Build/Intermediates.noindex/RealmDatabase.build/Debug/s2geometry-t.build/Objects-normal/arm64/s2polygon.dia -c /Users/admin/builder/spi-builder-workspace/.dependencies/checkouts/realm-core/src/external/s2/s2polygon.cc -o /Users/admin/builder/spi-builder-workspace/.derivedData/Build/Intermediates.noindex/RealmDatabase.build/Debug/s2geometry-t.build/Objects-normal/arm64/s2polygon.o -index-unit-output-path /RealmDatabase.build/Debug/s2geometry-t.build/Objects-normal/arm64/s2polygon.o
CompileC /Users/admin/builder/spi-builder-workspace/.derivedData/Build/Intermediates.noindex/RealmDatabase.build/Debug/s2geometry-t.build/Objects-normal/arm64/s2pointregion.o /Users/admin/builder/spi-builder-workspace/.dependencies/checkouts/realm-core/src/external/s2/s2pointregion.cc normal arm64 c++ com.apple.compilers.llvm.clang.1_0.compiler (in target 's2geometry' from project 'RealmDatabase')
    cd /Users/admin/builder/spi-builder-workspace/.swiftpm/xcode

    Using response file: /Users/admin/builder/spi-builder-workspace/.derivedData/Build/Intermediates.noindex/RealmDatabase.build/Debug/s2geometry-t.build/Objects-normal/arm64/82b82416624d2658e5098eb0a28c15c5-common-args.resp

    /Applications/Xcode-27.0.0-Release.Candidate.app/Contents/Developer/Toolchains/XcodeDefault.xctoolchain/usr/bin/clang -x c++ -ivfsstatcache /Users/admin/builder/spi-builder-workspace/.derivedData/SDKStatCaches.noindex/macosx27.0-26A425-e829b21a6f8c9b70876ba0858053c0446a22442a12e9d48fe1a705f55a1adfc4.sdkstatcache -target arm64-apple-macos12.0 -fmessage-length\=0 -fdiagnostics-show-note-include-stack -fmacro-backtrace-limit\=0 -fno-color-diagnostics -fmodules-prune-interval\=86400 -fmodules-prune-after\=345600 -fbuild-session-file\=/Users/admin/builder/spi-builder-workspace/.derivedData/ModuleCache.noindex/Session.modulevalidation -fmodules-validate-once-per-build-session -Wnon-modular-include-in-framework-module -Werror\=non-modular-include-in-framework-module -Wno-trigraphs -Wno-missing-field-initializers -Wno-missing-prototypes -Wno-return-type -Wno-non-virtual-dtor -Wno-overloaded-virtual -Wno-exit-time-destructors -Wno-missing-braces -Wparentheses -Wswitch -Wno-unused-function -Wno-unused-label -Wno-unused-parameter -Wno-unused-variable -Wunused-value -Wno-empty-body -Wno-uninitialized -Wno-unknown-pragmas -w -Wno-shadow -Wno-four-char-constants -Wno-conversion -Wno-constant-conversion -Wno-int-conversion -Wno-bool-conversion -Wno-enum-conversion -Wno-float-conversion -Wno-non-literal-null-conversion -Wno-objc-literal-conversion -Wshorten-64-to-32 -Wno-newline-eof -Wno-c++11-extensions -Wno-implicit-fallthrough -isysroot /Applications/Xcode-27.0.0-Release.Candidate.app/Contents/Developer/Platforms/MacOSX.platform/Developer/SDKs/MacOSX27.0.sdk -fstrict-aliasing -Wdeprecated-declarations -Winvalid-offsetof -Wno-sign-conversion -Wno-infinite-recursion -Wno-move -Wno-comma -Wno-block-capture-autoreleasing -Wno-strict-prototypes -Wno-range-loop-analysis -Wno-semicolon-before-method-body -index-store-path /Users/admin/builder/spi-builder-workspace/.derivedData/Index.noindex/DataStore @/Users/admin/builder/spi-builder-workspace/.derivedData/Build/Intermediates.noindex/RealmDatabase.build/Debug/s2geometry-t.build/Objects-normal/arm64/82b82416624d2658e5098eb0a28c15c5-common-args.resp -MMD -MT dependencies -MF /Users/admin/builder/spi-builder-workspace/.derivedData/Build/Intermediates.noindex/RealmDatabase.build/Debug/s2geometry-t.build/Objects-normal/arm64/s2pointregion.d --serialize-diagnostics /Users/admin/builder/spi-builder-workspace/.derivedData/Build/Intermediates.noindex/RealmDatabase.build/Debug/s2geometry-t.build/Objects-normal/arm64/s2pointregion.dia -c /Users/admin/builder/spi-builder-workspace/.dependencies/checkouts/realm-core/src/external/s2/s2pointregion.cc -o /Users/admin/builder/spi-builder-workspace/.derivedData/Build/Intermediates.noindex/RealmDatabase.build/Debug/s2geometry-t.build/Objects-normal/arm64/s2pointregion.o -index-unit-output-path /RealmDatabase.build/Debug/s2geometry-t.build/Objects-normal/arm64/s2pointregion.o
SwiftExplicitDependencyGeneratePcm arm64 /Users/admin/builder/spi-builder-workspace/.derivedData/SDKExplicitPrecompiledModules/_DarwinFoundation1-7PRJIG163YE9KSKYA3BS35ZZP.pcm
CompileC /Users/admin/builder/spi-builder-workspace/.derivedData/Build/Intermediates.noindex/RealmDatabase.build/Debug/s2geometry-t.build/Objects-normal/arm64/s2loop.o /Users/admin/builder/spi-builder-workspace/.dependencies/checkouts/realm-core/src/external/s2/s2loop.cc normal arm64 c++ com.apple.compilers.llvm.clang.1_0.compiler (in target 's2geometry' from project 'RealmDatabase')
    cd /Users/admin/builder/spi-builder-workspace/.swiftpm/xcode

    Using response file: /Users/admin/builder/spi-builder-workspace/.derivedData/Build/Intermediates.noindex/RealmDatabase.build/Debug/s2geometry-t.build/Objects-normal/arm64/82b82416624d2658e5098eb0a28c15c5-common-args.resp

    /Applications/Xcode-27.0.0-Release.Candidate.app/Contents/Developer/Toolchains/XcodeDefault.xctoolchain/usr/bin/clang -x c++ -ivfsstatcache /Users/admin/builder/spi-builder-workspace/.derivedData/SDKStatCaches.noindex/macosx27.0-26A425-e829b21a6f8c9b70876ba0858053c0446a22442a12e9d48fe1a705f55a1adfc4.sdkstatcache -target arm64-apple-macos12.0 -fmessage-length\=0 -fdiagnostics-show-note-include-stack -fmacro-backtrace-limit\=0 -fno-color-diagnostics -fmodules-prune-interval\=86400 -fmodules-prune-after\=345600 -fbuild-session-file\=/Users/admin/builder/spi-builder-workspace/.derivedData/ModuleCache.noindex/Session.modulevalidation -fmodules-validate-once-per-build-session -Wnon-modular-include-in-framework-module -Werror\=non-modular-include-in-framework-module -Wno-trigraphs -Wno-missing-field-initializers -Wno-missing-prototypes -Wno-return-type -Wno-non-virtual-dtor -Wno-overloaded-virtual -Wno-exit-time-destructors -Wno-missing-braces -Wparentheses -Wswitch -Wno-unused-function -Wno-unused-label -Wno-unused-parameter -Wno-unused-variable -Wunused-value -Wno-empty-body -Wno-uninitialized -Wno-unknown-pragmas -w -Wno-shadow -Wno-four-char-constants -Wno-conversion -Wno-constant-conversion -Wno-int-conversion -Wno-bool-conversion -Wno-enum-conversion -Wno-float-conversion -Wno-non-literal-null-conversion -Wno-objc-literal-conversion -Wshorten-64-to-32 -Wno-newline-eof -Wno-c++11-extensions -Wno-implicit-fallthrough -isysroot /Applications/Xcode-27.0.0-Release.Candidate.app/Contents/Developer/Platforms/MacOSX.platform/Developer/SDKs/MacOSX27.0.sdk -fstrict-aliasing -Wdeprecated-declarations -Winvalid-offsetof -Wno-sign-conversion -Wno-infinite-recursion -Wno-move -Wno-comma -Wno-block-capture-autoreleasing -Wno-strict-prototypes -Wno-range-loop-analysis -Wno-semicolon-before-method-body -index-store-path /Users/admin/builder/spi-builder-workspace/.derivedData/Index.noindex/DataStore @/Users/admin/builder/spi-builder-workspace/.derivedData/Build/Intermediates.noindex/RealmDatabase.build/Debug/s2geometry-t.build/Objects-normal/arm64/82b82416624d2658e5098eb0a28c15c5-common-args.resp -MMD -MT dependencies -MF /Users/admin/builder/spi-builder-workspace/.derivedData/Build/Intermediates.noindex/RealmDatabase.build/Debug/s2geometry-t.build/Objects-normal/arm64/s2loop.d --serialize-diagnostics /Users/admin/builder/spi-builder-workspace/.derivedData/Build/Intermediates.noindex/RealmDatabase.build/Debug/s2geometry-t.build/Objects-normal/arm64/s2loop.dia -c /Users/admin/builder/spi-builder-workspace/.dependencies/checkouts/realm-core/src/external/s2/s2loop.cc -o /Users/admin/builder/spi-builder-workspace/.derivedData/Build/Intermediates.noindex/RealmDatabase.build/Debug/s2geometry-t.build/Objects-normal/arm64/s2loop.o -index-unit-output-path /RealmDatabase.build/Debug/s2geometry-t.build/Objects-normal/arm64/s2loop.o
CompileC /Users/admin/builder/spi-builder-workspace/.derivedData/Build/Intermediates.noindex/RealmDatabase.build/Debug/s2geometry-t.build/Objects-normal/arm64/s2latlngrect.o /Users/admin/builder/spi-builder-workspace/.dependencies/checkouts/realm-core/src/external/s2/s2latlngrect.cc normal arm64 c++ com.apple.compilers.llvm.clang.1_0.compiler (in target 's2geometry' from project 'RealmDatabase')
    cd /Users/admin/builder/spi-builder-workspace/.swiftpm/xcode

    Using response file: /Users/admin/builder/spi-builder-workspace/.derivedData/Build/Intermediates.noindex/RealmDatabase.build/Debug/s2geometry-t.build/Objects-normal/arm64/82b82416624d2658e5098eb0a28c15c5-common-args.resp

    /Applications/Xcode-27.0.0-Release.Candidate.app/Contents/Developer/Toolchains/XcodeDefault.xctoolchain/usr/bin/clang -x c++ -ivfsstatcache /Users/admin/builder/spi-builder-workspace/.derivedData/SDKStatCaches.noindex/macosx27.0-26A425-e829b21a6f8c9b70876ba0858053c0446a22442a12e9d48fe1a705f55a1adfc4.sdkstatcache -target arm64-apple-macos12.0 -fmessage-length\=0 -fdiagnostics-show-note-include-stack -fmacro-backtrace-limit\=0 -fno-color-diagnostics -fmodules-prune-interval\=86400 -fmodules-prune-after\=345600 -fbuild-session-file\=/Users/admin/builder/spi-builder-workspace/.derivedData/ModuleCache.noindex/Session.modulevalidation -fmodules-validate-once-per-build-session -Wnon-modular-include-in-framework-module -Werror\=non-modular-include-in-framework-module -Wno-trigraphs -Wno-missing-field-initializers -Wno-missing-prototypes -Wno-return-type -Wno-non-virtual-dtor -Wno-overloaded-virtual -Wno-exit-time-destructors -Wno-missing-braces -Wparentheses -Wswitch -Wno-unused-function -Wno-unused-label -Wno-unused-parameter -Wno-unused-variable -Wunused-value -Wno-empty-body -Wno-uninitialized -Wno-unknown-pragmas -w -Wno-shadow -Wno-four-char-constants -Wno-conversion -Wno-constant-conversion -Wno-int-conversion -Wno-bool-conversion -Wno-enum-conversion -Wno-float-conversion -Wno-non-literal-null-conversion -Wno-objc-literal-conversion -Wshorten-64-to-32 -Wno-newline-eof -Wno-c++11-extensions -Wno-implicit-fallthrough -isysroot /Applications/Xcode-27.0.0-Release.Candidate.app/Contents/Developer/Platforms/MacOSX.platform/Developer/SDKs/MacOSX27.0.sdk -fstrict-aliasing -Wdeprecated-declarations -Winvalid-offsetof -Wno-sign-conversion -Wno-infinite-recursion -Wno-move -Wno-comma -Wno-block-capture-autoreleasing -Wno-strict-prototypes -Wno-range-loop-analysis -Wno-semicolon-before-method-body -index-store-path /Users/admin/builder/spi-builder-workspace/.derivedData/Index.noindex/DataStore @/Users/admin/builder/spi-builder-workspace/.derivedData/Build/Intermediates.noindex/RealmDatabase.build/Debug/s2geometry-t.build/Objects-normal/arm64/82b82416624d2658e5098eb0a28c15c5-common-args.resp -MMD -MT dependencies -MF /Users/admin/builder/spi-builder-workspace/.derivedData/Build/Intermediates.noindex/RealmDatabase.build/Debug/s2geometry-t.build/Objects-normal/arm64/s2latlngrect.d --serialize-diagnostics /Users/admin/builder/spi-builder-workspace/.derivedData/Build/Intermediates.noindex/RealmDatabase.build/Debug/s2geometry-t.build/Objects-normal/arm64/s2latlngrect.dia -c /Users/admin/builder/spi-builder-workspace/.dependencies/checkouts/realm-core/src/external/s2/s2latlngrect.cc -o /Users/admin/builder/spi-builder-workspace/.derivedData/Build/Intermediates.noindex/RealmDatabase.build/Debug/s2geometry-t.build/Objects-normal/arm64/s2latlngrect.o -index-unit-output-path /RealmDatabase.build/Debug/s2geometry-t.build/Objects-normal/arm64/s2latlngrect.o
SwiftExplicitDependencyGeneratePcm arm64 /Users/admin/builder/spi-builder-workspace/.derivedData/SDKExplicitPrecompiledModules/_DarwinFoundation1-CEB668520FVMM3FPLUP3ZX3DP.pcm
CompileC /Users/admin/builder/spi-builder-workspace/.derivedData/Build/Intermediates.noindex/RealmDatabase.build/Debug/s2geometry-t.build/Objects-normal/arm64/s2latlng.o /Users/admin/builder/spi-builder-workspace/.dependencies/checkouts/realm-core/src/external/s2/s2latlng.cc normal arm64 c++ com.apple.compilers.llvm.clang.1_0.compiler (in target 's2geometry' from project 'RealmDatabase')
    cd /Users/admin/builder/spi-builder-workspace/.swiftpm/xcode

    Using response file: /Users/admin/builder/spi-builder-workspace/.derivedData/Build/Intermediates.noindex/RealmDatabase.build/Debug/s2geometry-t.build/Objects-normal/arm64/82b82416624d2658e5098eb0a28c15c5-common-args.resp

    /Applications/Xcode-27.0.0-Release.Candidate.app/Contents/Developer/Toolchains/XcodeDefault.xctoolchain/usr/bin/clang -x c++ -ivfsstatcache /Users/admin/builder/spi-builder-workspace/.derivedData/SDKStatCaches.noindex/macosx27.0-26A425-e829b21a6f8c9b70876ba0858053c0446a22442a12e9d48fe1a705f55a1adfc4.sdkstatcache -target arm64-apple-macos12.0 -fmessage-length\=0 -fdiagnostics-show-note-include-stack -fmacro-backtrace-limit\=0 -fno-color-diagnostics -fmodules-prune-interval\=86400 -fmodules-prune-after\=345600 -fbuild-session-file\=/Users/admin/builder/spi-builder-workspace/.derivedData/ModuleCache.noindex/Session.modulevalidation -fmodules-validate-once-per-build-session -Wnon-modular-include-in-framework-module -Werror\=non-modular-include-in-framework-module -Wno-trigraphs -Wno-missing-field-initializers -Wno-missing-prototypes -Wno-return-type -Wno-non-virtual-dtor -Wno-overloaded-virtual -Wno-exit-time-destructors -Wno-missing-braces -Wparentheses -Wswitch -Wno-unused-function -Wno-unused-label -Wno-unused-parameter -Wno-unused-variable -Wunused-value -Wno-empty-body -Wno-uninitialized -Wno-unknown-pragmas -w -Wno-shadow -Wno-four-char-constants -Wno-conversion -Wno-constant-conversion -Wno-int-conversion -Wno-bool-conversion -Wno-enum-conversion -Wno-float-conversion -Wno-non-literal-null-conversion -Wno-objc-literal-conversion -Wshorten-64-to-32 -Wno-newline-eof -Wno-c++11-extensions -Wno-implicit-fallthrough -isysroot /Applications/Xcode-27.0.0-Release.Candidate.app/Contents/Developer/Platforms/MacOSX.platform/Developer/SDKs/MacOSX27.0.sdk -fstrict-aliasing -Wdeprecated-declarations -Winvalid-offsetof -Wno-sign-conversion -Wno-infinite-recursion -Wno-move -Wno-comma -Wno-block-capture-autoreleasing -Wno-strict-prototypes -Wno-range-loop-analysis -Wno-semicolon-before-method-body -index-store-path /Users/admin/builder/spi-builder-workspace/.derivedData/Index.noindex/DataStore @/Users/admin/builder/spi-builder-workspace/.derivedData/Build/Intermediates.noindex/RealmDatabase.build/Debug/s2geometry-t.build/Objects-normal/arm64/82b82416624d2658e5098eb0a28c15c5-common-args.resp -MMD -MT dependencies -MF /Users/admin/builder/spi-builder-workspace/.derivedData/Build/Intermediates.noindex/RealmDatabase.build/Debug/s2geometry-t.build/Objects-normal/arm64/s2latlng.d --serialize-diagnostics /Users/admin/builder/spi-builder-workspace/.derivedData/Build/Intermediates.noindex/RealmDatabase.build/Debug/s2geometry-t.build/Objects-normal/arm64/s2latlng.dia -c /Users/admin/builder/spi-builder-workspace/.dependencies/checkouts/realm-core/src/external/s2/s2latlng.cc -o /Users/admin/builder/spi-builder-workspace/.derivedData/Build/Intermediates.noindex/RealmDatabase.build/Debug/s2geometry-t.build/Objects-normal/arm64/s2latlng.o -index-unit-output-path /RealmDatabase.build/Debug/s2geometry-t.build/Objects-normal/arm64/s2latlng.o
SwiftExplicitDependencyGeneratePcm arm64 /Users/admin/builder/spi-builder-workspace/.derivedData/SDKExplicitPrecompiledModules/_DarwinFoundation2-94WUUGE4H5R03OWXE0QFZX1DN.pcm
SwiftExplicitDependencyGeneratePcm arm64 /Users/admin/builder/spi-builder-workspace/.derivedData/SDKExplicitPrecompiledModules/_Builtin_limits-HXF6WMF65IXTY4LB9YQRPDVS.pcm
SwiftExplicitDependencyGeneratePcm arm64 /Users/admin/builder/spi-builder-workspace/.derivedData/SDKExplicitPrecompiledModules/_Builtin_stdint-22CBBOK8BNSF0UELDCAXSHGB.pcm
PruneExplicitPrecompiledModules /Users/admin/builder/spi-builder-workspace/.derivedData/Build/Intermediates.noindex/ExplicitPrecompiledModules
PruneExplicitPrecompiledModules /Users/admin/builder/spi-builder-workspace/.derivedData/Build/Intermediates.noindex/SwiftExplicitPrecompiledModules
PruneExplicitPrecompiledModules /Users/admin/builder/spi-builder-workspace/.derivedData/SDKExplicitPrecompiledModules
2026-09-19 12:34:12.097 xcodebuild[918:5626] [MT] IDERunDestination: Supported platforms for the buildables in the current scheme is empty.
2026-09-19 12:34:12.199 xcodebuild[918:5626] [MT] IDERunDestination: Supported platforms for the buildables in the current scheme is empty.
--- xcodebuild: WARNING: Using the first of multiple matching destinations:
{ platform:macOS, arch:arm64, id:1be41b06e26085cd7b5a2748db48ba82e3517288, name:My Mac }
{ platform:macOS, arch:arm64, variant:Mac Catalyst, id:1be41b06e26085cd7b5a2748db48ba82e3517288, name:My Mac }
{ platform:macOS, arch:arm64, variant:DriverKit, id:1be41b06e26085cd7b5a2748db48ba82e3517288, name:My Mac }
{ platform:macOS, arch:arm64, variant:Designed for [iPad,iPhone], id:1be41b06e26085cd7b5a2748db48ba82e3517288, name:My Mac }
** BUILD FAILED **
The following build commands failed:
	CompileC /Users/admin/builder/spi-builder-workspace/.derivedData/Build/Intermediates.noindex/RealmDatabase.build/Debug/s2geometry-t.build/Objects-normal/arm64/s2region.o /Users/admin/builder/spi-builder-workspace/.dependencies/checkouts/realm-core/src/external/s2/s2region.cc normal arm64 c++ com.apple.compilers.llvm.clang.1_0.compiler (in target 's2geometry' from project 'RealmDatabase')
	Building workspace RealmSwiftMacro with scheme RealmSwiftMacro-Package
(2 failures)
BUILD FAILURE 6.4 macosXcodebuild