The Swift Package Index logo.Swift Package Index

Build Information

Failed to build FirebaseDependencies with Swift 5.10 for Linux.

Build Command

bash -c docker run --rm -v "checkouts-4606859-1":/host -w "$workDir" registry.gitlab.com/finestructure/spi-images:basic-5.10-latest swift build 2>&1

Build Log

========================================
RunAll
========================================
Builder version: 4.29.0
Interrupt handler set up.
========================================
Checkout
========================================
Clone URL: https://github.com/invia-flights/swift-firebase-dependencies.git
Reference: 10.15.0
Initialized empty Git repository in /host/spi-builder-workspace/.git/
hint: Using 'master' as the name for the initial branch. This default branch name
hint: is subject to change. To configure the initial branch name to use in all
hint: of your new repositories, which will suppress this warning, call:
hint:
hint: 	git config --global init.defaultBranch <name>
hint:
hint: Names commonly chosen instead of 'master' are 'main', 'trunk' and
hint: 'development'. The just-created branch can be renamed via this command:
hint:
hint: 	git branch -m <name>
From https://github.com/invia-flights/swift-firebase-dependencies
 * tag               10.15.0    -> FETCH_HEAD
HEAD is now at 2372b5b Bump version
Cloned https://github.com/invia-flights/swift-firebase-dependencies.git
Revision (git rev-parse @):
2372b5b78cae517aae5eaa7ec5db6647f5ca9f28
SUCCESS checkout https://github.com/invia-flights/swift-firebase-dependencies.git at 10.15.0
========================================
Build
========================================
Selected platform:         linux
Swift version:             5.10
Building package at path:  $workDir
https://github.com/invia-flights/swift-firebase-dependencies.git
Running build ...
bash -c docker run --rm -v "checkouts-4606859-1":/host -w "$workDir" registry.gitlab.com/finestructure/spi-images:basic-5.10-latest swift build 2>&1
Fetching https://github.com/pointfreeco/xctest-dynamic-overlay
Fetching https://github.com/google/gtm-session-fetcher.git
Fetching https://github.com/google/abseil-cpp-binary.git
Fetching https://github.com/google/GoogleUtilities.git
Fetching https://github.com/firebase/nanopb.git
Fetching https://github.com/google/interop-ios-for-google-sdks.git
[1/103] Fetching interop-ios-for-google-sdks
[104/8367] Fetching interop-ios-for-google-sdks, nanopb
[600/8418] Fetching interop-ios-for-google-sdks, nanopb, abseil-cpp-binary
[2056/12511] Fetching interop-ios-for-google-sdks, nanopb, abseil-cpp-binary, googleutilities
[8050/16196] Fetching interop-ios-for-google-sdks, nanopb, abseil-cpp-binary, googleutilities, gtm-session-fetcher
[9291/18476] Fetching interop-ios-for-google-sdks, nanopb, abseil-cpp-binary, googleutilities, gtm-session-fetcher, xctest-dynamic-overlay
Fetched https://github.com/pointfreeco/xctest-dynamic-overlay from cache (0.77s)
Fetching https://github.com/google/grpc-binary.git
Fetched https://github.com/google/GoogleUtilities.git from cache (0.79s)
Fetching https://github.com/firebase/firebase-ios-sdk.git
Fetched https://github.com/google/abseil-cpp-binary.git from cache (0.79s)
Fetching https://github.com/google/GoogleDataTransport.git
Fetched https://github.com/google/interop-ios-for-google-sdks.git from cache (0.79s)
Fetching https://github.com/pointfreeco/swift-dependencies
Fetched https://github.com/firebase/nanopb.git from cache (0.79s)
Fetching https://github.com/pointfreeco/swift-clocks
Fetched https://github.com/google/gtm-session-fetcher.git from cache (0.79s)
Fetching https://github.com/google/GoogleAppMeasurement.git
[1/82] Fetching grpc-binary
[18/407] Fetching grpc-binary, googleappmeasurement
[408/1645] Fetching grpc-binary, googleappmeasurement, swift-clocks
[1646/7192] Fetching grpc-binary, googleappmeasurement, swift-clocks, googledatatransport
[7193/10886] Fetching grpc-binary, googleappmeasurement, swift-clocks, googledatatransport, swift-dependencies
Fetched https://github.com/google/grpc-binary.git from cache (0.83s)
Fetching https://github.com/google/promises.git
Fetched https://github.com/pointfreeco/swift-clocks from cache (0.81s)
Fetching https://github.com/firebase/leveldb.git
Fetched https://github.com/google/GoogleAppMeasurement.git from cache (0.81s)
Fetching https://github.com/apple/swift-protobuf.git
Fetched https://github.com/pointfreeco/swift-dependencies from cache (0.85s)
Fetching https://github.com/pointfreeco/combine-schedulers
Fetched https://github.com/google/GoogleDataTransport.git from cache (0.86s)
[1/2244] Fetching combine-schedulers
[1550/5576] Fetching combine-schedulers, leveldb
[2712/7960] Fetching combine-schedulers, leveldb, promises
Fetched https://github.com/pointfreeco/combine-schedulers from cache (0.26s)
[4950/5716] Fetching leveldb, promises
Fetched https://github.com/google/promises.git from cache (0.36s)
Fetched https://github.com/firebase/leveldb.git from cache (0.38s)
[1/326678] Fetching firebase-ios-sdk
[2/360405] Fetching firebase-ios-sdk, swift-protobuf
Fetched https://github.com/apple/swift-protobuf.git from cache (5.08s)
[210814/326678] Fetching firebase-ios-sdk
Fetched https://github.com/firebase/firebase-ios-sdk.git from cache (15.48s)
Computing version for https://github.com/pointfreeco/swift-dependencies
Computed https://github.com/pointfreeco/swift-dependencies at 0.1.4 (0.49s)
Computing version for https://github.com/firebase/firebase-ios-sdk.git
Computed https://github.com/firebase/firebase-ios-sdk.git at 10.15.0 (2.02s)
Computing version for https://github.com/pointfreeco/xctest-dynamic-overlay
Computed https://github.com/pointfreeco/xctest-dynamic-overlay at 0.8.2 (0.47s)
Computing version for https://github.com/pointfreeco/swift-clocks
Computed https://github.com/pointfreeco/swift-clocks at 0.2.0 (0.42s)
Computing version for https://github.com/pointfreeco/combine-schedulers
Computed https://github.com/pointfreeco/combine-schedulers at 0.9.1 (0.40s)
Computing version for https://github.com/google/interop-ios-for-google-sdks.git
Computed https://github.com/google/interop-ios-for-google-sdks.git at 100.0.0 (0.39s)
Computing version for https://github.com/firebase/leveldb.git
Computed https://github.com/firebase/leveldb.git at 1.22.2 (0.41s)
Computing version for https://github.com/google/grpc-binary.git
Computed https://github.com/google/grpc-binary.git at 1.50.2 (0.43s)
Computing version for https://github.com/google/abseil-cpp-binary.git
Computed https://github.com/google/abseil-cpp-binary.git at 1.2022062300.0 (0.39s)
Computing version for https://github.com/firebase/nanopb.git
Computed https://github.com/firebase/nanopb.git at 2.30909.0 (0.50s)
Computing version for https://github.com/google/gtm-session-fetcher.git
Computed https://github.com/google/gtm-session-fetcher.git at 3.1.0 (0.42s)
Computing version for https://github.com/google/GoogleUtilities.git
Computed https://github.com/google/GoogleUtilities.git at 7.11.0 (0.52s)
Computing version for https://github.com/google/GoogleDataTransport.git
Computed https://github.com/google/GoogleDataTransport.git at 9.2.1 (0.47s)
Computing version for https://github.com/google/GoogleAppMeasurement.git
Computed https://github.com/google/GoogleAppMeasurement.git at 10.13.0 (0.47s)
Computing version for https://github.com/apple/swift-protobuf.git
Computed https://github.com/apple/swift-protobuf.git at 1.20.3 (0.43s)
Computing version for https://github.com/google/promises.git
Computed https://github.com/google/promises.git at 2.1.1 (1.18s)
Creating working copy for https://github.com/firebase/leveldb.git
Working copy of https://github.com/firebase/leveldb.git resolved at 1.22.2
Creating working copy for https://github.com/google/GoogleDataTransport.git
Working copy of https://github.com/google/GoogleDataTransport.git resolved at 9.2.1
Creating working copy for https://github.com/google/abseil-cpp-binary.git
Working copy of https://github.com/google/abseil-cpp-binary.git resolved at 1.2022062300.0
Creating working copy for https://github.com/google/interop-ios-for-google-sdks.git
Working copy of https://github.com/google/interop-ios-for-google-sdks.git resolved at 100.0.0
Creating working copy for https://github.com/pointfreeco/combine-schedulers
Working copy of https://github.com/pointfreeco/combine-schedulers resolved at 0.9.1
Creating working copy for https://github.com/google/GoogleAppMeasurement.git
Working copy of https://github.com/google/GoogleAppMeasurement.git resolved at 10.13.0
Creating working copy for https://github.com/google/grpc-binary.git
Working copy of https://github.com/google/grpc-binary.git resolved at 1.50.2
Creating working copy for https://github.com/apple/swift-protobuf.git
Working copy of https://github.com/apple/swift-protobuf.git resolved at 1.20.3
Creating working copy for https://github.com/firebase/firebase-ios-sdk.git
Working copy of https://github.com/firebase/firebase-ios-sdk.git resolved at 10.15.0
Creating working copy for https://github.com/google/promises.git
Working copy of https://github.com/google/promises.git resolved at 2.1.1
Creating working copy for https://github.com/google/gtm-session-fetcher.git
Working copy of https://github.com/google/gtm-session-fetcher.git resolved at 3.1.0
Creating working copy for https://github.com/google/GoogleUtilities.git
Working copy of https://github.com/google/GoogleUtilities.git resolved at 7.11.0
Creating working copy for https://github.com/pointfreeco/swift-dependencies
Working copy of https://github.com/pointfreeco/swift-dependencies resolved at 0.1.4
Creating working copy for https://github.com/pointfreeco/swift-clocks
Working copy of https://github.com/pointfreeco/swift-clocks resolved at 0.2.0
Creating working copy for https://github.com/pointfreeco/xctest-dynamic-overlay
Working copy of https://github.com/pointfreeco/xctest-dynamic-overlay resolved at 0.8.2
Creating working copy for https://github.com/firebase/nanopb.git
Working copy of https://github.com/firebase/nanopb.git resolved at 2.30909.0
[1369/9381856] Downloading https://dl.google.com/firebase/ios/swiftpm/10.13.0/GoogleAppMeasurement.zip
[50521/18573323] Downloading https://dl.google.com/firebase/ios/swiftpm/10.13.0/GoogleAppMeasurement.zip, https://dl.google.com/firebase/ios/bin/abseil/1.2022062300.0/abseil.zip
[326436/30803536] Downloading https://dl.google.com/firebase/ios/swiftpm/10.13.0/GoogleAppMeasurement.zip, https://dl.google.com/firebase/ios/bin/abseil/1.2022062300.0/abseil.zip, https://dl.google.com/firebase/ios/bin/grpc/1.44.0/BoringSSL-GRPC.zip
[1574237/37168636] Downloading https://dl.google.com/firebase/ios/swiftpm/10.13.0/GoogleAppMeasurement.zip, https://dl.google.com/firebase/ios/bin/abseil/1.2022062300.0/abseil.zip, https://dl.google.com/firebase/ios/bin/grpc/1.44.0/BoringSSL-GRPC.zip, https://dl.google.com/firebase/ios/bin/grpc/1.50.2/gRPC-C++.zip
Downloading binary artifact https://dl.google.com/firebase/ios/bin/abseil/1.2022062300.0/abseil.zip
[13157586/37594306] Downloading https://dl.google.com/firebase/ios/swiftpm/10.13.0/GoogleAppMeasurement.zip, https://dl.google.com/firebase/ios/bin/abseil/1.2022062300.0/abseil.zip, https://dl.google.com/firebase/ios/bin/grpc/1.44.0/BoringSSL-GRPC.zip, https://dl.google.com/firebase/ios/bin/grpc/1.50.2/gRPC-C++.zip, https://dl.google.com/firebase/ios/swiftpm/10.13.0/FirebaseAnalytics.zip
[14583113/80055736] Downloading https://dl.google.com/firebase/ios/swiftpm/10.13.0/GoogleAppMeasurement.zip, https://dl.google.com/firebase/ios/bin/abseil/1.2022062300.0/abseil.zip, https://dl.google.com/firebase/ios/bin/grpc/1.44.0/BoringSSL-GRPC.zip, https://dl.google.com/firebase/ios/bin/grpc/1.50.2/gRPC-C++.zip, https://dl.google.com/firebase/ios/swiftpm/10.13.0/FirebaseAnalytics.zip, https://dl.google.com/firebase/ios/bin/grpc/1.50.1/gRPC-Core.zip
[34866116/80113167] Downloading https://dl.google.com/firebase/ios/swiftpm/10.13.0/GoogleAppMeasurement.zip, https://dl.google.com/firebase/ios/bin/abseil/1.2022062300.0/abseil.zip, https://dl.google.com/firebase/ios/bin/grpc/1.44.0/BoringSSL-GRPC.zip, https://dl.google.com/firebase/ios/bin/grpc/1.50.2/gRPC-C++.zip, https://dl.google.com/firebase/ios/swiftpm/10.13.0/FirebaseAnalytics.zip, https://dl.google.com/firebase/ios/bin/grpc/1.50.1/gRPC-Core.zip, https://dl.google.com/firebase/ios/swiftpm/10.13.0/GoogleAppMeasurementIdentitySupport.zip
Downloading binary artifact https://dl.google.com/firebase/ios/swiftpm/10.13.0/FirebaseAnalytics.zip
Downloading binary artifact https://dl.google.com/firebase/ios/bin/grpc/1.50.2/gRPC-C++.zip
Downloading binary artifact https://dl.google.com/firebase/ios/swiftpm/10.13.0/GoogleAppMeasurementIdentitySupport.zip
Downloading binary artifact https://dl.google.com/firebase/ios/bin/grpc/1.44.0/BoringSSL-GRPC.zip
Downloaded https://dl.google.com/firebase/ios/swiftpm/10.13.0/FirebaseAnalytics.zip (0.94s)
[44932611/79687497] Downloading https://dl.google.com/firebase/ios/swiftpm/10.13.0/GoogleAppMeasurement.zip, https://dl.google.com/firebase/ios/bin/abseil/1.2022062300.0/abseil.zip, https://dl.google.com/firebase/ios/bin/grpc/1.44.0/BoringSSL-GRPC.zip, https://dl.google.com/firebase/ios/bin/grpc/1.50.2/gRPC-C++.zip, https://dl.google.com/firebase/ios/bin/grpc/1.50.1/gRPC-Core.zip, https://dl.google.com/firebase/ios/swiftpm/10.13.0/GoogleAppMeasurementIdentitySupport.zip
Downloaded https://dl.google.com/firebase/ios/swiftpm/10.13.0/GoogleAppMeasurementIdentitySupport.zip (0.95s)
[44891555/79630066] Downloading https://dl.google.com/firebase/ios/swiftpm/10.13.0/GoogleAppMeasurement.zip, https://dl.google.com/firebase/ios/bin/abseil/1.2022062300.0/abseil.zip, https://dl.google.com/firebase/ios/bin/grpc/1.44.0/BoringSSL-GRPC.zip, https://dl.google.com/firebase/ios/bin/grpc/1.50.2/gRPC-C++.zip, https://dl.google.com/firebase/ios/bin/grpc/1.50.1/gRPC-Core.zip
[54148429/106612098] Downloading https://dl.google.com/firebase/ios/swiftpm/10.13.0/GoogleAppMeasurement.zip, https://dl.google.com/firebase/ios/bin/abseil/1.2022062300.0/abseil.zip, https://dl.google.com/firebase/ios/bin/grpc/1.44.0/BoringSSL-GRPC.zip, https://dl.google.com/firebase/ios/bin/grpc/1.50.2/gRPC-C++.zip, https://dl.google.com/firebase/ios/bin/grpc/1.50.1/gRPC-Core.zip, https://dl.google.com/firebase/ios/bin/firestore/10.15.0/FirebaseFirestore.zip
[62618947/115040478] Downloading https://dl.google.com/firebase/ios/swiftpm/10.13.0/GoogleAppMeasurement.zip, https://dl.google.com/firebase/ios/bin/abseil/1.2022062300.0/abseil.zip, https://dl.google.com/firebase/ios/bin/grpc/1.44.0/BoringSSL-GRPC.zip, https://dl.google.com/firebase/ios/bin/grpc/1.50.2/gRPC-C++.zip, https://dl.google.com/firebase/ios/bin/grpc/1.50.1/gRPC-Core.zip, https://dl.google.com/firebase/ios/bin/firestore/10.15.0/FirebaseFirestore.zip, https://dl.google.com/firebase/ios/swiftpm/10.13.0/GoogleAppMeasurementOnDeviceConversion.zip
Downloading binary artifact https://dl.google.com/firebase/ios/swiftpm/10.13.0/GoogleAppMeasurementOnDeviceConversion.zip
Downloading binary artifact https://dl.google.com/firebase/ios/swiftpm/10.13.0/GoogleAppMeasurement.zip
Downloading binary artifact https://dl.google.com/firebase/ios/bin/firestore/10.15.0/FirebaseFirestore.zip
Downloading binary artifact https://dl.google.com/firebase/ios/bin/grpc/1.50.1/gRPC-Core.zip
Downloaded https://dl.google.com/firebase/ios/bin/abseil/1.2022062300.0/abseil.zip (1.97s)
Downloaded https://dl.google.com/firebase/ios/bin/grpc/1.50.2/gRPC-C++.zip (1.98s)
Downloaded https://dl.google.com/firebase/ios/bin/grpc/1.44.0/BoringSSL-GRPC.zip (2.45s)
Downloaded https://dl.google.com/firebase/ios/swiftpm/10.13.0/GoogleAppMeasurement.zip (2.79s)
Downloaded https://dl.google.com/firebase/ios/swiftpm/10.13.0/GoogleAppMeasurementOnDeviceConversion.zip (3.61s)
Downloaded https://dl.google.com/firebase/ios/bin/firestore/10.15.0/FirebaseFirestore.zip (4.47s)
Downloaded https://dl.google.com/firebase/ios/bin/grpc/1.50.1/gRPC-Core.zip (5.85s)
[1/1] Compiling plugin SwiftProtobufPlugin
Building for debugging...
[1/25] Write sources
In file included from /host/spi-builder-workspace/.build/checkouts/firebase-ios-sdk/FirebaseRemoteConfig/Sources/FIRRemoteConfigComponent.m:17:
/host/spi-builder-workspace/.build/checkouts/firebase-ios-sdk/FirebaseRemoteConfig/Sources/FIRRemoteConfigComponent.h:17:9: fatal error: 'Foundation/Foundation.h' file not found
#import <Foundation/Foundation.h>
        ^~~~~~~~~~~~~~~~~~~~~~~~~
While building module 'FirebaseCore' imported from /host/spi-builder-workspace/.build/checkouts/firebase-ios-sdk/FirebaseCore/Extension/FirebaseCoreInternal.h:15:
In file included from <module-includes>:1:
In file included from /host/spi-builder-workspace/.build/checkouts/firebase-ios-sdk/FirebaseCore/Sources/Public/FirebaseCore/FirebaseCore.h:17:
/host/spi-builder-workspace/.build/checkouts/firebase-ios-sdk/FirebaseCore/Sources/Public/FirebaseCore/FIRApp.h:17:9: fatal error: 'Foundation/Foundation.h' file not found
#import <Foundation/Foundation.h>
        ^~~~~~~~~~~~~~~~~~~~~~~~~
2 errors generated.
[5/25] Compiling FirebaseRemoteConfig FIRRemoteConfigComponent.m
[5/25] Compiling FirebaseRemoteConfig RCNDevice.m
[5/25] Compiling FirebaseRemoteConfig RCNConstants3P.m
[5/25] Compiling FirebaseRemoteConfig RCNPersonalization.m
[5/25] Compiling FirebaseRemoteConfig RCNUserDefaultsManager.m
In file included from /host/spi-builder-workspace/.build/checkouts/firebase-ios-sdk/FirebaseRemoteConfig/Sources/FIRRemoteConfig.m:17:
/host/spi-builder-workspace/.build/checkouts/firebase-ios-sdk/FirebaseRemoteConfig/Sources/Public/FirebaseRemoteConfig/FIRRemoteConfig.h:17:9: fatal error: 'Foundation/Foundation.h' file not found
#import <Foundation/Foundation.h>
        ^~~~~~~~~~~~~~~~~~~~~~~~~
While building module 'FirebaseABTesting' imported from /host/spi-builder-workspace/.build/checkouts/firebase-ios-sdk/FirebaseABTesting/Sources/Private/FirebaseABTestingInternal.h:18:
In file included from <module-includes>:1:
In file included from /host/spi-builder-workspace/.build/checkouts/firebase-ios-sdk/FirebaseABTesting/Sources/Public/FirebaseABTesting/FirebaseABTesting.h:15:
/host/spi-builder-workspace/.build/checkouts/firebase-ios-sdk/FirebaseABTesting/Sources/Public/FirebaseABTesting/FIRExperimentController.h:15:9: fatal error: 'Foundation/Foundation.h' file not found
#import <Foundation/Foundation.h>
        ^~~~~~~~~~~~~~~~~~~~~~~~~
While building module 'FirebaseCore' imported from /host/spi-builder-workspace/.build/checkouts/firebase-ios-sdk/FirebaseCore/Extension/FirebaseCoreInternal.h:15:
In file included from <module-includes>:1:
In file included from /host/spi-builder-workspace/.build/checkouts/firebase-ios-sdk/FirebaseCore/Sources/Public/FirebaseCore/FirebaseCore.h:17:
/host/spi-builder-workspace/.build/checkouts/firebase-ios-sdk/FirebaseCore/Sources/Public/FirebaseCore/FIRApp.h:17:9: fatal error: 'Foundation/Foundation.h' file not found
#import <Foundation/Foundation.h>
        ^~~~~~~~~~~~~~~~~~~~~~~~~
[5/25] Compiling FirebaseRemoteConfig FIRRemoteConfig.m
[5/25] Compiling FirebaseAnalyticsTarget dummy.m
[5/25] Write swift-version-24593BA9C3E375BF.txt
[0/1] Planning build
[1/1] Compiling plugin SwiftProtobufPlugin
Building for debugging...
[1/22] Write sources
In file included from /host/spi-builder-workspace/.build/checkouts/firebase-ios-sdk/FirebaseRemoteConfig/Sources/RCNConstants3P.m:17:
/host/spi-builder-workspace/.build/checkouts/firebase-ios-sdk/FirebaseRemoteConfig/Sources/Public/FirebaseRemoteConfig/FIRRemoteConfig.h:17:9: fatal error: 'Foundation/Foundation.h' file not found
#import <Foundation/Foundation.h>
        ^~~~~~~~~~~~~~~~~~~~~~~~~
1 error generated.
[3/21] Compiling FirebaseRemoteConfig RCNConstants3P.m
In file included from /host/spi-builder-workspace/.build/checkouts/firebase-ios-sdk/FirebaseRemoteConfig/Sources/RCNDevice.m:17:
/host/spi-builder-workspace/.build/checkouts/firebase-ios-sdk/FirebaseRemoteConfig/Sources/RCNDevice.h:17:9: fatal error: 'Foundation/Foundation.h' file not found
#import <Foundation/Foundation.h>
        ^~~~~~~~~~~~~~~~~~~~~~~~~
While building module 'GoogleUtilities_Environment' imported from /host/spi-builder-workspace/.build/checkouts/firebase-ios-sdk/FirebaseRemoteConfig/Sources/RCNDevice.m:21:
In file included from <module-includes>:1:
/host/spi-builder-workspace/.build/checkouts/GoogleUtilities/GoogleUtilities/Environment/Public/GoogleUtilities/GULAppEnvironmentUtil.h:17:9: fatal error: 'Foundation/Foundation.h' file not found
#import <Foundation/Foundation.h>
        ^~~~~~~~~~~~~~~~~~~~~~~~~
[3/21] Compiling FirebaseRemoteConfig RCNDevice.m
In file included from /host/spi-builder-workspace/.build/checkouts/firebase-ios-sdk/FirebaseRemoteConfig/Sources/RCNConfigFetch.m:17:
/host/spi-builder-workspace/.build/checkouts/firebase-ios-sdk/FirebaseRemoteConfig/Sources/Private/RCNConfigFetch.h:17:9: fatal error: 'Foundation/Foundation.h' file not found
#import <Foundation/Foundation.h>
        ^~~~~~~~~~~~~~~~~~~~~~~~~
[3/21] Compiling FirebaseRemoteConfig RCNConfigFetch.m
In file included from /host/spi-builder-workspace/.build/checkouts/firebase-ios-sdk/FirebaseRemoteConfig/Sources/RCNConfigRealtime.m:17:
/host/spi-builder-workspace/.build/checkouts/firebase-ios-sdk/FirebaseRemoteConfig/Sources/RCNConfigRealtime.h:17:9: fatal error: 'Foundation/Foundation.h' file not found
#import <Foundation/Foundation.h>
        ^~~~~~~~~~~~~~~~~~~~~~~~~
While building module 'GoogleUtilities_NSData' imported from /host/spi-builder-workspace/.build/checkouts/firebase-ios-sdk/FirebaseRemoteConfig/Sources/RCNConfigRealtime.m:19:
In file included from <module-includes>:1:
/host/spi-builder-workspace/.build/checkouts/GoogleUtilities/GoogleUtilities/NSData+zlib/Public/GoogleUtilities/GULNSData+zlib.h:15:9: fatal error: 'Foundation/Foundation.h' file not found
#import <Foundation/Foundation.h>
        ^~~~~~~~~~~~~~~~~~~~~~~~~
[3/21] Compiling FirebaseRemoteConfig RCNConfigRealtime.m
In file included from /host/spi-builder-workspace/.build/checkouts/firebase-ios-sdk/FirebaseRemoteConfig/Sources/RCNConfigSettings.m:17:
/host/spi-builder-workspace/.build/checkouts/firebase-ios-sdk/FirebaseRemoteConfig/Sources/Private/RCNConfigSettings.h:17:9: fatal error: 'Foundation/Foundation.h' file not found
#import <Foundation/Foundation.h>
        ^~~~~~~~~~~~~~~~~~~~~~~~~
[3/21] Compiling FirebaseRemoteConfig RCNConfigSettings.m
In file included from /host/spi-builder-workspace/.build/checkouts/firebase-ios-sdk/FirebaseRemoteConfig/Sources/RCNUserDefaultsManager.m:17:
/host/spi-builder-workspace/.build/checkouts/firebase-ios-sdk/FirebaseRemoteConfig/Sources/RCNUserDefaultsManager.h:17:9: fatal error: 'Foundation/Foundation.h' file not found
#import <Foundation/Foundation.h>
        ^~~~~~~~~~~~~~~~~~~~~~~~~
While building module 'FirebaseCore' imported from /host/spi-builder-workspace/.build/checkouts/firebase-ios-sdk/FirebaseCore/Extension/FirebaseCoreInternal.h:15:
In file included from <module-includes>:1:
In file included from /host/spi-builder-workspace/.build/checkouts/firebase-ios-sdk/FirebaseCore/Sources/Public/FirebaseCore/FirebaseCore.h:17:
/host/spi-builder-workspace/.build/checkouts/firebase-ios-sdk/FirebaseCore/Sources/Public/FirebaseCore/FIRApp.h:17:9: fatal error: 'Foundation/Foundation.h' file not found
#import <Foundation/Foundation.h>
        ^~~~~~~~~~~~~~~~~~~~~~~~~
[3/21] Compiling FirebaseRemoteConfig RCNUserDefaultsManager.m
In file included from /host/spi-builder-workspace/.build/checkouts/firebase-ios-sdk/FirebaseRemoteConfig/Sources/RCNPersonalization.m:17:
In file included from /host/spi-builder-workspace/.build/checkouts/firebase-ios-sdk/FirebaseRemoteConfig/Sources/RCNPersonalization.h:17:
/host/spi-builder-workspace/.build/checkouts/firebase-ios-sdk/Interop/Analytics/Public/FIRAnalyticsInterop.h:17:9: fatal error: 'Foundation/Foundation.h' file not found
#import <Foundation/Foundation.h>
        ^~~~~~~~~~~~~~~~~~~~~~~~~
1 error generated.
[3/21] Compiling FirebaseRemoteConfig RCNPersonalization.m
[3/21] Write swift-version-24593BA9C3E375BF.txt
BUILD FAILURE 5.10 linux

Build Machine: Linux 1