The Swift Package Index logo.Swift Package Index

Build Information

Failed to build SSPhotoViewer, reference v1.3.0 (dd3c26), with Swift 6.1 for macOS (SPM) on 14 Aug 2026 20:31:32 UTC.

Build Command

env DEVELOPER_DIR=/Applications/Xcode-16.3.0.app xcrun swift build --arch arm64

Build Log

========================================
RunAll
========================================
Builder version: undefined version: run 'make version' to update
Interrupt handler set up.
========================================
Checkout
========================================
Clone URL: https://github.com/rimalamir/SSPhotoViewer.git
Reference: v1.3.0
Initialized empty Git repository in /Users/admin/builder/spi-builder-workspace/.git/
From https://github.com/rimalamir/SSPhotoViewer
 * tag               v1.3.0     -> FETCH_HEAD
HEAD is now at dd3c269 Merge remote-tracking branch 'origin/main' into pr/viewer-only-media-complete
Cloned https://github.com/rimalamir/SSPhotoViewer.git
Revision (git rev-parse @):
dd3c26949859d82c9f77fb2ff6c45c7e1b00e14e
SUCCESS checkout https://github.com/rimalamir/SSPhotoViewer.git at v1.3.0
========================================
Build
========================================
Selected platform:         macosSpm
Swift version:             6.1
Building package at path:  $PWD
https://github.com/rimalamir/SSPhotoViewer.git
https://github.com/rimalamir/SSPhotoViewer.git
{
  "dependencies" : [
  ],
  "manifest_display_name" : "SSPhotoViewer",
  "name" : "SSPhotoViewer",
  "path" : "/Users/admin/builder/spi-builder-workspace",
  "platforms" : [
    {
      "name" : "ios",
      "version" : "17.0"
    }
  ],
  "products" : [
    {
      "name" : "SSPhotoViewerAdapter",
      "targets" : [
        "SSPhotoViewerAdapter"
      ],
      "type" : {
        "library" : [
          "automatic"
        ]
      }
    }
  ],
  "targets" : [
    {
      "c99name" : "SSPhotoViewerTests",
      "module_type" : "SwiftTarget",
      "name" : "SSPhotoViewerTests",
      "path" : "Tests/SSPhotoViewerTests",
      "sources" : [
        "SSPhotoViewerTests.swift"
      ],
      "target_dependencies" : [
        "SSPhotoViewer",
        "SSPhotoViewerAdapter"
      ],
      "type" : "test"
    },
    {
      "c99name" : "SSPhotoViewerAdapter",
      "module_type" : "SwiftTarget",
      "name" : "SSPhotoViewerAdapter",
      "path" : "Sources/SSPhotoViewerAdapter",
      "product_memberships" : [
        "SSPhotoViewerAdapter"
      ],
      "sources" : [
        "SSPhotoViewerAdapter.swift"
      ],
      "target_dependencies" : [
        "SSPhotoViewer"
      ],
      "type" : "library"
    },
    {
      "c99name" : "SSPhotoViewer",
      "module_type" : "SwiftTarget",
      "name" : "SSPhotoViewer",
      "path" : "Sources/SSPhotoViewer",
      "product_memberships" : [
        "SSPhotoViewerAdapter"
      ],
      "sources" : [
        "SSPhotoViewer.swift"
      ],
      "type" : "library"
    }
  ],
  "tools_version" : "5.10"
}
Running build ...
env DEVELOPER_DIR=/Applications/Xcode-16.3.0.app xcrun swift build --arch arm64 -Xswiftc -Xfrontend -Xswiftc -stats-output-dir -Xswiftc -Xfrontend -Xswiftc .stats -Xswiftc -strict-concurrency=complete -Xswiftc -enable-upcoming-feature -Xswiftc StrictConcurrency -Xswiftc -enable-upcoming-feature -Xswiftc DisableOutwardActorInference -Xswiftc -enable-upcoming-feature -Xswiftc GlobalActorIsolatedTypesUsability -Xswiftc -enable-upcoming-feature -Xswiftc InferSendableFromCaptures
Building for debugging...
[0/3] Write sources
[2/3] Write swift-version-2F0A5646E1D333AE.txt
error: emit-module command failed with exit code 1 (use -v to see invocation)
[4/5] Emitting module SSPhotoViewer
/Users/admin/builder/spi-builder-workspace/Sources/SSPhotoViewer/SSPhotoViewer.swift:4:8: error: no such module 'UIKit'
   2 | import AVKit
   3 | import SwiftUI
   4 | import UIKit
     |        `- error: no such module 'UIKit'
   5 |
   6 | private struct SSPhotoViewerIsZoomedKey: EnvironmentKey {
[5/5] Compiling SSPhotoViewer SSPhotoViewer.swift
/Users/admin/builder/spi-builder-workspace/Sources/SSPhotoViewer/SSPhotoViewer.swift:4:8: error: no such module 'UIKit'
   2 | import AVKit
   3 | import SwiftUI
   4 | import UIKit
     |        `- error: no such module 'UIKit'
   5 |
   6 | private struct SSPhotoViewerIsZoomedKey: EnvironmentKey {
Running build ...
env DEVELOPER_DIR=/Applications/Xcode-16.3.0.app xcrun swift build --arch arm64
[0/1] Planning build
Building for debugging...
[0/1] Write swift-version-2F0A5646E1D333AE.txt
error: emit-module command failed with exit code 1 (use -v to see invocation)
[2/3] Emitting module SSPhotoViewer
/Users/admin/builder/spi-builder-workspace/Sources/SSPhotoViewer/SSPhotoViewer.swift:4:8: error: no such module 'UIKit'
   2 | import AVKit
   3 | import SwiftUI
   4 | import UIKit
     |        `- error: no such module 'UIKit'
   5 |
   6 | private struct SSPhotoViewerIsZoomedKey: EnvironmentKey {
[3/3] Compiling SSPhotoViewer SSPhotoViewer.swift
/Users/admin/builder/spi-builder-workspace/Sources/SSPhotoViewer/SSPhotoViewer.swift:4:8: error: no such module 'UIKit'
   2 | import AVKit
   3 | import SwiftUI
   4 | import UIKit
     |        `- error: no such module 'UIKit'
   5 |
   6 | private struct SSPhotoViewerIsZoomedKey: EnvironmentKey {
BUILD FAILURE 6.1 macosSpm