The Swift Package Index logo.Swift Package Index

Build Information

Failed to build ReerCodable, reference main (cf8027), with Swift 6.4 for Android on 27 Sep 2026 13:36:03 UTC.

Build Command

bash -c docker run --pull=always --rm -v "checkouts-54344843-0":/host -w "$PWD" -e JAVA_HOME="/root/.sdkman/candidates/java/current" -e SPI_BUILD="1" -e SPI_PROCESSING="1" registry.gitlab.com/saguaro1/spi-images:android-6.4-latest swift build --swift-sdk aarch64-unknown-linux-android28 2>&1

Build Log

========================================
RunAll
========================================
Builder version: 5.1.0
Interrupt handler set up.
========================================
Checkout
========================================
Clone URL: https://github.com/reers/ReerCodable.git
Reference: main
Initialized empty Git repository in /host/spi-builder-workspace/.git/
hint: Using 'master' as the name for the initial branch. This default branch name
hint: is subject to change. To configure the initial branch name to use in all
hint: of your new repositories, which will suppress this warning, call:
hint:
hint: 	git config --global init.defaultBranch <name>
hint:
hint: Names commonly chosen instead of 'master' are 'main', 'trunk' and
hint: 'development'. The just-created branch can be renamed via this command:
hint:
hint: 	git branch -m <name>
From https://github.com/reers/ReerCodable
 * branch            main       -> FETCH_HEAD
 * [new branch]      main       -> origin/main
HEAD is now at cf8027e release 1.8.1
Cloned https://github.com/reers/ReerCodable.git
Revision (git rev-parse @):
cf8027e1a1d93f5fbfb3d8b692113e28fbfbe3a7
SUCCESS checkout https://github.com/reers/ReerCodable.git at main
========================================
Build
========================================
Selected platform:         android
Swift version:             6.4
Building package at path:  $PWD
https://github.com/reers/ReerCodable.git
Running build ...
bash -c docker run --pull=always --rm -v "checkouts-54344843-0":/host -w "$PWD" -e JAVA_HOME="/root/.sdkman/candidates/java/current" -e SPI_BUILD="1" -e SPI_PROCESSING="1" registry.gitlab.com/saguaro1/spi-images:android-6.4-latest swift build --swift-sdk aarch64-unknown-linux-android28 2>&1
android-6.4-latest: Pulling from saguaro1/spi-images
Digest: sha256:abadcff584c273feba50641b454858d377ba30b35ea7287a94f45ebd8afd0ea0
Status: Image is up to date for registry.gitlab.com/saguaro1/spi-images:android-6.4-latest
Fetching https://github.com/swiftlang/swift-syntax
[1/80069] Fetching swift-syntax
Fetched https://github.com/swiftlang/swift-syntax (3.07s)
Computing version for https://github.com/swiftlang/swift-syntax
Computed https://github.com/swiftlang/swift-syntax at 604.0.0 (4.31s)
Creating working copy for https://github.com/swiftlang/swift-syntax
Working copy of https://github.com/swiftlang/swift-syntax resolved at 604.0.0
Building for debugging...
[Computing dependencies]
[Provisioning 23 / 26]
[Pre-planning 1 / 678]
[Planning deferred tasks]
[155 / 309] SwiftSyntax600
[196 / 310]
[197 / 319] SwiftSyntax602
[204 / 322] SwiftSyntax602
[218 / 325] SwiftSyntax509
[221 / 325] SwiftSyntax601
[223 / 326] SwiftSyntax600
[225 / 326] SwiftSyntax600
[226 / 326] SwiftSyntax
[234 / 329] SwiftBasicFormat
[239 / 354] SwiftParser
[240 / 354] SwiftParser
[251 / 354] SwiftDiagnostics
[253 / 354] SwiftParser
[254 / 354] SwiftParser
[255 / 354] SwiftParser
[257 / 354] SwiftParser
[261 / 354] SwiftParser
[263 / 354] SwiftDiagnostics
[264 / 354] SwiftDiagnostics
[265 / 354] SwiftDiagnostics
[266 / 354] SwiftOperators
[267 / 354] SwiftOperators
[269 / 354] SwiftBasicFormat
[270 / 354] SwiftBasicFormat
[271 / 354] SwiftBasicFormat
[272 / 354] SwiftParserDiagnostics
[275 / 355] SwiftBasicFormat
[279 / 366] SwiftOperators
[281 / 375] SwiftOperators
[282 / 375] SwiftParserDiagnostics
[284 / 376] SwiftParserDiagnostics
[292 / 377] SwiftOperators
[296 / 377] SwiftSyntaxBuilder
[298 / 377] SwiftParserDiagnostics
[299 / 377] SwiftParser
[301 / 377] SwiftParser
[302 / 377] SwiftParser
[303 / 377] SwiftOperators
[304 / 377] SwiftOperators
[307 / 377] SwiftOperators
[308 / 377] SwiftOperators
[310 / 378] SwiftBasicFormat
[316 / 388] SwiftSyntaxBuilder
[317 / 388] SwiftSyntaxBuilder
[318 / 388] SwiftSyntaxBuilder
[319 / 389] SwiftSyntaxBuilder
[320 / 389] SwiftSyntaxBuilder
[323 / 389] SwiftSyntaxBuilder
[329 / 390]
[331 / 399] SwiftIfConfig
[333 / 399] SwiftIfConfig
[335 / 399] SwiftIfConfig
[336 / 399] SwiftIfConfig
[337 / 399] SwiftIfConfig
[339 / 399] SwiftIfConfig
[341 / 399] SwiftIfConfig
[345 / 400]
[346 / 409] SwiftIfConfig
[348 / 409] SwiftSyntaxMacros
[350 / 409] SwiftIfConfig
[351 / 411] SwiftSyntaxMacros
[354 / 411] SwiftSyntaxMacros
[361 / 411] SwiftSyntaxMacros
[369 / 421] SwiftSyntaxMacroExpansion
[371 / 422] SwiftSyntaxMacroExpansion
[372 / 422] SwiftSyntaxMacros
[375 / 422] SwiftSyntaxMacroExpansion
[381 / 423]
[382 / 432] SwiftSyntaxMacroExpansion
[384 / 432] SwiftCompilerPluginMessageHandling
[385 / 432] SwiftCompilerPluginMessageHandling
[386 / 432] SwiftCompilerPluginMessageHandling
[387 / 432] SwiftCompilerPluginMessageHandling
[390 / 432] SwiftCompilerPluginMessageHandling
[394 / 432] SwiftCompilerPluginMessageHandling
[397 / 435] SwiftSyntaxMacroExpansion
[399 / 436] SwiftSyntaxMacroExpansion
[405 / 436] SwiftCompilerPlugin
[405 / 436] SwiftCompilerPluginMessageHandling
[407 / 437] SwiftSyntax
[407 / 437] SwiftCompilerPluginMessageHandling
[409 / 438] SwiftSyntax
[412 / 439] SwiftSyntax
[418 / 439] SwiftSyntaxBuilder
[423 / 439] ReerCodableMacros
[428 / 440] ReerCodableMacros
[437 / 449] ReerCodableMacros
[438 / 449] ReerCodableMacros
[442 / 450] ReerCodableMacros
[452 / 460] ReerCodable
[457 / 460] ReerCodable
error: SwiftCompile normal aarch64 /host/spi-builder-workspace/Sources/ReerCodable/MacroDeclarations/Codable.swift failed with a nonzero exit code. Command line:     cd /host
    builtin-SwiftPerFileCompile Codable.swift
/host/spi-builder-workspace/Sources/ReerCodable/MacroDeclarations/Codable.swift:91:85: error: expected value and ')' to end function call
 89 | /// ```
 90 | @attached(extension, conformances: Codable, ReerCodableDelegate)
 91 | @attached(member, names: named(init), named(init(from:)), named(encode(to:)), named(default), named(copy))
    |                                                                                     |- error: expected value and ')' to end function call
    |                                                                                     `- note: insert value and ')'
 92 | public macro Codable(memberwiseInit: Bool = true) = #externalMacro(module: "ReerCodableMacros", type: "RECodable")
 93 |
/host/spi-builder-workspace/Sources/ReerCodable/MacroDeclarations/Codable.swift:91:85: error: expected ')' to end attribute
 89 | /// ```
 90 | @attached(extension, conformances: Codable, ReerCodableDelegate)
 91 | @attached(member, names: named(init), named(init(from:)), named(encode(to:)), named(default), named(copy))
    |          |                                                                          |- error: expected ')' to end attribute
    |          |                                                                          `- note: insert ')'
    |          `- note: to match this opening '('
 92 | public macro Codable(memberwiseInit: Bool = true) = #externalMacro(module: "ReerCodableMacros", type: "RECodable")
 93 |
/host/spi-builder-workspace/Sources/ReerCodable/MacroDeclarations/Codable.swift:91:85: error: expected declaration and ';' after attribute
 89 | /// ```
 90 | @attached(extension, conformances: Codable, ReerCodableDelegate)
 91 | @attached(member, names: named(init), named(init(from:)), named(encode(to:)), named(default), named(copy))
    |                                                                                     |- error: expected declaration and ';' after attribute
    |                                                                                     `- note: insert declaration and ';'
 92 | public macro Codable(memberwiseInit: Bool = true) = #externalMacro(module: "ReerCodableMacros", type: "RECodable")
 93 |
/host/spi-builder-workspace/Sources/ReerCodable/MacroDeclarations/Codable.swift:91:85: error: 'default' label can only appear inside a 'switch' statement
 89 | /// ```
 90 | @attached(extension, conformances: Codable, ReerCodableDelegate)
 91 | @attached(member, names: named(init), named(init(from:)), named(encode(to:)), named(default), named(copy))
    |                                                                                     `- error: 'default' label can only appear inside a 'switch' statement
 92 | public macro Codable(memberwiseInit: Bool = true) = #externalMacro(module: "ReerCodableMacros", type: "RECodable")
 93 |
/host/spi-builder-workspace/Sources/ReerCodable/MacroDeclarations/Codable.swift:96:52: error: 'default' label can only appear inside a 'switch' statement
 94 | /// Decodable only
 95 | @attached(extension, conformances: Decodable, ReerCodableDelegate)
 96 | @attached(member, names: named(init(from:)), named(default), named(init), named(copy))
    |                                                    `- error: 'default' label can only appear inside a 'switch' statement
 97 | public macro Decodable(memberwiseInit: Bool = true) = #externalMacro(module: "ReerCodableMacros", type: "REDecodable")
 98 |
/host/spi-builder-workspace/Sources/ReerCodable/MacroDeclarations/Codable.swift:101:52: error: 'default' label can only appear inside a 'switch' statement
 99 | /// Encodable only
100 | @attached(extension, conformances: Encodable, ReerCodableDelegate)
101 | @attached(member, names: named(encode(to:)), named(default), named(init), named(copy))
    |                                                    `- error: 'default' label can only appear inside a 'switch' statement
102 | public macro Encodable(memberwiseInit: Bool = true) = #externalMacro(module: "ReerCodableMacros", type: "REEncodable")
103 |
/host/spi-builder-workspace/Sources/ReerCodable/MacroDeclarations/Codable.swift:1:1: error: new Swift parser generated errors for code that C++ parser accepted
  1 | //
    | `- error: new Swift parser generated errors for code that C++ parser accepted
  2 | //  Copyright 2024 reers.
  3 | //
Failed frontend command:
/root/.local/share/swiftly/toolchains/6.4.x-snapshot-2026-09-04/usr/bin/swift-frontend -frontend -c /host/spi-builder-workspace/Sources/ReerCodable/AnyCodable.swift /host/spi-builder-workspace/Sources/ReerCodable/AnyCodingKey.swift /host/spi-builder-workspace/Sources/ReerCodable/DateCodingStrategy.swift /host/spi-builder-workspace/Sources/ReerCodable/Decodable+Extensions.swift /host/spi-builder-workspace/Sources/ReerCodable/Decoder+Extensions.swift /host/spi-builder-workspace/Sources/ReerCodable/Encodable+Extensions.swift /host/spi-builder-workspace/Sources/ReerCodable/Encoder+Extensions.swift /host/spi-builder-workspace/Sources/ReerCodable/Extensions.swift -primary-file /host/spi-builder-workspace/Sources/ReerCodable/KeyedDecodingContainer+Extensions.swift -primary-file /host/spi-builder-workspace/Sources/ReerCodable/KeyedEncodingContainer+Extensions.swift -primary-file /host/spi-builder-workspace/Sources/ReerCodable/MacroDeclarations/Base64Coding.swift -primary-file /host/spi-builder-workspace/Sources/ReerCodable/MacroDeclarations/Codable.swift /host/spi-builder-workspace/Sources/ReerCodable/MacroDeclarations/CodingContainer.swift /host/spi-builder-workspace/Sources/ReerCodable/MacroDeclarations/CodingIgnored.swift /host/spi-builder-workspace/Sources/ReerCodable/MacroDeclarations/CodingKey.swift /host/spi-builder-workspace/Sources/ReerCodable/MacroDeclarations/CompactDecoding.swift /host/spi-builder-workspace/Sources/ReerCodable/MacroDeclarations/Copyable.swift /host/spi-builder-workspace/Sources/ReerCodable/MacroDeclarations/CustomCoding.swift /host/spi-builder-workspace/Sources/ReerCodable/MacroDeclarations/DateCoding.swift /host/spi-builder-workspace/Sources/ReerCodable/MacroDeclarations/DefaultInstance.swift /host/spi-builder-workspace/Sources/ReerCodable/MacroDeclarations/DefaultValue.swift /host/spi-builder-workspace/Sources/ReerCodable/MacroDeclarations/EnumCoding.swift /host/spi-builder-workspace/Sources/ReerCodable/MacroDeclarations/FlatCoding.swift /host/spi-builder-workspace/Sources/ReerCodable/MacroDeclarations/FlexibleType.swift /host/spi-builder-workspace/Sources/ReerCodable/MacroDeclarations/KeyCodingStrategy.swift /host/spi-builder-workspace/Sources/ReerCodable/ReerCodableDelegate.swift /host/spi-builder-workspace/Sources/ReerCodable/ReerCodableError.swift /host/spi-builder-workspace/Sources/ReerCodable/SingleValueDecodingContainer+Extensions.swift /host/spi-builder-workspace/Sources/ReerCodable/TypeConversion.swift -supplementary-output-file-map /host/spi-builder-workspace/.build/out/Intermediates.noindex/ReerCodable.build/Debug-android-aarch64/ReerCodable-t.build/Objects-normal/aarch64/supplementaryOutputs-29 -target aarch64-unknown-linux-android28 -Xllvm -aarch64-use-tbi -disable-objc-interop -sdk /android-ndk/android-ndk-r27d/toolchains/llvm/prebuilt/linux-x86_64/sysroot -sysroot /android-ndk/android-ndk-r27d/toolchains/llvm/prebuilt/linux-x86_64/sysroot -I /host/spi-builder-workspace/.build/out/Products/Debug-android-aarch64 -module-cache-path /host/spi-builder-workspace/.build/out/ModuleCache.noindex -color-diagnostics -Xcc -fcolor-diagnostics -enable-testing -g -debug-info-format\=dwarf -dwarf-version\=4 -swift-version 6 -Onone -D SWIFT_PACKAGE -D DEBUG -D SWIFT_MODULE_RESOURCE_BUNDLE_UNAVAILABLE -D Xcode -serialize-debugging-options -load-plugin-executable /host/spi-builder-workspace/.build/out/Products/Debug-linux-x86_64/ReerCodableMacros\#ReerCodableMacros -enable-experimental-feature DebugDescriptionMacro -empty-abi-descriptor -external-plugin-path /root/.local/share/swiftly/toolchains/6.4.x-snapshot-2026-09-04/usr/lib/swift/host/plugins/testing\#/root/.local/share/swiftly/toolchains/6.4.x-snapshot-2026-09-04/usr/bin/swift-plugin-server -validate-clang-modules-once -clang-build-session-file /host/spi-builder-workspace/.build/out/ModuleCache.noindex/Session.modulevalidation -Xcc -working-directory -Xcc /host -resource-dir /root/.swiftpm/swift-sdks/swift-6.4.x-DEVELOPMENT-SNAPSHOT-2026-09-04-a_android.artifactbundle/swift-android/swift-resources/usr/lib/swift-aarch64 -enable-anonymous-context-mangled-names -file-compilation-dir /host -Xcc -resource-dir -Xcc /android-ndk/android-ndk-r27d/toolchains/llvm/prebuilt/linux-x86_64/lib/clang/18 -Xcc -fno-omit-frame-pointer -Xcc -D_LIBCPP_HARDENING_MODE\=_LIBCPP_HARDENING_MODE_DEBUG -Xcc -fmodules-prune-interval\=86400 -Xcc -fmodules-prune-after\=345600 -Xcc -I/host/spi-builder-workspace/.build/out/Products/Debug-android-aarch64/include -Xcc -I/host/spi-builder-workspace/.build/out/Intermediates.noindex/ReerCodable.build/Debug-android-aarch64/ReerCodable-t.build/DerivedSources-normal/aarch64 -Xcc -I/host/spi-builder-workspace/.build/out/Intermediates.noindex/ReerCodable.build/Debug-android-aarch64/ReerCodable-t.build/DerivedSources/aarch64 -Xcc -I/host/spi-builder-workspace/.build/out/Intermediates.noindex/ReerCodable.build/Debug-android-aarch64/ReerCodable-t.build/DerivedSources -Xcc -DSWIFT_PACKAGE -Xcc -DDEBUG\=1 -no-auto-bridging-header-chaining -module-name ReerCodable -package-name spi_builder_workspace -const-gather-protocols-file /host/spi-builder-workspace/.build/out/Intermediates.noindex/ReerCodable.build/Debug-android-aarch64/ReerCodable-t.build/Objects-normal/aarch64/ReerCodable_const_extract_protocols.json -in-process-plugin-server-path /root/.local/share/swiftly/toolchains/6.4.x-snapshot-2026-09-04/usr/lib/swift/host/libSwiftInProcPluginServer.so -plugin-path /root/.local/share/swiftly/toolchains/6.4.x-snapshot-2026-09-04/usr/lib/swift/host/plugins -plugin-path /root/.local/share/swiftly/toolchains/6.4.x-snapshot-2026-09-04/usr/local/lib/swift/host/plugins -parse-as-library -o /host/spi-builder-workspace/.build/out/Intermediates.noindex/ReerCodable.build/Debug-android-aarch64/ReerCodable-t.build/Objects-normal/aarch64/KeyedDecodingContainer+Extensions.o -o /host/spi-builder-workspace/.build/out/Intermediates.noindex/ReerCodable.build/Debug-android-aarch64/ReerCodable-t.build/Objects-normal/aarch64/KeyedEncodingContainer+Extensions.o -o /host/spi-builder-workspace/.build/out/Intermediates.noindex/ReerCodable.build/Debug-android-aarch64/ReerCodable-t.build/Objects-normal/aarch64/Base64Coding.o -o /host/spi-builder-workspace/.build/out/Intermediates.noindex/ReerCodable.build/Debug-android-aarch64/ReerCodable-t.build/Objects-normal/aarch64/Codable.o -index-unit-output-path /ReerCodable.build/Debug-android-aarch64/ReerCodable-t.build/Objects-normal/aarch64/KeyedDecodingContainer+Extensions.o -index-unit-output-path /ReerCodable.build/Debug-android-aarch64/ReerCodable-t.build/Objects-normal/aarch64/KeyedEncodingContainer+Extensions.o -index-unit-output-path /ReerCodable.build/Debug-android-aarch64/ReerCodable-t.build/Objects-normal/aarch64/Base64Coding.o -index-unit-output-path /ReerCodable.build/Debug-android-aarch64/ReerCodable-t.build/Objects-normal/aarch64/Codable.o -index-store-path /host/spi-builder-workspace/.build/out -index-system-modules
error: Build failed
BUILD FAILURE 6.4 android