Build Information
Failed to build Elmulator, reference main (19711c), with Swift 6.3 for Wasm on 14 Sep 2026 17:14:19 UTC.
Build Command
bash -c docker run --pull=always --rm -v "checkouts-54344844-0":/host -w "$PWD" -e JAVA_HOME="/root/.sdkman/candidates/java/current" -e SPI_BUILD="1" -e SPI_PROCESSING="1" registry.gitlab.com/saguaro1/spi-images:wasm-6.3-latest swift build --swift-sdk swift-6.3.2-RELEASE_wasm 2>&1Build Log
========================================
RunAll
========================================
Builder version: 5.0.2
Interrupt handler set up.
========================================
Checkout
========================================
Clone URL: https://github.com/qadanm/elmulator.git
Reference: main
Initialized empty Git repository in /host/spi-builder-workspace/.git/
hint: Using 'master' as the name for the initial branch. This default branch name
hint: is subject to change. To configure the initial branch name to use in all
hint: of your new repositories, which will suppress this warning, call:
hint:
hint: git config --global init.defaultBranch <name>
hint:
hint: Names commonly chosen instead of 'master' are 'main', 'trunk' and
hint: 'development'. The just-created branch can be renamed via this command:
hint:
hint: git branch -m <name>
From https://github.com/qadanm/elmulator
* branch main -> FETCH_HEAD
* [new branch] main -> origin/main
HEAD is now at 19711c1 0.3.2: fix Python 3.9 conformance-script crash, tidy stale comments
Cloned https://github.com/qadanm/elmulator.git
Revision (git rev-parse @):
19711c1251702cd3653d1c7a63f97cce0bf26731
SUCCESS checkout https://github.com/qadanm/elmulator.git at main
========================================
Build
========================================
Selected platform: wasm
Swift version: 6.3
Building package at path: $PWD
https://github.com/qadanm/elmulator.git
Running build ...
bash -c docker run --pull=always --rm -v "checkouts-54344844-0":/host -w "$PWD" -e JAVA_HOME="/root/.sdkman/candidates/java/current" -e SPI_BUILD="1" -e SPI_PROCESSING="1" registry.gitlab.com/saguaro1/spi-images:wasm-6.3-latest swift build --swift-sdk swift-6.3.2-RELEASE_wasm 2>&1
wasm-6.3-latest: Pulling from saguaro1/spi-images
Digest: sha256:253aad7f5b11d25cf9eaef34120b94cd8a325782929c57fb304a7711494a3f9a
Status: Image is up to date for registry.gitlab.com/saguaro1/spi-images:wasm-6.3-latest
Fetching https://github.com/NordicSemiconductor/IOS-CoreBluetooth-Mock.git
[1/7815] Fetching ios-corebluetooth-mock
Fetched https://github.com/NordicSemiconductor/IOS-CoreBluetooth-Mock.git from cache (0.61s)
Computing version for https://github.com/NordicSemiconductor/IOS-CoreBluetooth-Mock.git
Computed https://github.com/NordicSemiconductor/IOS-CoreBluetooth-Mock.git at 1.0.6 (0.77s)
Creating working copy for https://github.com/NordicSemiconductor/IOS-CoreBluetooth-Mock.git
Working copy of https://github.com/NordicSemiconductor/IOS-CoreBluetooth-Mock.git resolved at 1.0.6
Building for debugging...
[0/20] Write sources
[10/20] Write swift-version-24593BA9C3E375BF.txt
error: emit-module command failed with exit code 1 (use -v to see invocation)
[12/50] Emitting module ElmulatorBLE
/host/spi-builder-workspace/Sources/ElmulatorBLE/CoreBluetoothStack.swift:1:8: error: no such module 'CoreBluetooth'
1 | import CoreBluetooth
| `- error: no such module 'CoreBluetooth'
2 | import Foundation
3 |
error: emit-module command failed with exit code 1 (use -v to see invocation)
[13/50] Emitting module CoreBluetoothMock
/host/spi-builder-workspace/.build/checkouts/IOS-CoreBluetooth-Mock/CoreBluetoothMock/CBMAttributes.swift:31:8: error: no such module 'CoreBluetooth'
29 | */
30 |
31 | import CoreBluetooth
| `- error: no such module 'CoreBluetooth'
32 |
33 | /// A representation of common aspects of services offered by a peripheral.
[14/52] Compiling ElmulatorBLE Deprecations.swift
/host/spi-builder-workspace/Sources/ElmulatorBLE/CoreBluetoothStack.swift:1:8: error: no such module 'CoreBluetooth'
1 | import CoreBluetooth
| `- error: no such module 'CoreBluetooth'
2 | import Foundation
3 |
[15/52] Compiling CoreBluetoothMock CBMPeripheralSpec.swift
/host/spi-builder-workspace/.build/checkouts/IOS-CoreBluetooth-Mock/CoreBluetoothMock/CBMAttributes.swift:31:8: error: no such module 'CoreBluetooth'
29 | */
30 |
31 | import CoreBluetooth
| `- error: no such module 'CoreBluetooth'
32 |
33 | /// A representation of common aspects of services offered by a peripheral.
[16/52] Compiling CoreBluetoothMock CBMPeripheralSpecDelegate.swift
/host/spi-builder-workspace/.build/checkouts/IOS-CoreBluetooth-Mock/CoreBluetoothMock/CBMAttributes.swift:31:8: error: no such module 'CoreBluetooth'
29 | */
30 |
31 | import CoreBluetooth
| `- error: no such module 'CoreBluetooth'
32 |
33 | /// A representation of common aspects of services offered by a peripheral.
[17/52] Compiling CoreBluetoothMock CBMPeripheral.swift
/host/spi-builder-workspace/.build/checkouts/IOS-CoreBluetooth-Mock/CoreBluetoothMock/CBMAttributes.swift:31:8: error: no such module 'CoreBluetooth'
29 | */
30 |
31 | import CoreBluetooth
| `- error: no such module 'CoreBluetooth'
32 |
33 | /// A representation of common aspects of services offered by a peripheral.
[18/52] Compiling CoreBluetoothMock CBMPeripheralDelegate.swift
/host/spi-builder-workspace/.build/checkouts/IOS-CoreBluetooth-Mock/CoreBluetoothMock/CBMAttributes.swift:31:8: error: no such module 'CoreBluetooth'
29 | */
30 |
31 | import CoreBluetooth
| `- error: no such module 'CoreBluetooth'
32 |
33 | /// A representation of common aspects of services offered by a peripheral.
[19/52] Compiling CoreBluetoothMock Blinky.swift
/host/spi-builder-workspace/.build/checkouts/IOS-CoreBluetooth-Mock/CoreBluetoothMock/CBMAttributes.swift:31:8: error: no such module 'CoreBluetooth'
29 | */
30 |
31 | import CoreBluetooth
| `- error: no such module 'CoreBluetooth'
32 |
33 | /// A representation of common aspects of services offered by a peripheral.
[20/52] Compiling CoreBluetoothMock UART.swift
/host/spi-builder-workspace/.build/checkouts/IOS-CoreBluetooth-Mock/CoreBluetoothMock/CBMAttributes.swift:31:8: error: no such module 'CoreBluetooth'
29 | */
30 |
31 | import CoreBluetooth
| `- error: no such module 'CoreBluetooth'
32 |
33 | /// A representation of common aspects of services offered by a peripheral.
[21/52] Compiling ElmulatorBLE CentralStack.swift
/host/spi-builder-workspace/Sources/ElmulatorBLE/CoreBluetoothStack.swift:1:8: error: no such module 'CoreBluetooth'
1 | import CoreBluetooth
| `- error: no such module 'CoreBluetooth'
2 | import Foundation
3 |
[22/52] Compiling ElmulatorBLE AdapterProfile.swift
/host/spi-builder-workspace/Sources/ElmulatorBLE/CoreBluetoothStack.swift:1:8: error: no such module 'CoreBluetooth'
1 | import CoreBluetooth
| `- error: no such module 'CoreBluetooth'
2 | import Foundation
3 |
[23/52] Compiling ElmulatorBLE ConnectionError.swift
/host/spi-builder-workspace/Sources/ElmulatorBLE/CoreBluetoothStack.swift:1:8: error: no such module 'CoreBluetooth'
1 | import CoreBluetooth
| `- error: no such module 'CoreBluetooth'
2 | import Foundation
3 |
[24/52] Compiling ElmulatorBLE ConnectionStateMachine.swift
/host/spi-builder-workspace/Sources/ElmulatorBLE/CoreBluetoothStack.swift:1:8: error: no such module 'CoreBluetooth'
1 | import CoreBluetooth
| `- error: no such module 'CoreBluetooth'
2 | import Foundation
3 |
[25/52] Compiling ElmulatorBLE CoreBluetoothStack.swift
/host/spi-builder-workspace/Sources/ElmulatorBLE/CoreBluetoothStack.swift:1:8: error: no such module 'CoreBluetooth'
1 | import CoreBluetooth
| `- error: no such module 'CoreBluetooth'
2 | import Foundation
3 |
[26/52] Compiling CoreBluetoothMock CBMPeripheralDelegateProxy.swift
/host/spi-builder-workspace/.build/checkouts/IOS-CoreBluetooth-Mock/CoreBluetoothMock/CBMAttributes.swift:31:8: error: no such module 'CoreBluetooth'
29 | */
30 |
31 | import CoreBluetooth
| `- error: no such module 'CoreBluetooth'
32 |
33 | /// A representation of common aspects of services offered by a peripheral.
[27/52] Compiling CoreBluetoothMock CBMPeripheralPreview.swift
/host/spi-builder-workspace/.build/checkouts/IOS-CoreBluetooth-Mock/CoreBluetoothMock/CBMAttributes.swift:31:8: error: no such module 'CoreBluetooth'
29 | */
30 |
31 | import CoreBluetooth
| `- error: no such module 'CoreBluetooth'
32 |
33 | /// A representation of common aspects of services offered by a peripheral.
[28/52] Compiling CoreBluetoothMock CBMManagerTypes.swift
/host/spi-builder-workspace/.build/checkouts/IOS-CoreBluetooth-Mock/CoreBluetoothMock/CBMAttributes.swift:31:8: error: no such module 'CoreBluetooth'
29 | */
30 |
31 | import CoreBluetooth
| `- error: no such module 'CoreBluetooth'
32 |
33 | /// A representation of common aspects of services offered by a peripheral.
[29/52] Compiling CoreBluetoothMock CBMPeer.swift
/host/spi-builder-workspace/.build/checkouts/IOS-CoreBluetooth-Mock/CoreBluetoothMock/CBMAttributes.swift:31:8: error: no such module 'CoreBluetooth'
29 | */
30 |
31 | import CoreBluetooth
| `- error: no such module 'CoreBluetooth'
32 |
33 | /// A representation of common aspects of services offered by a peripheral.
[30/52] Compiling Elmulator Scenario+Bundled.swift
[31/52] Emitting module Elmulator
[32/52] Compiling Elmulator ScanSummaryMatching.swift
[33/52] Compiling Elmulator BundledScenarios.swift
BUILD FAILURE 6.3 wasm