Build Information
Failed to build container, reference 1.5.0 (d265d6), with Swift 6.3 for Android on 1 Oct 2026 08:07:16 UTC.
Build Command
bash -c docker run --pull=always --rm -v "checkouts-53886770-0":/host -w "$PWD" -e JAVA_HOME="/root/.sdkman/candidates/java/current" -e SPI_BUILD="1" -e SPI_PROCESSING="1" registry.gitlab.com/saguaro1/spi-images:android-6.3-latest swift build --swift-sdk aarch64-unknown-linux-android28 2>&1Build Log
========================================
RunAll
========================================
Builder version: 5.1.1
Interrupt handler set up.
========================================
Checkout
========================================
Clone URL: https://github.com/apple/container.git
Reference: 1.5.0
Initialized empty Git repository in /host/spi-builder-workspace/.git/
hint: Using 'master' as the name for the initial branch. This default branch name
hint: is subject to change. To configure the initial branch name to use in all
hint: of your new repositories, which will suppress this warning, call:
hint:
hint: git config --global init.defaultBranch <name>
hint:
hint: Names commonly chosen instead of 'master' are 'main', 'trunk' and
hint: 'development'. The just-created branch can be renamed via this command:
hint:
hint: git branch -m <name>
From https://github.com/apple/container
* tag 1.5.0 -> FETCH_HEAD
HEAD is now at d265d66 Update plugin error test (#2313)
Cloned https://github.com/apple/container.git
Revision (git rev-parse @):
d265d669ecae041bf338cb3b39c4118316d138f0
SPI manifest file found: $PWD/.spi.yml
SUCCESS checkout https://github.com/apple/container.git at 1.5.0
========================================
Build
========================================
Selected platform: android
Swift version: 6.3
Building package at path: $PWD
https://github.com/apple/container.git
Running build ...
bash -c docker run --pull=always --rm -v "checkouts-53886770-0":/host -w "$PWD" -e JAVA_HOME="/root/.sdkman/candidates/java/current" -e SPI_BUILD="1" -e SPI_PROCESSING="1" registry.gitlab.com/saguaro1/spi-images:android-6.3-latest swift build --swift-sdk aarch64-unknown-linux-android28 2>&1
android-6.3-latest: Pulling from saguaro1/spi-images
Digest: sha256:8ca9e1e6d70fd53f5b05e4f64d92569d697563f7f457a1485802bc9eb2cd1382
Status: Image is up to date for registry.gitlab.com/saguaro1/spi-images:android-6.3-latest
Fetching https://github.com/jpsim/Yams.git
Fetching https://github.com/grpc/grpc-swift-protobuf.git
Fetching https://github.com/grpc/grpc-swift-nio-transport.git
Fetching https://github.com/mattt/swift-configuration-toml
[27/2639] Fetching grpc-swift-protobuf
[265/2770] Fetching grpc-swift-protobuf, swift-configuration-toml
Fetching https://github.com/mattt/swift-toml.git
Fetched https://github.com/mattt/swift-configuration-toml from cache (0.49s)
[1663/2639] Fetching grpc-swift-protobuf
Fetching https://github.com/grpc/grpc-swift-2.git
[2588/14500] Fetching grpc-swift-protobuf, yams
[3234/20905] Fetching grpc-swift-protobuf, yams, grpc-swift-nio-transport
[14976/21236] Fetching grpc-swift-protobuf, yams, grpc-swift-nio-transport, swift-toml
Fetched https://github.com/mattt/swift-toml.git from cache (0.45s)
Fetching https://github.com/apple/swift-system.git
Fetched https://github.com/grpc/grpc-swift-protobuf.git from cache (0.95s)
Fetched https://github.com/grpc/grpc-swift-nio-transport.git from cache (0.95s)
[6168/11861] Fetching yams
[6169/43105] Fetching yams, grpc-swift-2
Fetching https://github.com/apple/swift-protobuf.git
[32828/50164] Fetching yams, grpc-swift-2, swift-system
[42667/104548] Fetching yams, grpc-swift-2, swift-system, swift-protobuf
Fetched https://github.com/apple/swift-system.git from cache (1.12s)
Fetching https://github.com/apple/swift-log.git
[40514/97489] Fetching yams, grpc-swift-2, swift-protobuf
Fetching https://github.com/swift-server/async-http-client.git
Fetched https://github.com/jpsim/Yams.git from cache (2.28s)
[32634/85628] Fetching grpc-swift-2, swift-protobuf
Fetching https://github.com/apple/swift-configuration
[36684/93841] Fetching grpc-swift-2, swift-protobuf, swift-log
[47072/110239] Fetching grpc-swift-2, swift-protobuf, swift-log, async-http-client
[49636/114074] Fetching grpc-swift-2, swift-protobuf, swift-log, async-http-client, swift-configuration
Fetched https://github.com/apple/swift-log.git from cache (1.25s)
[42831/105861] Fetching grpc-swift-2, swift-protobuf, async-http-client, swift-configuration
Fetching https://github.com/apple/swift-collections.git
Fetched https://github.com/grpc/grpc-swift-2.git from cache (2.98s)
[24335/74617] Fetching swift-protobuf, async-http-client, swift-configuration
Fetching https://github.com/apple/swift-argument-parser.git
Fetched https://github.com/apple/swift-configuration from cache (1.41s)
Fetching https://github.com/apple/containerization.git
[26836/70782] Fetching swift-protobuf, async-http-client
[31627/99214] Fetching swift-protobuf, async-http-client, swift-collections
[32196/118224] Fetching swift-protobuf, async-http-client, swift-collections, swift-argument-parser
[43032/131975] Fetching swift-protobuf, async-http-client, swift-collections, swift-argument-parser, containerization
Fetched https://github.com/swift-server/async-http-client.git from cache (2.43s)
[29766/115577] Fetching swift-protobuf, swift-collections, swift-argument-parser, containerization
Fetching https://github.com/swiftlang/swift-docc-plugin.git
[67891/117922] Fetching swift-protobuf, swift-collections, swift-argument-parser, containerization, swift-docc-plugin
Fetched https://github.com/swiftlang/swift-docc-plugin.git from cache (1.27s)
[80944/115577] Fetching swift-protobuf, swift-collections, swift-argument-parser, containerization
Fetched https://github.com/apple/swift-argument-parser.git from cache (2.39s)
[62478/96567] Fetching swift-protobuf, swift-collections, containerization
Fetched https://github.com/apple/containerization.git from cache (2.50s)
[57417/82816] Fetching swift-protobuf, swift-collections
Fetched https://github.com/apple/swift-collections.git from cache (3.79s)
[43508/54384] Fetching swift-protobuf
Fetching https://github.com/apple/swift-nio.git
Fetched https://github.com/apple/swift-protobuf.git from cache (13.62s)
[1/86244] Fetching swift-nio
Fetched https://github.com/apple/swift-nio.git from cache (5.69s)
Computing version for https://github.com/mattt/swift-configuration-toml
Computed https://github.com/mattt/swift-configuration-toml at 2.0.0 (20.44s)
Fetching https://github.com/apple/swift-metrics
[1/3533] Fetching swift-metrics
Fetched https://github.com/apple/swift-metrics from cache (0.71s)
Computing version for https://github.com/mattt/swift-toml.git
Computed https://github.com/mattt/swift-toml.git at 2.0.0 (1.13s)
Computing version for https://github.com/apple/containerization.git
Computed https://github.com/apple/containerization.git at 0.47.0 (0.59s)
Fetching https://github.com/apple/swift-nio-ssl.git
Fetching https://github.com/apple/swift-crypto.git
[1/18572] Fetching swift-crypto
[2416/35435] Fetching swift-crypto, swift-nio-ssl
Fetched https://github.com/apple/swift-crypto.git from cache (2.74s)
Fetching https://github.com/facebook/zstd.git
Fetched https://github.com/apple/swift-nio-ssl.git from cache (3.30s)
[1/85770] Fetching zstd
Fetched https://github.com/facebook/zstd.git from cache (5.51s)
Computing version for https://github.com/facebook/zstd.git
Computed https://github.com/facebook/zstd.git at 1.5.7 (10.48s)
Computing version for https://github.com/jpsim/Yams.git
Computed https://github.com/jpsim/Yams.git at 6.2.2 (0.28s)
Computing version for https://github.com/grpc/grpc-swift-nio-transport.git
Computed https://github.com/grpc/grpc-swift-nio-transport.git at 2.10.0 (0.31s)
Fetching https://github.com/apple/swift-asn1.git
Fetching https://github.com/apple/swift-nio-transport-services.git
Fetching https://github.com/apple/swift-certificates.git
[1/2867] Fetching swift-nio-transport-services
[317/10465] Fetching swift-nio-transport-services, swift-certificates
[10466/12451] Fetching swift-nio-transport-services, swift-certificates, swift-asn1
Fetched https://github.com/apple/swift-nio-transport-services.git from cache (1.15s)
Fetched https://github.com/apple/swift-certificates.git from cache (1.16s)
Fetching https://github.com/apple/swift-nio-http2.git
Fetching https://github.com/apple/swift-nio-extras.git
Fetched https://github.com/apple/swift-asn1.git from cache (1.30s)
[1/6693] Fetching swift-nio-extras
[1407/18948] Fetching swift-nio-extras, swift-nio-http2
Fetched https://github.com/apple/swift-nio-extras.git from cache (0.97s)
[4902/12255] Fetching swift-nio-http2
Fetched https://github.com/apple/swift-nio-http2.git from cache (1.77s)
Computing version for https://github.com/grpc/grpc-swift-protobuf.git
Computed https://github.com/grpc/grpc-swift-protobuf.git at 2.4.1 (3.54s)
Computing version for https://github.com/apple/swift-protobuf.git
Computed https://github.com/apple/swift-protobuf.git at 1.38.1 (0.36s)
Computing version for https://github.com/grpc/grpc-swift-2.git
Computed https://github.com/grpc/grpc-swift-2.git at 2.4.3 (0.34s)
Computing version for https://github.com/apple/swift-nio-http2.git
Computed https://github.com/apple/swift-nio-http2.git at 1.46.0 (0.32s)
Fetching https://github.com/apple/swift-atomics.git
[1/1885] Fetching swift-atomics
Fetched https://github.com/apple/swift-atomics.git from cache (0.63s)
Computing version for https://github.com/apple/swift-configuration
Computed https://github.com/apple/swift-configuration at 1.2.1 (1.03s)
Fetching https://github.com/swift-server/swift-service-lifecycle
[1/2849] Fetching swift-service-lifecycle
Fetched https://github.com/swift-server/swift-service-lifecycle from cache (0.52s)
Computing version for https://github.com/apple/swift-argument-parser.git
Computed https://github.com/apple/swift-argument-parser.git at 1.8.2 (0.85s)
Computing version for https://github.com/apple/swift-atomics.git
Computed https://github.com/apple/swift-atomics.git at 1.3.1 (0.29s)
Computing version for https://github.com/apple/swift-metrics
Computed https://github.com/apple/swift-metrics at 2.11.0 (0.31s)
Computing version for https://github.com/swift-server/swift-service-lifecycle
Computed https://github.com/swift-server/swift-service-lifecycle at 2.12.0 (0.34s)
Fetching https://github.com/apple/swift-async-algorithms.git
[1/6792] Fetching swift-async-algorithms
Fetched https://github.com/apple/swift-async-algorithms.git from cache (0.63s)
Computing version for https://github.com/apple/swift-log.git
Computed https://github.com/apple/swift-log.git at 1.15.1 (1.04s)
Computing version for https://github.com/apple/swift-async-algorithms.git
Computed https://github.com/apple/swift-async-algorithms.git at 1.1.7 (0.39s)
Computing version for https://github.com/apple/swift-collections.git
Computed https://github.com/apple/swift-collections.git at 1.7.1 (0.56s)
Computing version for https://github.com/apple/swift-nio-ssl.git
Computed https://github.com/apple/swift-nio-ssl.git at 2.37.5 (0.32s)
Computing version for https://github.com/apple/swift-nio.git
Computed https://github.com/apple/swift-nio.git at 2.103.0 (0.46s)
Computing version for https://github.com/swiftlang/swift-docc-plugin.git
Computed https://github.com/swiftlang/swift-docc-plugin.git at 1.5.0 (0.44s)
Fetching https://github.com/swiftlang/swift-docc-symbolkit
[39/3832] Fetching swift-docc-symbolkit
Fetched https://github.com/swiftlang/swift-docc-symbolkit from cache (0.64s)
Computing version for https://github.com/swiftlang/swift-docc-symbolkit
Computed https://github.com/swiftlang/swift-docc-symbolkit at 1.0.0 (1.01s)
Computing version for https://github.com/apple/swift-system.git
Computed https://github.com/apple/swift-system.git at 1.8.1 (0.32s)
Computing version for https://github.com/apple/swift-nio-transport-services.git
Computed https://github.com/apple/swift-nio-transport-services.git at 1.28.0 (0.33s)
Computing version for https://github.com/apple/swift-asn1.git
Computed https://github.com/apple/swift-asn1.git at 1.7.3 (0.35s)
Computing version for https://github.com/apple/swift-certificates.git
Computed https://github.com/apple/swift-certificates.git at 1.21.0 (0.38s)
Computing version for https://github.com/apple/swift-nio-extras.git
Computed https://github.com/apple/swift-nio-extras.git at 1.35.1 (0.64s)
Fetching https://github.com/apple/swift-http-structured-headers.git
Fetching https://github.com/apple/swift-http-types.git
Fetching https://github.com/apple/swift-algorithms.git
[1/1939] Fetching swift-http-types
[932/8098] Fetching swift-http-types, swift-algorithms
Fetched https://github.com/apple/swift-http-types.git from cache (0.67s)
Fetched https://github.com/apple/swift-algorithms.git from cache (0.67s)
[1/1253] Fetching swift-http-structured-headers
Fetched https://github.com/apple/swift-http-structured-headers.git from cache (0.96s)
Computing version for https://github.com/apple/swift-algorithms.git
Computed https://github.com/apple/swift-algorithms.git at 1.2.1 (1.29s)
Fetching https://github.com/apple/swift-numerics.git
[1/6651] Fetching swift-numerics
Fetched https://github.com/apple/swift-numerics.git from cache (0.92s)
Computing version for https://github.com/apple/swift-numerics.git
Computed https://github.com/apple/swift-numerics.git at 1.1.1 (1.22s)
Computing version for https://github.com/apple/swift-http-structured-headers.git
Computed https://github.com/apple/swift-http-structured-headers.git at 1.7.0 (0.35s)
Computing version for https://github.com/apple/swift-http-types.git
Computed https://github.com/apple/swift-http-types.git at 1.8.0 (0.32s)
Computing version for https://github.com/apple/swift-crypto.git
Computed https://github.com/apple/swift-crypto.git at 4.5.2 (0.49s)
Computing version for https://github.com/swift-server/async-http-client.git
Computed https://github.com/swift-server/async-http-client.git at 1.36.2 (0.40s)
Fetching https://github.com/apple/swift-service-context.git
Fetching https://github.com/apple/swift-distributed-tracing.git
[1/1414] Fetching swift-service-context
[1415/7859] Fetching swift-service-context, swift-distributed-tracing
Fetched https://github.com/apple/swift-service-context.git from cache (0.51s)
[65/6445] Fetching swift-distributed-tracing
Fetched https://github.com/apple/swift-distributed-tracing.git from cache (0.69s)
Computing version for https://github.com/apple/swift-service-context.git
Computed https://github.com/apple/swift-service-context.git at 1.3.0 (0.99s)
Computing version for https://github.com/apple/swift-distributed-tracing.git
Computed https://github.com/apple/swift-distributed-tracing.git at 1.5.0 (0.32s)
Creating working copy for https://github.com/apple/containerization.git
Working copy of https://github.com/apple/containerization.git resolved at 0.47.0
Creating working copy for https://github.com/apple/swift-nio.git
Working copy of https://github.com/apple/swift-nio.git resolved at 2.103.0
Creating working copy for https://github.com/apple/swift-atomics.git
Working copy of https://github.com/apple/swift-atomics.git resolved at 1.3.1
Creating working copy for https://github.com/apple/swift-crypto.git
Working copy of https://github.com/apple/swift-crypto.git resolved at 4.5.2
Creating working copy for https://github.com/swift-server/async-http-client.git
Working copy of https://github.com/swift-server/async-http-client.git resolved at 1.36.2
Creating working copy for https://github.com/swiftlang/swift-docc-plugin.git
Working copy of https://github.com/swiftlang/swift-docc-plugin.git resolved at 1.5.0
Creating working copy for https://github.com/apple/swift-http-types.git
Working copy of https://github.com/apple/swift-http-types.git resolved at 1.8.0
Creating working copy for https://github.com/mattt/swift-toml.git
Working copy of https://github.com/mattt/swift-toml.git resolved at 2.0.0
Creating working copy for https://github.com/apple/swift-distributed-tracing.git
Working copy of https://github.com/apple/swift-distributed-tracing.git resolved at 1.5.0
Creating working copy for https://github.com/swift-server/swift-service-lifecycle
Working copy of https://github.com/swift-server/swift-service-lifecycle resolved at 2.12.0
Creating working copy for https://github.com/apple/swift-asn1.git
Working copy of https://github.com/apple/swift-asn1.git resolved at 1.7.3
Creating working copy for https://github.com/grpc/grpc-swift-protobuf.git
Working copy of https://github.com/grpc/grpc-swift-protobuf.git resolved at 2.4.1
Creating working copy for https://github.com/apple/swift-collections.git
Working copy of https://github.com/apple/swift-collections.git resolved at 1.7.1
Creating working copy for https://github.com/apple/swift-nio-http2.git
Working copy of https://github.com/apple/swift-nio-http2.git resolved at 1.46.0
Creating working copy for https://github.com/apple/swift-nio-extras.git
Working copy of https://github.com/apple/swift-nio-extras.git resolved at 1.35.1
Creating working copy for https://github.com/apple/swift-service-context.git
Working copy of https://github.com/apple/swift-service-context.git resolved at 1.3.0
Creating working copy for https://github.com/apple/swift-log.git
Working copy of https://github.com/apple/swift-log.git resolved at 1.15.1
Creating working copy for https://github.com/apple/swift-http-structured-headers.git
Working copy of https://github.com/apple/swift-http-structured-headers.git resolved at 1.7.0
Creating working copy for https://github.com/apple/swift-argument-parser.git
Working copy of https://github.com/apple/swift-argument-parser.git resolved at 1.8.2
Creating working copy for https://github.com/apple/swift-metrics
Working copy of https://github.com/apple/swift-metrics resolved at 2.11.0
Creating working copy for https://github.com/apple/swift-configuration
Working copy of https://github.com/apple/swift-configuration resolved at 1.2.1
Creating working copy for https://github.com/facebook/zstd.git
Working copy of https://github.com/facebook/zstd.git resolved at 1.5.7
Creating working copy for https://github.com/apple/swift-nio-transport-services.git
Working copy of https://github.com/apple/swift-nio-transport-services.git resolved at 1.28.0
Creating working copy for https://github.com/apple/swift-algorithms.git
Working copy of https://github.com/apple/swift-algorithms.git resolved at 1.2.1
Creating working copy for https://github.com/apple/swift-async-algorithms.git
Working copy of https://github.com/apple/swift-async-algorithms.git resolved at 1.1.7
Creating working copy for https://github.com/jpsim/Yams.git
Working copy of https://github.com/jpsim/Yams.git resolved at 6.2.2
Creating working copy for https://github.com/swiftlang/swift-docc-symbolkit
Working copy of https://github.com/swiftlang/swift-docc-symbolkit resolved at 1.0.0
Creating working copy for https://github.com/grpc/grpc-swift-2.git
Working copy of https://github.com/grpc/grpc-swift-2.git resolved at 2.4.3
Creating working copy for https://github.com/grpc/grpc-swift-nio-transport.git
Working copy of https://github.com/grpc/grpc-swift-nio-transport.git resolved at 2.10.0
Creating working copy for https://github.com/apple/swift-numerics.git
Working copy of https://github.com/apple/swift-numerics.git resolved at 1.1.1
Creating working copy for https://github.com/apple/swift-system.git
Working copy of https://github.com/apple/swift-system.git resolved at 1.8.1
Creating working copy for https://github.com/apple/swift-nio-ssl.git
Working copy of https://github.com/apple/swift-nio-ssl.git resolved at 2.37.5
Creating working copy for https://github.com/apple/swift-protobuf.git
Working copy of https://github.com/apple/swift-protobuf.git resolved at 1.38.1
Creating working copy for https://github.com/apple/swift-certificates.git
Working copy of https://github.com/apple/swift-certificates.git resolved at 1.21.0
Creating working copy for https://github.com/mattt/swift-configuration-toml
Working copy of https://github.com/mattt/swift-configuration-toml resolved at 2.0.0
[1/1] Compiling plugin Swift-DocC Preview
[2/2] Compiling plugin Swift-DocC
[3/3] Compiling plugin generate-grpc-code-from-protos
[4/4] Compiling plugin GRPCProtobufGenerator
[5/5] Compiling plugin SwiftProtobufPlugin
[6/6] Compiling plugin GenerateManual
[7/7] Compiling plugin GenerateDoccReference
Building for debugging...
[7/1084] Write sources
[10/1084] Write swift-version-272D24FF697CF451.txt
[11/1084] Compiling huf_decompress_amd64.S
[12/1084] Compiling divsufsort.c
[13/1084] Compiling zstd_ddict.c
[14/1084] Compiling zstd_decompress_block.c
[15/1084] Compiling zstd_preSplit.c
[16/1084] Compiling cover.c
[17/1084] Compiling fastcover.c
[18/1084] Compiling zstd_decompress.c
[19/1084] Compiling zdict.c
[20/1084] Compiling zstdmt_compress.c
[21/1084] Compiling huf_decompress.c
[22/1084] Compiling zstd_ldm.c
[23/1084] Compiling zstd_opt.c
[24/1084] Compiling zstd_compress_superblock.c
[25/1084] Compiling zstd_compress_literals.c
[26/1084] Compiling zstd_fast.c
[27/1084] Compiling zstd_double_fast.c
[28/1084] Compiling zstd_compress_sequences.c
[29/1084] Compiling xxhash.c
[30/1084] Compiling huf_compress.c
[31/1084] Compiling threading.c
[32/1084] Compiling hist.c
[33/1084] Compiling pool.c
[34/1084] Compiling debug.c
[35/1084] Write sources
[41/1084] Compiling error_private.c
[41/1084] Write sources
[46/1084] Compiling _NumericsShims _NumericsShims.c
[47/1086] Compiling zstd_compress.c
[48/1086] Write sources
[50/1088] Compiling _AtomicsShims.c
[51/1092] Compiling zstd_common.c
[52/1092] Write sources
[55/1092] Compiling fse_compress.c
[56/1092] Write sources
[63/1109] Compiling fse_decompress.c
[64/1109] Write sources
[67/1128] Compiling entropy_common.c
[69/1207] Emitting module ServiceContextModule
[70/1207] Emitting module _NIODataStructures
[70/1207] Compiling zstd_lazy.c
[70/1207] Write sources
[95/1218] Compiling Logging LogEvent.swift
[96/1218] Compiling Logging LogHandler.swift
[97/1219] Compiling RealModule RealFunctions.swift
[98/1219] Compiling _CertificateInternals _TinyArray.swift
[99/1219] Emitting module _CertificateInternals
[100/1221] Compiling ServiceContextModule ServiceContextKey.swift
[101/1221] Compiling SwiftProtobuf BinaryEncodingVisitor.swift
[102/1221] Compiling SwiftProtobuf Google_Protobuf_Any+Extensions.swift
[103/1223] Compiling Logging Locks.swift
[105/1223] Compiling Logging Logger+Attributes.swift
[106/1223] Compiling RealModule Float80+Real.swift
[107/1223] Compiling RealModule Real.swift
[108/1223] Compiling Logging SwiftLogNoOpLogHandler.swift
[110/1223] Compiling RealModule Float16+Real.swift
[111/1223] Compiling _NIOBase64 Base64.swift
[112/1223] Emitting module _NIOBase64
[113/1223] Compiling ServiceContextModule ServiceContext.swift
[115/1224] Compiling Logging MultiplexLogHandler.swift
[116/1224] Compiling Logging StreamLogHandler.swift
[118/1225] Compiling Logging LoggingSystem.swift
[123/1225] Emitting module RealModule
[125/1225] Compiling RealModule RelaxedArithmetic.swift
[127/1254] Wrapping AST for _CertificateInternals for debugging
[128/1254] Wrapping AST for _NIOBase64 for debugging
[129/1254] Write sources
[132/1254] Compiling _NIODataStructures Heap.swift
[133/1254] Compiling _NIODataStructures PriorityQueue.swift
[134/1254] Compiling _NIODataStructures _TinyArray.swift
[134/1254] Write sources
[135/1258] Wrapping AST for ServiceContextModule for debugging
[136/1258] Write sources
[150/1266] Wrapping AST for RealModule for debugging
[151/1266] Write sources
[158/1266] Compiling InternalCollectionsUtilities BorrowingIteratorProtocol+Equality.swift
[159/1266] Compiling InternalCollectionsUtilities BorrowingIteratorProtocol+Extras.swift
[160/1266] Compiling InternalCollectionsUtilities Debugging.swift
[161/1266] Compiling InternalCollectionsUtilities Descriptions.swift
[161/1271] Wrapping AST for _NIODataStructures for debugging
[162/1271] Write sources
[171/1271] Compiling Logging Logger+With.swift
[172/1271] Compiling Logging Logger.swift
[173/1271] Compiling InternalCollectionsUtilities UnsafeMutablePointer+Extras.swift
[174/1271] Compiling InternalCollectionsUtilities UnsafeMutableRawBufferPointer+Extras.swift
[175/1271] Compiling InternalCollectionsUtilities UnsafePointer+Extras.swift
[176/1273] Emitting module Instrumentation
[177/1273] Compiling Instrumentation NoOpInstrument.swift
[178/1273] Compiling CoreMetrics WithMetricsFactory.swift
[179/1273] Compiling Instrumentation MultiplexInstrument.swift
[180/1273] Compiling InternalCollectionsUtilities FixedWidthInteger+roundUpToPowerOfTwo.swift
[181/1273] Compiling InternalCollectionsUtilities Integer rank.swift
[182/1273] Compiling InternalCollectionsUtilities UInt+first and last set bit.swift
[183/1273] Compiling InternalCollectionsUtilities UInt+reversed.swift
[184/1273] Compiling InternalCollectionsUtilities UnsafeRawBufferPointer+Extras.swift
[185/1273] Compiling InternalCollectionsUtilities _SortedCollection.swift
[186/1273] Compiling InternalCollectionsUtilities _UniqueCollection.swift
[187/1273] Compiling Instrumentation Instrument.swift
[188/1273] Compiling Instrumentation InstrumentationSystem.swift
[189/1273] Emitting module ContainerRuntimeLinuxClient
[190/1273] Emitting module CoreMetrics
[191/1273] Compiling InternalCollectionsUtilities MutableSpan+Extras.swift
[192/1273] Compiling InternalCollectionsUtilities OutputSpan+Extras.swift
[193/1273] Compiling InternalCollectionsUtilities RandomAccessCollection+Offsets.swift
[194/1273] Compiling InternalCollectionsUtilities Span+Extras.swift
[195/1273] Compiling InternalCollectionsUtilities Iterable+CopyContents.swift
[196/1273] Compiling InternalCollectionsUtilities Iterable+Equality.swift
[197/1273] Emitting module SwiftASN1
[198/1273] Emitting module InternalCollectionsUtilities
[199/1273] Compiling CoreMetrics MappingMetricsFactory.swift
[200/1273] Compiling CoreMetrics Metrics.swift
[203/1273] Compiling InternalCollectionsUtilities LifetimeOverride.swift
[204/1273] Compiling InternalCollectionsUtilities MutableRef.swift
[205/1273] Compiling InternalCollectionsUtilities Strideable+LimitHelpers.swift
[206/1273] Compiling InternalCollectionsUtilities String+Padding.swift
[207/1273] Compiling InternalCollectionsUtilities TemporaryAllocation.swift
[208/1273] Compiling InternalCollectionsUtilities _UnsafeBitSet+Index.swift
[209/1273] Compiling InternalCollectionsUtilities _UnsafeBitSet+_Word.swift
[210/1273] Compiling InternalCollectionsUtilities _UnsafeBitSet.swift
[211/1273] Compiling InternalCollectionsUtilities UnsafeBufferPointer+Extras.swift
[212/1273] Compiling InternalCollectionsUtilities UnsafeMutableBufferPointer+Extras.swift
[213/1274] Write sources
[215/1344] Compiling CoreMetrics Locks.swift
[216/1345] Compiling _RopeModule BigString+CustomStringConvertible.swift
[217/1345] Compiling _RopeModule BigString+Equatable.swift
[218/1345] Compiling _RopeModule BigString+ExpressibleByStringLiteral.swift
[219/1345] Compiling _RopeModule BigString+Hashing.swift
[220/1345] Compiling _RopeModule BigString+LosslessStringConvertible.swift
[221/1345] Compiling _RopeModule BigString+RangeReplaceableCollection.swift
[222/1345] Compiling _RopeModule BigString+UTF16View.swift
[223/1345] Compiling _RopeModule BigString+UTF8View.swift
[224/1345] Compiling _RopeModule BigString+UnicodeScalarView.swift
[225/1345] Compiling _RopeModule BigSubstring+UTF16View.swift
[226/1345] Compiling _RopeModule BigSubstring+UTF8View.swift
[227/1345] Compiling _RopeModule BigSubstring+UnicodeScalarView.swift
[228/1345] Compiling _RopeModule BigString+Debugging.swift
[229/1345] Compiling _RopeModule BigString+Index.swift
[230/1345] Emitting module Logging
[231/1345] Compiling _RopeModule BigString+Builder.swift
[232/1345] Compiling _RopeModule BigString+Contents.swift
[233/1345] Compiling _RopeModule BigString+Invariants.swift
[234/1345] Compiling _RopeModule BigString+Metrics.swift
[235/1345] Compiling _RopeModule BigString+Summary.swift
[236/1345] Compiling _RopeModule BigString.swift
[237/1348] Compiling _RopeModule BigString+Chunk+Description.swift
[238/1348] Compiling _RopeModule BigString+Chunk+Index.swift
[239/1348] Compiling _RopeModule BigString+Chunk+RopeElement.swift
[240/1348] Compiling _RopeModule BigString+Chunk+Append and Insert.swift
[241/1348] Compiling _RopeModule BigString+Chunk+Breaks.swift
[242/1357] Compiling Instrumentation Locks.swift
[245/1358] Compiling Logging MetadataProvider.swift
[246/1359] Compiling ContainerRuntimeLinuxClient LinuxRuntimeData.swift
[250/1374] Compiling SpanPreview OutputSpan+InputSpanHelpers.swift
[251/1396] Emitting module SpanPreview
[252/1400] Compiling SpanPreview InputSpan.swift
[253/1400] Compiling SpanPreview MutableSpan+InputSpanHelpers.swift
[254/1415] Compiling Tracing InstrumentationSystem+Tracing.swift
[256/1441] Compiling _RopeModule Rope+_Node.swift
[257/1441] Compiling _RopeModule Rope+_Storage.swift
[258/1441] Compiling _RopeModule Rope+_UnmanagedLeaf.swift
[259/1441] Compiling _RopeModule Rope+_UnsafeHandle.swift
[260/1441] Compiling _RopeModule Rope.swift
[261/1441] Compiling _RopeModule RopeElement.swift
[262/1441] Compiling _RopeModule RopeMetric.swift
[263/1441] Compiling _RopeModule RopeSummary.swift
[264/1441] Compiling _RopeModule _RopeItem.swift
[265/1441] Compiling _RopeModule _RopePath.swift
[266/1441] Compiling SwiftProtobuf TextFormatDecodingOptions.swift
[267/1441] Compiling SwiftProtobuf TextFormatEncoder.swift
[268/1441] Compiling HeapModule Heap+Invariants.swift
[269/1441] Compiling HeapModule Heap+ExpressibleByArrayLiteral.swift
[270/1441] Compiling ContainerizationError ContainerizationError.swift
[271/1441] Emitting module ContainerizationError
[272/1442] Compiling OrderedCollections OrderedDictionary+Partial MutableCollection.swift
[273/1442] Compiling OrderedCollections OrderedDictionary+Partial RangeReplaceableCollection.swift
[274/1442] Compiling OrderedCollections OrderedDictionary+Sendable.swift
[275/1442] Compiling OrderedCollections OrderedDictionary+Sequence.swift
[276/1442] Compiling OrderedCollections OrderedDictionary+Codable.swift
[277/1442] Compiling OrderedCollections OrderedDictionary+CustomReflectable.swift
[278/1442] Compiling OrderedCollections OrderedDictionary+Deprecations.swift
[279/1442] Compiling OrderedCollections OrderedDictionary+Descriptions.swift
[280/1442] Compiling OrderedCollections OrderedDictionary+Elements.SubSequence.swift
[281/1442] Compiling OrderedCollections OrderedDictionary+Elements.swift
[282/1442] Compiling OrderedCollections OrderedDictionary+Equatable.swift
[283/1442] Compiling OrderedCollections OrderedDictionary+ExpressibleByDictionaryLiteral.swift
[284/1442] Compiling Tracing TracingTime.swift
[285/1442] Compiling Tracing WithTracer.swift
[286/1442] Compiling HeapModule _HeapNode.swift
[288/1442] Compiling Metrics Metrics.swift
[289/1442] Compiling HeapModule Heap+Descriptions.swift
[290/1442] Emitting module Metrics
[292/1499] Compiling Tracing TracerProtocol.swift
[292/1561] Wrapping AST for SwiftASN1 for debugging
[294/1561] Compiling HeapModule Heap.swift
[295/1561] Compiling HeapModule Heap+UnsafeHandle.swift
[296/1561] Compiling HeapModule Heap+Testing.swift
[297/1561] Compiling Tracing Tracer.swift
[298/1561] Compiling Tracing TracerProtocol+Legacy.swift
[298/1561] Wrapping AST for SpanPreview for debugging
[300/1561] Compiling DequeModule UniqueDeque+Removals.swift
[301/1561] Compiling HashTreeCollections TreeDictionary+CustomReflectable.swift
[302/1561] Compiling HashTreeCollections TreeDictionary+Debugging.swift
[303/1561] Compiling HashTreeCollections TreeDictionary+Descriptions.swift
[304/1561] Compiling HashTreeCollections TreeDictionary.swift
[305/1561] Compiling HashTreeCollections TreeSet+Codable.swift
[306/1561] Compiling HashTreeCollections TreeSet+Collection.swift
[307/1561] Compiling HashTreeCollections TreeSet+CustomReflectable.swift
[308/1568] Emitting module HeapModule
[309/1569] Compiling Tracing SpanProtocol.swift
[310/1569] Compiling Tracing NoOpTracer.swift
[311/1569] Emitting module Tracing
[311/1570] Wrapping AST for Metrics for debugging
[315/1570] Compiling DequeModule UniqueDeque+Consumption.swift
[316/1570] Compiling DequeModule UniqueDeque+ContainerOperations.swift
[317/1570] Compiling DequeModule UniqueDeque+Deprecations.swift
[318/1570] Compiling DequeModule UniqueDeque+Descriptions.swift
[319/1570] Compiling DequeModule UniqueDeque+Equatable.swift
[320/1570] Compiling DequeModule UniqueDeque+Hashable.swift
[320/1570] Wrapping AST for Logging for debugging
[321/1575] Wrapping AST for InternalCollectionsUtilities for debugging
[322/1575] Wrapping AST for Tracing for debugging
[323/1575] Wrapping AST for Instrumentation for debugging
[325/1575] Compiling DequeModule RigidDeque+Hashable.swift
[326/1575] Compiling DequeModule RigidDeque+Initializers.swift
[327/1575] Compiling DequeModule RigidDeque+Insertions.swift
[328/1575] Compiling DequeModule RigidDeque+Iterable.swift
[329/1575] Compiling DequeModule RigidDeque+Prepend.swift
[330/1575] Compiling DequeModule RigidDeque+Removals.swift
[331/1575] Compiling DequeModule RigidDeque+Replacements.swift
[332/1575] Compiling DequeModule RigidDeque+Testing.swift
[333/1575] Compiling DequeModule RigidDeque.swift
[334/1575] Compiling DequeModule UniqueDeque+Append.swift
[334/1584] Wrapping AST for HeapModule for debugging
[336/1584] Compiling HashTreeCollections TreeSet+Debugging.swift
[337/1584] Compiling HashTreeCollections TreeSet+Descriptions.swift
[338/1584] Compiling HashTreeCollections TreeSet+Equatable.swift
[339/1584] Compiling HashTreeCollections TreeSet+ExpressibleByArrayLiteral.swift
[340/1584] Compiling HashTreeCollections TreeSet+Extras.swift
[341/1584] Compiling HashTreeCollections TreeSet+Filter.swift
[342/1584] Compiling HashTreeCollections TreeSet+Hashable.swift
[343/1584] Compiling HashTreeCollections TreeSet+Sendable.swift
[343/1584] Wrapping AST for CoreMetrics for debugging
[344/1584] Write sources
[347/1584] Wrapping AST for ContainerRuntimeLinuxClient for debugging
[347/1584] Write sources
[364/1584] Wrapping AST for ContainerizationError for debugging
[372/1584] Compiling DequeModule Deque+Extras.swift
[373/1584] Compiling DequeModule Deque+Hashable.swift
[374/1584] Compiling DequeModule _DequeBuffer.swift
[375/1584] Compiling DequeModule _DequeBufferHeader.swift
[376/1584] Compiling DequeModule RigidDeque+Append.swift
[377/1584] Compiling DequeModule RigidDeque+Consumption.swift
[378/1584] Compiling DequeModule RigidDeque+ContainerOperations.swift
[379/1584] Compiling DequeModule RigidDeque+Deprecations.swift
[379/1584] Compiling writer.c
[381/1584] Compiling DequeModule RigidDeque+Descriptions.swift
[382/1584] Compiling DequeModule RigidDeque+Equatable.swift
[392/1587] Compiling reader.c
[395/1587] Compiling DequeModule UniqueDeque+Replacements.swift
[396/1587] Compiling DequeModule UniqueDeque.swift
[397/1587] Compiling DequeModule _DequeSlot.swift
[398/1587] Compiling DequeModule _UnsafeDequeHandle.swift
[399/1587] Compiling DequeModule _UnsafeDequeSegments.swift
[404/1587] Compiling DequeModule Deque+Codable.swift
[405/1587] Compiling DequeModule Deque+Collection.swift
[406/1587] Compiling DequeModule Deque+CustomReflectable.swift
[407/1587] Compiling DequeModule Deque+Descriptions.swift
[408/1587] Compiling DequeModule Deque+Equatable.swift
[409/1587] Compiling DequeModule Deque+ExpressibleByArrayLiteral.swift
[410/1587] Compiling DequeModule Deque+Testing.swift
[411/1587] Compiling DequeModule Deque._Storage.swift
[412/1587] Compiling DequeModule Deque._UnsafeHandle.swift
[413/1587] Compiling DequeModule Deque.swift
[414/1587] Compiling DequeModule UniqueDeque+Initializers.swift
[415/1587] Compiling DequeModule UniqueDeque+Insertions.swift
[416/1587] Compiling DequeModule UniqueDeque+Iterable.swift
[417/1587] Compiling DequeModule UniqueDeque+Prepend.swift
[418/1587] Emitting module ConcurrencyHelpers
[427/1587] Compiling OrderedCollections OrderedSet+Sendable.swift
[428/1587] Compiling OrderedCollections OrderedSet+SubSequence.swift
[429/1587] Compiling OrderedCollections OrderedSet+Testing.swift
[430/1587] Compiling _RopeModule Rope+Remove.swift
[431/1587] Compiling _RopeModule Rope+RemoveSubrange.swift
[432/1587] Compiling _RopeModule Rope+Split.swift
[433/1587] Compiling _RopeModule Optional Utilities.swift
[434/1587] Compiling _RopeModule String Utilities.swift
[435/1587] Compiling _RopeModule String.Index+ABI.swift
[436/1587] Compiling _RopeModule _CharacterRecognizer.swift
[437/1587] Compiling SwiftProtobuf Message.swift
[438/1587] Compiling SwiftProtobuf MessageExtension.swift
[439/1587] Compiling SwiftProtobuf NameMap.swift
[440/1587] Compiling SwiftProtobuf PathDecoder.swift
[441/1587] Compiling SwiftProtobuf PathVisitor.swift
[454/1587] Compiling ConcurrencyHelpers Lock.swift
[455/1587] Compiling ConcurrencyHelpers LockedValueBox.swift
[457/1588] Compiling OrderedCollections OrderedSet+UnorderedView.swift
[458/1588] Compiling OrderedCollections OrderedSet+UnstableInternals.swift
[459/1588] Compiling OrderedCollections OrderedSet.swift
[460/1588] Compiling OrderedCollections _UnsafeBitset.swift
[461/1588] Compiling HashTreeCollections TreeSet+SetAlgebra isDisjoint.swift
[462/1588] Compiling HashTreeCollections _HashNode+Structural subtracting.swift
[463/1588] Compiling HashTreeCollections _HashNode+Structural symmetricDifference.swift
[464/1588] Compiling HashTreeCollections _HashNode+Structural union.swift
[465/1588] Compiling HashTreeCollections _HashNode+Subtree Insertions.swift
[466/1588] Compiling HashTreeCollections _HashNode+Subtree Modify.swift
[474/1591] Compiling parser.c
[475/1591] Wrapping AST for ConcurrencyHelpers for debugging
[485/1591] Compiling scanner.c
[494/1591] Compiling emitter.c
[495/1591] Compiling CXKCPShims shims.c
[496/1591] Compiling SimpleFIPS202.c
[497/1591] Compiling api.c
[498/1591] Compiling KeccakSponge.c
[542/1621] Compiling KeccakP-1600-opt64.c
[544/1621] Compiling Yams AliasDereferencingStrategy.swift
[545/1621] Compiling Yams Anchor.swift
[546/1621] Compiling Yams Constructor.swift
[547/1621] Compiling Yams Decoder.swift
[548/1621] Compiling Yams Emitter.swift
[549/1621] Compiling Yams Encoder.swift
[550/1621] Compiling Yams Parser.swift
[551/1621] Compiling Yams RedundancyAliasingStrategy.swift
[551/1621] Compiling KeccakHash.c
[561/1621] Compiling Yams Representer.swift
[562/1621] Compiling Yams Resolver.swift
[562/1621] Compiling CVersion Version.c
[574/1621] Compiling Yams String+Yams.swift
[575/1621] Compiling Yams Node.Scalar.swift
[576/1621] Compiling Yams Node.Sequence.swift
[577/1621] Compiling Yams Node.swift
[578/1621] Compiling Yams Mark.swift
[579/1621] Compiling Yams Node.Alias.swift
[580/1621] Compiling Yams Node.Mapping.swift
[581/1621] Compiling Yams Tag.swift
[582/1621] Compiling Yams YamlAnchorProviding.swift
[584/1621] Compiling UnixSignals UnixSignal.swift
[585/1621] Emitting module UnixSignals
[586/1621] Compiling UnixSignals UnixSignalsSequence.swift
[588/1622] Compiling HashTreeCollections TreeSet+SetAlgebra isEqualSet.swift
[589/1622] Compiling HashTreeCollections TreeSet+SetAlgebra isStrictSubset.swift
[590/1622] Compiling HashTreeCollections TreeSet+SetAlgebra isStrictSuperset.swift
[591/1622] Compiling HashTreeCollections TreeSet+SetAlgebra isSubset.swift
[592/1622] Compiling HashTreeCollections TreeSet+SetAlgebra isSuperset.swift
[593/1622] Compiling HashTreeCollections TreeSet+SetAlgebra subtract.swift
[594/1622] Compiling HashTreeCollections TreeSet+SetAlgebra subtracting.swift
[595/1622] Compiling HashTreeCollections TreeSet+SetAlgebra symmetricDifference.swift
[596/1622] Compiling HashTreeCollections TreeSet+SetAlgebra union.swift
[597/1622] Compiling HashTreeCollections TreeSet.swift
[597/1622] Compiling CSystem shims.c
[598/1622] Wrapping AST for UnixSignals for debugging
[607/1659] Compiling SystemPackage IOCompletion.swift
[608/1659] Compiling SystemPackage IORequest.swift
[609/1659] Compiling SystemPackage IORing+Util.swift
[610/1659] Compiling SystemPackage IORing.swift
[611/1659] Compiling SystemPackage RawIORequest.swift
[612/1664] Emitting module _RopeModule
[613/1664] Compiling _RopeModule Rope+Join.swift
[614/1664] Compiling _RopeModule Rope+MutatingForEach.swift
[622/1665] Compiling SystemPackage RawBuffer.swift
[623/1665] Compiling SystemPackage Syscalls.swift
[624/1665] Compiling SystemPackage WindowsSyscallAdapters.swift
[625/1665] Compiling SystemPackage MachPort.swift
[626/1665] Compiling SystemPackage PlatformString.swift
[628/1665] Emitting module HashTreeCollections
[629/1665] Emitting module DequeModule
[629/1665] Compiling CShim vsock.c
[630/1665] Wrapping AST for _RopeModule for debugging
[632/1665] Compiling SystemPackage FileFlags.swift
[633/1665] Compiling SystemPackage FileMode.swift
[634/1665] Compiling SystemPackage FileType.swift
[635/1665] Compiling SystemPackage Identifiers.swift
[636/1665] Compiling SystemPackage Stat.swift
[636/1665] Compiling CShim socket_helpers.c
[638/1665] Compiling SystemPackage Backcompat.swift
[639/1665] Compiling SystemPackage CInterop.swift
[640/1665] Compiling SystemPackage Constants.swift
[641/1665] Compiling SystemPackage Exports.swift
[642/1665] Compiling SystemPackage Mocking.swift
[643/1665] Compiling SystemPackage FilePathComponentView.swift
[644/1665] Compiling SystemPackage FilePathComponents.swift
[645/1665] Compiling SystemPackage FilePathParsing.swift
[646/1665] Compiling SystemPackage FilePathString.swift
[647/1665] Compiling SystemPackage FilePathSyntax.swift
[648/1665] Compiling SystemPackage Errno.swift
[649/1665] Compiling SystemPackage ErrnoWindows.swift
[650/1665] Compiling SystemPackage FileDescriptor.swift
[651/1665] Compiling SystemPackage FileHelpers.swift
[652/1665] Compiling SystemPackage FileOperations.swift
[653/1665] Compiling SystemPackage FilePath.swift
[664/1665] Compiling SystemPackage FilePathTemp.swift
[664/1665] Compiling CShim prctl.c
[666/1665] Emitting module OrderedCollections
[667/1666] Compiling CShim openat2.c
[668/1666] Compiling CShim exec_command.c
[669/1666] Wrapping AST for OrderedCollections for debugging
[671/1666] Emitting module SwiftProtobuf
[683/1666] Compiling CShim cz_tap.c
[685/1666] Emitting module SystemPackage
[685/1666] Compiling CShim capability.c
[686/1666] Compiling CNIOWindows shim.c
[687/1666] Compiling CNIOWASI CNIOWASI.c
[688/1666] Compiling CNIOWindows WSAStartup.c
[689/1666] Compiling CNIOPosix event_loop_id.c
[690/1666] Compiling CNIOOpenBSD shim.c
[691/1666] Compiling CNIOLinux shim.c
[692/1666] Compiling CNIOLinux liburing_shims.c
[693/1666] Compiling CNIOLLHTTP c_nio_http.c
[694/1666] Compiling CNIOLLHTTP c_nio_llhttp.c
[695/1666] Compiling CNIOFreeBSD shim.c
[701/1667] Compiling CNIOExtrasZlib zutil.c
[703/1691] Compiling CNIOLLHTTP c_nio_api.c
[704/1722] Wrapping AST for DequeModule for debugging
[706/1722] Compiling GRPCCore RPCWriter+Closable.swift
[707/1722] Compiling GRPCCore RPCWriter.swift
[708/1722] Compiling GRPCCore Metadata+GRPC.swift
[709/1722] Compiling GRPCCore MethodConfigs.swift
[710/1722] Compiling GRPCCore Result+Catching.swift
[710/1722] Compiling CNIOExtrasZlib inftrees.c
[711/1722] Compiling CNIOExtrasZlib inflate.c
[712/1722] Compiling CNIOExtrasZlib inffast.c
[713/1722] Compiling CNIOExtrasZlib trees.c
[714/1722] Compiling CNIOExtrasZlib deflate.c
[737/1723] Compiling CNIOExtrasZlib adler32.c
[738/1723] Compiling CNIOExtrasZlib crc32.c
[739/1723] Compiling CNIODarwin shim.c
[740/1723] Wrapping AST for HashTreeCollections for debugging
[741/1723] Compiling fiat_p256_adx_sqr.S
[742/1723] Compiling fiat_p256_adx_mul.S
[743/1723] Compiling fiat_curve25519_adx_square.S
[744/1723] Compiling fiat_curve25519_adx_mul.S
[746/1723] Compiling GRPCCore ClientRPCExecutor+HedgingExecutor.swift
[747/1723] Compiling GRPCCore ClientRPCExecutor+OneShotExecutor.swift
[748/1723] Compiling GRPCCore ClientRPCExecutor+RetryExecutor.swift
[749/1723] Compiling GRPCCore ClientRPCExecutor.swift
[750/1723] Compiling GRPCCore ClientRequest+Convenience.swift
[751/1723] Compiling GRPCCore ClientResponse+Convenience.swift
[752/1723] Compiling GRPCCore GRPCServer.swift
[753/1723] Compiling GRPCCore Base64.swift
[754/1723] Compiling GRPCCore UnsafeTransfer.swift
[755/1723] Compiling GRPCCore RPCRouter.swift
[756/1723] Compiling GRPCCore RegistrableRPCService.swift
[756/1723] Compiling CNIOBoringSSLShims shims.c
[761/1723] Compiling GRPCCore String+Extensions.swift
[762/1723] Compiling GRPCCore TaskGroup+CancellableTask.swift
[763/1723] Compiling GRPCCore Metadata.swift
[764/1723] Compiling GRPCCore MethodDescriptor.swift
[765/1723] Compiling GRPCCore RPCError.swift
[766/1730] Compiling GRPCCore CallOptions.swift
[767/1730] Compiling GRPCCore ClientContext.swift
[768/1730] Compiling GRPCCore ClientInterceptor.swift
[769/1730] Compiling GRPCCore ClientRequest.swift
[770/1730] Compiling GRPCCore ClientResponse.swift
[771/1731] Compiling tls_method.cc
[772/1731] Compiling CTomlPlusPlus ctoml.cpp
[773/1747] Compiling tls_record.cc
[775/1767] Compiling ContainerizationOS Capabilities.swift
[776/1767] Compiling ContainerizationOS Epoll.swift
[777/1769] Emitting module GRPCCore
[778/1769] Compiling ContainerizationOS Pipe+Close.swift
[779/1769] Compiling ContainerizationOS Reaper.swift
[780/1769] Compiling Yams YamlError.swift
[781/1769] Compiling Yams YamlTagProviding.swift
[782/1769] Compiling ContainerizationOS Stat.swift
/host/spi-builder-workspace/.build/checkouts/containerization/Sources/ContainerizationOS/Socket/Socket.swift:28:8: error: Socket not supported on this platform.
26 | import Darwin
27 | #else
28 | #error("Socket not supported on this platform.")
| `- error: Socket not supported on this platform.
29 | #endif
30 |
/host/spi-builder-workspace/.build/checkouts/containerization/Sources/ContainerizationOS/Socket/SocketType.swift:24:8: error: SocketType not supported on this platform.
22 | import Darwin
23 | #else
24 | #error("SocketType not supported on this platform.")
| `- error: SocketType not supported on this platform.
25 | #endif
26 |
/host/spi-builder-workspace/.build/checkouts/containerization/Sources/ContainerizationOS/Socket/UnixType.swift:27:8: error: UnixType not supported on this platform.
25 | let _SOCK_STREAM = SOCK_STREAM
26 | #else
27 | #error("UnixType not supported on this platform.")
| `- error: UnixType not supported on this platform.
28 | #endif
29 |
/host/spi-builder-workspace/.build/checkouts/containerization/Sources/ContainerizationOS/Socket/VsockType.swift:26:8: error: VsockType not supported on this platform.
24 | import Darwin
25 | #else
26 | #error("VsockType not supported on this platform.")
| `- error: VsockType not supported on this platform.
27 | #endif
28 |
/host/spi-builder-workspace/.build/checkouts/containerization/Sources/ContainerizationOS/Syscall.swift:24:8: error: retryingSyscall not supported on this platform.
22 | import Darwin
23 | #else
24 | #error("retryingSyscall not supported on this platform.")
| `- error: retryingSyscall not supported on this platform.
25 | #endif
26 |
/host/spi-builder-workspace/.build/checkouts/containerization/Sources/ContainerizationOS/Syscall.swift:33:29: error: cannot find 'errno' in scope
31 | while true {
32 | let res = closure()
33 | if res == -1 && errno == EINTR {
| `- error: cannot find 'errno' in scope
34 | continue
35 | }
/host/spi-builder-workspace/.build/checkouts/containerization/Sources/ContainerizationOS/Syscall.swift:33:38: error: cannot find 'EINTR' in scope
31 | while true {
32 | let res = closure()
33 | if res == -1 && errno == EINTR {
| `- error: cannot find 'EINTR' in scope
34 | continue
35 | }
[783/1769] Compiling ContainerizationOS Syscall.swift
/host/spi-builder-workspace/.build/checkouts/containerization/Sources/ContainerizationOS/Socket/Socket.swift:28:8: error: Socket not supported on this platform.
26 | import Darwin
27 | #else
28 | #error("Socket not supported on this platform.")
| `- error: Socket not supported on this platform.
29 | #endif
30 |
/host/spi-builder-workspace/.build/checkouts/containerization/Sources/ContainerizationOS/Socket/SocketType.swift:24:8: error: SocketType not supported on this platform.
22 | import Darwin
23 | #else
24 | #error("SocketType not supported on this platform.")
| `- error: SocketType not supported on this platform.
25 | #endif
26 |
/host/spi-builder-workspace/.build/checkouts/containerization/Sources/ContainerizationOS/Socket/UnixType.swift:27:8: error: UnixType not supported on this platform.
25 | let _SOCK_STREAM = SOCK_STREAM
26 | #else
27 | #error("UnixType not supported on this platform.")
| `- error: UnixType not supported on this platform.
28 | #endif
29 |
/host/spi-builder-workspace/.build/checkouts/containerization/Sources/ContainerizationOS/Socket/VsockType.swift:26:8: error: VsockType not supported on this platform.
24 | import Darwin
25 | #else
26 | #error("VsockType not supported on this platform.")
| `- error: VsockType not supported on this platform.
27 | #endif
28 |
/host/spi-builder-workspace/.build/checkouts/containerization/Sources/ContainerizationOS/Syscall.swift:24:8: error: retryingSyscall not supported on this platform.
22 | import Darwin
23 | #else
24 | #error("retryingSyscall not supported on this platform.")
| `- error: retryingSyscall not supported on this platform.
25 | #endif
26 |
/host/spi-builder-workspace/.build/checkouts/containerization/Sources/ContainerizationOS/Syscall.swift:33:29: error: cannot find 'errno' in scope
31 | while true {
32 | let res = closure()
33 | if res == -1 && errno == EINTR {
| `- error: cannot find 'errno' in scope
34 | continue
35 | }
/host/spi-builder-workspace/.build/checkouts/containerization/Sources/ContainerizationOS/Syscall.swift:33:38: error: cannot find 'EINTR' in scope
31 | while true {
32 | let res = closure()
33 | if res == -1 && errno == EINTR {
| `- error: cannot find 'EINTR' in scope
34 | continue
35 | }
[784/1769] Compiling ContainerizationOS Sysctl.swift
/host/spi-builder-workspace/.build/checkouts/containerization/Sources/ContainerizationOS/Socket/Socket.swift:28:8: error: Socket not supported on this platform.
26 | import Darwin
27 | #else
28 | #error("Socket not supported on this platform.")
| `- error: Socket not supported on this platform.
29 | #endif
30 |
/host/spi-builder-workspace/.build/checkouts/containerization/Sources/ContainerizationOS/Socket/SocketType.swift:24:8: error: SocketType not supported on this platform.
22 | import Darwin
23 | #else
24 | #error("SocketType not supported on this platform.")
| `- error: SocketType not supported on this platform.
25 | #endif
26 |
/host/spi-builder-workspace/.build/checkouts/containerization/Sources/ContainerizationOS/Socket/UnixType.swift:27:8: error: UnixType not supported on this platform.
25 | let _SOCK_STREAM = SOCK_STREAM
26 | #else
27 | #error("UnixType not supported on this platform.")
| `- error: UnixType not supported on this platform.
28 | #endif
29 |
/host/spi-builder-workspace/.build/checkouts/containerization/Sources/ContainerizationOS/Socket/VsockType.swift:26:8: error: VsockType not supported on this platform.
24 | import Darwin
25 | #else
26 | #error("VsockType not supported on this platform.")
| `- error: VsockType not supported on this platform.
27 | #endif
28 |
/host/spi-builder-workspace/.build/checkouts/containerization/Sources/ContainerizationOS/Syscall.swift:24:8: error: retryingSyscall not supported on this platform.
22 | import Darwin
23 | #else
24 | #error("retryingSyscall not supported on this platform.")
| `- error: retryingSyscall not supported on this platform.
25 | #endif
26 |
/host/spi-builder-workspace/.build/checkouts/containerization/Sources/ContainerizationOS/Syscall.swift:33:29: error: cannot find 'errno' in scope
31 | while true {
32 | let res = closure()
33 | if res == -1 && errno == EINTR {
| `- error: cannot find 'errno' in scope
34 | continue
35 | }
/host/spi-builder-workspace/.build/checkouts/containerization/Sources/ContainerizationOS/Syscall.swift:33:38: error: cannot find 'EINTR' in scope
31 | while true {
32 | let res = closure()
33 | if res == -1 && errno == EINTR {
| `- error: cannot find 'EINTR' in scope
34 | continue
35 | }
error: emit-module command failed with exit code 1 (use -v to see invocation)
[785/1772] Emitting module ContainerVersion
/host/spi-builder-workspace/Sources/ContainerVersion/Bundle+AppBundle.swift:17:8: error: no such module 'Darwin'
15 | //===----------------------------------------------------------------------===//
16 |
17 | import Darwin
| `- error: no such module 'Darwin'
18 | import Foundation
19 | import SystemPackage
[786/1772] Compiling ContainerVersion ReleaseVersion.swift
/host/spi-builder-workspace/Sources/ContainerVersion/Bundle+AppBundle.swift:17:8: error: no such module 'Darwin'
15 | //===----------------------------------------------------------------------===//
16 |
17 | import Darwin
| `- error: no such module 'Darwin'
18 | import Foundation
19 | import SystemPackage
[787/1772] Compiling ContainerVersion Bundle+AppBundle.swift
/host/spi-builder-workspace/Sources/ContainerVersion/Bundle+AppBundle.swift:17:8: error: no such module 'Darwin'
15 | //===----------------------------------------------------------------------===//
16 |
17 | import Darwin
| `- error: no such module 'Darwin'
18 | import Foundation
19 | import SystemPackage
[788/1772] Compiling ContainerVersion CommandLine+Executable.swift
/host/spi-builder-workspace/Sources/ContainerVersion/Bundle+AppBundle.swift:17:8: error: no such module 'Darwin'
15 | //===----------------------------------------------------------------------===//
16 |
17 | import Darwin
| `- error: no such module 'Darwin'
18 | import Foundation
19 | import SystemPackage
/host/spi-builder-workspace/.build/checkouts/containerization/Sources/ContainerizationOS/Socket/Socket.swift:28:8: error: Socket not supported on this platform.
26 | import Darwin
27 | #else
28 | #error("Socket not supported on this platform.")
| `- error: Socket not supported on this platform.
29 | #endif
30 |
/host/spi-builder-workspace/.build/checkouts/containerization/Sources/ContainerizationOS/Socket/SocketType.swift:24:8: error: SocketType not supported on this platform.
22 | import Darwin
23 | #else
24 | #error("SocketType not supported on this platform.")
| `- error: SocketType not supported on this platform.
25 | #endif
26 |
/host/spi-builder-workspace/.build/checkouts/containerization/Sources/ContainerizationOS/Socket/UnixType.swift:27:8: error: UnixType not supported on this platform.
25 | let _SOCK_STREAM = SOCK_STREAM
26 | #else
27 | #error("UnixType not supported on this platform.")
| `- error: UnixType not supported on this platform.
28 | #endif
29 |
/host/spi-builder-workspace/.build/checkouts/containerization/Sources/ContainerizationOS/Socket/VsockType.swift:26:8: error: VsockType not supported on this platform.
24 | import Darwin
25 | #else
26 | #error("VsockType not supported on this platform.")
| `- error: VsockType not supported on this platform.
27 | #endif
28 |
/host/spi-builder-workspace/.build/checkouts/containerization/Sources/ContainerizationOS/Syscall.swift:24:8: error: retryingSyscall not supported on this platform.
22 | import Darwin
23 | #else
24 | #error("retryingSyscall not supported on this platform.")
| `- error: retryingSyscall not supported on this platform.
25 | #endif
26 |
/host/spi-builder-workspace/.build/checkouts/containerization/Sources/ContainerizationOS/Terminal.swift:21:28: error: cannot find type 'termios' in scope
19 | /// `Terminal` provides a clean interface to deal with terminal interactions on Unix platforms.
20 | public struct Terminal: Sendable {
21 | private let initState: termios?
| `- error: cannot find type 'termios' in scope
22 |
23 | private var descriptor: Int32 {
/host/spi-builder-workspace/.build/checkouts/containerization/Sources/ContainerizationOS/Terminal.swift:44:19: error: cannot find type 'winsize' in scope
42 | /// The winsize for a pty.
43 | public struct Size: Sendable {
44 | let size: winsize
| `- error: cannot find type 'winsize' in scope
45 |
46 | /// The width or `col` of the pty.
/host/spi-builder-workspace/.build/checkouts/containerization/Sources/ContainerizationOS/Terminal.swift:55:22: error: cannot find type 'winsize' in scope
53 | }
54 |
55 | init(_ size: winsize) {
| `- error: cannot find type 'winsize' in scope
56 | self.size = size
57 | }
/host/spi-builder-workspace/.build/checkouts/containerization/Sources/ContainerizationOS/Terminal.swift:167:56: error: cannot find type 'termios' in scope
165 | }
166 |
167 | private static func getattr(_ fd: Int32) throws -> termios {
| `- error: cannot find type 'termios' in scope
168 | var attr = termios()
169 | try fromSyscall(tcgetattr(fd, &attr))
/host/spi-builder-workspace/.build/checkouts/containerization/Sources/ContainerizationOS/Terminal.swift:61:25: error: cannot find 'winsize' in scope
59 | /// Set the size for use with a pty.
60 | public init(width cols: UInt16, height rows: UInt16) {
61 | self.size = winsize(ws_row: rows, ws_col: cols, ws_xpixel: 0, ws_ypixel: 0)
| `- error: cannot find 'winsize' in scope
62 | }
63 | }
/host/spi-builder-workspace/.build/checkouts/containerization/Sources/ContainerizationOS/Terminal.swift:68:23: error: cannot find 'STDERR_FILENO' in scope
66 | public static var current: Terminal {
67 | get throws {
68 | for i in [STDERR_FILENO, STDOUT_FILENO, STDIN_FILENO] {
| `- error: cannot find 'STDERR_FILENO' in scope
69 | do {
70 | return try Terminal(descriptor: i)
/host/spi-builder-workspace/.build/checkouts/containerization/Sources/ContainerizationOS/Terminal.swift:68:38: error: cannot find 'STDOUT_FILENO' in scope
66 | public static var current: Terminal {
67 | get throws {
68 | for i in [STDERR_FILENO, STDOUT_FILENO, STDIN_FILENO] {
| `- error: cannot find 'STDOUT_FILENO' in scope
69 | do {
70 | return try Terminal(descriptor: i)
/host/spi-builder-workspace/.build/checkouts/containerization/Sources/ContainerizationOS/Terminal.swift:68:53: error: cannot find 'STDIN_FILENO' in scope
66 | public static var current: Terminal {
67 | get throws {
68 | for i in [STDERR_FILENO, STDOUT_FILENO, STDIN_FILENO] {
| `- error: cannot find 'STDIN_FILENO' in scope
69 | do {
70 | return try Terminal(descriptor: i)
/host/spi-builder-workspace/.build/checkouts/containerization/Sources/ContainerizationOS/Terminal.swift:80:22: error: cannot find 'winsize' in scope
78 | public var size: Size {
79 | get throws {
80 | var ws = winsize()
| `- error: cannot find 'winsize' in scope
81 | try fromSyscall(ioctl(descriptor, UInt(TIOCGWINSZ), &ws))
82 | return Size(ws)
/host/spi-builder-workspace/.build/checkouts/containerization/Sources/ContainerizationOS/Terminal.swift:81:29: error: cannot find 'ioctl' in scope
79 | get throws {
80 | var ws = winsize()
81 | try fromSyscall(ioctl(descriptor, UInt(TIOCGWINSZ), &ws))
| `- error: cannot find 'ioctl' in scope
82 | return Size(ws)
83 | }
/host/spi-builder-workspace/.build/checkouts/containerization/Sources/ContainerizationOS/Terminal.swift:81:52: error: cannot find 'TIOCGWINSZ' in scope
79 | get throws {
80 | var ws = winsize()
81 | try fromSyscall(ioctl(descriptor, UInt(TIOCGWINSZ), &ws))
| `- error: cannot find 'TIOCGWINSZ' in scope
82 | return Size(ws)
83 | }
/host/spi-builder-workspace/.build/checkouts/containerization/Sources/ContainerizationOS/Terminal.swift:82:25: error: missing argument label 'width:' in call
80 | var ws = winsize()
81 | try fromSyscall(ioctl(descriptor, UInt(TIOCGWINSZ), &ws))
82 | return Size(ws)
| `- error: missing argument label 'width:' in call
83 | }
84 | }
/host/spi-builder-workspace/.build/checkouts/containerization/Sources/ContainerizationOS/Terminal.swift:82:27: error: missing argument for parameter 'height' in call
58 |
59 | /// Set the size for use with a pty.
60 | public init(width cols: UInt16, height rows: UInt16) {
| `- note: 'init(width:height:)' declared here
61 | self.size = winsize(ws_row: rows, ws_col: cols, ws_xpixel: 0, ws_ypixel: 0)
62 | }
:
80 | var ws = winsize()
81 | try fromSyscall(ioctl(descriptor, UInt(TIOCGWINSZ), &ws))
82 | return Size(ws)
| `- error: missing argument for parameter 'height' in call
83 | }
84 | }
/host/spi-builder-workspace/.build/checkouts/containerization/Sources/ContainerizationOS/Terminal.swift:94:25: error: cannot find 'openpty' in scope
92 | var ws = size.size
93 |
94 | try fromSyscall(openpty(&parent, &child, nil, nil, &ws))
| `- error: cannot find 'openpty' in scope
95 | return (
96 | parent: try Terminal(descriptor: parent, setInitState: false),
/host/spi-builder-workspace/.build/checkouts/containerization/Sources/ContainerizationOS/Terminal.swift:94:50: error: 'nil' requires a contextual type
92 | var ws = size.size
93 |
94 | try fromSyscall(openpty(&parent, &child, nil, nil, &ws))
| `- error: 'nil' requires a contextual type
95 | return (
96 | parent: try Terminal(descriptor: parent, setInitState: false),
/host/spi-builder-workspace/.build/checkouts/containerization/Sources/ContainerizationOS/Terminal.swift:94:55: error: 'nil' requires a contextual type
92 | var ws = size.size
93 |
94 | try fromSyscall(openpty(&parent, &child, nil, nil, &ws))
| `- error: 'nil' requires a contextual type
95 | return (
96 | parent: try Terminal(descriptor: parent, setInitState: false),
/host/spi-builder-workspace/.build/checkouts/containerization/Sources/ContainerizationOS/Terminal.swift:122:25: error: cannot find 'ioctl' in scope
120 | public func resize(from pty: Terminal) throws {
121 | var ws = try pty.size
122 | try fromSyscall(ioctl(descriptor, UInt(TIOCSWINSZ), &ws))
| `- error: cannot find 'ioctl' in scope
123 | }
124 |
/host/spi-builder-workspace/.build/checkouts/containerization/Sources/ContainerizationOS/Terminal.swift:122:48: error: cannot find 'TIOCSWINSZ' in scope
120 | public func resize(from pty: Terminal) throws {
121 | var ws = try pty.size
122 | try fromSyscall(ioctl(descriptor, UInt(TIOCSWINSZ), &ws))
| `- error: cannot find 'TIOCSWINSZ' in scope
123 | }
124 |
/host/spi-builder-workspace/.build/checkouts/containerization/Sources/ContainerizationOS/Terminal.swift:129:25: error: cannot find 'ioctl' in scope
127 | public func resize(size: Size) throws {
128 | var ws = size.size
129 | try fromSyscall(ioctl(descriptor, UInt(TIOCSWINSZ), &ws))
| `- error: cannot find 'ioctl' in scope
130 | }
131 |
/host/spi-builder-workspace/.build/checkouts/containerization/Sources/ContainerizationOS/Terminal.swift:129:48: error: cannot find 'TIOCSWINSZ' in scope
127 | public func resize(size: Size) throws {
128 | var ws = size.size
129 | try fromSyscall(ioctl(descriptor, UInt(TIOCSWINSZ), &ws))
| `- error: cannot find 'TIOCSWINSZ' in scope
130 | }
131 |
/host/spi-builder-workspace/.build/checkouts/containerization/Sources/ContainerizationOS/Terminal.swift:137:25: error: cannot find 'ioctl' in scope
135 | public func resize(width: UInt16, height: UInt16) throws {
136 | var ws = Size(width: width, height: height)
137 | try fromSyscall(ioctl(descriptor, UInt(TIOCSWINSZ), &ws))
| `- error: cannot find 'ioctl' in scope
138 | }
139 | }
/host/spi-builder-workspace/.build/checkouts/containerization/Sources/ContainerizationOS/Terminal.swift:137:48: error: cannot find 'TIOCSWINSZ' in scope
135 | public func resize(width: UInt16, height: UInt16) throws {
136 | var ws = Size(width: width, height: height)
137 | try fromSyscall(ioctl(descriptor, UInt(TIOCSWINSZ), &ws))
| `- error: cannot find 'TIOCSWINSZ' in scope
138 | }
139 | }
/host/spi-builder-workspace/.build/checkouts/containerization/Sources/ContainerizationOS/Terminal.swift:145:9: error: cannot find 'cfmakeraw' in scope
143 | public func setraw() throws {
144 | var attr = try Self.getattr(descriptor)
145 | cfmakeraw(&attr)
| `- error: cannot find 'cfmakeraw' in scope
146 | attr.c_oflag = attr.c_oflag | tcflag_t(OPOST)
147 | try fromSyscall(tcsetattr(descriptor, TCSANOW, &attr))
/host/spi-builder-workspace/.build/checkouts/containerization/Sources/ContainerizationOS/Terminal.swift:146:39: error: cannot find 'tcflag_t' in scope
144 | var attr = try Self.getattr(descriptor)
145 | cfmakeraw(&attr)
146 | attr.c_oflag = attr.c_oflag | tcflag_t(OPOST)
| `- error: cannot find 'tcflag_t' in scope
147 | try fromSyscall(tcsetattr(descriptor, TCSANOW, &attr))
148 | }
/host/spi-builder-workspace/.build/checkouts/containerization/Sources/ContainerizationOS/Terminal.swift:146:48: error: cannot find 'OPOST' in scope
144 | var attr = try Self.getattr(descriptor)
145 | cfmakeraw(&attr)
146 | attr.c_oflag = attr.c_oflag | tcflag_t(OPOST)
| `- error: cannot find 'OPOST' in scope
147 | try fromSyscall(tcsetattr(descriptor, TCSANOW, &attr))
148 | }
/host/spi-builder-workspace/.build/checkouts/containerization/Sources/ContainerizationOS/Terminal.swift:147:25: error: cannot find 'tcsetattr' in scope
145 | cfmakeraw(&attr)
146 | attr.c_oflag = attr.c_oflag | tcflag_t(OPOST)
147 | try fromSyscall(tcsetattr(descriptor, TCSANOW, &attr))
| `- error: cannot find 'tcsetattr' in scope
148 | }
149 |
/host/spi-builder-workspace/.build/checkouts/containerization/Sources/ContainerizationOS/Terminal.swift:147:47: error: cannot find 'TCSANOW' in scope
145 | cfmakeraw(&attr)
146 | attr.c_oflag = attr.c_oflag | tcflag_t(OPOST)
147 | try fromSyscall(tcsetattr(descriptor, TCSANOW, &attr))
| `- error: cannot find 'TCSANOW' in scope
148 | }
149 |
/host/spi-builder-workspace/.build/checkouts/containerization/Sources/ContainerizationOS/Terminal.swift:154:26: error: cannot find 'tcflag_t' in scope
152 | public func enableEcho() throws {
153 | var attr = try Self.getattr(descriptor)
154 | attr.c_iflag &= ~tcflag_t(ICRNL)
| `- error: cannot find 'tcflag_t' in scope
155 | attr.c_lflag &= ~tcflag_t(ICANON | ECHO)
156 | try fromSyscall(tcsetattr(descriptor, TCSANOW, &attr))
/host/spi-builder-workspace/.build/checkouts/containerization/Sources/ContainerizationOS/Terminal.swift:154:35: error: cannot find 'ICRNL' in scope
152 | public func enableEcho() throws {
153 | var attr = try Self.getattr(descriptor)
154 | attr.c_iflag &= ~tcflag_t(ICRNL)
| `- error: cannot find 'ICRNL' in scope
155 | attr.c_lflag &= ~tcflag_t(ICANON | ECHO)
156 | try fromSyscall(tcsetattr(descriptor, TCSANOW, &attr))
/host/spi-builder-workspace/.build/checkouts/containerization/Sources/ContainerizationOS/Terminal.swift:155:26: error: cannot find 'tcflag_t' in scope
153 | var attr = try Self.getattr(descriptor)
154 | attr.c_iflag &= ~tcflag_t(ICRNL)
155 | attr.c_lflag &= ~tcflag_t(ICANON | ECHO)
| `- error: cannot find 'tcflag_t' in scope
156 | try fromSyscall(tcsetattr(descriptor, TCSANOW, &attr))
157 | }
/host/spi-builder-workspace/.build/checkouts/containerization/Sources/ContainerizationOS/Terminal.swift:155:35: error: cannot find 'ICANON' in scope
153 | var attr = try Self.getattr(descriptor)
154 | attr.c_iflag &= ~tcflag_t(ICRNL)
155 | attr.c_lflag &= ~tcflag_t(ICANON | ECHO)
| `- error: cannot find 'ICANON' in scope
156 | try fromSyscall(tcsetattr(descriptor, TCSANOW, &attr))
157 | }
/host/spi-builder-workspace/.build/checkouts/containerization/Sources/ContainerizationOS/Terminal.swift:155:44: error: cannot find 'ECHO' in scope
153 | var attr = try Self.getattr(descriptor)
154 | attr.c_iflag &= ~tcflag_t(ICRNL)
155 | attr.c_lflag &= ~tcflag_t(ICANON | ECHO)
| `- error: cannot find 'ECHO' in scope
156 | try fromSyscall(tcsetattr(descriptor, TCSANOW, &attr))
157 | }
/host/spi-builder-workspace/.build/checkouts/containerization/Sources/ContainerizationOS/Terminal.swift:156:25: error: cannot find 'tcsetattr' in scope
154 | attr.c_iflag &= ~tcflag_t(ICRNL)
155 | attr.c_lflag &= ~tcflag_t(ICANON | ECHO)
156 | try fromSyscall(tcsetattr(descriptor, TCSANOW, &attr))
| `- error: cannot find 'tcsetattr' in scope
157 | }
158 |
/host/spi-builder-workspace/.build/checkouts/containerization/Sources/ContainerizationOS/Terminal.swift:156:47: error: cannot find 'TCSANOW' in scope
154 | attr.c_iflag &= ~tcflag_t(ICRNL)
155 | attr.c_lflag &= ~tcflag_t(ICANON | ECHO)
156 | try fromSyscall(tcsetattr(descriptor, TCSANOW, &attr))
| `- error: cannot find 'TCSANOW' in scope
157 | }
158 |
/host/spi-builder-workspace/.build/checkouts/containerization/Sources/ContainerizationOS/Terminal.swift:163:26: error: cannot find 'tcflag_t' in scope
161 | public func disableEcho() throws {
162 | var attr = try Self.getattr(descriptor)
163 | attr.c_lflag &= ~tcflag_t(ECHO)
| `- error: cannot find 'tcflag_t' in scope
164 | try fromSyscall(tcsetattr(descriptor, TCSANOW, &attr))
165 | }
/host/spi-builder-workspace/.build/checkouts/containerization/Sources/ContainerizationOS/Terminal.swift:163:35: error: cannot find 'ECHO' in scope
161 | public func disableEcho() throws {
162 | var attr = try Self.getattr(descriptor)
163 | attr.c_lflag &= ~tcflag_t(ECHO)
| `- error: cannot find 'ECHO' in scope
164 | try fromSyscall(tcsetattr(descriptor, TCSANOW, &attr))
165 | }
/host/spi-builder-workspace/.build/checkouts/containerization/Sources/ContainerizationOS/Terminal.swift:164:25: error: cannot find 'tcsetattr' in scope
162 | var attr = try Self.getattr(descriptor)
163 | attr.c_lflag &= ~tcflag_t(ECHO)
164 | try fromSyscall(tcsetattr(descriptor, TCSANOW, &attr))
| `- error: cannot find 'tcsetattr' in scope
165 | }
166 |
/host/spi-builder-workspace/.build/checkouts/containerization/Sources/ContainerizationOS/Terminal.swift:164:47: error: cannot find 'TCSANOW' in scope
162 | var attr = try Self.getattr(descriptor)
163 | attr.c_lflag &= ~tcflag_t(ECHO)
164 | try fromSyscall(tcsetattr(descriptor, TCSANOW, &attr))
| `- error: cannot find 'TCSANOW' in scope
165 | }
166 |
/host/spi-builder-workspace/.build/checkouts/containerization/Sources/ContainerizationOS/Terminal.swift:168:20: error: cannot find 'termios' in scope
166 |
167 | private static func getattr(_ fd: Int32) throws -> termios {
168 | var attr = termios()
| `- error: cannot find 'termios' in scope
169 | try fromSyscall(tcgetattr(fd, &attr))
170 | return attr
/host/spi-builder-workspace/.build/checkouts/containerization/Sources/ContainerizationOS/Terminal.swift:169:25: error: cannot find 'tcgetattr' in scope
167 | private static func getattr(_ fd: Int32) throws -> termios {
168 | var attr = termios()
169 | try fromSyscall(tcgetattr(fd, &attr))
| `- error: cannot find 'tcgetattr' in scope
170 | return attr
171 | }
/host/spi-builder-workspace/.build/checkouts/containerization/Sources/ContainerizationOS/Terminal.swift:194:29: error: cannot find 'tcsetattr' in scope
192 | public func reset() throws {
193 | if var attr = initState {
194 | try fromSyscall(tcsetattr(descriptor, TCSANOW, &attr))
| `- error: cannot find 'tcsetattr' in scope
195 | }
196 | }
/host/spi-builder-workspace/.build/checkouts/containerization/Sources/ContainerizationOS/Terminal.swift:194:51: error: cannot find 'TCSANOW' in scope
192 | public func reset() throws {
193 | if var attr = initState {
194 | try fromSyscall(tcsetattr(descriptor, TCSANOW, &attr))
| `- error: cannot find 'TCSANOW' in scope
195 | }
196 | }
/host/spi-builder-workspace/.build/checkouts/containerization/Sources/ContainerizationOS/Terminal.swift:207:42: error: cannot find 'errno' in scope
205 | private func fromSyscall(_ status: Int32) throws {
206 | guard status == 0 else {
207 | throw POSIXError(.init(rawValue: errno)!)
| `- error: cannot find 'errno' in scope
208 | }
209 | }
/root/.swiftpm/swift-sdks/swift-6.3.2-RELEASE_android.artifactbundle/swift-android/ndk-sysroot/usr/include/errno.h:58:9: note: macro 'errno' unavailable: structure not supported
56 | * thread.
57 | */
58 | #define errno (*__errno())
| `- note: macro 'errno' unavailable: structure not supported
59 |
60 | __END_DECLS
/host/spi-builder-workspace/.build/checkouts/containerization/Sources/ContainerizationOS/URL+Extensions.swift:61:18: error: cannot find 'stat' in scope
59 |
60 | public var isDirectory: Bool {
61 | var st = stat()
| `- error: cannot find 'stat' in scope
62 | guard stat(self.path, &st) == 0 else { return false }
63 | return (st.st_mode & S_IFMT) == S_IFDIR
/host/spi-builder-workspace/.build/checkouts/containerization/Sources/ContainerizationOS/URL+Extensions.swift:62:15: error: cannot find 'stat' in scope
60 | public var isDirectory: Bool {
61 | var st = stat()
62 | guard stat(self.path, &st) == 0 else { return false }
| `- error: cannot find 'stat' in scope
63 | return (st.st_mode & S_IFMT) == S_IFDIR
64 | }
/host/spi-builder-workspace/.build/checkouts/containerization/Sources/ContainerizationOS/URL+Extensions.swift:63:30: error: cannot find 'S_IFMT' in scope
61 | var st = stat()
62 | guard stat(self.path, &st) == 0 else { return false }
63 | return (st.st_mode & S_IFMT) == S_IFDIR
| `- error: cannot find 'S_IFMT' in scope
64 | }
65 |
/host/spi-builder-workspace/.build/checkouts/containerization/Sources/ContainerizationOS/URL+Extensions.swift:63:41: error: cannot find 'S_IFDIR' in scope
61 | var st = stat()
62 | guard stat(self.path, &st) == 0 else { return false }
63 | return (st.st_mode & S_IFMT) == S_IFDIR
| `- error: cannot find 'S_IFDIR' in scope
64 | }
65 |
/host/spi-builder-workspace/.build/checkouts/containerization/Sources/ContainerizationOS/URL+Extensions.swift:67:18: error: cannot find 'stat' in scope
65 |
66 | public var isSymlink: Bool {
67 | var st = stat()
| `- error: cannot find 'stat' in scope
68 | guard lstat(self.path, &st) == 0 else { return false }
69 | return (st.st_mode & S_IFMT) == S_IFLNK
/host/spi-builder-workspace/.build/checkouts/containerization/Sources/ContainerizationOS/URL+Extensions.swift:68:15: error: cannot find 'lstat' in scope
66 | public var isSymlink: Bool {
67 | var st = stat()
68 | guard lstat(self.path, &st) == 0 else { return false }
| `- error: cannot find 'lstat' in scope
69 | return (st.st_mode & S_IFMT) == S_IFLNK
70 | }
/host/spi-builder-workspace/.build/checkouts/containerization/Sources/ContainerizationOS/URL+Extensions.swift:69:30: error: cannot find 'S_IFMT' in scope
67 | var st = stat()
68 | guard lstat(self.path, &st) == 0 else { return false }
69 | return (st.st_mode & S_IFMT) == S_IFLNK
| `- error: cannot find 'S_IFMT' in scope
70 | }
71 | }
[788/1772] Compiling tls13_enc.cc
[788/1772] Compiling tls13_server.cc
BUILD FAILURE 6.3 android