Build Information
Failed to build MuscleMap, reference main (d53ddf), with Swift 6.4 for watchOS using Xcode 27.0 on 27 Oct 2026 16:09:33 UTC.
Build Command
env DEVELOPER_DIR=/Applications/Xcode-27.0.0.app xcrun xcodebuild -IDEClonedSourcePackagesDirPathOverride=$PWD/.dependencies -skipMacroValidation -skipPackagePluginValidation -derivedDataPath $PWD/.derivedData build -scheme MuscleMap -destination generic/platform=watchOSBuild Log
========================================
RunAll
========================================
Builder version: 5.1.3
Interrupt handler set up.
========================================
Checkout
========================================
Clone URL: https://github.com/melihcolpan/MuscleMap.git
Reference: main
Initialized empty Git repository in /Users/admin/builder/spi-builder-workspace/.git/
From https://github.com/melihcolpan/MuscleMap
* branch main -> FETCH_HEAD
* [new branch] main -> origin/main
HEAD is now at d53ddf4 Note that CocoaPods Trunk goes read-only in December
Cloned https://github.com/melihcolpan/MuscleMap.git
Revision (git rev-parse @):
d53ddf4d480b65979f1008b203e6b6eda0e67e54
SPI manifest file found: $PWD/.spi.yml
SUCCESS checkout https://github.com/melihcolpan/MuscleMap.git at main
========================================
Build
========================================
Selected platform: watchOS
Swift version: 6.4
Building package at path: $PWD
https://github.com/melihcolpan/MuscleMap.git
Command line invocation:
/Applications/Xcode-27.0.0.app/Contents/Developer/usr/bin/xcodebuild -IDEClonedSourcePackagesDirPathOverride=/Users/admin/builder/spi-builder-workspace/.dependencies -resolvePackageDependencies
Resolve Package Graph
Resolve Package Graph
Resolved source packages:
MuscleMap: /Users/admin/builder/spi-builder-workspace
resolved source packages: MuscleMap
2026-10-27 12:08:45.725 xcodebuild[530:3053] [MT] IDERunDestination: Supported platforms for the buildables in the current scheme is empty.
{
"default_localization" : "en",
"dependencies" : [
],
"manifest_display_name" : "MuscleMap",
"name" : "MuscleMap",
"path" : "/Users/admin/builder/spi-builder-workspace",
"platforms" : [
{
"name" : "ios",
"version" : "17.0"
},
{
"name" : "macos",
"version" : "14.0"
}
],
"products" : [
{
"name" : "MuscleMap",
"targets" : [
"MuscleMap"
],
"type" : {
"library" : [
"automatic"
]
}
}
],
"swift_languages_versions" : [
"6"
],
"targets" : [
{
"c99name" : "MuscleMapTests",
"module_type" : "SwiftTarget",
"name" : "MuscleMapTests",
"path" : "Tests/MuscleMapTests",
"sources" : [
"AccessibilityTests.swift",
"AnimationTests.swift",
"BodyPathDataTests.swift",
"BodyViewStyleTests.swift",
"HeatmapTests.swift",
"InteractiveTests.swift",
"LocalizationTests.swift",
"MuscleFillTests.swift",
"MuscleTests.swift",
"PathBuilderTests.swift",
"PathCacheTests.swift",
"SVGPathParserTests.swift",
"SnapshotTests.swift",
"SubGroupTests.swift",
"UIKitWrapperTests.swift"
],
"target_dependencies" : [
"MuscleMap"
],
"type" : "test"
},
{
"c99name" : "MuscleMap",
"module_type" : "SwiftTarget",
"name" : "MuscleMap",
"path" : "Sources/MuscleMap",
"product_memberships" : [
"MuscleMap"
],
"resources" : [
{
"path" : "/Users/admin/builder/spi-builder-workspace/Sources/MuscleMap/Resources/ar.lproj/Localizable.strings",
"rule" : {
"process" : {
"localization" : "ar"
}
}
},
{
"path" : "/Users/admin/builder/spi-builder-workspace/Sources/MuscleMap/Resources/de.lproj/Localizable.strings",
"rule" : {
"process" : {
"localization" : "de"
}
}
},
{
"path" : "/Users/admin/builder/spi-builder-workspace/Sources/MuscleMap/Resources/en.lproj/Localizable.strings",
"rule" : {
"process" : {
"localization" : "en"
}
}
},
{
"path" : "/Users/admin/builder/spi-builder-workspace/Sources/MuscleMap/Resources/es.lproj/Localizable.strings",
"rule" : {
"process" : {
"localization" : "es"
}
}
},
{
"path" : "/Users/admin/builder/spi-builder-workspace/Sources/MuscleMap/Resources/fr.lproj/Localizable.strings",
"rule" : {
"process" : {
"localization" : "fr"
}
}
},
{
"path" : "/Users/admin/builder/spi-builder-workspace/Sources/MuscleMap/Resources/ja.lproj/Localizable.strings",
"rule" : {
"process" : {
"localization" : "ja"
}
}
},
{
"path" : "/Users/admin/builder/spi-builder-workspace/Sources/MuscleMap/Resources/ko.lproj/Localizable.strings",
"rule" : {
"process" : {
"localization" : "ko"
}
}
},
{
"path" : "/Users/admin/builder/spi-builder-workspace/Sources/MuscleMap/Resources/pt-BR.lproj/Localizable.strings",
"rule" : {
"process" : {
"localization" : "pt-br"
}
}
},
{
"path" : "/Users/admin/builder/spi-builder-workspace/Sources/MuscleMap/Resources/ru.lproj/Localizable.strings",
"rule" : {
"process" : {
"localization" : "ru"
}
}
},
{
"path" : "/Users/admin/builder/spi-builder-workspace/Sources/MuscleMap/Resources/tr.lproj/Localizable.strings",
"rule" : {
"process" : {
"localization" : "tr"
}
}
},
{
"path" : "/Users/admin/builder/spi-builder-workspace/Sources/MuscleMap/Resources/zh-Hans.lproj/Localizable.strings",
"rule" : {
"process" : {
"localization" : "zh-hans"
}
}
}
],
"sources" : [
"Core/PathBuilder.swift",
"Core/SVGPathCommand.swift",
"Core/SVGPathParser.swift",
"Data/BodyPathData.swift",
"Data/FemaleBackPaths.swift",
"Data/FemaleFrontPaths.swift",
"Data/MaleBackPaths.swift",
"Data/MaleFrontPaths.swift",
"Data/Muscle.swift",
"Data/MuscleSelection.swift",
"Data/MuscleSide.swift",
"Extensions/Bundle+MuscleMap.swift",
"Extensions/Color+Extensions.swift",
"Heatmap/ColorInterpolation.swift",
"Heatmap/HeatmapColorScale.swift",
"Heatmap/HeatmapConfiguration.swift",
"Heatmap/MuscleFill.swift",
"Heatmap/MuscleIntensity.swift",
"Rendering/BodyRenderer.swift",
"Rendering/PathCache.swift",
"Views/AnimatedBodyView.swift",
"Views/BodyAccessibilityOverlay.swift",
"Views/BodyView.swift",
"Views/BodyViewStyle.swift",
"Views/HeatmapLegendUIView.swift",
"Views/HeatmapLegendView.swift",
"Views/InteractiveBodyOverlay.swift",
"Views/MuscleMapView.swift",
"Views/MuscleTooltip.swift",
"Views/SelectionHistory.swift",
"Views/ZoomableBodyContainer.swift"
],
"type" : "library"
}
],
"tools_version" : "6.0"
}
{
"workspace" : {
"name" : "MuscleMap",
"schemes" : [
"MuscleMap"
]
}
}
2026-10-27 12:09:20.057 xcodebuild[628:3888] [MT] IDERunDestination: Supported platforms for the buildables in the current scheme is empty.
Running build ...
env DEVELOPER_DIR=/Applications/Xcode-27.0.0.app xcrun xcodebuild -IDEClonedSourcePackagesDirPathOverride=$PWD/.dependencies -skipMacroValidation -skipPackagePluginValidation -derivedDataPath $PWD/.derivedData build -scheme MuscleMap -destination generic/platform=watchOS
Command line invocation:
/Applications/Xcode-27.0.0.app/Contents/Developer/usr/bin/xcodebuild -IDEClonedSourcePackagesDirPathOverride=/Users/admin/builder/spi-builder-workspace/.dependencies -skipMacroValidation -skipPackagePluginValidation -derivedDataPath /Users/admin/builder/spi-builder-workspace/.derivedData build -scheme MuscleMap -destination generic/platform=watchOS
Resolve Package Graph
Resolve Package Graph
Resolved source packages:
MuscleMap: /Users/admin/builder/spi-builder-workspace
ComputePackagePrebuildTargetDependencyGraph
Prepare packages
CreateBuildRequest
SendProjectDescription
CreateBuildOperation
ComputeTargetDependencyGraph
note: Building targets in dependency order
note: Target dependency graph (3 targets)
Target 'MuscleMap-product' in project 'MuscleMap'
➜ Explicit dependency on target 'MuscleMap' in project 'MuscleMap'
➜ Explicit dependency on target 'MuscleMap_MuscleMap' in project 'MuscleMap'
Target 'MuscleMap' in project 'MuscleMap'
➜ Explicit dependency on target 'MuscleMap_MuscleMap' in project 'MuscleMap'
Target 'MuscleMap_MuscleMap' in project 'MuscleMap' (no dependencies)
GatherProvisioningInputs
CreateBuildDescription
ExecuteExternalTool /Applications/Xcode-27.0.0.app/Contents/Developer/Toolchains/XcodeDefault.xctoolchain/usr/bin/clang -v -E -dM -isysroot /Applications/Xcode-27.0.0.app/Contents/Developer/Platforms/WatchOS.platform/Developer/SDKs/WatchOS27.0.sdk -x c -c /dev/null
ExecuteExternalTool /Applications/Xcode-27.0.0.app/Contents/Developer/Toolchains/XcodeDefault.xctoolchain/usr/bin/swiftc --version
ExecuteExternalTool /Applications/Xcode-27.0.0.app/Contents/Developer/Toolchains/XcodeDefault.xctoolchain/usr/bin/ld -version_details
ReadFileContents /Applications/Xcode-27.0.0.app/Contents/Developer/Toolchains/XcodeDefault.xctoolchain/usr/share/docc/features.json
Build description signature: de64731fd099a45b39e89375b951094b
Build description path: /Users/admin/builder/spi-builder-workspace/.derivedData/Build/Intermediates.noindex/XCBuildData/de64731fd099a45b39e89375b951094b.xcbuilddata
CreateBuildDirectory /Users/admin/builder/spi-builder-workspace/.derivedData/ModuleCache.noindex
cd /Users/admin/builder/spi-builder-workspace/.swiftpm/xcode
builtin-create-build-directory /Users/admin/builder/spi-builder-workspace/.derivedData/ModuleCache.noindex
CreateBuildDirectory /Users/admin/builder/spi-builder-workspace/.derivedData/CompilationCache.noindex
cd /Users/admin/builder/spi-builder-workspace/.swiftpm/xcode
builtin-create-build-directory /Users/admin/builder/spi-builder-workspace/.derivedData/CompilationCache.noindex
CreateBuildDirectory /Users/admin/builder/spi-builder-workspace/.derivedData/SDKExplicitPrecompiledModules
cd /Users/admin/builder/spi-builder-workspace/.swiftpm/xcode
builtin-create-build-directory /Users/admin/builder/spi-builder-workspace/.derivedData/SDKExplicitPrecompiledModules
ClangStatCache /Applications/Xcode-27.0.0.app/Contents/Developer/Toolchains/XcodeDefault.xctoolchain/usr/bin/clang-stat-cache /Applications/Xcode-27.0.0.app/Contents/Developer/Platforms/WatchOS.platform/Developer/SDKs/WatchOS27.0.sdk /Users/admin/builder/spi-builder-workspace/.derivedData/SDKStatCaches.noindex/watchos27.0-24R360-e829b21a6f8c9b70876ba0858053c044b9db9bc9c079ee3c7b5f3373b13d10bc.sdkstatcache
cd /Users/admin/builder/spi-builder-workspace/.swiftpm/xcode
/Applications/Xcode-27.0.0.app/Contents/Developer/Toolchains/XcodeDefault.xctoolchain/usr/bin/clang-stat-cache /Applications/Xcode-27.0.0.app/Contents/Developer/Platforms/WatchOS.platform/Developer/SDKs/WatchOS27.0.sdk -o /Users/admin/builder/spi-builder-workspace/.derivedData/SDKStatCaches.noindex/watchos27.0-24R360-e829b21a6f8c9b70876ba0858053c044b9db9bc9c079ee3c7b5f3373b13d10bc.sdkstatcache
CreateBuildDirectory /Users/admin/builder/spi-builder-workspace/.derivedData/Build/Intermediates.noindex
cd /Users/admin/builder/spi-builder-workspace/.swiftpm/xcode
builtin-create-build-directory /Users/admin/builder/spi-builder-workspace/.derivedData/Build/Intermediates.noindex
CreateBuildDirectory /Users/admin/builder/spi-builder-workspace/.derivedData/Build/Products
cd /Users/admin/builder/spi-builder-workspace/.swiftpm/xcode
builtin-create-build-directory /Users/admin/builder/spi-builder-workspace/.derivedData/Build/Products
CreateBuildDirectory /Users/admin/builder/spi-builder-workspace/.derivedData/Build/Intermediates.noindex/SwiftExplicitPrecompiledModules
cd /Users/admin/builder/spi-builder-workspace/.swiftpm/xcode
builtin-create-build-directory /Users/admin/builder/spi-builder-workspace/.derivedData/Build/Intermediates.noindex/SwiftExplicitPrecompiledModules
CreateBuildDirectory /Users/admin/builder/spi-builder-workspace/.derivedData/Build/Intermediates.noindex/ExplicitPrecompiledModules
cd /Users/admin/builder/spi-builder-workspace/.swiftpm/xcode
builtin-create-build-directory /Users/admin/builder/spi-builder-workspace/.derivedData/Build/Intermediates.noindex/ExplicitPrecompiledModules
CreateBuildDirectory /Users/admin/builder/spi-builder-workspace/.derivedData/Build/Intermediates.noindex/PrecompiledHeaders
cd /Users/admin/builder/spi-builder-workspace/.swiftpm/xcode
builtin-create-build-directory /Users/admin/builder/spi-builder-workspace/.derivedData/Build/Intermediates.noindex/PrecompiledHeaders
CreateBuildDirectory /Users/admin/builder/spi-builder-workspace/.derivedData/Build/Intermediates.noindex/EagerLinkingTBDs/Debug-watchos
cd /Users/admin/builder/spi-builder-workspace/.swiftpm/xcode
builtin-create-build-directory /Users/admin/builder/spi-builder-workspace/.derivedData/Build/Intermediates.noindex/EagerLinkingTBDs/Debug-watchos
CreateBuildDirectory /Users/admin/builder/spi-builder-workspace/.derivedData/Build/Products/Debug-watchos
cd /Users/admin/builder/spi-builder-workspace/.swiftpm/xcode
builtin-create-build-directory /Users/admin/builder/spi-builder-workspace/.derivedData/Build/Products/Debug-watchos
CreateBuildDirectory /Users/admin/builder/spi-builder-workspace/.derivedData/Build/Products/Debug-watchos/PackageFrameworks
cd /Users/admin/builder/spi-builder-workspace/.swiftpm/xcode
builtin-create-build-directory /Users/admin/builder/spi-builder-workspace/.derivedData/Build/Products/Debug-watchos/PackageFrameworks
MkDir /Users/admin/builder/spi-builder-workspace/.derivedData/Build/Products/Debug-watchos/MuscleMap_MuscleMap.bundle (in target 'MuscleMap_MuscleMap' from project 'MuscleMap')
cd /Users/admin/builder/spi-builder-workspace
/bin/mkdir -p /Users/admin/builder/spi-builder-workspace/.derivedData/Build/Products/Debug-watchos/MuscleMap_MuscleMap.bundle
WriteAuxiliaryFile /Users/admin/builder/spi-builder-workspace/.derivedData/Build/Intermediates.noindex/MuscleMap.build/Debug-watchos/MuscleMap_MuscleMap-b.build/MuscleMap_MuscleMap.DependencyMetadataFileList (in target 'MuscleMap_MuscleMap' from project 'MuscleMap')
cd /Users/admin/builder/spi-builder-workspace
write-file /Users/admin/builder/spi-builder-workspace/.derivedData/Build/Intermediates.noindex/MuscleMap.build/Debug-watchos/MuscleMap_MuscleMap-b.build/MuscleMap_MuscleMap.DependencyMetadataFileList
WriteAuxiliaryFile /Users/admin/builder/spi-builder-workspace/.derivedData/Build/Intermediates.noindex/MuscleMap.build/Debug-watchos/MuscleMap_MuscleMap-b.build/empty-MuscleMap_MuscleMap.plist (in target 'MuscleMap_MuscleMap' from project 'MuscleMap')
cd /Users/admin/builder/spi-builder-workspace
write-file /Users/admin/builder/spi-builder-workspace/.derivedData/Build/Intermediates.noindex/MuscleMap.build/Debug-watchos/MuscleMap_MuscleMap-b.build/empty-MuscleMap_MuscleMap.plist
WriteAuxiliaryFile /Users/admin/builder/spi-builder-workspace/.derivedData/Build/Intermediates.noindex/MuscleMap.build/Debug-watchos/MuscleMap_MuscleMap-b.build/MuscleMap_MuscleMap.DependencyStaticMetadataFileList (in target 'MuscleMap_MuscleMap' from project 'MuscleMap')
cd /Users/admin/builder/spi-builder-workspace
write-file /Users/admin/builder/spi-builder-workspace/.derivedData/Build/Intermediates.noindex/MuscleMap.build/Debug-watchos/MuscleMap_MuscleMap-b.build/MuscleMap_MuscleMap.DependencyStaticMetadataFileList
WriteAuxiliaryFile /Users/admin/builder/spi-builder-workspace/.derivedData/Build/Intermediates.noindex/MuscleMap.build/Debug-watchos/MuscleMap-t.build/Objects-normal/arm64_32/MuscleMap_const_extract_protocols.json (in target 'MuscleMap' from project 'MuscleMap')
cd /Users/admin/builder/spi-builder-workspace
write-file /Users/admin/builder/spi-builder-workspace/.derivedData/Build/Intermediates.noindex/MuscleMap.build/Debug-watchos/MuscleMap-t.build/Objects-normal/arm64_32/MuscleMap_const_extract_protocols.json
WriteAuxiliaryFile /Users/admin/builder/spi-builder-workspace/.derivedData/Build/Intermediates.noindex/MuscleMap.build/Debug-watchos/MuscleMap-t.build/Objects-normal/arm64_32/MuscleMap.SwiftFileList (in target 'MuscleMap' from project 'MuscleMap')
cd /Users/admin/builder/spi-builder-workspace
write-file /Users/admin/builder/spi-builder-workspace/.derivedData/Build/Intermediates.noindex/MuscleMap.build/Debug-watchos/MuscleMap-t.build/Objects-normal/arm64_32/MuscleMap.SwiftFileList
WriteAuxiliaryFile /Users/admin/builder/spi-builder-workspace/.derivedData/Build/Intermediates.noindex/MuscleMap.build/Debug-watchos/MuscleMap-t.build/Objects-normal/arm64_32/MuscleMap-OutputFileMap.json (in target 'MuscleMap' from project 'MuscleMap')
cd /Users/admin/builder/spi-builder-workspace
write-file /Users/admin/builder/spi-builder-workspace/.derivedData/Build/Intermediates.noindex/MuscleMap.build/Debug-watchos/MuscleMap-t.build/Objects-normal/arm64_32/MuscleMap-OutputFileMap.json
WriteAuxiliaryFile /Users/admin/builder/spi-builder-workspace/.derivedData/Build/Intermediates.noindex/MuscleMap.build/Debug-watchos/MuscleMap-t.build/Objects-normal/arm64_32/MuscleMap.LinkFileList (in target 'MuscleMap' from project 'MuscleMap')
cd /Users/admin/builder/spi-builder-workspace
write-file /Users/admin/builder/spi-builder-workspace/.derivedData/Build/Intermediates.noindex/MuscleMap.build/Debug-watchos/MuscleMap-t.build/Objects-normal/arm64_32/MuscleMap.LinkFileList
WriteAuxiliaryFile /Users/admin/builder/spi-builder-workspace/.derivedData/Build/Intermediates.noindex/MuscleMap.build/Debug-watchos/MuscleMap-t.build/Objects-normal/arm64_32/MuscleMap.SwiftConstValuesFileList (in target 'MuscleMap' from project 'MuscleMap')
cd /Users/admin/builder/spi-builder-workspace
write-file /Users/admin/builder/spi-builder-workspace/.derivedData/Build/Intermediates.noindex/MuscleMap.build/Debug-watchos/MuscleMap-t.build/Objects-normal/arm64_32/MuscleMap.SwiftConstValuesFileList
WriteAuxiliaryFile /Users/admin/builder/spi-builder-workspace/.derivedData/Build/Intermediates.noindex/MuscleMap.build/Debug-watchos/MuscleMap-t.build/Objects-normal/arm64/MuscleMap_const_extract_protocols.json (in target 'MuscleMap' from project 'MuscleMap')
cd /Users/admin/builder/spi-builder-workspace
write-file /Users/admin/builder/spi-builder-workspace/.derivedData/Build/Intermediates.noindex/MuscleMap.build/Debug-watchos/MuscleMap-t.build/Objects-normal/arm64/MuscleMap_const_extract_protocols.json
WriteAuxiliaryFile /Users/admin/builder/spi-builder-workspace/.derivedData/Build/Intermediates.noindex/MuscleMap.build/Debug-watchos/MuscleMap-t.build/Objects-normal/arm64/MuscleMap.SwiftFileList (in target 'MuscleMap' from project 'MuscleMap')
cd /Users/admin/builder/spi-builder-workspace
write-file /Users/admin/builder/spi-builder-workspace/.derivedData/Build/Intermediates.noindex/MuscleMap.build/Debug-watchos/MuscleMap-t.build/Objects-normal/arm64/MuscleMap.SwiftFileList
WriteAuxiliaryFile /Users/admin/builder/spi-builder-workspace/.derivedData/Build/Intermediates.noindex/MuscleMap.build/Debug-watchos/MuscleMap-t.build/Objects-normal/arm64/MuscleMap.SwiftConstValuesFileList (in target 'MuscleMap' from project 'MuscleMap')
cd /Users/admin/builder/spi-builder-workspace
write-file /Users/admin/builder/spi-builder-workspace/.derivedData/Build/Intermediates.noindex/MuscleMap.build/Debug-watchos/MuscleMap-t.build/Objects-normal/arm64/MuscleMap.SwiftConstValuesFileList
WriteAuxiliaryFile /Users/admin/builder/spi-builder-workspace/.derivedData/Build/Intermediates.noindex/MuscleMap.build/Debug-watchos/MuscleMap-t.build/Objects-normal/arm64/MuscleMap.LinkFileList (in target 'MuscleMap' from project 'MuscleMap')
cd /Users/admin/builder/spi-builder-workspace
write-file /Users/admin/builder/spi-builder-workspace/.derivedData/Build/Intermediates.noindex/MuscleMap.build/Debug-watchos/MuscleMap-t.build/Objects-normal/arm64/MuscleMap.LinkFileList
WriteAuxiliaryFile /Users/admin/builder/spi-builder-workspace/.derivedData/Build/Intermediates.noindex/MuscleMap.build/Debug-watchos/MuscleMap-t.build/Objects-normal/arm64/MuscleMap-OutputFileMap.json (in target 'MuscleMap' from project 'MuscleMap')
cd /Users/admin/builder/spi-builder-workspace
write-file /Users/admin/builder/spi-builder-workspace/.derivedData/Build/Intermediates.noindex/MuscleMap.build/Debug-watchos/MuscleMap-t.build/Objects-normal/arm64/MuscleMap-OutputFileMap.json
WriteAuxiliaryFile /Users/admin/builder/spi-builder-workspace/.derivedData/Build/Intermediates.noindex/MuscleMap.build/Debug-watchos/MuscleMap-t.build/MuscleMap.modulemap (in target 'MuscleMap' from project 'MuscleMap')
cd /Users/admin/builder/spi-builder-workspace
write-file /Users/admin/builder/spi-builder-workspace/.derivedData/Build/Intermediates.noindex/MuscleMap.build/Debug-watchos/MuscleMap-t.build/MuscleMap.modulemap
WriteAuxiliaryFile /Users/admin/builder/spi-builder-workspace/.derivedData/Build/Intermediates.noindex/MuscleMap.build/Debug-watchos/MuscleMap-t.build/MuscleMap.DependencyStaticMetadataFileList (in target 'MuscleMap' from project 'MuscleMap')
cd /Users/admin/builder/spi-builder-workspace
write-file /Users/admin/builder/spi-builder-workspace/.derivedData/Build/Intermediates.noindex/MuscleMap.build/Debug-watchos/MuscleMap-t.build/MuscleMap.DependencyStaticMetadataFileList
WriteAuxiliaryFile /Users/admin/builder/spi-builder-workspace/.derivedData/Build/Intermediates.noindex/MuscleMap.build/Debug-watchos/MuscleMap-t.build/MuscleMap.DependencyMetadataFileList (in target 'MuscleMap' from project 'MuscleMap')
cd /Users/admin/builder/spi-builder-workspace
write-file /Users/admin/builder/spi-builder-workspace/.derivedData/Build/Intermediates.noindex/MuscleMap.build/Debug-watchos/MuscleMap-t.build/MuscleMap.DependencyMetadataFileList
WriteAuxiliaryFile /Users/admin/builder/spi-builder-workspace/.derivedData/Build/Intermediates.noindex/MuscleMap.build/Debug-watchos/MuscleMap-t.build/DerivedSources/resource_bundle_accessor.swift (in target 'MuscleMap' from project 'MuscleMap')
cd /Users/admin/builder/spi-builder-workspace
write-file /Users/admin/builder/spi-builder-workspace/.derivedData/Build/Intermediates.noindex/MuscleMap.build/Debug-watchos/MuscleMap-t.build/DerivedSources/resource_bundle_accessor.swift
Copy /Users/admin/builder/spi-builder-workspace/.derivedData/Build/Intermediates.noindex/GeneratedModuleMaps-watchos/MuscleMap.modulemap /Users/admin/builder/spi-builder-workspace/.derivedData/Build/Intermediates.noindex/MuscleMap.build/Debug-watchos/MuscleMap-t.build/MuscleMap.modulemap (in target 'MuscleMap' from project 'MuscleMap')
cd /Users/admin/builder/spi-builder-workspace
builtin-copy -exclude .DS_Store -exclude CVS -exclude .svn -exclude .git -exclude .hg -resolve-src-symlinks /Users/admin/builder/spi-builder-workspace/.derivedData/Build/Intermediates.noindex/MuscleMap.build/Debug-watchos/MuscleMap-t.build/MuscleMap.modulemap /Users/admin/builder/spi-builder-workspace/.derivedData/Build/Intermediates.noindex/GeneratedModuleMaps-watchos
ProcessInfoPlistFile /Users/admin/builder/spi-builder-workspace/.derivedData/Build/Products/Debug-watchos/MuscleMap_MuscleMap.bundle/Info.plist /Users/admin/builder/spi-builder-workspace/.derivedData/Build/Intermediates.noindex/MuscleMap.build/Debug-watchos/MuscleMap_MuscleMap-b.build/empty-MuscleMap_MuscleMap.plist (in target 'MuscleMap_MuscleMap' from project 'MuscleMap')
cd /Users/admin/builder/spi-builder-workspace
builtin-infoPlistUtility /Users/admin/builder/spi-builder-workspace/.derivedData/Build/Intermediates.noindex/MuscleMap.build/Debug-watchos/MuscleMap_MuscleMap-b.build/empty-MuscleMap_MuscleMap.plist -producttype com.apple.product-type.bundle -expandbuildsettings -format binary -platform watchos -o /Users/admin/builder/spi-builder-workspace/.derivedData/Build/Products/Debug-watchos/MuscleMap_MuscleMap.bundle/Info.plist
CpResource /Users/admin/builder/spi-builder-workspace/.derivedData/Build/Products/Debug-watchos/MuscleMap_MuscleMap.bundle/zh-Hans.lproj/Localizable.strings /Users/admin/builder/spi-builder-workspace/Sources/MuscleMap/Resources/zh-Hans.lproj/Localizable.strings (in target 'MuscleMap_MuscleMap' from project 'MuscleMap')
cd /Users/admin/builder/spi-builder-workspace
builtin-copy -exclude .DS_Store -exclude CVS -exclude .svn -exclude .git -exclude .hg -resolve-src-symlinks /Users/admin/builder/spi-builder-workspace/Sources/MuscleMap/Resources/zh-Hans.lproj/Localizable.strings /Users/admin/builder/spi-builder-workspace/.derivedData/Build/Products/Debug-watchos/MuscleMap_MuscleMap.bundle/zh-Hans.lproj
CpResource /Users/admin/builder/spi-builder-workspace/.derivedData/Build/Products/Debug-watchos/MuscleMap_MuscleMap.bundle/tr.lproj/Localizable.strings /Users/admin/builder/spi-builder-workspace/Sources/MuscleMap/Resources/tr.lproj/Localizable.strings (in target 'MuscleMap_MuscleMap' from project 'MuscleMap')
cd /Users/admin/builder/spi-builder-workspace
builtin-copy -exclude .DS_Store -exclude CVS -exclude .svn -exclude .git -exclude .hg -resolve-src-symlinks /Users/admin/builder/spi-builder-workspace/Sources/MuscleMap/Resources/tr.lproj/Localizable.strings /Users/admin/builder/spi-builder-workspace/.derivedData/Build/Products/Debug-watchos/MuscleMap_MuscleMap.bundle/tr.lproj
CpResource /Users/admin/builder/spi-builder-workspace/.derivedData/Build/Products/Debug-watchos/MuscleMap_MuscleMap.bundle/ru.lproj/Localizable.strings /Users/admin/builder/spi-builder-workspace/Sources/MuscleMap/Resources/ru.lproj/Localizable.strings (in target 'MuscleMap_MuscleMap' from project 'MuscleMap')
cd /Users/admin/builder/spi-builder-workspace
builtin-copy -exclude .DS_Store -exclude CVS -exclude .svn -exclude .git -exclude .hg -resolve-src-symlinks /Users/admin/builder/spi-builder-workspace/Sources/MuscleMap/Resources/ru.lproj/Localizable.strings /Users/admin/builder/spi-builder-workspace/.derivedData/Build/Products/Debug-watchos/MuscleMap_MuscleMap.bundle/ru.lproj
CpResource /Users/admin/builder/spi-builder-workspace/.derivedData/Build/Products/Debug-watchos/MuscleMap_MuscleMap.bundle/pt-BR.lproj/Localizable.strings /Users/admin/builder/spi-builder-workspace/Sources/MuscleMap/Resources/pt-BR.lproj/Localizable.strings (in target 'MuscleMap_MuscleMap' from project 'MuscleMap')
cd /Users/admin/builder/spi-builder-workspace
builtin-copy -exclude .DS_Store -exclude CVS -exclude .svn -exclude .git -exclude .hg -resolve-src-symlinks /Users/admin/builder/spi-builder-workspace/Sources/MuscleMap/Resources/pt-BR.lproj/Localizable.strings /Users/admin/builder/spi-builder-workspace/.derivedData/Build/Products/Debug-watchos/MuscleMap_MuscleMap.bundle/pt-BR.lproj
CpResource /Users/admin/builder/spi-builder-workspace/.derivedData/Build/Products/Debug-watchos/MuscleMap_MuscleMap.bundle/ko.lproj/Localizable.strings /Users/admin/builder/spi-builder-workspace/Sources/MuscleMap/Resources/ko.lproj/Localizable.strings (in target 'MuscleMap_MuscleMap' from project 'MuscleMap')
cd /Users/admin/builder/spi-builder-workspace
builtin-copy -exclude .DS_Store -exclude CVS -exclude .svn -exclude .git -exclude .hg -resolve-src-symlinks /Users/admin/builder/spi-builder-workspace/Sources/MuscleMap/Resources/ko.lproj/Localizable.strings /Users/admin/builder/spi-builder-workspace/.derivedData/Build/Products/Debug-watchos/MuscleMap_MuscleMap.bundle/ko.lproj
CpResource /Users/admin/builder/spi-builder-workspace/.derivedData/Build/Products/Debug-watchos/MuscleMap_MuscleMap.bundle/ja.lproj/Localizable.strings /Users/admin/builder/spi-builder-workspace/Sources/MuscleMap/Resources/ja.lproj/Localizable.strings (in target 'MuscleMap_MuscleMap' from project 'MuscleMap')
cd /Users/admin/builder/spi-builder-workspace
builtin-copy -exclude .DS_Store -exclude CVS -exclude .svn -exclude .git -exclude .hg -resolve-src-symlinks /Users/admin/builder/spi-builder-workspace/Sources/MuscleMap/Resources/ja.lproj/Localizable.strings /Users/admin/builder/spi-builder-workspace/.derivedData/Build/Products/Debug-watchos/MuscleMap_MuscleMap.bundle/ja.lproj
CpResource /Users/admin/builder/spi-builder-workspace/.derivedData/Build/Products/Debug-watchos/MuscleMap_MuscleMap.bundle/fr.lproj/Localizable.strings /Users/admin/builder/spi-builder-workspace/Sources/MuscleMap/Resources/fr.lproj/Localizable.strings (in target 'MuscleMap_MuscleMap' from project 'MuscleMap')
cd /Users/admin/builder/spi-builder-workspace
builtin-copy -exclude .DS_Store -exclude CVS -exclude .svn -exclude .git -exclude .hg -resolve-src-symlinks /Users/admin/builder/spi-builder-workspace/Sources/MuscleMap/Resources/fr.lproj/Localizable.strings /Users/admin/builder/spi-builder-workspace/.derivedData/Build/Products/Debug-watchos/MuscleMap_MuscleMap.bundle/fr.lproj
CpResource /Users/admin/builder/spi-builder-workspace/.derivedData/Build/Products/Debug-watchos/MuscleMap_MuscleMap.bundle/es.lproj/Localizable.strings /Users/admin/builder/spi-builder-workspace/Sources/MuscleMap/Resources/es.lproj/Localizable.strings (in target 'MuscleMap_MuscleMap' from project 'MuscleMap')
cd /Users/admin/builder/spi-builder-workspace
builtin-copy -exclude .DS_Store -exclude CVS -exclude .svn -exclude .git -exclude .hg -resolve-src-symlinks /Users/admin/builder/spi-builder-workspace/Sources/MuscleMap/Resources/es.lproj/Localizable.strings /Users/admin/builder/spi-builder-workspace/.derivedData/Build/Products/Debug-watchos/MuscleMap_MuscleMap.bundle/es.lproj
CpResource /Users/admin/builder/spi-builder-workspace/.derivedData/Build/Products/Debug-watchos/MuscleMap_MuscleMap.bundle/en.lproj/Localizable.strings /Users/admin/builder/spi-builder-workspace/Sources/MuscleMap/Resources/en.lproj/Localizable.strings (in target 'MuscleMap_MuscleMap' from project 'MuscleMap')
cd /Users/admin/builder/spi-builder-workspace
builtin-copy -exclude .DS_Store -exclude CVS -exclude .svn -exclude .git -exclude .hg -resolve-src-symlinks /Users/admin/builder/spi-builder-workspace/Sources/MuscleMap/Resources/en.lproj/Localizable.strings /Users/admin/builder/spi-builder-workspace/.derivedData/Build/Products/Debug-watchos/MuscleMap_MuscleMap.bundle/en.lproj
CpResource /Users/admin/builder/spi-builder-workspace/.derivedData/Build/Products/Debug-watchos/MuscleMap_MuscleMap.bundle/de.lproj/Localizable.strings /Users/admin/builder/spi-builder-workspace/Sources/MuscleMap/Resources/de.lproj/Localizable.strings (in target 'MuscleMap_MuscleMap' from project 'MuscleMap')
cd /Users/admin/builder/spi-builder-workspace
builtin-copy -exclude .DS_Store -exclude CVS -exclude .svn -exclude .git -exclude .hg -resolve-src-symlinks /Users/admin/builder/spi-builder-workspace/Sources/MuscleMap/Resources/de.lproj/Localizable.strings /Users/admin/builder/spi-builder-workspace/.derivedData/Build/Products/Debug-watchos/MuscleMap_MuscleMap.bundle/de.lproj
CpResource /Users/admin/builder/spi-builder-workspace/.derivedData/Build/Products/Debug-watchos/MuscleMap_MuscleMap.bundle/ar.lproj/Localizable.strings /Users/admin/builder/spi-builder-workspace/Sources/MuscleMap/Resources/ar.lproj/Localizable.strings (in target 'MuscleMap_MuscleMap' from project 'MuscleMap')
cd /Users/admin/builder/spi-builder-workspace
builtin-copy -exclude .DS_Store -exclude CVS -exclude .svn -exclude .git -exclude .hg -resolve-src-symlinks /Users/admin/builder/spi-builder-workspace/Sources/MuscleMap/Resources/ar.lproj/Localizable.strings /Users/admin/builder/spi-builder-workspace/.derivedData/Build/Products/Debug-watchos/MuscleMap_MuscleMap.bundle/ar.lproj
RegisterExecutionPolicyException /Users/admin/builder/spi-builder-workspace/.derivedData/Build/Products/Debug-watchos/MuscleMap_MuscleMap.bundle (in target 'MuscleMap_MuscleMap' from project 'MuscleMap')
cd /Users/admin/builder/spi-builder-workspace
builtin-RegisterExecutionPolicyException /Users/admin/builder/spi-builder-workspace/.derivedData/Build/Products/Debug-watchos/MuscleMap_MuscleMap.bundle
Touch /Users/admin/builder/spi-builder-workspace/.derivedData/Build/Products/Debug-watchos/MuscleMap_MuscleMap.bundle (in target 'MuscleMap_MuscleMap' from project 'MuscleMap')
cd /Users/admin/builder/spi-builder-workspace
/usr/bin/touch -c /Users/admin/builder/spi-builder-workspace/.derivedData/Build/Products/Debug-watchos/MuscleMap_MuscleMap.bundle
SwiftDriver MuscleMap normal arm64 com.apple.xcode.tools.swift.compiler (in target 'MuscleMap' from project 'MuscleMap')
cd /Users/admin/builder/spi-builder-workspace/.swiftpm/xcode
builtin-SwiftDriver -- /Applications/Xcode-27.0.0.app/Contents/Developer/Toolchains/XcodeDefault.xctoolchain/usr/bin/swiftc -parse-as-library -module-name MuscleMap -Onone @/Users/admin/builder/spi-builder-workspace/.derivedData/Build/Intermediates.noindex/MuscleMap.build/Debug-watchos/MuscleMap-t.build/Objects-normal/arm64/MuscleMap.SwiftFileList -DSWIFT_PACKAGE -DDEBUG -DSWIFT_MODULE_RESOURCE_BUNDLE_AVAILABLE -DXcode -plugin-path /Applications/Xcode-27.0.0.app/Contents/Developer/Toolchains/XcodeDefault.xctoolchain/usr/lib/swift/host/plugins/testing -enable-experimental-feature DebugDescriptionMacro -sdk /Applications/Xcode-27.0.0.app/Contents/Developer/Platforms/WatchOS.platform/Developer/SDKs/WatchOS27.0.sdk -target arm64-apple-watchos10.0 -g -module-cache-path /Users/admin/builder/spi-builder-workspace/.derivedData/ModuleCache.noindex -Xfrontend -serialize-debugging-options -profile-coverage-mapping -profile-generate -enable-testing -index-store-path /Users/admin/builder/spi-builder-workspace/.derivedData/Index.noindex/DataStore -Xcc -D_LIBCPP_HARDENING_MODE\=_LIBCPP_HARDENING_MODE_DEBUG -swift-version 6 -I /Users/admin/builder/spi-builder-workspace/.derivedData/Build/Products/Debug-watchos -Isystem /Applications/Xcode-27.0.0.app/Contents/Developer/Platforms/WatchOS.platform/Developer/usr/lib -F /Users/admin/builder/spi-builder-workspace/.derivedData/Build/Products/Debug-watchos -F /Applications/Xcode-27.0.0.app/Contents/Developer/Platforms/WatchOS.platform/Developer/Library/Frameworks -F /Applications/Xcode-27.0.0.app/Contents/Developer/Platforms/WatchOS.platform/Developer/SDKs/WatchOS27.0.sdk/Developer/Library/Frameworks -emit-localized-strings -emit-localized-strings-path /Users/admin/builder/spi-builder-workspace/.derivedData/Build/Intermediates.noindex/MuscleMap.build/Debug-watchos/MuscleMap-t.build/Objects-normal/arm64 -c -j10 -enable-batch-mode -incremental -Xcc -ivfsstatcache -Xcc /Users/admin/builder/spi-builder-workspace/.derivedData/SDKStatCaches.noindex/watchos27.0-24R360-e829b21a6f8c9b70876ba0858053c044b9db9bc9c079ee3c7b5f3373b13d10bc.sdkstatcache -output-file-map /Users/admin/builder/spi-builder-workspace/.derivedData/Build/Intermediates.noindex/MuscleMap.build/Debug-watchos/MuscleMap-t.build/Objects-normal/arm64/MuscleMap-OutputFileMap.json -save-temps -no-color-diagnostics -explicit-module-build -module-cache-path /Users/admin/builder/spi-builder-workspace/.derivedData/Build/Intermediates.noindex/SwiftExplicitPrecompiledModules -clang-scanner-module-cache-path /Users/admin/builder/spi-builder-workspace/.derivedData/ModuleCache.noindex -sdk-module-cache-path /Users/admin/builder/spi-builder-workspace/.derivedData/SDKExplicitPrecompiledModules -emit-dependencies -emit-module -emit-module-path /Users/admin/builder/spi-builder-workspace/.derivedData/Build/Intermediates.noindex/MuscleMap.build/Debug-watchos/MuscleMap-t.build/Objects-normal/arm64/MuscleMap.swiftmodule -serialize-diagnostics -dependency-scan-serialize-diagnostics-path /Users/admin/builder/spi-builder-workspace/.derivedData/Build/Intermediates.noindex/MuscleMap.build/Debug-watchos/MuscleMap-t.build/Objects-normal/arm64/MuscleMap-dependency-scan.dia -validate-clang-modules-once -clang-build-session-file /Users/admin/builder/spi-builder-workspace/.derivedData/ModuleCache.noindex/Session.modulevalidation -Xcc -fmodules-prune-interval\=86400 -Xcc -fmodules-prune-after\=345600 -package-name spi_builder_workspace -emit-const-values -const-gather-protocols-list /Users/admin/builder/spi-builder-workspace/.derivedData/Build/Intermediates.noindex/MuscleMap.build/Debug-watchos/MuscleMap-t.build/Objects-normal/arm64/MuscleMap_const_extract_protocols.json -Xcc -I/Users/admin/builder/spi-builder-workspace/.derivedData/Build/Products/Debug-watchos/include -Xcc -I/Users/admin/builder/spi-builder-workspace/.derivedData/Build/Intermediates.noindex/MuscleMap.build/Debug-watchos/MuscleMap-t.build/DerivedSources-normal/arm64 -Xcc -I/Users/admin/builder/spi-builder-workspace/.derivedData/Build/Intermediates.noindex/MuscleMap.build/Debug-watchos/MuscleMap-t.build/DerivedSources/arm64 -Xcc -I/Users/admin/builder/spi-builder-workspace/.derivedData/Build/Intermediates.noindex/MuscleMap.build/Debug-watchos/MuscleMap-t.build/DerivedSources -Xcc -DSWIFT_PACKAGE -Xcc -DDEBUG\=1 -emit-objc-header -emit-objc-header-path /Users/admin/builder/spi-builder-workspace/.derivedData/Build/Intermediates.noindex/MuscleMap.build/Debug-watchos/MuscleMap-t.build/Objects-normal/arm64/MuscleMap-Swift.h -working-directory /Users/admin/builder/spi-builder-workspace/.swiftpm/xcode -experimental-emit-module-separately -disable-cmo
SwiftDriver MuscleMap normal arm64_32 com.apple.xcode.tools.swift.compiler (in target 'MuscleMap' from project 'MuscleMap')
cd /Users/admin/builder/spi-builder-workspace/.swiftpm/xcode
builtin-SwiftDriver -- /Applications/Xcode-27.0.0.app/Contents/Developer/Toolchains/XcodeDefault.xctoolchain/usr/bin/swiftc -parse-as-library -module-name MuscleMap -Onone @/Users/admin/builder/spi-builder-workspace/.derivedData/Build/Intermediates.noindex/MuscleMap.build/Debug-watchos/MuscleMap-t.build/Objects-normal/arm64_32/MuscleMap.SwiftFileList -DSWIFT_PACKAGE -DDEBUG -DSWIFT_MODULE_RESOURCE_BUNDLE_AVAILABLE -DXcode -plugin-path /Applications/Xcode-27.0.0.app/Contents/Developer/Toolchains/XcodeDefault.xctoolchain/usr/lib/swift/host/plugins/testing -enable-experimental-feature DebugDescriptionMacro -sdk /Applications/Xcode-27.0.0.app/Contents/Developer/Platforms/WatchOS.platform/Developer/SDKs/WatchOS27.0.sdk -target arm64_32-apple-watchos10.0 -g -module-cache-path /Users/admin/builder/spi-builder-workspace/.derivedData/ModuleCache.noindex -Xfrontend -serialize-debugging-options -profile-coverage-mapping -profile-generate -enable-testing -index-store-path /Users/admin/builder/spi-builder-workspace/.derivedData/Index.noindex/DataStore -Xcc -D_LIBCPP_HARDENING_MODE\=_LIBCPP_HARDENING_MODE_DEBUG -swift-version 6 -I /Users/admin/builder/spi-builder-workspace/.derivedData/Build/Products/Debug-watchos -Isystem /Applications/Xcode-27.0.0.app/Contents/Developer/Platforms/WatchOS.platform/Developer/usr/lib -F /Users/admin/builder/spi-builder-workspace/.derivedData/Build/Products/Debug-watchos -F /Applications/Xcode-27.0.0.app/Contents/Developer/Platforms/WatchOS.platform/Developer/Library/Frameworks -F /Applications/Xcode-27.0.0.app/Contents/Developer/Platforms/WatchOS.platform/Developer/SDKs/WatchOS27.0.sdk/Developer/Library/Frameworks -emit-localized-strings -emit-localized-strings-path /Users/admin/builder/spi-builder-workspace/.derivedData/Build/Intermediates.noindex/MuscleMap.build/Debug-watchos/MuscleMap-t.build/Objects-normal/arm64_32 -c -j10 -enable-batch-mode -incremental -Xcc -ivfsstatcache -Xcc /Users/admin/builder/spi-builder-workspace/.derivedData/SDKStatCaches.noindex/watchos27.0-24R360-e829b21a6f8c9b70876ba0858053c044b9db9bc9c079ee3c7b5f3373b13d10bc.sdkstatcache -output-file-map /Users/admin/builder/spi-builder-workspace/.derivedData/Build/Intermediates.noindex/MuscleMap.build/Debug-watchos/MuscleMap-t.build/Objects-normal/arm64_32/MuscleMap-OutputFileMap.json -save-temps -no-color-diagnostics -explicit-module-build -module-cache-path /Users/admin/builder/spi-builder-workspace/.derivedData/Build/Intermediates.noindex/SwiftExplicitPrecompiledModules -clang-scanner-module-cache-path /Users/admin/builder/spi-builder-workspace/.derivedData/ModuleCache.noindex -sdk-module-cache-path /Users/admin/builder/spi-builder-workspace/.derivedData/SDKExplicitPrecompiledModules -emit-dependencies -emit-module -emit-module-path /Users/admin/builder/spi-builder-workspace/.derivedData/Build/Intermediates.noindex/MuscleMap.build/Debug-watchos/MuscleMap-t.build/Objects-normal/arm64_32/MuscleMap.swiftmodule -serialize-diagnostics -dependency-scan-serialize-diagnostics-path /Users/admin/builder/spi-builder-workspace/.derivedData/Build/Intermediates.noindex/MuscleMap.build/Debug-watchos/MuscleMap-t.build/Objects-normal/arm64_32/MuscleMap-dependency-scan.dia -validate-clang-modules-once -clang-build-session-file /Users/admin/builder/spi-builder-workspace/.derivedData/ModuleCache.noindex/Session.modulevalidation -Xcc -fmodules-prune-interval\=86400 -Xcc -fmodules-prune-after\=345600 -package-name spi_builder_workspace -emit-const-values -const-gather-protocols-list /Users/admin/builder/spi-builder-workspace/.derivedData/Build/Intermediates.noindex/MuscleMap.build/Debug-watchos/MuscleMap-t.build/Objects-normal/arm64_32/MuscleMap_const_extract_protocols.json -Xcc -I/Users/admin/builder/spi-builder-workspace/.derivedData/Build/Products/Debug-watchos/include -Xcc -I/Users/admin/builder/spi-builder-workspace/.derivedData/Build/Intermediates.noindex/MuscleMap.build/Debug-watchos/MuscleMap-t.build/DerivedSources-normal/arm64_32 -Xcc -I/Users/admin/builder/spi-builder-workspace/.derivedData/Build/Intermediates.noindex/MuscleMap.build/Debug-watchos/MuscleMap-t.build/DerivedSources/arm64_32 -Xcc -I/Users/admin/builder/spi-builder-workspace/.derivedData/Build/Intermediates.noindex/MuscleMap.build/Debug-watchos/MuscleMap-t.build/DerivedSources -Xcc -DSWIFT_PACKAGE -Xcc -DDEBUG\=1 -emit-objc-header -emit-objc-header-path /Users/admin/builder/spi-builder-workspace/.derivedData/Build/Intermediates.noindex/MuscleMap.build/Debug-watchos/MuscleMap-t.build/Objects-normal/arm64_32/MuscleMap-Swift.h -working-directory /Users/admin/builder/spi-builder-workspace/.swiftpm/xcode -experimental-emit-module-separately -disable-cmo
SwiftExplicitDependencyGeneratePcm arm64 /Users/admin/builder/spi-builder-workspace/.derivedData/SDKExplicitPrecompiledModules/_Builtin_float-5MBXF8DKVHQBRUJNM16KVMIQC.pcm
SwiftExplicitDependencyGeneratePcm arm64 /Users/admin/builder/spi-builder-workspace/.derivedData/SDKExplicitPrecompiledModules/SwiftShims-D5RMRWG63RILSKWQ5872PCQT2.pcm
SwiftExplicitDependencyGeneratePcm arm64 /Users/admin/builder/spi-builder-workspace/.derivedData/SDKExplicitPrecompiledModules/ptrcheck-2FDVY6UR0H40GBA6U2HDPB8SM.pcm
SwiftExplicitDependencyGeneratePcm arm64 /Users/admin/builder/spi-builder-workspace/.derivedData/SDKExplicitPrecompiledModules/DeveloperToolsSupport-3A24UJC4NRK1KTKOC3ZZKBC85.pcm
SwiftExplicitDependencyGeneratePcm arm64_32 /Users/admin/builder/spi-builder-workspace/.derivedData/SDKExplicitPrecompiledModules/ptrauth-88RK1G9DAGJXQFP1AN1WL17RR.pcm
SwiftExplicitDependencyGeneratePcm arm64 /Users/admin/builder/spi-builder-workspace/.derivedData/SDKExplicitPrecompiledModules/_SwiftConcurrencyShims-2Q4BGBV41YFU7T8ZZ1LYOHHM8.pcm
SwiftExplicitDependencyGeneratePcm arm64_32 /Users/admin/builder/spi-builder-workspace/.derivedData/SDKExplicitPrecompiledModules/_Builtin_stddef-8VT85WZQKGACA68JZ07TP0Y0J.pcm
SwiftExplicitDependencyGeneratePcm arm64 /Users/admin/builder/spi-builder-workspace/.derivedData/SDKExplicitPrecompiledModules/_Builtin_stddef-8XIMPUPOCEKW43OJT6UFVW8YW.pcm
SwiftExplicitDependencyGeneratePcm arm64 /Users/admin/builder/spi-builder-workspace/.derivedData/SDKExplicitPrecompiledModules/_Builtin_stdbool-EIIY79CJBKY0CNDO2RQTENME.pcm
SwiftExplicitDependencyGeneratePcm arm64 /Users/admin/builder/spi-builder-workspace/.derivedData/SDKExplicitPrecompiledModules/_Builtin_stdarg-ES3WE6BADGYLJ1IBGV298L0ED.pcm
SwiftExplicitDependencyGeneratePcm arm64_32 /Users/admin/builder/spi-builder-workspace/.derivedData/SDKExplicitPrecompiledModules/SwiftShims-4MNCVKZ1HKINJ0ZSNUCRO6CZ8.pcm
SwiftExplicitDependencyGeneratePcm arm64_32 /Users/admin/builder/spi-builder-workspace/.derivedData/SDKExplicitPrecompiledModules/DeveloperToolsSupport-2SDLA0C7KKCYWP8CD7XVQTHPR.pcm
SwiftExplicitDependencyGeneratePcm arm64_32 /Users/admin/builder/spi-builder-workspace/.derivedData/SDKExplicitPrecompiledModules/ptrcheck-D11ZNSDYZRFEJJA53KWXZ702P.pcm
SwiftExplicitDependencyGeneratePcm arm64_32 /Users/admin/builder/spi-builder-workspace/.derivedData/SDKExplicitPrecompiledModules/_AvailabilityInternal-BQQUK8V8SWJHTHJSVFJK2AKWW.pcm
SwiftExplicitDependencyGeneratePcm arm64_32 /Users/admin/builder/spi-builder-workspace/.derivedData/SDKExplicitPrecompiledModules/_SwiftConcurrencyShims-AOFF2AEQJRI8DA66TEQ347NE7.pcm
SwiftExplicitDependencyGeneratePcm arm64_32 /Users/admin/builder/spi-builder-workspace/.derivedData/SDKExplicitPrecompiledModules/_Builtin_stdarg-102WX5NAUESOXIXJSPGYHVM9S.pcm
SwiftExplicitDependencyGeneratePcm arm64 /Users/admin/builder/spi-builder-workspace/.derivedData/SDKExplicitPrecompiledModules/ptrauth-75D2Q69SEU6TW661FC9T39G5T.pcm
SwiftExplicitDependencyGeneratePcm arm64_32 /Users/admin/builder/spi-builder-workspace/.derivedData/SDKExplicitPrecompiledModules/_Builtin_float-BJZXUCJSIX9PRVEKM14BGMJVY.pcm
SwiftExplicitDependencyGeneratePcm arm64_32 /Users/admin/builder/spi-builder-workspace/.derivedData/SDKExplicitPrecompiledModules/_Builtin_stdbool-DHPYJAMN6KTVWD1S31Z90I6C9.pcm
SwiftExplicitDependencyGeneratePcm arm64 /Users/admin/builder/spi-builder-workspace/.derivedData/SDKExplicitPrecompiledModules/_AvailabilityInternal-F1LNUT9MK1HRUMT1GHZHQ1RLU.pcm
SwiftExplicitDependencyGeneratePcm arm64_32 /Users/admin/builder/spi-builder-workspace/.derivedData/SDKExplicitPrecompiledModules/_DarwinFoundation1-88RVECTIWIA3ZONBBWQIW1DJZ.pcm
SwiftExplicitDependencyGeneratePcm arm64 /Users/admin/builder/spi-builder-workspace/.derivedData/SDKExplicitPrecompiledModules/_DarwinFoundation1-C5AXMEYDFVMWI0AXBXZS13K0J.pcm
SwiftExplicitDependencyGeneratePcm arm64 /Users/admin/builder/spi-builder-workspace/.derivedData/SDKExplicitPrecompiledModules/_Builtin_limits-D5KOXTTAIGWXE3DL0Q1NI089X.pcm
SwiftExplicitDependencyGeneratePcm arm64 /Users/admin/builder/spi-builder-workspace/.derivedData/SDKExplicitPrecompiledModules/_DarwinFoundation2-NYVMEQYGHBE0ZIL3ZJZSOEY1.pcm
SwiftExplicitDependencyGeneratePcm arm64_32 /Users/admin/builder/spi-builder-workspace/.derivedData/SDKExplicitPrecompiledModules/_DarwinFoundation2-44ZJFO85HR0BJ749M999B8LPA.pcm
SwiftExplicitDependencyGeneratePcm arm64_32 /Users/admin/builder/spi-builder-workspace/.derivedData/SDKExplicitPrecompiledModules/_Builtin_limits-C136SD3CEQ3KB0CFUK32YJB19.pcm
SwiftExplicitDependencyGeneratePcm arm64_32 /Users/admin/builder/spi-builder-workspace/.derivedData/SDKExplicitPrecompiledModules/_Builtin_tgmath-9EIX6C0B946AJ5BO3J3W0E8YL.pcm
SwiftExplicitDependencyGeneratePcm arm64_32 /Users/admin/builder/spi-builder-workspace/.derivedData/SDKExplicitPrecompiledModules/string_h-5JIQF7F6QR5PADS6CIIQIXRFW.pcm
SwiftExplicitDependencyGeneratePcm arm64_32 /Users/admin/builder/spi-builder-workspace/.derivedData/SDKExplicitPrecompiledModules/_Builtin_stdint-2Z10U0EB6591SMUSD1HCK6PI.pcm
SwiftExplicitDependencyGeneratePcm arm64_32 /Users/admin/builder/spi-builder-workspace/.derivedData/SDKExplicitPrecompiledModules/sys_types-C3M5EX2O95KRM34PBYN44HPBI.pcm
SwiftExplicitDependencyGeneratePcm arm64 /Users/admin/builder/spi-builder-workspace/.derivedData/SDKExplicitPrecompiledModules/string_h-4CSQOUX7AGTYYYGKC8M276OI9.pcm
SwiftExplicitDependencyGeneratePcm arm64 /Users/admin/builder/spi-builder-workspace/.derivedData/SDKExplicitPrecompiledModules/_Builtin_tgmath-1OJ1CVZRD1MGSKTENEG2SEKB2.pcm
SwiftExplicitDependencyGeneratePcm arm64 /Users/admin/builder/spi-builder-workspace/.derivedData/SDKExplicitPrecompiledModules/_Builtin_stdint-74NMYF5YUKK9X44SQHE76VBIQ.pcm
SwiftExplicitDependencyGeneratePcm arm64 /Users/admin/builder/spi-builder-workspace/.derivedData/SDKExplicitPrecompiledModules/sys_types-ASTFSZ1DRYRY331XT4Z9KV73D.pcm
SwiftExplicitDependencyGeneratePcm arm64_32 /Users/admin/builder/spi-builder-workspace/.derivedData/SDKExplicitPrecompiledModules/_Builtin_stdatomic-70890TXYRZ5DZ1JPU2XCV4YSX.pcm
SwiftExplicitDependencyGeneratePcm arm64_32 /Users/admin/builder/spi-builder-workspace/.derivedData/SDKExplicitPrecompiledModules/_Builtin_intrinsics-959O5MVSMXRGS5ARHGPSM2J7C.pcm
SwiftExplicitDependencyGeneratePcm arm64_32 /Users/admin/builder/spi-builder-workspace/.derivedData/SDKExplicitPrecompiledModules/_DarwinFoundation3-F4AQTMWJJP4FVAZ08SHRNZXAM.pcm
SwiftExplicitDependencyGeneratePcm arm64 /Users/admin/builder/spi-builder-workspace/.derivedData/SDKExplicitPrecompiledModules/_DarwinFoundation3-ANTW1ITQ0J9JQTH8BRFBZWI1Q.pcm
SwiftExplicitDependencyGeneratePcm arm64 /Users/admin/builder/spi-builder-workspace/.derivedData/SDKExplicitPrecompiledModules/_Builtin_intrinsics-AQBT3I3HZ6WQLHM0XJXAYR4R2.pcm
SwiftExplicitDependencyGeneratePcm arm64 /Users/admin/builder/spi-builder-workspace/.derivedData/SDKExplicitPrecompiledModules/_Builtin_stdatomic-DFKZ8ZOUW5YM8P1GLT1U424GY.pcm
SwiftExplicitDependencyGeneratePcm arm64_32 /Users/admin/builder/spi-builder-workspace/.derivedData/SDKExplicitPrecompiledModules/_Builtin_inttypes-BMQHYJQS69SCBJY3RFS64DBTV.pcm
SwiftExplicitDependencyGeneratePcm arm64 /Users/admin/builder/spi-builder-workspace/.derivedData/SDKExplicitPrecompiledModules/_Builtin_inttypes-6I92U55H5N26FLV9VYV8R3I6O.pcm
SwiftExplicitDependencyGeneratePcm arm64_32 /Users/admin/builder/spi-builder-workspace/.derivedData/SDKExplicitPrecompiledModules/Darwin-7UEVD02CQP1PVIKBVFQ49O3SD.pcm
SwiftExplicitDependencyGeneratePcm arm64 /Users/admin/builder/spi-builder-workspace/.derivedData/SDKExplicitPrecompiledModules/Darwin-98ESD9QN5COC9NNCABFONVFP8.pcm
SwiftExplicitDependencyGeneratePcm arm64_32 /Users/admin/builder/spi-builder-workspace/.derivedData/SDKExplicitPrecompiledModules/simd-AF64M5Z1H71R1EGNAU05UY87.pcm
SwiftExplicitDependencyGeneratePcm arm64 /Users/admin/builder/spi-builder-workspace/.derivedData/SDKExplicitPrecompiledModules/simd-528GTDMDKZMZXSDX30KY5IDV3.pcm
SwiftExplicitDependencyGeneratePcm arm64_32 /Users/admin/builder/spi-builder-workspace/.derivedData/SDKExplicitPrecompiledModules/ObjectiveC-AJI1K6ZMESMAXDSQ8OKHJ72H7.pcm
SwiftExplicitDependencyGeneratePcm arm64_32 /Users/admin/builder/spi-builder-workspace/.derivedData/SDKExplicitPrecompiledModules/MachO-ACR45N7ZFEL35O7PB2TVKQT6F.pcm
SwiftExplicitDependencyGeneratePcm arm64 /Users/admin/builder/spi-builder-workspace/.derivedData/SDKExplicitPrecompiledModules/MachO-15FQ9M0VC0V1FL7TPT2R7Q0R4.pcm
SwiftExplicitDependencyGeneratePcm arm64 /Users/admin/builder/spi-builder-workspace/.derivedData/SDKExplicitPrecompiledModules/ObjectiveC-DV0JE3OUNWO3O3UE1N347RY55.pcm
SwiftExplicitDependencyGeneratePcm arm64_32 /Users/admin/builder/spi-builder-workspace/.derivedData/SDKExplicitPrecompiledModules/os_object-5TY9JM8WCIDWZD1H148JEBV2F.pcm
SwiftExplicitDependencyGeneratePcm arm64 /Users/admin/builder/spi-builder-workspace/.derivedData/SDKExplicitPrecompiledModules/os_object-1JFESJBLQUD4RS3VL4N1KYEDU.pcm
SwiftExplicitDependencyGeneratePcm arm64_32 /Users/admin/builder/spi-builder-workspace/.derivedData/SDKExplicitPrecompiledModules/os_workgroup-LKX7LZYC1IUZO27QQLWUANJE.pcm
SwiftExplicitDependencyGeneratePcm arm64 /Users/admin/builder/spi-builder-workspace/.derivedData/SDKExplicitPrecompiledModules/os_workgroup-65XNBX18CBCXC0KTSN0M6UNVT.pcm
SwiftExplicitDependencyGeneratePcm arm64 /Users/admin/builder/spi-builder-workspace/.derivedData/SDKExplicitPrecompiledModules/Spatial-9MID3YIH729B1WBR3BU8WEG1D.pcm
SwiftExplicitDependencyGeneratePcm arm64_32 /Users/admin/builder/spi-builder-workspace/.derivedData/SDKExplicitPrecompiledModules/Spatial-8KUW3XOM48SC4KMH7TC7PGQBL.pcm
SwiftExplicitDependencyGeneratePcm arm64_32 /Users/admin/builder/spi-builder-workspace/.derivedData/SDKExplicitPrecompiledModules/Dispatch-7K60THHWK3C851QMSWUUEEC2Q.pcm
SwiftExplicitDependencyGeneratePcm arm64 /Users/admin/builder/spi-builder-workspace/.derivedData/SDKExplicitPrecompiledModules/Dispatch-6D65D6EIW4AHX08JGF4J74MV9.pcm
SwiftExplicitDependencyGeneratePcm arm64_32 /Users/admin/builder/spi-builder-workspace/.derivedData/SDKExplicitPrecompiledModules/CoreFoundation-89G5WX03B78NXYKER48PGSMVI.pcm
SwiftExplicitDependencyGeneratePcm arm64_32 /Users/admin/builder/spi-builder-workspace/.derivedData/SDKExplicitPrecompiledModules/XPC-CZIZYD8A7DCOUWGZRQ4DKZKSL.pcm
SwiftExplicitDependencyGeneratePcm arm64 /Users/admin/builder/spi-builder-workspace/.derivedData/SDKExplicitPrecompiledModules/XPC-46U120GB61ZMOBIJJ669AYIXF.pcm
SwiftExplicitDependencyGeneratePcm arm64 /Users/admin/builder/spi-builder-workspace/.derivedData/SDKExplicitPrecompiledModules/CoreFoundation-8MLEPC68IRDBIK6YTJL7DNZH.pcm
SwiftExplicitDependencyGeneratePcm arm64_32 /Users/admin/builder/spi-builder-workspace/.derivedData/SDKExplicitPrecompiledModules/os-3K8UZAZIRDUH91EOFIWCRRSEM.pcm
SwiftExplicitDependencyGeneratePcm arm64 /Users/admin/builder/spi-builder-workspace/.derivedData/SDKExplicitPrecompiledModules/os-2GDYECRIKV7Q8I9SYTO8ZHGYP.pcm
SwiftExplicitDependencyGeneratePcm arm64_32 /Users/admin/builder/spi-builder-workspace/.derivedData/SDKExplicitPrecompiledModules/CoreGraphics-46XFDT15OA1UMAVA4P068AUXB.pcm
SwiftExplicitDependencyGeneratePcm arm64_32 /Users/admin/builder/spi-builder-workspace/.derivedData/SDKExplicitPrecompiledModules/CoreAudioTypes-EH46BW0N9TQAFAM658KAXI2HK.pcm
SwiftExplicitDependencyGeneratePcm arm64_32 /Users/admin/builder/spi-builder-workspace/.derivedData/SDKExplicitPrecompiledModules/Security-C9W0029I4749M0FMG9UVPZUKU.pcm
SwiftExplicitDependencyGeneratePcm arm64 /Users/admin/builder/spi-builder-workspace/.derivedData/SDKExplicitPrecompiledModules/CoreGraphics-5PBZKZGKBP8I3OSEUDR963CHA.pcm
SwiftExplicitDependencyGeneratePcm arm64 /Users/admin/builder/spi-builder-workspace/.derivedData/SDKExplicitPrecompiledModules/CoreAudioTypes-6S9P9W0OZSKT9SWE5WTT2ZKG7.pcm
SwiftExplicitDependencyGeneratePcm arm64 /Users/admin/builder/spi-builder-workspace/.derivedData/SDKExplicitPrecompiledModules/Security-B8EWSEMP4Z3IE155A3ILBKM2V.pcm
SwiftExplicitDependencyGeneratePcm arm64_32 /Users/admin/builder/spi-builder-workspace/.derivedData/SDKExplicitPrecompiledModules/CoreAudio-1D85LQBU32G9DAVFVJDRIIKVU.pcm
SwiftExplicitDependencyGeneratePcm arm64 /Users/admin/builder/spi-builder-workspace/.derivedData/SDKExplicitPrecompiledModules/CoreAudio-AG4UGUIQ2S3L92SD9AJ5MTPM6.pcm
SwiftExplicitDependencyGeneratePcm arm64_32 /Users/admin/builder/spi-builder-workspace/.derivedData/SDKExplicitPrecompiledModules/Foundation-63KC4JQT5I8XAZ72WSG0A8C35.pcm
SwiftExplicitDependencyGeneratePcm arm64 /Users/admin/builder/spi-builder-workspace/.derivedData/SDKExplicitPrecompiledModules/Foundation-93OAIR4R5IDN1SU1A5KNY63PA.pcm
SwiftExplicitDependencyGeneratePcm arm64_32 /Users/admin/builder/spi-builder-workspace/.derivedData/SDKExplicitPrecompiledModules/CoreVideo-982R0MIIT4QZ7CNNYJRWDCVJZ.pcm
SwiftExplicitDependencyGeneratePcm arm64_32 /Users/admin/builder/spi-builder-workspace/.derivedData/SDKExplicitPrecompiledModules/CoreText-9SR0QSHMJLFSEX1SQHTJKGSL5.pcm
SwiftExplicitDependencyGeneratePcm arm64 /Users/admin/builder/spi-builder-workspace/.derivedData/SDKExplicitPrecompiledModules/CoreText-C2OMK34E5UWXOOMMXM462Q23U.pcm
SwiftExplicitDependencyGeneratePcm arm64 /Users/admin/builder/spi-builder-workspace/.derivedData/SDKExplicitPrecompiledModules/CoreVideo-44ANF38Y9COF9WNQ4Z4TVH3HT.pcm
SwiftExplicitDependencyGeneratePcm arm64_32 /Users/admin/builder/spi-builder-workspace/.derivedData/SDKExplicitPrecompiledModules/CoreMedia-DIRRX6DLEO5M2R4N3ZWIHNQD4.pcm
SwiftExplicitDependencyGeneratePcm arm64 /Users/admin/builder/spi-builder-workspace/.derivedData/SDKExplicitPrecompiledModules/CoreMedia-67TS8991WTJ4DNEII1DNQ0M3U.pcm
SwiftExplicitDependencyGeneratePcm arm64_32 /Users/admin/builder/spi-builder-workspace/.derivedData/SDKExplicitPrecompiledModules/_LocationEssentials-BCQ50OBW7GBDX1MPTAFKD09AZ.pcm
SwiftExplicitDependencyGeneratePcm arm64_32 /Users/admin/builder/spi-builder-workspace/.derivedData/SDKExplicitPrecompiledModules/CoreTransferable-1U3A73F7D5AKXVOWIDJ9BE6E5.pcm
SwiftExplicitDependencyGeneratePcm arm64_32 /Users/admin/builder/spi-builder-workspace/.derivedData/SDKExplicitPrecompiledModules/QuartzCore-B38JYPKZ9JJSZZH09PD93UYGH.pcm
SwiftExplicitDependencyGeneratePcm arm64_32 /Users/admin/builder/spi-builder-workspace/.derivedData/SDKExplicitPrecompiledModules/Accessibility-DIBKN45VPPKZ23QP6RIRRS0J.pcm
SwiftExplicitDependencyGeneratePcm arm64_32 /Users/admin/builder/spi-builder-workspace/.derivedData/SDKExplicitPrecompiledModules/SceneKit-8B7HHHTQ2WX4UCJPGYJNHAZXO.pcm
SwiftExplicitDependencyGeneratePcm arm64_32 /Users/admin/builder/spi-builder-workspace/.derivedData/SDKExplicitPrecompiledModules/DataDetection-2T8L1HB9S7KDCI3ZEAASNGW3.pcm
SwiftExplicitDependencyGeneratePcm arm64_32 /Users/admin/builder/spi-builder-workspace/.derivedData/SDKExplicitPrecompiledModules/Symbols-2ENRG72YSQC7AWU0CD2G85VCR.pcm
SwiftExplicitDependencyGeneratePcm arm64_32 /Users/admin/builder/spi-builder-workspace/.derivedData/SDKExplicitPrecompiledModules/UIUtilities-CGRQYRG51XDGM33ZVEWF0FZ35.pcm
SwiftExplicitDependencyGeneratePcm arm64_32 /Users/admin/builder/spi-builder-workspace/.derivedData/SDKExplicitPrecompiledModules/OSLog-9Y6C28FUSEHZ0VUUKF2HBOUOC.pcm
SwiftExplicitDependencyGeneratePcm arm64_32 /Users/admin/builder/spi-builder-workspace/.derivedData/SDKExplicitPrecompiledModules/UserNotifications-1PEWVA01YZLKTDUKQR5CHG2WA.pcm
SwiftExplicitDependencyGeneratePcm arm64 /Users/admin/builder/spi-builder-workspace/.derivedData/SDKExplicitPrecompiledModules/Symbols-9X6U62JAYVGTYK6610D3S514E.pcm
SwiftExplicitDependencyGeneratePcm arm64 /Users/admin/builder/spi-builder-workspace/.derivedData/SDKExplicitPrecompiledModules/UserNotifications-2AO17R2GNRDA2OMZ5W8PY02MP.pcm
SwiftExplicitDependencyGeneratePcm arm64 /Users/admin/builder/spi-builder-workspace/.derivedData/SDKExplicitPrecompiledModules/Accessibility-3TNHG64JB39D1D5QZ377QJNC6.pcm
SwiftExplicitDependencyGeneratePcm arm64 /Users/admin/builder/spi-builder-workspace/.derivedData/SDKExplicitPrecompiledModules/SceneKit-3DCWNSWKMHXAPF5B6UTK4HEM0.pcm
SwiftExplicitDependencyGeneratePcm arm64_32 /Users/admin/builder/spi-builder-workspace/.derivedData/SDKExplicitPrecompiledModules/CoreLocation-9AQCUG84MXK7QRA19UHUZ7COW.pcm
SwiftExplicitDependencyGeneratePcm arm64 /Users/admin/builder/spi-builder-workspace/.derivedData/SDKExplicitPrecompiledModules/_LocationEssentials-AC3H2STDUT9P96FJO6DV48PNP.pcm
SwiftExplicitDependencyGeneratePcm arm64 /Users/admin/builder/spi-builder-workspace/.derivedData/SDKExplicitPrecompiledModules/UniformTypeIdentifiers-3ROI8ZFKQNP9FEJCLTAB3G3S6.pcm
SwiftExplicitDependencyGeneratePcm arm64 /Users/admin/builder/spi-builder-workspace/.derivedData/SDKExplicitPrecompiledModules/CoreData-3CN8KB1YOLM0QLFHRWY1TM0I4.pcm
SwiftExplicitDependencyGeneratePcm arm64_32 /Users/admin/builder/spi-builder-workspace/.derivedData/SDKExplicitPrecompiledModules/CoreData-6Y9HVIU7TWJCVTQD1ZWWIXODI.pcm
SwiftExplicitDependencyGeneratePcm arm64_32 /Users/admin/builder/spi-builder-workspace/.derivedData/SDKExplicitPrecompiledModules/SwiftUICore-UYWG2UM50SUK6GUT85OJGGGU.pcm
SwiftExplicitDependencyGeneratePcm arm64 /Users/admin/builder/spi-builder-workspace/.derivedData/SDKExplicitPrecompiledModules/QuartzCore-3NILGGAZ5TSVKY4F7DWF68I34.pcm
SwiftExplicitDependencyGeneratePcm arm64 /Users/admin/builder/spi-builder-workspace/.derivedData/SDKExplicitPrecompiledModules/CoreTransferable-CUPPADLUY13ZK3BQZ1IYC67D4.pcm
SwiftExplicitDependencyGeneratePcm arm64 /Users/admin/builder/spi-builder-workspace/.derivedData/SDKExplicitPrecompiledModules/CoreLocation-CT7IO6D7J2ZQGMTWKD2YA5BLV.pcm
SwiftExplicitDependencyGeneratePcm arm64_32 /Users/admin/builder/spi-builder-workspace/.derivedData/SDKExplicitPrecompiledModules/UniformTypeIdentifiers-7HPV1K0BFGWF49HRB05L12Y0G.pcm
SwiftExplicitDependencyGeneratePcm arm64 /Users/admin/builder/spi-builder-workspace/.derivedData/SDKExplicitPrecompiledModules/OSLog-BTXJQEK6BKB6NQOIYRYP0MQYB.pcm
SwiftExplicitDependencyGeneratePcm arm64 /Users/admin/builder/spi-builder-workspace/.derivedData/SDKExplicitPrecompiledModules/DataDetection-BU5I7ELEWG639KG0N6MNLXFNO.pcm
SwiftExplicitDependencyGeneratePcm arm64_32 /Users/admin/builder/spi-builder-workspace/.derivedData/SDKExplicitPrecompiledModules/CoreMotion-3JCK5DO7QLO4DSQD87NSMN3FO.pcm
SwiftExplicitDependencyGeneratePcm arm64 /Users/admin/builder/spi-builder-workspace/.derivedData/SDKExplicitPrecompiledModules/UIUtilities-7ZIMMCI52YM1PP54E6HPMAX8Z.pcm
SwiftExplicitDependencyGeneratePcm arm64 /Users/admin/builder/spi-builder-workspace/.derivedData/SDKExplicitPrecompiledModules/CoreMotion-2LM13SKZR55U3ZSU2B92ETH7E.pcm
SwiftExplicitDependencyGeneratePcm arm64 /Users/admin/builder/spi-builder-workspace/.derivedData/SDKExplicitPrecompiledModules/SwiftUICore-NS6C80YTAE6CMPAZ003V82QV.pcm
SwiftExplicitDependencyGeneratePcm arm64_32 /Users/admin/builder/spi-builder-workspace/.derivedData/SDKExplicitPrecompiledModules/UIKit-4XONMD0BX0LMIR90AS1OF9IWL.pcm
SwiftExplicitDependencyGeneratePcm arm64 /Users/admin/builder/spi-builder-workspace/.derivedData/SDKExplicitPrecompiledModules/UIKit-3NXNXJMGTIGLSPCUMJYECGUT2.pcm
SwiftExplicitDependencyGeneratePcm arm64_32 /Users/admin/builder/spi-builder-workspace/.derivedData/SDKExplicitPrecompiledModules/HomeKit-3G28JPRBYVFDNVGP3N1AJIRON.pcm
SwiftExplicitDependencyGeneratePcm arm64_32 /Users/admin/builder/spi-builder-workspace/.derivedData/SDKExplicitPrecompiledModules/MapKit-4QHO9971BNK7Z8ZV3IM0Z8JHM.pcm
SwiftExplicitDependencyGeneratePcm arm64 /Users/admin/builder/spi-builder-workspace/.derivedData/SDKExplicitPrecompiledModules/HomeKit-828DN93JSOQ52ZA4QA4J38CD.pcm
SwiftExplicitDependencyGeneratePcm arm64 /Users/admin/builder/spi-builder-workspace/.derivedData/SDKExplicitPrecompiledModules/MapKit-CY0HYXY78Y7MKX7HHJKLHZHSE.pcm
SwiftExplicitDependencyGeneratePcm arm64_32 /Users/admin/builder/spi-builder-workspace/.derivedData/SDKExplicitPrecompiledModules/WatchKit-52R8D796YDUMWDJVUEFB445DC.pcm
SwiftExplicitDependencyGeneratePcm arm64 /Users/admin/builder/spi-builder-workspace/.derivedData/SDKExplicitPrecompiledModules/WatchKit-BO78WUD7ZRCBRY95H7ENJBBSS.pcm
SwiftExplicitDependencyGeneratePcm arm64_32 /Users/admin/builder/spi-builder-workspace/.derivedData/SDKExplicitPrecompiledModules/SwiftUI-1RR011ILX8M637U24HKCUKH2G.pcm
SwiftExplicitDependencyGeneratePcm arm64 /Users/admin/builder/spi-builder-workspace/.derivedData/SDKExplicitPrecompiledModules/SwiftUI-50RGMSU3855RUN43JPITBT2Y9.pcm
SwiftCompile normal arm64_32 Compiling\ BodyView.swift,\ BodyViewStyle.swift,\ HeatmapLegendUIView.swift /Users/admin/builder/spi-builder-workspace/Sources/MuscleMap/Views/BodyView.swift /Users/admin/builder/spi-builder-workspace/Sources/MuscleMap/Views/BodyViewStyle.swift /Users/admin/builder/spi-builder-workspace/Sources/MuscleMap/Views/HeatmapLegendUIView.swift (in target 'MuscleMap' from project 'MuscleMap')
SwiftCompile normal arm64_32 /Users/admin/builder/spi-builder-workspace/Sources/MuscleMap/Views/BodyView.swift (in target 'MuscleMap' from project 'MuscleMap')
cd /Users/admin/builder/spi-builder-workspace/.swiftpm/xcode
builtin-SwiftPerFileCompile BodyView.swift
SwiftCompile normal arm64_32 /Users/admin/builder/spi-builder-workspace/Sources/MuscleMap/Views/BodyViewStyle.swift (in target 'MuscleMap' from project 'MuscleMap')
cd /Users/admin/builder/spi-builder-workspace/.swiftpm/xcode
builtin-SwiftPerFileCompile BodyViewStyle.swift
SwiftCompile normal arm64_32 /Users/admin/builder/spi-builder-workspace/Sources/MuscleMap/Views/HeatmapLegendUIView.swift (in target 'MuscleMap' from project 'MuscleMap')
cd /Users/admin/builder/spi-builder-workspace/.swiftpm/xcode
builtin-SwiftPerFileCompile HeatmapLegendUIView.swift
/Users/admin/builder/spi-builder-workspace/Sources/MuscleMap/Views/HeatmapLegendUIView.swift:36:29: error: 'NSLayoutConstraint' is unavailable in watchOS
34 |
35 | /// Orientation of the legend bar.
36 | public var orientation: NSLayoutConstraint.Axis {
| `- error: 'NSLayoutConstraint' is unavailable in watchOS
37 | didSet { updateLegendView() }
38 | }
/Applications/Xcode-27.0.0.app/Contents/Developer/Platforms/WatchOS.platform/Developer/SDKs/WatchOS27.0.sdk/System/Library/Frameworks/UIKit.framework/Headers/NSLayoutConstraint.h:126:12: note: 'NSLayoutConstraint' has been explicitly marked unavailable here
124 |
125 | NSLAYOUTCONSTRAINT_EXTERN API_AVAILABLE(macos(10.7), ios(6.0), tvos(9.0)) API_UNAVAILABLE(watchos) NS_SWIFT_UI_ACTOR
126 | @interface NSLayoutConstraint : NSObject
| `- note: 'NSLayoutConstraint' has been explicitly marked unavailable here
127 |
128 | /* Create an array of constraints using an ASCII-art-like visual format string. The values of the `metrics` dictionary should be NSNumber (or some other type that responds to -doubleValue and returns a double).
/Users/admin/builder/spi-builder-workspace/Sources/MuscleMap/Views/HeatmapLegendUIView.swift:57:36: error: cannot find type 'UIHostingController' in scope
55 | // MARK: - Private
56 |
57 | private var hostingController: UIHostingController<AnyView>?
| `- error: cannot find type 'UIHostingController' in scope
58 |
59 | // MARK: - Initializers
/Users/admin/builder/spi-builder-workspace/Sources/MuscleMap/Views/HeatmapLegendUIView.swift:72:22: error: 'NSLayoutConstraint' is unavailable in watchOS
70 | colorScale: HeatmapColorScale,
71 | interpolation: ColorInterpolation = .linear,
72 | orientation: NSLayoutConstraint.Axis = .horizontal,
| `- error: 'NSLayoutConstraint' is unavailable in watchOS
73 | barThickness: CGFloat = 16,
74 | labelMin: String? = nil,
/Applications/Xcode-27.0.0.app/Contents/Developer/Platforms/WatchOS.platform/Developer/SDKs/WatchOS27.0.sdk/System/Library/Frameworks/UIKit.framework/Headers/NSLayoutConstraint.h:126:12: note: 'NSLayoutConstraint' has been explicitly marked unavailable here
124 |
125 | NSLAYOUTCONSTRAINT_EXTERN API_AVAILABLE(macos(10.7), ios(6.0), tvos(9.0)) API_UNAVAILABLE(watchos) NS_SWIFT_UI_ACTOR
126 | @interface NSLayoutConstraint : NSObject
| `- note: 'NSLayoutConstraint' has been explicitly marked unavailable here
127 |
128 | /* Create an array of constraints using an ASCII-art-like visual format string. The values of the `metrics` dictionary should be NSNumber (or some other type that responds to -doubleValue and returns a double).
/Users/admin/builder/spi-builder-workspace/Sources/MuscleMap/Views/HeatmapLegendUIView.swift:21:35: error: 'UIView' is unavailable in watchOS
19 | /// view.addSubview(legend)
20 | /// ```
21 | public class HeatmapLegendUIView: UIView {
| `- error: 'UIView' is unavailable in watchOS
22 |
23 | // MARK: - Configuration Properties
/Applications/Xcode-27.0.0.app/Contents/Developer/Platforms/WatchOS.platform/Developer/SDKs/WatchOS27.0.sdk/System/Library/Frameworks/UIKit.framework/Headers/UIView.h:152:12: note: 'UIView' has been explicitly marked unavailable here
150 |
151 | UIKIT_EXTERN API_AVAILABLE(ios(2.0)) API_UNAVAILABLE(watchos) NS_SWIFT_UI_ACTOR
152 | @interface UIView : UIResponder <NSCoding, UIAppearance, UIAppearanceContainer, UIDynamicItem, UITraitEnvironment, UICoordinateSpace, UIFocusItem, UIFocusItemContainer, CALayerDelegate>
| `- note: 'UIView' has been explicitly marked unavailable here
153 |
154 | @property(class, nonatomic, readonly) Class layerClass; // default is [CALayer class]. Used when creating the underlying layer for the view.
/Users/admin/builder/spi-builder-workspace/Sources/MuscleMap/Views/HeatmapLegendUIView.swift:109:23: error: cannot find 'UIHostingController' in scope
107 | private func setupHostingController() {
108 | let legendView = buildLegendView()
109 | let hosting = UIHostingController(rootView: AnyView(legendView))
| `- error: cannot find 'UIHostingController' in scope
110 | hosting.view.backgroundColor = .clear
111 | hosting.view.translatesAutoresizingMaskIntoConstraints = false
SwiftCompile normal arm64_32 Compiling\ HeatmapLegendView.swift,\ InteractiveBodyOverlay.swift,\ MuscleMapView.swift /Users/admin/builder/spi-builder-workspace/Sources/MuscleMap/Views/HeatmapLegendView.swift /Users/admin/builder/spi-builder-workspace/Sources/MuscleMap/Views/InteractiveBodyOverlay.swift /Users/admin/builder/spi-builder-workspace/Sources/MuscleMap/Views/MuscleMapView.swift (in target 'MuscleMap' from project 'MuscleMap')
SwiftCompile normal arm64_32 /Users/admin/builder/spi-builder-workspace/Sources/MuscleMap/Views/HeatmapLegendView.swift (in target 'MuscleMap' from project 'MuscleMap')
cd /Users/admin/builder/spi-builder-workspace/.swiftpm/xcode
builtin-SwiftPerFileCompile HeatmapLegendView.swift
SwiftCompile normal arm64_32 /Users/admin/builder/spi-builder-workspace/Sources/MuscleMap/Views/InteractiveBodyOverlay.swift (in target 'MuscleMap' from project 'MuscleMap')
cd /Users/admin/builder/spi-builder-workspace/.swiftpm/xcode
builtin-SwiftPerFileCompile InteractiveBodyOverlay.swift
SwiftCompile normal arm64_32 /Users/admin/builder/spi-builder-workspace/Sources/MuscleMap/Views/MuscleMapView.swift (in target 'MuscleMap' from project 'MuscleMap')
cd /Users/admin/builder/spi-builder-workspace/.swiftpm/xcode
builtin-SwiftPerFileCompile MuscleMapView.swift
/Users/admin/builder/spi-builder-workspace/Sources/MuscleMap/Views/MuscleMapView.swift:120:36: error: cannot find type 'UIHostingController' in scope
118 | // MARK: - Private
119 |
120 | private var hostingController: UIHostingController<AnyView>?
| `- error: cannot find type 'UIHostingController' in scope
121 |
122 | // MARK: - Initializers
/Users/admin/builder/spi-builder-workspace/Sources/MuscleMap/Views/MuscleMapView.swift:27:29: error: 'UIView' is unavailable in watchOS
25 | /// view.addSubview(muscleMap)
26 | /// ```
27 | public class MuscleMapView: UIView {
| `- error: 'UIView' is unavailable in watchOS
28 |
29 | // MARK: - Configuration Properties
/Applications/Xcode-27.0.0.app/Contents/Developer/Platforms/WatchOS.platform/Developer/SDKs/WatchOS27.0.sdk/System/Library/Frameworks/UIKit.framework/Headers/UIView.h:152:12: note: 'UIView' has been explicitly marked unavailable here
150 |
151 | UIKIT_EXTERN API_AVAILABLE(ios(2.0)) API_UNAVAILABLE(watchos) NS_SWIFT_UI_ACTOR
152 | @interface UIView : UIResponder <NSCoding, UIAppearance, UIAppearanceContainer, UIDynamicItem, UITraitEnvironment, UICoordinateSpace, UIFocusItem, UIFocusItemContainer, CALayerDelegate>
| `- note: 'UIView' has been explicitly marked unavailable here
153 |
154 | @property(class, nonatomic, readonly) Class layerClass; // default is [CALayer class]. Used when creating the underlying layer for the view.
/Users/admin/builder/spi-builder-workspace/Sources/MuscleMap/Views/MuscleMapView.swift:224:23: error: cannot find 'UIHostingController' in scope
222 | private func setupHostingController() {
223 | let bodyView = buildBodyView()
224 | let hosting = UIHostingController(rootView: AnyView(bodyView))
| `- error: cannot find 'UIHostingController' in scope
225 | hosting.view.backgroundColor = .clear
226 | hosting.view.translatesAutoresizingMaskIntoConstraints = false
SwiftCompile normal arm64_32 Compiling\ PathCache.swift,\ AnimatedBodyView.swift,\ BodyAccessibilityOverlay.swift /Users/admin/builder/spi-builder-workspace/Sources/MuscleMap/Rendering/PathCache.swift /Users/admin/builder/spi-builder-workspace/Sources/MuscleMap/Views/AnimatedBodyView.swift /Users/admin/builder/spi-builder-workspace/Sources/MuscleMap/Views/BodyAccessibilityOverlay.swift (in target 'MuscleMap' from project 'MuscleMap')
SwiftCompile normal arm64_32 /Users/admin/builder/spi-builder-workspace/Sources/MuscleMap/Rendering/PathCache.swift (in target 'MuscleMap' from project 'MuscleMap')
cd /Users/admin/builder/spi-builder-workspace/.swiftpm/xcode
builtin-SwiftPerFileCompile PathCache.swift
SwiftCompile normal arm64_32 /Users/admin/builder/spi-builder-workspace/Sources/MuscleMap/Views/AnimatedBodyView.swift (in target 'MuscleMap' from project 'MuscleMap')
cd /Users/admin/builder/spi-builder-workspace/.swiftpm/xcode
builtin-SwiftPerFileCompile AnimatedBodyView.swift
SwiftCompile normal arm64_32 /Users/admin/builder/spi-builder-workspace/Sources/MuscleMap/Views/BodyAccessibilityOverlay.swift (in target 'MuscleMap' from project 'MuscleMap')
cd /Users/admin/builder/spi-builder-workspace/.swiftpm/xcode
builtin-SwiftPerFileCompile BodyAccessibilityOverlay.swift
SwiftCompile normal arm64_32 Compiling\ MuscleFill.swift,\ MuscleIntensity.swift,\ BodyRenderer.swift /Users/admin/builder/spi-builder-workspace/Sources/MuscleMap/Heatmap/MuscleFill.swift /Users/admin/builder/spi-builder-workspace/Sources/MuscleMap/Heatmap/MuscleIntensity.swift /Users/admin/builder/spi-builder-workspace/Sources/MuscleMap/Rendering/BodyRenderer.swift (in target 'MuscleMap' from project 'MuscleMap')
SwiftCompile normal arm64_32 /Users/admin/builder/spi-builder-workspace/Sources/MuscleMap/Heatmap/MuscleFill.swift (in target 'MuscleMap' from project 'MuscleMap')
cd /Users/admin/builder/spi-builder-workspace/.swiftpm/xcode
builtin-SwiftPerFileCompile MuscleFill.swift
SwiftCompile normal arm64_32 /Users/admin/builder/spi-builder-workspace/Sources/MuscleMap/Heatmap/MuscleIntensity.swift (in target 'MuscleMap' from project 'MuscleMap')
cd /Users/admin/builder/spi-builder-workspace/.swiftpm/xcode
builtin-SwiftPerFileCompile MuscleIntensity.swift
SwiftCompile normal arm64_32 /Users/admin/builder/spi-builder-workspace/Sources/MuscleMap/Rendering/BodyRenderer.swift (in target 'MuscleMap' from project 'MuscleMap')
cd /Users/admin/builder/spi-builder-workspace/.swiftpm/xcode
builtin-SwiftPerFileCompile BodyRenderer.swift
SwiftCompile normal arm64_32 Compiling\ MaleFrontPaths.swift,\ Muscle.swift,\ MuscleSelection.swift /Users/admin/builder/spi-builder-workspace/Sources/MuscleMap/Data/MaleFrontPaths.swift /Users/admin/builder/spi-builder-workspace/Sources/MuscleMap/Data/Muscle.swift /Users/admin/builder/spi-builder-workspace/Sources/MuscleMap/Data/MuscleSelection.swift (in target 'MuscleMap' from project 'MuscleMap')
SwiftCompile normal arm64_32 /Users/admin/builder/spi-builder-workspace/Sources/MuscleMap/Data/MaleFrontPaths.swift (in target 'MuscleMap' from project 'MuscleMap')
cd /Users/admin/builder/spi-builder-workspace/.swiftpm/xcode
builtin-SwiftPerFileCompile MaleFrontPaths.swift
SwiftCompile normal arm64_32 /Users/admin/builder/spi-builder-workspace/Sources/MuscleMap/Data/Muscle.swift (in target 'MuscleMap' from project 'MuscleMap')
cd /Users/admin/builder/spi-builder-workspace/.swiftpm/xcode
builtin-SwiftPerFileCompile Muscle.swift
SwiftCompile normal arm64_32 /Users/admin/builder/spi-builder-workspace/Sources/MuscleMap/Data/MuscleSelection.swift (in target 'MuscleMap' from project 'MuscleMap')
cd /Users/admin/builder/spi-builder-workspace/.swiftpm/xcode
builtin-SwiftPerFileCompile MuscleSelection.swift
SwiftCompile normal arm64_32 Compiling\ BodyPathData.swift,\ FemaleBackPaths.swift,\ FemaleFrontPaths.swift,\ MaleBackPaths.swift /Users/admin/builder/spi-builder-workspace/Sources/MuscleMap/Data/BodyPathData.swift /Users/admin/builder/spi-builder-workspace/Sources/MuscleMap/Data/FemaleBackPaths.swift /Users/admin/builder/spi-builder-workspace/Sources/MuscleMap/Data/FemaleFrontPaths.swift /Users/admin/builder/spi-builder-workspace/Sources/MuscleMap/Data/MaleBackPaths.swift (in target 'MuscleMap' from project 'MuscleMap')
SwiftCompile normal arm64_32 /Users/admin/builder/spi-builder-workspace/Sources/MuscleMap/Data/BodyPathData.swift (in target 'MuscleMap' from project 'MuscleMap')
cd /Users/admin/builder/spi-builder-workspace/.swiftpm/xcode
builtin-SwiftPerFileCompile BodyPathData.swift
SwiftCompile normal arm64_32 /Users/admin/builder/spi-builder-workspace/Sources/MuscleMap/Data/FemaleBackPaths.swift (in target 'MuscleMap' from project 'MuscleMap')
cd /Users/admin/builder/spi-builder-workspace/.swiftpm/xcode
builtin-SwiftPerFileCompile FemaleBackPaths.swift
SwiftCompile normal arm64_32 /Users/admin/builder/spi-builder-workspace/Sources/MuscleMap/Data/FemaleFrontPaths.swift (in target 'MuscleMap' from project 'MuscleMap')
cd /Users/admin/builder/spi-builder-workspace/.swiftpm/xcode
builtin-SwiftPerFileCompile FemaleFrontPaths.swift
SwiftCompile normal arm64_32 /Users/admin/builder/spi-builder-workspace/Sources/MuscleMap/Data/MaleBackPaths.swift (in target 'MuscleMap' from project 'MuscleMap')
cd /Users/admin/builder/spi-builder-workspace/.swiftpm/xcode
builtin-SwiftPerFileCompile MaleBackPaths.swift
SwiftCompile normal arm64_32 Compiling\ ColorInterpolation.swift,\ HeatmapColorScale.swift,\ HeatmapConfiguration.swift /Users/admin/builder/spi-builder-workspace/Sources/MuscleMap/Heatmap/ColorInterpolation.swift /Users/admin/builder/spi-builder-workspace/Sources/MuscleMap/Heatmap/HeatmapColorScale.swift /Users/admin/builder/spi-builder-workspace/Sources/MuscleMap/Heatmap/HeatmapConfiguration.swift (in target 'MuscleMap' from project 'MuscleMap')
SwiftCompile normal arm64_32 /Users/admin/builder/spi-builder-workspace/Sources/MuscleMap/Heatmap/ColorInterpolation.swift (in target 'MuscleMap' from project 'MuscleMap')
cd /Users/admin/builder/spi-builder-workspace/.swiftpm/xcode
builtin-SwiftPerFileCompile ColorInterpolation.swift
SwiftCompile normal arm64_32 /Users/admin/builder/spi-builder-workspace/Sources/MuscleMap/Heatmap/HeatmapColorScale.swift (in target 'MuscleMap' from project 'MuscleMap')
cd /Users/admin/builder/spi-builder-workspace/.swiftpm/xcode
builtin-SwiftPerFileCompile HeatmapColorScale.swift
SwiftCompile normal arm64_32 /Users/admin/builder/spi-builder-workspace/Sources/MuscleMap/Heatmap/HeatmapConfiguration.swift (in target 'MuscleMap' from project 'MuscleMap')
cd /Users/admin/builder/spi-builder-workspace/.swiftpm/xcode
builtin-SwiftPerFileCompile HeatmapConfiguration.swift
SwiftEmitModule normal arm64_32 Emitting\ module\ for\ MuscleMap (in target 'MuscleMap' from project 'MuscleMap')
/Users/admin/builder/spi-builder-workspace/Sources/MuscleMap/Views/HeatmapLegendUIView.swift:36:29: error: 'NSLayoutConstraint' is unavailable in watchOS
34 |
35 | /// Orientation of the legend bar.
36 | public var orientation: NSLayoutConstraint.Axis {
| `- error: 'NSLayoutConstraint' is unavailable in watchOS
37 | didSet { updateLegendView() }
38 | }
/Applications/Xcode-27.0.0.app/Contents/Developer/Platforms/WatchOS.platform/Developer/SDKs/WatchOS27.0.sdk/System/Library/Frameworks/UIKit.framework/Headers/NSLayoutConstraint.h:126:12: note: 'NSLayoutConstraint' has been explicitly marked unavailable here
124 |
125 | NSLAYOUTCONSTRAINT_EXTERN API_AVAILABLE(macos(10.7), ios(6.0), tvos(9.0)) API_UNAVAILABLE(watchos) NS_SWIFT_UI_ACTOR
126 | @interface NSLayoutConstraint : NSObject
| `- note: 'NSLayoutConstraint' has been explicitly marked unavailable here
127 |
128 | /* Create an array of constraints using an ASCII-art-like visual format string. The values of the `metrics` dictionary should be NSNumber (or some other type that responds to -doubleValue and returns a double).
/Users/admin/builder/spi-builder-workspace/Sources/MuscleMap/Views/HeatmapLegendUIView.swift:57:36: error: cannot find type 'UIHostingController' in scope
55 | // MARK: - Private
56 |
57 | private var hostingController: UIHostingController<AnyView>?
| `- error: cannot find type 'UIHostingController' in scope
58 |
59 | // MARK: - Initializers
/Users/admin/builder/spi-builder-workspace/Sources/MuscleMap/Views/HeatmapLegendUIView.swift:72:22: error: 'NSLayoutConstraint' is unavailable in watchOS
70 | colorScale: HeatmapColorScale,
71 | interpolation: ColorInterpolation = .linear,
72 | orientation: NSLayoutConstraint.Axis = .horizontal,
| `- error: 'NSLayoutConstraint' is unavailable in watchOS
73 | barThickness: CGFloat = 16,
74 | labelMin: String? = nil,
/Applications/Xcode-27.0.0.app/Contents/Developer/Platforms/WatchOS.platform/Developer/SDKs/WatchOS27.0.sdk/System/Library/Frameworks/UIKit.framework/Headers/NSLayoutConstraint.h:126:12: note: 'NSLayoutConstraint' has been explicitly marked unavailable here
124 |
125 | NSLAYOUTCONSTRAINT_EXTERN API_AVAILABLE(macos(10.7), ios(6.0), tvos(9.0)) API_UNAVAILABLE(watchos) NS_SWIFT_UI_ACTOR
126 | @interface NSLayoutConstraint : NSObject
| `- note: 'NSLayoutConstraint' has been explicitly marked unavailable here
127 |
128 | /* Create an array of constraints using an ASCII-art-like visual format string. The values of the `metrics` dictionary should be NSNumber (or some other type that responds to -doubleValue and returns a double).
/Users/admin/builder/spi-builder-workspace/Sources/MuscleMap/Views/HeatmapLegendUIView.swift:21:35: error: 'UIView' is unavailable in watchOS
19 | /// view.addSubview(legend)
20 | /// ```
21 | public class HeatmapLegendUIView: UIView {
| `- error: 'UIView' is unavailable in watchOS
22 |
23 | // MARK: - Configuration Properties
/Applications/Xcode-27.0.0.app/Contents/Developer/Platforms/WatchOS.platform/Developer/SDKs/WatchOS27.0.sdk/System/Library/Frameworks/UIKit.framework/Headers/UIView.h:152:12: note: 'UIView' has been explicitly marked unavailable here
150 |
151 | UIKIT_EXTERN API_AVAILABLE(ios(2.0)) API_UNAVAILABLE(watchos) NS_SWIFT_UI_ACTOR
152 | @interface UIView : UIResponder <NSCoding, UIAppearance, UIAppearanceContainer, UIDynamicItem, UITraitEnvironment, UICoordinateSpace, UIFocusItem, UIFocusItemContainer, CALayerDelegate>
| `- note: 'UIView' has been explicitly marked unavailable here
153 |
154 | @property(class, nonatomic, readonly) Class layerClass; // default is [CALayer class]. Used when creating the underlying layer for the view.
/Users/admin/builder/spi-builder-workspace/Sources/MuscleMap/Views/MuscleMapView.swift:120:36: error: cannot find type 'UIHostingController' in scope
118 | // MARK: - Private
119 |
120 | private var hostingController: UIHostingController<AnyView>?
| `- error: cannot find type 'UIHostingController' in scope
121 |
122 | // MARK: - Initializers
/Users/admin/builder/spi-builder-workspace/Sources/MuscleMap/Views/MuscleMapView.swift:27:29: error: 'UIView' is unavailable in watchOS
25 | /// view.addSubview(muscleMap)
26 | /// ```
27 | public class MuscleMapView: UIView {
| `- error: 'UIView' is unavailable in watchOS
28 |
29 | // MARK: - Configuration Properties
/Applications/Xcode-27.0.0.app/Contents/Developer/Platforms/WatchOS.platform/Developer/SDKs/WatchOS27.0.sdk/System/Library/Frameworks/UIKit.framework/Headers/UIView.h:152:12: note: 'UIView' has been explicitly marked unavailable here
150 |
151 | UIKIT_EXTERN API_AVAILABLE(ios(2.0)) API_UNAVAILABLE(watchos) NS_SWIFT_UI_ACTOR
152 | @interface UIView : UIResponder <NSCoding, UIAppearance, UIAppearanceContainer, UIDynamicItem, UITraitEnvironment, UICoordinateSpace, UIFocusItem, UIFocusItemContainer, CALayerDelegate>
| `- note: 'UIView' has been explicitly marked unavailable here
153 |
154 | @property(class, nonatomic, readonly) Class layerClass; // default is [CALayer class]. Used when creating the underlying layer for the view.
Failed frontend command:
/Applications/Xcode-27.0.0.app/Contents/Developer/Toolchains/XcodeDefault.xctoolchain/usr/bin/swift-frontend -frontend -emit-module -experimental-skip-non-inlinable-function-bodies-without-types /Users/admin/builder/spi-builder-workspace/.derivedData/Build/Intermediates.noindex/MuscleMap.build/Debug-watchos/MuscleMap-t.build/DerivedSources/resource_bundle_accessor.swift /Users/admin/builder/spi-builder-workspace/Sources/MuscleMap/Core/PathBuilder.swift /Users/admin/builder/spi-builder-workspace/Sources/MuscleMap/Core/SVGPathCommand.swift /Users/admin/builder/spi-builder-workspace/Sources/MuscleMap/Core/SVGPathParser.swift /Users/admin/builder/spi-builder-workspace/Sources/MuscleMap/Data/BodyPathData.swift /Users/admin/builder/spi-builder-workspace/Sources/MuscleMap/Data/FemaleBackPaths.swift /Users/admin/builder/spi-builder-workspace/Sources/MuscleMap/Data/FemaleFrontPaths.swift /Users/admin/builder/spi-builder-workspace/Sources/MuscleMap/Data/MaleBackPaths.swift /Users/admin/builder/spi-builder-workspace/Sources/MuscleMap/Data/MaleFrontPaths.swift /Users/admin/builder/spi-builder-workspace/Sources/MuscleMap/Data/Muscle.swift /Users/admin/builder/spi-builder-workspace/Sources/MuscleMap/Data/MuscleSelection.swift /Users/admin/builder/spi-builder-workspace/Sources/MuscleMap/Data/MuscleSide.swift /Users/admin/builder/spi-builder-workspace/Sources/MuscleMap/Extensions/Bundle+MuscleMap.swift /Users/admin/builder/spi-builder-workspace/Sources/MuscleMap/Extensions/Color+Extensions.swift /Users/admin/builder/spi-builder-workspace/Sources/MuscleMap/Heatmap/ColorInterpolation.swift /Users/admin/builder/spi-builder-workspace/Sources/MuscleMap/Heatmap/HeatmapColorScale.swift /Users/admin/builder/spi-builder-workspace/Sources/MuscleMap/Heatmap/HeatmapConfiguration.swift /Users/admin/builder/spi-builder-workspace/Sources/MuscleMap/Heatmap/MuscleFill.swift /Users/admin/builder/spi-builder-workspace/Sources/MuscleMap/Heatmap/MuscleIntensity.swift /Users/admin/builder/spi-builder-workspace/Sources/MuscleMap/Rendering/BodyRenderer.swift /Users/admin/builder/spi-builder-workspace/Sources/MuscleMap/Rendering/PathCache.swift /Users/admin/builder/spi-builder-workspace/Sources/MuscleMap/Views/AnimatedBodyView.swift /Users/admin/builder/spi-builder-workspace/Sources/MuscleMap/Views/BodyAccessibilityOverlay.swift /Users/admin/builder/spi-builder-workspace/Sources/MuscleMap/Views/BodyView.swift /Users/admin/builder/spi-builder-workspace/Sources/MuscleMap/Views/BodyViewStyle.swift /Users/admin/builder/spi-builder-workspace/Sources/MuscleMap/Views/HeatmapLegendUIView.swift /Users/admin/builder/spi-builder-workspace/Sources/MuscleMap/Views/HeatmapLegendView.swift /Users/admin/builder/spi-builder-workspace/Sources/MuscleMap/Views/InteractiveBodyOverlay.swift /Users/admin/builder/spi-builder-workspace/Sources/MuscleMap/Views/MuscleMapView.swift /Users/admin/builder/spi-builder-workspace/Sources/MuscleMap/Views/MuscleTooltip.swift /Users/admin/builder/spi-builder-workspace/Sources/MuscleMap/Views/SelectionHistory.swift /Users/admin/builder/spi-builder-workspace/Sources/MuscleMap/Views/ZoomableBodyContainer.swift -target arm64_32-apple-watchos10.0 -module-can-import-version UIKit 9127.0.84.1 9127.0.84 -disable-cross-import-overlay-search -load-resolved-plugin /Applications/Xcode-27.0.0.app/Contents/Developer/Platforms/WatchOS.platform/Developer/usr/lib/swift/host/plugins/libFoundationMacros.dylib\#/Applications/Xcode-27.0.0.app/Contents/Developer/Platforms/WatchOS.platform/Developer/usr/bin/swift-plugin-server\#FoundationMacros -load-resolved-plugin /Applications/Xcode-27.0.0.app/Contents/Developer/Platforms/WatchOS.platform/Developer/usr/lib/swift/host/plugins/libObservationMacros.dylib\#/Applications/Xcode-27.0.0.app/Contents/Developer/Platforms/WatchOS.platform/Developer/usr/bin/swift-plugin-server\#ObservationMacros -load-resolved-plugin /Applications/Xcode-27.0.0.app/Contents/Developer/Platforms/WatchOS.platform/Developer/usr/lib/swift/host/plugins/libPreviewsMacros.dylib\#/Applications/Xcode-27.0.0.app/Contents/Developer/Platforms/WatchOS.platform/Developer/usr/bin/swift-plugin-server\#PreviewsMacros -load-resolved-plugin /Applications/Xcode-27.0.0.app/Contents/Developer/Platforms/WatchOS.platform/Developer/usr/lib/swift/host/plugins/libSwiftMacros.dylib\#/Applications/Xcode-27.0.0.app/Contents/Developer/Platforms/WatchOS.platform/Developer/usr/bin/swift-plugin-server\#SwiftMacros -load-resolved-plugin /Applications/Xcode-27.0.0.app/Contents/Developer/Platforms/WatchOS.platform/Developer/usr/lib/swift/host/plugins/libSwiftUIMacros.dylib\#/Applications/Xcode-27.0.0.app/Contents/Developer/Platforms/WatchOS.platform/Developer/usr/bin/swift-plugin-server\#SwiftUIMacros -disable-implicit-swift-modules -Xcc -fno-implicit-modules -Xcc -fno-implicit-module-maps -explicit-swift-module-map-file /Users/admin/builder/spi-builder-workspace/.derivedData/Build/Intermediates.noindex/MuscleMap.build/Debug-watchos/MuscleMap-t.build/Objects-normal/arm64_32/MuscleMap-dependencies-2.json -enable-objc-interop -sdk /Applications/Xcode-27.0.0.app/Contents/Developer/Platforms/WatchOS.platform/Developer/SDKs/WatchOS27.0.sdk -I /Users/admin/builder/spi-builder-workspace/.derivedData/Build/Products/Debug-watchos -Isystem /Applications/Xcode-27.0.0.app/Contents/Developer/Platforms/WatchOS.platform/Developer/usr/lib -F /Users/admin/builder/spi-builder-workspace/.derivedData/Build/Products/Debug-watchos -F /Applications/Xcode-27.0.0.app/Contents/Developer/Platforms/WatchOS.platform/Developer/Library/Frameworks -F /Applications/Xcode-27.0.0.app/Contents/Developer/Platforms/WatchOS.platform/Developer/SDKs/WatchOS27.0.sdk/Developer/Library/Frameworks -module-cache-path /Users/admin/builder/spi-builder-workspace/.derivedData/Build/Intermediates.noindex/SwiftExplicitPrecompiledModules -no-color-diagnostics -Xcc -fno-color-diagnostics -enable-testing -g -debug-info-format\=dwarf -dwarf-version\=4 -profile-generate -profile-coverage-mapping -swift-version 6 -Onone -D SWIFT_PACKAGE -D DEBUG -D SWIFT_MODULE_RESOURCE_BUNDLE_AVAILABLE -D Xcode -serialize-debugging-options -enable-experimental-feature DebugDescriptionMacro -empty-abi-descriptor -validate-clang-modules-once -clang-build-session-file /Users/admin/builder/spi-builder-workspace/.derivedData/ModuleCache.noindex/Session.modulevalidation -Xcc -working-directory -Xcc /Users/admin/builder/spi-builder-workspace/.swiftpm/xcode -enable-anonymous-context-mangled-names -file-compilation-dir /Users/admin/builder/spi-builder-workspace/.swiftpm/xcode -Xcc -D_LIBCPP_HARDENING_MODE\=_LIBCPP_HARDENING_MODE_DEBUG -Xcc -ivfsstatcache -Xcc /Users/admin/builder/spi-builder-workspace/.derivedData/SDKStatCaches.noindex/watchos27.0-24R360-e829b21a6f8c9b70876ba0858053c044b9db9bc9c079ee3c7b5f3373b13d10bc.sdkstatcache -Xcc -fmodules-prune-interval\=86400 -Xcc -fmodules-prune-after\=345600 -Xcc -I/Users/admin/builder/spi-builder-workspace/.derivedData/Build/Products/Debug-watchos/include -Xcc -I/Users/admin/builder/spi-builder-workspace/.derivedData/Build/Intermediates.noindex/MuscleMap.build/Debug-watchos/MuscleMap-t.build/DerivedSources-normal/arm64_32 -Xcc -I/Users/admin/builder/spi-builder-workspace/.derivedData/Build/Intermediates.noindex/MuscleMap.build/Debug-watchos/MuscleMap-t.build/DerivedSources/arm64_32 -Xcc -I/Users/admin/builder/spi-builder-workspace/.derivedData/Build/Intermediates.noindex/MuscleMap.build/Debug-watchos/MuscleMap-t.build/DerivedSources -Xcc -DSWIFT_PACKAGE -Xcc -DDEBUG\=1 -no-auto-bridging-header-chaining -module-name MuscleMap -package-name spi_builder_workspace -const-gather-protocols-file /Users/admin/builder/spi-builder-workspace/.derivedData/Build/Intermediates.noindex/MuscleMap.build/Debug-watchos/MuscleMap-t.build/Objects-normal/arm64_32/MuscleMap_const_extract_protocols.json -disable-clang-spi -clang-target arm64_32-apple-watchos27.0 -target-sdk-version 27.0 -target-sdk-name watchos27.0 -in-process-plugin-server-path /Applications/Xcode-27.0.0.app/Contents/Developer/Toolchains/XcodeDefault.xctoolchain/usr/lib/swift/host/libSwiftInProcPluginServer.dylib -emit-module-doc-path /Users/admin/builder/spi-builder-workspace/.derivedData/Build/Intermediates.noindex/MuscleMap.build/Debug-watchos/MuscleMap-t.build/Objects-normal/arm64_32/MuscleMap.swiftdoc -emit-module-source-info-path /Users/admin/builder/spi-builder-workspace/.derivedData/Build/Intermediates.noindex/MuscleMap.build/Debug-watchos/MuscleMap-t.build/Objects-normal/arm64_32/MuscleMap.swiftsourceinfo -emit-objc-header-path /Users/admin/builder/spi-builder-workspace/.derivedData/Build/Intermediates.noindex/MuscleMap.build/Debug-watchos/MuscleMap-t.build/Objects-normal/arm64_32/MuscleMap-Swift.h -serialize-diagnostics-path /Users/admin/builder/spi-builder-workspace/.derivedData/Build/Intermediates.noindex/MuscleMap.build/Debug-watchos/MuscleMap-t.build/Objects-normal/arm64_32/MuscleMap-primary-emit-module.dia -emit-dependencies-path /Users/admin/builder/spi-builder-workspace/.derivedData/Build/Intermediates.noindex/MuscleMap.build/Debug-watchos/MuscleMap-t.build/Objects-normal/arm64_32/MuscleMap-primary-emit-module.d -parse-as-library -o /Users/admin/builder/spi-builder-workspace/.derivedData/Build/Intermediates.noindex/MuscleMap.build/Debug-watchos/MuscleMap-t.build/Objects-normal/arm64_32/MuscleMap.swiftmodule -emit-abi-descriptor-path /Users/admin/builder/spi-builder-workspace/.derivedData/Build/Intermediates.noindex/MuscleMap.build/Debug-watchos/MuscleMap-t.build/Objects-normal/arm64_32/MuscleMap.abi.json
SwiftCompile normal arm64_32 (in target 'MuscleMap' from project 'MuscleMap')
cd /Users/admin/builder/spi-builder-workspace/.swiftpm/xcode
SwiftCompile normal arm64_32 Compiling\ MuscleSide.swift,\ Bundle+MuscleMap.swift,\ Color+Extensions.swift /Users/admin/builder/spi-builder-workspace/Sources/MuscleMap/Data/MuscleSide.swift /Users/admin/builder/spi-builder-workspace/Sources/MuscleMap/Extensions/Bundle+MuscleMap.swift /Users/admin/builder/spi-builder-workspace/Sources/MuscleMap/Extensions/Color+Extensions.swift (in target 'MuscleMap' from project 'MuscleMap')
SwiftCompile normal arm64_32 /Users/admin/builder/spi-builder-workspace/Sources/MuscleMap/Data/MuscleSide.swift (in target 'MuscleMap' from project 'MuscleMap')
cd /Users/admin/builder/spi-builder-workspace/.swiftpm/xcode
builtin-SwiftPerFileCompile MuscleSide.swift
SwiftCompile normal arm64_32 /Users/admin/builder/spi-builder-workspace/Sources/MuscleMap/Extensions/Bundle+MuscleMap.swift (in target 'MuscleMap' from project 'MuscleMap')
cd /Users/admin/builder/spi-builder-workspace/.swiftpm/xcode
builtin-SwiftPerFileCompile Bundle+MuscleMap.swift
SwiftCompile normal arm64_32 /Users/admin/builder/spi-builder-workspace/Sources/MuscleMap/Extensions/Color+Extensions.swift (in target 'MuscleMap' from project 'MuscleMap')
cd /Users/admin/builder/spi-builder-workspace/.swiftpm/xcode
builtin-SwiftPerFileCompile Color+Extensions.swift
SwiftCompile normal arm64_32 Compiling\ resource_bundle_accessor.swift,\ PathBuilder.swift,\ SVGPathCommand.swift,\ SVGPathParser.swift /Users/admin/builder/spi-builder-workspace/.derivedData/Build/Intermediates.noindex/MuscleMap.build/Debug-watchos/MuscleMap-t.build/DerivedSources/resource_bundle_accessor.swift /Users/admin/builder/spi-builder-workspace/Sources/MuscleMap/Core/PathBuilder.swift /Users/admin/builder/spi-builder-workspace/Sources/MuscleMap/Core/SVGPathCommand.swift /Users/admin/builder/spi-builder-workspace/Sources/MuscleMap/Core/SVGPathParser.swift (in target 'MuscleMap' from project 'MuscleMap')
SwiftCompile normal arm64_32 /Users/admin/builder/spi-builder-workspace/.derivedData/Build/Intermediates.noindex/MuscleMap.build/Debug-watchos/MuscleMap-t.build/DerivedSources/resource_bundle_accessor.swift (in target 'MuscleMap' from project 'MuscleMap')
cd /Users/admin/builder/spi-builder-workspace/.swiftpm/xcode
builtin-SwiftPerFileCompile resource_bundle_accessor.swift
SwiftCompile normal arm64_32 /Users/admin/builder/spi-builder-workspace/Sources/MuscleMap/Core/PathBuilder.swift (in target 'MuscleMap' from project 'MuscleMap')
cd /Users/admin/builder/spi-builder-workspace/.swiftpm/xcode
builtin-SwiftPerFileCompile PathBuilder.swift
SwiftCompile normal arm64_32 /Users/admin/builder/spi-builder-workspace/Sources/MuscleMap/Core/SVGPathCommand.swift (in target 'MuscleMap' from project 'MuscleMap')
cd /Users/admin/builder/spi-builder-workspace/.swiftpm/xcode
builtin-SwiftPerFileCompile SVGPathCommand.swift
SwiftCompile normal arm64_32 /Users/admin/builder/spi-builder-workspace/Sources/MuscleMap/Core/SVGPathParser.swift (in target 'MuscleMap' from project 'MuscleMap')
cd /Users/admin/builder/spi-builder-workspace/.swiftpm/xcode
builtin-SwiftPerFileCompile SVGPathParser.swift
SwiftEmitModule normal arm64 Emitting\ module\ for\ MuscleMap (in target 'MuscleMap' from project 'MuscleMap')
SwiftCompile normal arm64 (in target 'MuscleMap' from project 'MuscleMap')
cd /Users/admin/builder/spi-builder-workspace/.swiftpm/xcode
PruneExplicitPrecompiledModules /Users/admin/builder/spi-builder-workspace/.derivedData/SDKExplicitPrecompiledModules
PruneExplicitPrecompiledModules /Users/admin/builder/spi-builder-workspace/.derivedData/Build/Intermediates.noindex/SwiftExplicitPrecompiledModules
PruneExplicitPrecompiledModules /Users/admin/builder/spi-builder-workspace/.derivedData/Build/Intermediates.noindex/ExplicitPrecompiledModules
2026-10-27 12:09:21.908 xcodebuild[662:4189] [MT] IDERunDestination: Supported platforms for the buildables in the current scheme is empty.
** BUILD FAILED **
The following build commands failed:
SwiftEmitModule normal arm64_32 Emitting\ module\ for\ MuscleMap (in target 'MuscleMap' from project 'MuscleMap')
SwiftCompile normal arm64_32 (in target 'MuscleMap' from project 'MuscleMap')
Building workspace MuscleMap with scheme MuscleMap
(3 failures)
Command line invocation:
/Applications/Xcode-27.0.0.app/Contents/Developer/usr/bin/xcodebuild -IDEClonedSourcePackagesDirPathOverride=/Users/admin/builder/spi-builder-workspace/.dependencies -resolvePackageDependencies
Resolve Package Graph
Resolved source packages:
MuscleMap: /Users/admin/builder/spi-builder-workspace
resolved source packages: MuscleMap
2026-10-27 12:09:29.663 xcodebuild[839:4936] [MT] IDERunDestination: Supported platforms for the buildables in the current scheme is empty.
{
"default_localization" : "en",
"dependencies" : [
],
"manifest_display_name" : "MuscleMap",
"name" : "MuscleMap",
"path" : "/Users/admin/builder/spi-builder-workspace",
"platforms" : [
{
"name" : "ios",
"version" : "17.0"
},
{
"name" : "macos",
"version" : "14.0"
}
],
"products" : [
{
"name" : "MuscleMap",
"targets" : [
"MuscleMap"
],
"type" : {
"library" : [
"automatic"
]
}
}
],
"swift_languages_versions" : [
"6"
],
"targets" : [
{
"c99name" : "MuscleMapTests",
"module_type" : "SwiftTarget",
"name" : "MuscleMapTests",
"path" : "Tests/MuscleMapTests",
"sources" : [
"AccessibilityTests.swift",
"AnimationTests.swift",
"BodyPathDataTests.swift",
"BodyViewStyleTests.swift",
"HeatmapTests.swift",
"InteractiveTests.swift",
"LocalizationTests.swift",
"MuscleFillTests.swift",
"MuscleTests.swift",
"PathBuilderTests.swift",
"PathCacheTests.swift",
"SVGPathParserTests.swift",
"SnapshotTests.swift",
"SubGroupTests.swift",
"UIKitWrapperTests.swift"
],
"target_dependencies" : [
"MuscleMap"
],
"type" : "test"
},
{
"c99name" : "MuscleMap",
"module_type" : "SwiftTarget",
"name" : "MuscleMap",
"path" : "Sources/MuscleMap",
"product_memberships" : [
"MuscleMap"
],
"resources" : [
{
"path" : "/Users/admin/builder/spi-builder-workspace/Sources/MuscleMap/Resources/ar.lproj/Localizable.strings",
"rule" : {
"process" : {
"localization" : "ar"
}
}
},
{
"path" : "/Users/admin/builder/spi-builder-workspace/Sources/MuscleMap/Resources/de.lproj/Localizable.strings",
"rule" : {
"process" : {
"localization" : "de"
}
}
},
{
"path" : "/Users/admin/builder/spi-builder-workspace/Sources/MuscleMap/Resources/en.lproj/Localizable.strings",
"rule" : {
"process" : {
"localization" : "en"
}
}
},
{
"path" : "/Users/admin/builder/spi-builder-workspace/Sources/MuscleMap/Resources/es.lproj/Localizable.strings",
"rule" : {
"process" : {
"localization" : "es"
}
}
},
{
"path" : "/Users/admin/builder/spi-builder-workspace/Sources/MuscleMap/Resources/fr.lproj/Localizable.strings",
"rule" : {
"process" : {
"localization" : "fr"
}
}
},
{
"path" : "/Users/admin/builder/spi-builder-workspace/Sources/MuscleMap/Resources/ja.lproj/Localizable.strings",
"rule" : {
"process" : {
"localization" : "ja"
}
}
},
{
"path" : "/Users/admin/builder/spi-builder-workspace/Sources/MuscleMap/Resources/ko.lproj/Localizable.strings",
"rule" : {
"process" : {
"localization" : "ko"
}
}
},
{
"path" : "/Users/admin/builder/spi-builder-workspace/Sources/MuscleMap/Resources/pt-BR.lproj/Localizable.strings",
"rule" : {
"process" : {
"localization" : "pt-br"
}
}
},
{
"path" : "/Users/admin/builder/spi-builder-workspace/Sources/MuscleMap/Resources/ru.lproj/Localizable.strings",
"rule" : {
"process" : {
"localization" : "ru"
}
}
},
{
"path" : "/Users/admin/builder/spi-builder-workspace/Sources/MuscleMap/Resources/tr.lproj/Localizable.strings",
"rule" : {
"process" : {
"localization" : "tr"
}
}
},
{
"path" : "/Users/admin/builder/spi-builder-workspace/Sources/MuscleMap/Resources/zh-Hans.lproj/Localizable.strings",
"rule" : {
"process" : {
"localization" : "zh-hans"
}
}
}
],
"sources" : [
"Core/PathBuilder.swift",
"Core/SVGPathCommand.swift",
"Core/SVGPathParser.swift",
"Data/BodyPathData.swift",
"Data/FemaleBackPaths.swift",
"Data/FemaleFrontPaths.swift",
"Data/MaleBackPaths.swift",
"Data/MaleFrontPaths.swift",
"Data/Muscle.swift",
"Data/MuscleSelection.swift",
"Data/MuscleSide.swift",
"Extensions/Bundle+MuscleMap.swift",
"Extensions/Color+Extensions.swift",
"Heatmap/ColorInterpolation.swift",
"Heatmap/HeatmapColorScale.swift",
"Heatmap/HeatmapConfiguration.swift",
"Heatmap/MuscleFill.swift",
"Heatmap/MuscleIntensity.swift",
"Rendering/BodyRenderer.swift",
"Rendering/PathCache.swift",
"Views/AnimatedBodyView.swift",
"Views/BodyAccessibilityOverlay.swift",
"Views/BodyView.swift",
"Views/BodyViewStyle.swift",
"Views/HeatmapLegendUIView.swift",
"Views/HeatmapLegendView.swift",
"Views/InteractiveBodyOverlay.swift",
"Views/MuscleMapView.swift",
"Views/MuscleTooltip.swift",
"Views/SelectionHistory.swift",
"Views/ZoomableBodyContainer.swift"
],
"type" : "library"
}
],
"tools_version" : "6.0"
}
{
"workspace" : {
"name" : "MuscleMap",
"schemes" : [
"MuscleMap"
]
}
}
2026-10-27 12:09:30.900 xcodebuild[847:5004] [MT] IDERunDestination: Supported platforms for the buildables in the current scheme is empty.
Running build ...
env DEVELOPER_DIR=/Applications/Xcode-27.0.0.app xcrun xcodebuild -IDEClonedSourcePackagesDirPathOverride=$PWD/.dependencies -skipMacroValidation -skipPackagePluginValidation -derivedDataPath $PWD/.derivedData build -scheme MuscleMap -destination generic/platform=watchOS
Command line invocation:
/Applications/Xcode-27.0.0.app/Contents/Developer/usr/bin/xcodebuild -IDEClonedSourcePackagesDirPathOverride=/Users/admin/builder/spi-builder-workspace/.dependencies -skipMacroValidation -skipPackagePluginValidation -derivedDataPath /Users/admin/builder/spi-builder-workspace/.derivedData build -scheme MuscleMap -destination generic/platform=watchOS
Resolve Package Graph
Resolved source packages:
MuscleMap: /Users/admin/builder/spi-builder-workspace
ComputePackagePrebuildTargetDependencyGraph
Prepare packages
CreateBuildRequest
SendProjectDescription
CreateBuildOperation
ComputeTargetDependencyGraph
note: Building targets in dependency order
note: Target dependency graph (3 targets)
Target 'MuscleMap-product' in project 'MuscleMap'
➜ Explicit dependency on target 'MuscleMap' in project 'MuscleMap'
➜ Explicit dependency on target 'MuscleMap_MuscleMap' in project 'MuscleMap'
Target 'MuscleMap' in project 'MuscleMap'
➜ Explicit dependency on target 'MuscleMap_MuscleMap' in project 'MuscleMap'
Target 'MuscleMap_MuscleMap' in project 'MuscleMap' (no dependencies)
GatherProvisioningInputs
CreateBuildDescription
ClangStatCache /Applications/Xcode-27.0.0.app/Contents/Developer/Toolchains/XcodeDefault.xctoolchain/usr/bin/clang-stat-cache /Applications/Xcode-27.0.0.app/Contents/Developer/Platforms/WatchOS.platform/Developer/SDKs/WatchOS27.0.sdk /Users/admin/builder/spi-builder-workspace/.derivedData/SDKStatCaches.noindex/watchos27.0-24R360-e829b21a6f8c9b70876ba0858053c044b9db9bc9c079ee3c7b5f3373b13d10bc.sdkstatcache
cd /Users/admin/builder/spi-builder-workspace/.swiftpm/xcode
/Applications/Xcode-27.0.0.app/Contents/Developer/Toolchains/XcodeDefault.xctoolchain/usr/bin/clang-stat-cache /Applications/Xcode-27.0.0.app/Contents/Developer/Platforms/WatchOS.platform/Developer/SDKs/WatchOS27.0.sdk -o /Users/admin/builder/spi-builder-workspace/.derivedData/SDKStatCaches.noindex/watchos27.0-24R360-e829b21a6f8c9b70876ba0858053c044b9db9bc9c079ee3c7b5f3373b13d10bc.sdkstatcache
SwiftDriver MuscleMap normal arm64 com.apple.xcode.tools.swift.compiler (in target 'MuscleMap' from project 'MuscleMap')
cd /Users/admin/builder/spi-builder-workspace/.swiftpm/xcode
builtin-SwiftDriver -- /Applications/Xcode-27.0.0.app/Contents/Developer/Toolchains/XcodeDefault.xctoolchain/usr/bin/swiftc -parse-as-library -module-name MuscleMap -Onone @/Users/admin/builder/spi-builder-workspace/.derivedData/Build/Intermediates.noindex/MuscleMap.build/Debug-watchos/MuscleMap-t.build/Objects-normal/arm64/MuscleMap.SwiftFileList -DSWIFT_PACKAGE -DDEBUG -DSWIFT_MODULE_RESOURCE_BUNDLE_AVAILABLE -DXcode -plugin-path /Applications/Xcode-27.0.0.app/Contents/Developer/Toolchains/XcodeDefault.xctoolchain/usr/lib/swift/host/plugins/testing -enable-experimental-feature DebugDescriptionMacro -sdk /Applications/Xcode-27.0.0.app/Contents/Developer/Platforms/WatchOS.platform/Developer/SDKs/WatchOS27.0.sdk -target arm64-apple-watchos10.0 -g -module-cache-path /Users/admin/builder/spi-builder-workspace/.derivedData/ModuleCache.noindex -Xfrontend -serialize-debugging-options -profile-coverage-mapping -profile-generate -enable-testing -index-store-path /Users/admin/builder/spi-builder-workspace/.derivedData/Index.noindex/DataStore -Xcc -D_LIBCPP_HARDENING_MODE\=_LIBCPP_HARDENING_MODE_DEBUG -swift-version 6 -I /Users/admin/builder/spi-builder-workspace/.derivedData/Build/Products/Debug-watchos -Isystem /Applications/Xcode-27.0.0.app/Contents/Developer/Platforms/WatchOS.platform/Developer/usr/lib -F /Users/admin/builder/spi-builder-workspace/.derivedData/Build/Products/Debug-watchos -F /Applications/Xcode-27.0.0.app/Contents/Developer/Platforms/WatchOS.platform/Developer/Library/Frameworks -F /Applications/Xcode-27.0.0.app/Contents/Developer/Platforms/WatchOS.platform/Developer/SDKs/WatchOS27.0.sdk/Developer/Library/Frameworks -emit-localized-strings -emit-localized-strings-path /Users/admin/builder/spi-builder-workspace/.derivedData/Build/Intermediates.noindex/MuscleMap.build/Debug-watchos/MuscleMap-t.build/Objects-normal/arm64 -c -j10 -enable-batch-mode -incremental -Xcc -ivfsstatcache -Xcc /Users/admin/builder/spi-builder-workspace/.derivedData/SDKStatCaches.noindex/watchos27.0-24R360-e829b21a6f8c9b70876ba0858053c044b9db9bc9c079ee3c7b5f3373b13d10bc.sdkstatcache -output-file-map /Users/admin/builder/spi-builder-workspace/.derivedData/Build/Intermediates.noindex/MuscleMap.build/Debug-watchos/MuscleMap-t.build/Objects-normal/arm64/MuscleMap-OutputFileMap.json -save-temps -no-color-diagnostics -explicit-module-build -module-cache-path /Users/admin/builder/spi-builder-workspace/.derivedData/Build/Intermediates.noindex/SwiftExplicitPrecompiledModules -clang-scanner-module-cache-path /Users/admin/builder/spi-builder-workspace/.derivedData/ModuleCache.noindex -sdk-module-cache-path /Users/admin/builder/spi-builder-workspace/.derivedData/SDKExplicitPrecompiledModules -emit-dependencies -emit-module -emit-module-path /Users/admin/builder/spi-builder-workspace/.derivedData/Build/Intermediates.noindex/MuscleMap.build/Debug-watchos/MuscleMap-t.build/Objects-normal/arm64/MuscleMap.swiftmodule -serialize-diagnostics -dependency-scan-serialize-diagnostics-path /Users/admin/builder/spi-builder-workspace/.derivedData/Build/Intermediates.noindex/MuscleMap.build/Debug-watchos/MuscleMap-t.build/Objects-normal/arm64/MuscleMap-dependency-scan.dia -validate-clang-modules-once -clang-build-session-file /Users/admin/builder/spi-builder-workspace/.derivedData/ModuleCache.noindex/Session.modulevalidation -Xcc -fmodules-prune-interval\=86400 -Xcc -fmodules-prune-after\=345600 -package-name spi_builder_workspace -emit-const-values -const-gather-protocols-list /Users/admin/builder/spi-builder-workspace/.derivedData/Build/Intermediates.noindex/MuscleMap.build/Debug-watchos/MuscleMap-t.build/Objects-normal/arm64/MuscleMap_const_extract_protocols.json -Xcc -I/Users/admin/builder/spi-builder-workspace/.derivedData/Build/Products/Debug-watchos/include -Xcc -I/Users/admin/builder/spi-builder-workspace/.derivedData/Build/Intermediates.noindex/MuscleMap.build/Debug-watchos/MuscleMap-t.build/DerivedSources-normal/arm64 -Xcc -I/Users/admin/builder/spi-builder-workspace/.derivedData/Build/Intermediates.noindex/MuscleMap.build/Debug-watchos/MuscleMap-t.build/DerivedSources/arm64 -Xcc -I/Users/admin/builder/spi-builder-workspace/.derivedData/Build/Intermediates.noindex/MuscleMap.build/Debug-watchos/MuscleMap-t.build/DerivedSources -Xcc -DSWIFT_PACKAGE -Xcc -DDEBUG\=1 -emit-objc-header -emit-objc-header-path /Users/admin/builder/spi-builder-workspace/.derivedData/Build/Intermediates.noindex/MuscleMap.build/Debug-watchos/MuscleMap-t.build/Objects-normal/arm64/MuscleMap-Swift.h -working-directory /Users/admin/builder/spi-builder-workspace/.swiftpm/xcode -experimental-emit-module-separately -disable-cmo
SwiftDriver MuscleMap normal arm64_32 com.apple.xcode.tools.swift.compiler (in target 'MuscleMap' from project 'MuscleMap')
cd /Users/admin/builder/spi-builder-workspace/.swiftpm/xcode
builtin-SwiftDriver -- /Applications/Xcode-27.0.0.app/Contents/Developer/Toolchains/XcodeDefault.xctoolchain/usr/bin/swiftc -parse-as-library -module-name MuscleMap -Onone @/Users/admin/builder/spi-builder-workspace/.derivedData/Build/Intermediates.noindex/MuscleMap.build/Debug-watchos/MuscleMap-t.build/Objects-normal/arm64_32/MuscleMap.SwiftFileList -DSWIFT_PACKAGE -DDEBUG -DSWIFT_MODULE_RESOURCE_BUNDLE_AVAILABLE -DXcode -plugin-path /Applications/Xcode-27.0.0.app/Contents/Developer/Toolchains/XcodeDefault.xctoolchain/usr/lib/swift/host/plugins/testing -enable-experimental-feature DebugDescriptionMacro -sdk /Applications/Xcode-27.0.0.app/Contents/Developer/Platforms/WatchOS.platform/Developer/SDKs/WatchOS27.0.sdk -target arm64_32-apple-watchos10.0 -g -module-cache-path /Users/admin/builder/spi-builder-workspace/.derivedData/ModuleCache.noindex -Xfrontend -serialize-debugging-options -profile-coverage-mapping -profile-generate -enable-testing -index-store-path /Users/admin/builder/spi-builder-workspace/.derivedData/Index.noindex/DataStore -Xcc -D_LIBCPP_HARDENING_MODE\=_LIBCPP_HARDENING_MODE_DEBUG -swift-version 6 -I /Users/admin/builder/spi-builder-workspace/.derivedData/Build/Products/Debug-watchos -Isystem /Applications/Xcode-27.0.0.app/Contents/Developer/Platforms/WatchOS.platform/Developer/usr/lib -F /Users/admin/builder/spi-builder-workspace/.derivedData/Build/Products/Debug-watchos -F /Applications/Xcode-27.0.0.app/Contents/Developer/Platforms/WatchOS.platform/Developer/Library/Frameworks -F /Applications/Xcode-27.0.0.app/Contents/Developer/Platforms/WatchOS.platform/Developer/SDKs/WatchOS27.0.sdk/Developer/Library/Frameworks -emit-localized-strings -emit-localized-strings-path /Users/admin/builder/spi-builder-workspace/.derivedData/Build/Intermediates.noindex/MuscleMap.build/Debug-watchos/MuscleMap-t.build/Objects-normal/arm64_32 -c -j10 -enable-batch-mode -incremental -Xcc -ivfsstatcache -Xcc /Users/admin/builder/spi-builder-workspace/.derivedData/SDKStatCaches.noindex/watchos27.0-24R360-e829b21a6f8c9b70876ba0858053c044b9db9bc9c079ee3c7b5f3373b13d10bc.sdkstatcache -output-file-map /Users/admin/builder/spi-builder-workspace/.derivedData/Build/Intermediates.noindex/MuscleMap.build/Debug-watchos/MuscleMap-t.build/Objects-normal/arm64_32/MuscleMap-OutputFileMap.json -save-temps -no-color-diagnostics -explicit-module-build -module-cache-path /Users/admin/builder/spi-builder-workspace/.derivedData/Build/Intermediates.noindex/SwiftExplicitPrecompiledModules -clang-scanner-module-cache-path /Users/admin/builder/spi-builder-workspace/.derivedData/ModuleCache.noindex -sdk-module-cache-path /Users/admin/builder/spi-builder-workspace/.derivedData/SDKExplicitPrecompiledModules -emit-dependencies -emit-module -emit-module-path /Users/admin/builder/spi-builder-workspace/.derivedData/Build/Intermediates.noindex/MuscleMap.build/Debug-watchos/MuscleMap-t.build/Objects-normal/arm64_32/MuscleMap.swiftmodule -serialize-diagnostics -dependency-scan-serialize-diagnostics-path /Users/admin/builder/spi-builder-workspace/.derivedData/Build/Intermediates.noindex/MuscleMap.build/Debug-watchos/MuscleMap-t.build/Objects-normal/arm64_32/MuscleMap-dependency-scan.dia -validate-clang-modules-once -clang-build-session-file /Users/admin/builder/spi-builder-workspace/.derivedData/ModuleCache.noindex/Session.modulevalidation -Xcc -fmodules-prune-interval\=86400 -Xcc -fmodules-prune-after\=345600 -package-name spi_builder_workspace -emit-const-values -const-gather-protocols-list /Users/admin/builder/spi-builder-workspace/.derivedData/Build/Intermediates.noindex/MuscleMap.build/Debug-watchos/MuscleMap-t.build/Objects-normal/arm64_32/MuscleMap_const_extract_protocols.json -Xcc -I/Users/admin/builder/spi-builder-workspace/.derivedData/Build/Products/Debug-watchos/include -Xcc -I/Users/admin/builder/spi-builder-workspace/.derivedData/Build/Intermediates.noindex/MuscleMap.build/Debug-watchos/MuscleMap-t.build/DerivedSources-normal/arm64_32 -Xcc -I/Users/admin/builder/spi-builder-workspace/.derivedData/Build/Intermediates.noindex/MuscleMap.build/Debug-watchos/MuscleMap-t.build/DerivedSources/arm64_32 -Xcc -I/Users/admin/builder/spi-builder-workspace/.derivedData/Build/Intermediates.noindex/MuscleMap.build/Debug-watchos/MuscleMap-t.build/DerivedSources -Xcc -DSWIFT_PACKAGE -Xcc -DDEBUG\=1 -emit-objc-header -emit-objc-header-path /Users/admin/builder/spi-builder-workspace/.derivedData/Build/Intermediates.noindex/MuscleMap.build/Debug-watchos/MuscleMap-t.build/Objects-normal/arm64_32/MuscleMap-Swift.h -working-directory /Users/admin/builder/spi-builder-workspace/.swiftpm/xcode -experimental-emit-module-separately -disable-cmo
SwiftEmitModule normal arm64_32 Emitting\ module\ for\ MuscleMap (in target 'MuscleMap' from project 'MuscleMap')
/Users/admin/builder/spi-builder-workspace/Sources/MuscleMap/Views/HeatmapLegendUIView.swift:36:29: error: 'NSLayoutConstraint' is unavailable in watchOS
34 |
35 | /// Orientation of the legend bar.
36 | public var orientation: NSLayoutConstraint.Axis {
| `- error: 'NSLayoutConstraint' is unavailable in watchOS
37 | didSet { updateLegendView() }
38 | }
/Applications/Xcode-27.0.0.app/Contents/Developer/Platforms/WatchOS.platform/Developer/SDKs/WatchOS27.0.sdk/System/Library/Frameworks/UIKit.framework/Headers/NSLayoutConstraint.h:126:12: note: 'NSLayoutConstraint' has been explicitly marked unavailable here
124 |
125 | NSLAYOUTCONSTRAINT_EXTERN API_AVAILABLE(macos(10.7), ios(6.0), tvos(9.0)) API_UNAVAILABLE(watchos) NS_SWIFT_UI_ACTOR
126 | @interface NSLayoutConstraint : NSObject
| `- note: 'NSLayoutConstraint' has been explicitly marked unavailable here
127 |
128 | /* Create an array of constraints using an ASCII-art-like visual format string. The values of the `metrics` dictionary should be NSNumber (or some other type that responds to -doubleValue and returns a double).
/Users/admin/builder/spi-builder-workspace/Sources/MuscleMap/Views/HeatmapLegendUIView.swift:57:36: error: cannot find type 'UIHostingController' in scope
55 | // MARK: - Private
56 |
57 | private var hostingController: UIHostingController<AnyView>?
| `- error: cannot find type 'UIHostingController' in scope
58 |
59 | // MARK: - Initializers
/Users/admin/builder/spi-builder-workspace/Sources/MuscleMap/Views/HeatmapLegendUIView.swift:72:22: error: 'NSLayoutConstraint' is unavailable in watchOS
70 | colorScale: HeatmapColorScale,
71 | interpolation: ColorInterpolation = .linear,
72 | orientation: NSLayoutConstraint.Axis = .horizontal,
| `- error: 'NSLayoutConstraint' is unavailable in watchOS
73 | barThickness: CGFloat = 16,
74 | labelMin: String? = nil,
/Applications/Xcode-27.0.0.app/Contents/Developer/Platforms/WatchOS.platform/Developer/SDKs/WatchOS27.0.sdk/System/Library/Frameworks/UIKit.framework/Headers/NSLayoutConstraint.h:126:12: note: 'NSLayoutConstraint' has been explicitly marked unavailable here
124 |
125 | NSLAYOUTCONSTRAINT_EXTERN API_AVAILABLE(macos(10.7), ios(6.0), tvos(9.0)) API_UNAVAILABLE(watchos) NS_SWIFT_UI_ACTOR
126 | @interface NSLayoutConstraint : NSObject
| `- note: 'NSLayoutConstraint' has been explicitly marked unavailable here
127 |
128 | /* Create an array of constraints using an ASCII-art-like visual format string. The values of the `metrics` dictionary should be NSNumber (or some other type that responds to -doubleValue and returns a double).
/Users/admin/builder/spi-builder-workspace/Sources/MuscleMap/Views/HeatmapLegendUIView.swift:21:35: error: 'UIView' is unavailable in watchOS
19 | /// view.addSubview(legend)
20 | /// ```
21 | public class HeatmapLegendUIView: UIView {
| `- error: 'UIView' is unavailable in watchOS
22 |
23 | // MARK: - Configuration Properties
/Applications/Xcode-27.0.0.app/Contents/Developer/Platforms/WatchOS.platform/Developer/SDKs/WatchOS27.0.sdk/System/Library/Frameworks/UIKit.framework/Headers/UIView.h:152:12: note: 'UIView' has been explicitly marked unavailable here
150 |
151 | UIKIT_EXTERN API_AVAILABLE(ios(2.0)) API_UNAVAILABLE(watchos) NS_SWIFT_UI_ACTOR
152 | @interface UIView : UIResponder <NSCoding, UIAppearance, UIAppearanceContainer, UIDynamicItem, UITraitEnvironment, UICoordinateSpace, UIFocusItem, UIFocusItemContainer, CALayerDelegate>
| `- note: 'UIView' has been explicitly marked unavailable here
153 |
154 | @property(class, nonatomic, readonly) Class layerClass; // default is [CALayer class]. Used when creating the underlying layer for the view.
/Users/admin/builder/spi-builder-workspace/Sources/MuscleMap/Views/MuscleMapView.swift:120:36: error: cannot find type 'UIHostingController' in scope
118 | // MARK: - Private
119 |
120 | private var hostingController: UIHostingController<AnyView>?
| `- error: cannot find type 'UIHostingController' in scope
121 |
122 | // MARK: - Initializers
/Users/admin/builder/spi-builder-workspace/Sources/MuscleMap/Views/MuscleMapView.swift:27:29: error: 'UIView' is unavailable in watchOS
25 | /// view.addSubview(muscleMap)
26 | /// ```
27 | public class MuscleMapView: UIView {
| `- error: 'UIView' is unavailable in watchOS
28 |
29 | // MARK: - Configuration Properties
/Applications/Xcode-27.0.0.app/Contents/Developer/Platforms/WatchOS.platform/Developer/SDKs/WatchOS27.0.sdk/System/Library/Frameworks/UIKit.framework/Headers/UIView.h:152:12: note: 'UIView' has been explicitly marked unavailable here
150 |
151 | UIKIT_EXTERN API_AVAILABLE(ios(2.0)) API_UNAVAILABLE(watchos) NS_SWIFT_UI_ACTOR
152 | @interface UIView : UIResponder <NSCoding, UIAppearance, UIAppearanceContainer, UIDynamicItem, UITraitEnvironment, UICoordinateSpace, UIFocusItem, UIFocusItemContainer, CALayerDelegate>
| `- note: 'UIView' has been explicitly marked unavailable here
153 |
154 | @property(class, nonatomic, readonly) Class layerClass; // default is [CALayer class]. Used when creating the underlying layer for the view.
Failed frontend command:
SwiftCompile normal arm64_32 (in target 'MuscleMap' from project 'MuscleMap')
cd /Users/admin/builder/spi-builder-workspace/.swiftpm/xcode
/Applications/Xcode-27.0.0.app/Contents/Developer/Toolchains/XcodeDefault.xctoolchain/usr/bin/swift-frontend -frontend -emit-module -experimental-skip-non-inlinable-function-bodies-without-types /Users/admin/builder/spi-builder-workspace/.derivedData/Build/Intermediates.noindex/MuscleMap.build/Debug-watchos/MuscleMap-t.build/DerivedSources/resource_bundle_accessor.swift /Users/admin/builder/spi-builder-workspace/Sources/MuscleMap/Core/PathBuilder.swift /Users/admin/builder/spi-builder-workspace/Sources/MuscleMap/Core/SVGPathCommand.swift /Users/admin/builder/spi-builder-workspace/Sources/MuscleMap/Core/SVGPathParser.swift /Users/admin/builder/spi-builder-workspace/Sources/MuscleMap/Data/BodyPathData.swift /Users/admin/builder/spi-builder-workspace/Sources/MuscleMap/Data/FemaleBackPaths.swift /Users/admin/builder/spi-builder-workspace/Sources/MuscleMap/Data/FemaleFrontPaths.swift /Users/admin/builder/spi-builder-workspace/Sources/MuscleMap/Data/MaleBackPaths.swift /Users/admin/builder/spi-builder-workspace/Sources/MuscleMap/Data/MaleFrontPaths.swift /Users/admin/builder/spi-builder-workspace/Sources/MuscleMap/Data/Muscle.swift /Users/admin/builder/spi-builder-workspace/Sources/MuscleMap/Data/MuscleSelection.swift /Users/admin/builder/spi-builder-workspace/Sources/MuscleMap/Data/MuscleSide.swift /Users/admin/builder/spi-builder-workspace/Sources/MuscleMap/Extensions/Bundle+MuscleMap.swift /Users/admin/builder/spi-builder-workspace/Sources/MuscleMap/Extensions/Color+Extensions.swift /Users/admin/builder/spi-builder-workspace/Sources/MuscleMap/Heatmap/ColorInterpolation.swift /Users/admin/builder/spi-builder-workspace/Sources/MuscleMap/Heatmap/HeatmapColorScale.swift /Users/admin/builder/spi-builder-workspace/Sources/MuscleMap/Heatmap/HeatmapConfiguration.swift /Users/admin/builder/spi-builder-workspace/Sources/MuscleMap/Heatmap/MuscleFill.swift /Users/admin/builder/spi-builder-workspace/Sources/MuscleMap/Heatmap/MuscleIntensity.swift /Users/admin/builder/spi-builder-workspace/Sources/MuscleMap/Rendering/BodyRenderer.swift /Users/admin/builder/spi-builder-workspace/Sources/MuscleMap/Rendering/PathCache.swift /Users/admin/builder/spi-builder-workspace/Sources/MuscleMap/Views/AnimatedBodyView.swift /Users/admin/builder/spi-builder-workspace/Sources/MuscleMap/Views/BodyAccessibilityOverlay.swift /Users/admin/builder/spi-builder-workspace/Sources/MuscleMap/Views/BodyView.swift /Users/admin/builder/spi-builder-workspace/Sources/MuscleMap/Views/BodyViewStyle.swift /Users/admin/builder/spi-builder-workspace/Sources/MuscleMap/Views/HeatmapLegendUIView.swift /Users/admin/builder/spi-builder-workspace/Sources/MuscleMap/Views/HeatmapLegendView.swift /Users/admin/builder/spi-builder-workspace/Sources/MuscleMap/Views/InteractiveBodyOverlay.swift /Users/admin/builder/spi-builder-workspace/Sources/MuscleMap/Views/MuscleMapView.swift /Users/admin/builder/spi-builder-workspace/Sources/MuscleMap/Views/MuscleTooltip.swift /Users/admin/builder/spi-builder-workspace/Sources/MuscleMap/Views/SelectionHistory.swift /Users/admin/builder/spi-builder-workspace/Sources/MuscleMap/Views/ZoomableBodyContainer.swift -target arm64_32-apple-watchos10.0 -module-can-import-version UIKit 9127.0.84.1 9127.0.84 -disable-cross-import-overlay-search -load-resolved-plugin /Applications/Xcode-27.0.0.app/Contents/Developer/Platforms/WatchOS.platform/Developer/usr/lib/swift/host/plugins/libFoundationMacros.dylib\#/Applications/Xcode-27.0.0.app/Contents/Developer/Platforms/WatchOS.platform/Developer/usr/bin/swift-plugin-server\#FoundationMacros -load-resolved-plugin /Applications/Xcode-27.0.0.app/Contents/Developer/Platforms/WatchOS.platform/Developer/usr/lib/swift/host/plugins/libObservationMacros.dylib\#/Applications/Xcode-27.0.0.app/Contents/Developer/Platforms/WatchOS.platform/Developer/usr/bin/swift-plugin-server\#ObservationMacros -load-resolved-plugin /Applications/Xcode-27.0.0.app/Contents/Developer/Platforms/WatchOS.platform/Developer/usr/lib/swift/host/plugins/libPreviewsMacros.dylib\#/Applications/Xcode-27.0.0.app/Contents/Developer/Platforms/WatchOS.platform/Developer/usr/bin/swift-plugin-server\#PreviewsMacros -load-resolved-plugin /Applications/Xcode-27.0.0.app/Contents/Developer/Platforms/WatchOS.platform/Developer/usr/lib/swift/host/plugins/libSwiftMacros.dylib\#/Applications/Xcode-27.0.0.app/Contents/Developer/Platforms/WatchOS.platform/Developer/usr/bin/swift-plugin-server\#SwiftMacros -load-resolved-plugin /Applications/Xcode-27.0.0.app/Contents/Developer/Platforms/WatchOS.platform/Developer/usr/lib/swift/host/plugins/libSwiftUIMacros.dylib\#/Applications/Xcode-27.0.0.app/Contents/Developer/Platforms/WatchOS.platform/Developer/usr/bin/swift-plugin-server\#SwiftUIMacros -disable-implicit-swift-modules -Xcc -fno-implicit-modules -Xcc -fno-implicit-module-maps -explicit-swift-module-map-file /Users/admin/builder/spi-builder-workspace/.derivedData/Build/Intermediates.noindex/MuscleMap.build/Debug-watchos/MuscleMap-t.build/Objects-normal/arm64_32/MuscleMap-dependencies-1.json -enable-objc-interop -sdk /Applications/Xcode-27.0.0.app/Contents/Developer/Platforms/WatchOS.platform/Developer/SDKs/WatchOS27.0.sdk -I /Users/admin/builder/spi-builder-workspace/.derivedData/Build/Products/Debug-watchos -Isystem /Applications/Xcode-27.0.0.app/Contents/Developer/Platforms/WatchOS.platform/Developer/usr/lib -F /Users/admin/builder/spi-builder-workspace/.derivedData/Build/Products/Debug-watchos -F /Applications/Xcode-27.0.0.app/Contents/Developer/Platforms/WatchOS.platform/Developer/Library/Frameworks -F /Applications/Xcode-27.0.0.app/Contents/Developer/Platforms/WatchOS.platform/Developer/SDKs/WatchOS27.0.sdk/Developer/Library/Frameworks -module-cache-path /Users/admin/builder/spi-builder-workspace/.derivedData/Build/Intermediates.noindex/SwiftExplicitPrecompiledModules -no-color-diagnostics -Xcc -fno-color-diagnostics -enable-testing -g -debug-info-format\=dwarf -dwarf-version\=4 -profile-generate -profile-coverage-mapping -swift-version 6 -Onone -D SWIFT_PACKAGE -D DEBUG -D SWIFT_MODULE_RESOURCE_BUNDLE_AVAILABLE -D Xcode -serialize-debugging-options -enable-experimental-feature DebugDescriptionMacro -empty-abi-descriptor -validate-clang-modules-once -clang-build-session-file /Users/admin/builder/spi-builder-workspace/.derivedData/ModuleCache.noindex/Session.modulevalidation -Xcc -working-directory -Xcc /Users/admin/builder/spi-builder-workspace/.swiftpm/xcode -enable-anonymous-context-mangled-names -file-compilation-dir /Users/admin/builder/spi-builder-workspace/.swiftpm/xcode -Xcc -D_LIBCPP_HARDENING_MODE\=_LIBCPP_HARDENING_MODE_DEBUG -Xcc -ivfsstatcache -Xcc /Users/admin/builder/spi-builder-workspace/.derivedData/SDKStatCaches.noindex/watchos27.0-24R360-e829b21a6f8c9b70876ba0858053c044b9db9bc9c079ee3c7b5f3373b13d10bc.sdkstatcache -Xcc -fmodules-prune-interval\=86400 -Xcc -fmodules-prune-after\=345600 -Xcc -I/Users/admin/builder/spi-builder-workspace/.derivedData/Build/Products/Debug-watchos/include -Xcc -I/Users/admin/builder/spi-builder-workspace/.derivedData/Build/Intermediates.noindex/MuscleMap.build/Debug-watchos/MuscleMap-t.build/DerivedSources-normal/arm64_32 -Xcc -I/Users/admin/builder/spi-builder-workspace/.derivedData/Build/Intermediates.noindex/MuscleMap.build/Debug-watchos/MuscleMap-t.build/DerivedSources/arm64_32 -Xcc -I/Users/admin/builder/spi-builder-workspace/.derivedData/Build/Intermediates.noindex/MuscleMap.build/Debug-watchos/MuscleMap-t.build/DerivedSources -Xcc -DSWIFT_PACKAGE -Xcc -DDEBUG\=1 -no-auto-bridging-header-chaining -module-name MuscleMap -package-name spi_builder_workspace -const-gather-protocols-file /Users/admin/builder/spi-builder-workspace/.derivedData/Build/Intermediates.noindex/MuscleMap.build/Debug-watchos/MuscleMap-t.build/Objects-normal/arm64_32/MuscleMap_const_extract_protocols.json -disable-clang-spi -clang-target arm64_32-apple-watchos27.0 -target-sdk-version 27.0 -target-sdk-name watchos27.0 -in-process-plugin-server-path /Applications/Xcode-27.0.0.app/Contents/Developer/Toolchains/XcodeDefault.xctoolchain/usr/lib/swift/host/libSwiftInProcPluginServer.dylib -emit-module-doc-path /Users/admin/builder/spi-builder-workspace/.derivedData/Build/Intermediates.noindex/MuscleMap.build/Debug-watchos/MuscleMap-t.build/Objects-normal/arm64_32/MuscleMap.swiftdoc -emit-module-source-info-path /Users/admin/builder/spi-builder-workspace/.derivedData/Build/Intermediates.noindex/MuscleMap.build/Debug-watchos/MuscleMap-t.build/Objects-normal/arm64_32/MuscleMap.swiftsourceinfo -emit-objc-header-path /Users/admin/builder/spi-builder-workspace/.derivedData/Build/Intermediates.noindex/MuscleMap.build/Debug-watchos/MuscleMap-t.build/Objects-normal/arm64_32/MuscleMap-Swift.h -serialize-diagnostics-path /Users/admin/builder/spi-builder-workspace/.derivedData/Build/Intermediates.noindex/MuscleMap.build/Debug-watchos/MuscleMap-t.build/Objects-normal/arm64_32/MuscleMap-primary-emit-module.dia -emit-dependencies-path /Users/admin/builder/spi-builder-workspace/.derivedData/Build/Intermediates.noindex/MuscleMap.build/Debug-watchos/MuscleMap-t.build/Objects-normal/arm64_32/MuscleMap-primary-emit-module.d -parse-as-library -o /Users/admin/builder/spi-builder-workspace/.derivedData/Build/Intermediates.noindex/MuscleMap.build/Debug-watchos/MuscleMap-t.build/Objects-normal/arm64_32/MuscleMap.swiftmodule -emit-abi-descriptor-path /Users/admin/builder/spi-builder-workspace/.derivedData/Build/Intermediates.noindex/MuscleMap.build/Debug-watchos/MuscleMap-t.build/Objects-normal/arm64_32/MuscleMap.abi.json
SwiftCompile normal arm64_32 Compiling\ resource_bundle_accessor.swift,\ PathBuilder.swift,\ SVGPathCommand.swift,\ SVGPathParser.swift /Users/admin/builder/spi-builder-workspace/.derivedData/Build/Intermediates.noindex/MuscleMap.build/Debug-watchos/MuscleMap-t.build/DerivedSources/resource_bundle_accessor.swift /Users/admin/builder/spi-builder-workspace/Sources/MuscleMap/Core/PathBuilder.swift /Users/admin/builder/spi-builder-workspace/Sources/MuscleMap/Core/SVGPathCommand.swift /Users/admin/builder/spi-builder-workspace/Sources/MuscleMap/Core/SVGPathParser.swift (in target 'MuscleMap' from project 'MuscleMap')
SwiftCompile normal arm64_32 /Users/admin/builder/spi-builder-workspace/.derivedData/Build/Intermediates.noindex/MuscleMap.build/Debug-watchos/MuscleMap-t.build/DerivedSources/resource_bundle_accessor.swift (in target 'MuscleMap' from project 'MuscleMap')
cd /Users/admin/builder/spi-builder-workspace/.swiftpm/xcode
builtin-SwiftPerFileCompile resource_bundle_accessor.swift
SwiftCompile normal arm64_32 /Users/admin/builder/spi-builder-workspace/Sources/MuscleMap/Core/PathBuilder.swift (in target 'MuscleMap' from project 'MuscleMap')
cd /Users/admin/builder/spi-builder-workspace/.swiftpm/xcode
builtin-SwiftPerFileCompile PathBuilder.swift
SwiftCompile normal arm64_32 /Users/admin/builder/spi-builder-workspace/Sources/MuscleMap/Core/SVGPathCommand.swift (in target 'MuscleMap' from project 'MuscleMap')
cd /Users/admin/builder/spi-builder-workspace/.swiftpm/xcode
builtin-SwiftPerFileCompile SVGPathCommand.swift
SwiftCompile normal arm64_32 /Users/admin/builder/spi-builder-workspace/Sources/MuscleMap/Core/SVGPathParser.swift (in target 'MuscleMap' from project 'MuscleMap')
cd /Users/admin/builder/spi-builder-workspace/.swiftpm/xcode
builtin-SwiftPerFileCompile SVGPathParser.swift
SwiftCompile normal arm64_32 Compiling\ MuscleSide.swift,\ Bundle+MuscleMap.swift,\ Color+Extensions.swift /Users/admin/builder/spi-builder-workspace/Sources/MuscleMap/Data/MuscleSide.swift /Users/admin/builder/spi-builder-workspace/Sources/MuscleMap/Extensions/Bundle+MuscleMap.swift /Users/admin/builder/spi-builder-workspace/Sources/MuscleMap/Extensions/Color+Extensions.swift (in target 'MuscleMap' from project 'MuscleMap')
SwiftCompile normal arm64_32 /Users/admin/builder/spi-builder-workspace/Sources/MuscleMap/Data/MuscleSide.swift (in target 'MuscleMap' from project 'MuscleMap')
cd /Users/admin/builder/spi-builder-workspace/.swiftpm/xcode
builtin-SwiftPerFileCompile MuscleSide.swift
SwiftCompile normal arm64_32 /Users/admin/builder/spi-builder-workspace/Sources/MuscleMap/Extensions/Bundle+MuscleMap.swift (in target 'MuscleMap' from project 'MuscleMap')
cd /Users/admin/builder/spi-builder-workspace/.swiftpm/xcode
builtin-SwiftPerFileCompile Bundle+MuscleMap.swift
SwiftCompile normal arm64_32 /Users/admin/builder/spi-builder-workspace/Sources/MuscleMap/Extensions/Color+Extensions.swift (in target 'MuscleMap' from project 'MuscleMap')
cd /Users/admin/builder/spi-builder-workspace/.swiftpm/xcode
builtin-SwiftPerFileCompile Color+Extensions.swift
SwiftCompile normal arm64_32 Compiling\ BodyPathData.swift,\ FemaleBackPaths.swift,\ FemaleFrontPaths.swift,\ MaleBackPaths.swift /Users/admin/builder/spi-builder-workspace/Sources/MuscleMap/Data/BodyPathData.swift /Users/admin/builder/spi-builder-workspace/Sources/MuscleMap/Data/FemaleBackPaths.swift /Users/admin/builder/spi-builder-workspace/Sources/MuscleMap/Data/FemaleFrontPaths.swift /Users/admin/builder/spi-builder-workspace/Sources/MuscleMap/Data/MaleBackPaths.swift (in target 'MuscleMap' from project 'MuscleMap')
SwiftCompile normal arm64_32 /Users/admin/builder/spi-builder-workspace/Sources/MuscleMap/Data/BodyPathData.swift (in target 'MuscleMap' from project 'MuscleMap')
cd /Users/admin/builder/spi-builder-workspace/.swiftpm/xcode
builtin-SwiftPerFileCompile BodyPathData.swift
SwiftCompile normal arm64_32 /Users/admin/builder/spi-builder-workspace/Sources/MuscleMap/Data/FemaleBackPaths.swift (in target 'MuscleMap' from project 'MuscleMap')
cd /Users/admin/builder/spi-builder-workspace/.swiftpm/xcode
builtin-SwiftPerFileCompile FemaleBackPaths.swift
SwiftCompile normal arm64_32 /Users/admin/builder/spi-builder-workspace/Sources/MuscleMap/Data/FemaleFrontPaths.swift (in target 'MuscleMap' from project 'MuscleMap')
cd /Users/admin/builder/spi-builder-workspace/.swiftpm/xcode
builtin-SwiftPerFileCompile FemaleFrontPaths.swift
SwiftCompile normal arm64_32 /Users/admin/builder/spi-builder-workspace/Sources/MuscleMap/Data/MaleBackPaths.swift (in target 'MuscleMap' from project 'MuscleMap')
cd /Users/admin/builder/spi-builder-workspace/.swiftpm/xcode
builtin-SwiftPerFileCompile MaleBackPaths.swift
SwiftCompile normal arm64_32 Compiling\ ColorInterpolation.swift,\ HeatmapColorScale.swift,\ HeatmapConfiguration.swift /Users/admin/builder/spi-builder-workspace/Sources/MuscleMap/Heatmap/ColorInterpolation.swift /Users/admin/builder/spi-builder-workspace/Sources/MuscleMap/Heatmap/HeatmapColorScale.swift /Users/admin/builder/spi-builder-workspace/Sources/MuscleMap/Heatmap/HeatmapConfiguration.swift (in target 'MuscleMap' from project 'MuscleMap')
SwiftCompile normal arm64_32 /Users/admin/builder/spi-builder-workspace/Sources/MuscleMap/Heatmap/ColorInterpolation.swift (in target 'MuscleMap' from project 'MuscleMap')
cd /Users/admin/builder/spi-builder-workspace/.swiftpm/xcode
builtin-SwiftPerFileCompile ColorInterpolation.swift
SwiftCompile normal arm64_32 /Users/admin/builder/spi-builder-workspace/Sources/MuscleMap/Heatmap/HeatmapColorScale.swift (in target 'MuscleMap' from project 'MuscleMap')
cd /Users/admin/builder/spi-builder-workspace/.swiftpm/xcode
builtin-SwiftPerFileCompile HeatmapColorScale.swift
SwiftCompile normal arm64_32 /Users/admin/builder/spi-builder-workspace/Sources/MuscleMap/Heatmap/HeatmapConfiguration.swift (in target 'MuscleMap' from project 'MuscleMap')
cd /Users/admin/builder/spi-builder-workspace/.swiftpm/xcode
builtin-SwiftPerFileCompile HeatmapConfiguration.swift
SwiftCompile normal arm64_32 Compiling\ HeatmapLegendView.swift,\ InteractiveBodyOverlay.swift,\ MuscleMapView.swift /Users/admin/builder/spi-builder-workspace/Sources/MuscleMap/Views/HeatmapLegendView.swift /Users/admin/builder/spi-builder-workspace/Sources/MuscleMap/Views/InteractiveBodyOverlay.swift /Users/admin/builder/spi-builder-workspace/Sources/MuscleMap/Views/MuscleMapView.swift (in target 'MuscleMap' from project 'MuscleMap')
/Users/admin/builder/spi-builder-workspace/Sources/MuscleMap/Views/MuscleMapView.swift:120:36: error: cannot find type 'UIHostingController' in scope
118 | // MARK: - Private
119 |
120 | private var hostingController: UIHostingController<AnyView>?
| `- error: cannot find type 'UIHostingController' in scope
121 |
122 | // MARK: - Initializers
/Users/admin/builder/spi-builder-workspace/Sources/MuscleMap/Views/MuscleMapView.swift:27:29: error: 'UIView' is unavailable in watchOS
25 | /// view.addSubview(muscleMap)
26 | /// ```
27 | public class MuscleMapView: UIView {
| `- error: 'UIView' is unavailable in watchOS
28 |
29 | // MARK: - Configuration Properties
/Applications/Xcode-27.0.0.app/Contents/Developer/Platforms/WatchOS.platform/Developer/SDKs/WatchOS27.0.sdk/System/Library/Frameworks/UIKit.framework/Headers/UIView.h:152:12: note: 'UIView' has been explicitly marked unavailable here
150 |
151 | UIKIT_EXTERN API_AVAILABLE(ios(2.0)) API_UNAVAILABLE(watchos) NS_SWIFT_UI_ACTOR
152 | @interface UIView : UIResponder <NSCoding, UIAppearance, UIAppearanceContainer, UIDynamicItem, UITraitEnvironment, UICoordinateSpace, UIFocusItem, UIFocusItemContainer, CALayerDelegate>
| `- note: 'UIView' has been explicitly marked unavailable here
153 |
154 | @property(class, nonatomic, readonly) Class layerClass; // default is [CALayer class]. Used when creating the underlying layer for the view.
/Users/admin/builder/spi-builder-workspace/Sources/MuscleMap/Views/MuscleMapView.swift:224:23: error: cannot find 'UIHostingController' in scope
222 | private func setupHostingController() {
223 | let bodyView = buildBodyView()
224 | let hosting = UIHostingController(rootView: AnyView(bodyView))
| `- error: cannot find 'UIHostingController' in scope
225 | hosting.view.backgroundColor = .clear
226 | hosting.view.translatesAutoresizingMaskIntoConstraints = false
SwiftCompile normal arm64_32 /Users/admin/builder/spi-builder-workspace/Sources/MuscleMap/Views/HeatmapLegendView.swift (in target 'MuscleMap' from project 'MuscleMap')
cd /Users/admin/builder/spi-builder-workspace/.swiftpm/xcode
builtin-SwiftPerFileCompile HeatmapLegendView.swift
SwiftCompile normal arm64_32 /Users/admin/builder/spi-builder-workspace/Sources/MuscleMap/Views/InteractiveBodyOverlay.swift (in target 'MuscleMap' from project 'MuscleMap')
cd /Users/admin/builder/spi-builder-workspace/.swiftpm/xcode
builtin-SwiftPerFileCompile InteractiveBodyOverlay.swift
SwiftCompile normal arm64_32 /Users/admin/builder/spi-builder-workspace/Sources/MuscleMap/Views/MuscleMapView.swift (in target 'MuscleMap' from project 'MuscleMap')
cd /Users/admin/builder/spi-builder-workspace/.swiftpm/xcode
builtin-SwiftPerFileCompile MuscleMapView.swift
SwiftCompile normal arm64_32 Compiling\ MuscleFill.swift,\ MuscleIntensity.swift,\ BodyRenderer.swift /Users/admin/builder/spi-builder-workspace/Sources/MuscleMap/Heatmap/MuscleFill.swift /Users/admin/builder/spi-builder-workspace/Sources/MuscleMap/Heatmap/MuscleIntensity.swift /Users/admin/builder/spi-builder-workspace/Sources/MuscleMap/Rendering/BodyRenderer.swift (in target 'MuscleMap' from project 'MuscleMap')
SwiftCompile normal arm64_32 /Users/admin/builder/spi-builder-workspace/Sources/MuscleMap/Heatmap/MuscleFill.swift (in target 'MuscleMap' from project 'MuscleMap')
cd /Users/admin/builder/spi-builder-workspace/.swiftpm/xcode
builtin-SwiftPerFileCompile MuscleFill.swift
SwiftCompile normal arm64_32 /Users/admin/builder/spi-builder-workspace/Sources/MuscleMap/Heatmap/MuscleIntensity.swift (in target 'MuscleMap' from project 'MuscleMap')
cd /Users/admin/builder/spi-builder-workspace/.swiftpm/xcode
builtin-SwiftPerFileCompile MuscleIntensity.swift
SwiftCompile normal arm64_32 /Users/admin/builder/spi-builder-workspace/Sources/MuscleMap/Rendering/BodyRenderer.swift (in target 'MuscleMap' from project 'MuscleMap')
cd /Users/admin/builder/spi-builder-workspace/.swiftpm/xcode
builtin-SwiftPerFileCompile BodyRenderer.swift
SwiftCompile normal arm64_32 Compiling\ MuscleTooltip.swift,\ SelectionHistory.swift,\ ZoomableBodyContainer.swift /Users/admin/builder/spi-builder-workspace/Sources/MuscleMap/Views/MuscleTooltip.swift /Users/admin/builder/spi-builder-workspace/Sources/MuscleMap/Views/SelectionHistory.swift /Users/admin/builder/spi-builder-workspace/Sources/MuscleMap/Views/ZoomableBodyContainer.swift (in target 'MuscleMap' from project 'MuscleMap')
SwiftCompile normal arm64_32 /Users/admin/builder/spi-builder-workspace/Sources/MuscleMap/Views/MuscleTooltip.swift (in target 'MuscleMap' from project 'MuscleMap')
cd /Users/admin/builder/spi-builder-workspace/.swiftpm/xcode
builtin-SwiftPerFileCompile MuscleTooltip.swift
SwiftCompile normal arm64_32 /Users/admin/builder/spi-builder-workspace/Sources/MuscleMap/Views/SelectionHistory.swift (in target 'MuscleMap' from project 'MuscleMap')
cd /Users/admin/builder/spi-builder-workspace/.swiftpm/xcode
builtin-SwiftPerFileCompile SelectionHistory.swift
SwiftCompile normal arm64_32 /Users/admin/builder/spi-builder-workspace/Sources/MuscleMap/Views/ZoomableBodyContainer.swift (in target 'MuscleMap' from project 'MuscleMap')
cd /Users/admin/builder/spi-builder-workspace/.swiftpm/xcode
builtin-SwiftPerFileCompile ZoomableBodyContainer.swift
SwiftCompile normal arm64_32 Compiling\ PathCache.swift,\ AnimatedBodyView.swift,\ BodyAccessibilityOverlay.swift /Users/admin/builder/spi-builder-workspace/Sources/MuscleMap/Rendering/PathCache.swift /Users/admin/builder/spi-builder-workspace/Sources/MuscleMap/Views/AnimatedBodyView.swift /Users/admin/builder/spi-builder-workspace/Sources/MuscleMap/Views/BodyAccessibilityOverlay.swift (in target 'MuscleMap' from project 'MuscleMap')
SwiftCompile normal arm64_32 /Users/admin/builder/spi-builder-workspace/Sources/MuscleMap/Rendering/PathCache.swift (in target 'MuscleMap' from project 'MuscleMap')
cd /Users/admin/builder/spi-builder-workspace/.swiftpm/xcode
builtin-SwiftPerFileCompile PathCache.swift
SwiftCompile normal arm64_32 /Users/admin/builder/spi-builder-workspace/Sources/MuscleMap/Views/AnimatedBodyView.swift (in target 'MuscleMap' from project 'MuscleMap')
cd /Users/admin/builder/spi-builder-workspace/.swiftpm/xcode
builtin-SwiftPerFileCompile AnimatedBodyView.swift
SwiftCompile normal arm64_32 /Users/admin/builder/spi-builder-workspace/Sources/MuscleMap/Views/BodyAccessibilityOverlay.swift (in target 'MuscleMap' from project 'MuscleMap')
cd /Users/admin/builder/spi-builder-workspace/.swiftpm/xcode
builtin-SwiftPerFileCompile BodyAccessibilityOverlay.swift
SwiftCompile normal arm64_32 Compiling\ BodyView.swift,\ BodyViewStyle.swift,\ HeatmapLegendUIView.swift /Users/admin/builder/spi-builder-workspace/Sources/MuscleMap/Views/BodyView.swift /Users/admin/builder/spi-builder-workspace/Sources/MuscleMap/Views/BodyViewStyle.swift /Users/admin/builder/spi-builder-workspace/Sources/MuscleMap/Views/HeatmapLegendUIView.swift (in target 'MuscleMap' from project 'MuscleMap')
/Users/admin/builder/spi-builder-workspace/Sources/MuscleMap/Views/HeatmapLegendUIView.swift:36:29: error: 'NSLayoutConstraint' is unavailable in watchOS
34 |
35 | /// Orientation of the legend bar.
36 | public var orientation: NSLayoutConstraint.Axis {
| `- error: 'NSLayoutConstraint' is unavailable in watchOS
37 | didSet { updateLegendView() }
38 | }
/Applications/Xcode-27.0.0.app/Contents/Developer/Platforms/WatchOS.platform/Developer/SDKs/WatchOS27.0.sdk/System/Library/Frameworks/UIKit.framework/Headers/NSLayoutConstraint.h:126:12: note: 'NSLayoutConstraint' has been explicitly marked unavailable here
124 |
125 | NSLAYOUTCONSTRAINT_EXTERN API_AVAILABLE(macos(10.7), ios(6.0), tvos(9.0)) API_UNAVAILABLE(watchos) NS_SWIFT_UI_ACTOR
126 | @interface NSLayoutConstraint : NSObject
| `- note: 'NSLayoutConstraint' has been explicitly marked unavailable here
127 |
128 | /* Create an array of constraints using an ASCII-art-like visual format string. The values of the `metrics` dictionary should be NSNumber (or some other type that responds to -doubleValue and returns a double).
/Users/admin/builder/spi-builder-workspace/Sources/MuscleMap/Views/HeatmapLegendUIView.swift:57:36: error: cannot find type 'UIHostingController' in scope
55 | // MARK: - Private
56 |
57 | private var hostingController: UIHostingController<AnyView>?
| `- error: cannot find type 'UIHostingController' in scope
58 |
59 | // MARK: - Initializers
/Users/admin/builder/spi-builder-workspace/Sources/MuscleMap/Views/HeatmapLegendUIView.swift:72:22: error: 'NSLayoutConstraint' is unavailable in watchOS
70 | colorScale: HeatmapColorScale,
71 | interpolation: ColorInterpolation = .linear,
72 | orientation: NSLayoutConstraint.Axis = .horizontal,
| `- error: 'NSLayoutConstraint' is unavailable in watchOS
73 | barThickness: CGFloat = 16,
74 | labelMin: String? = nil,
/Applications/Xcode-27.0.0.app/Contents/Developer/Platforms/WatchOS.platform/Developer/SDKs/WatchOS27.0.sdk/System/Library/Frameworks/UIKit.framework/Headers/NSLayoutConstraint.h:126:12: note: 'NSLayoutConstraint' has been explicitly marked unavailable here
124 |
125 | NSLAYOUTCONSTRAINT_EXTERN API_AVAILABLE(macos(10.7), ios(6.0), tvos(9.0)) API_UNAVAILABLE(watchos) NS_SWIFT_UI_ACTOR
126 | @interface NSLayoutConstraint : NSObject
| `- note: 'NSLayoutConstraint' has been explicitly marked unavailable here
127 |
128 | /* Create an array of constraints using an ASCII-art-like visual format string. The values of the `metrics` dictionary should be NSNumber (or some other type that responds to -doubleValue and returns a double).
/Users/admin/builder/spi-builder-workspace/Sources/MuscleMap/Views/HeatmapLegendUIView.swift:21:35: error: 'UIView' is unavailable in watchOS
19 | /// view.addSubview(legend)
20 | /// ```
21 | public class HeatmapLegendUIView: UIView {
| `- error: 'UIView' is unavailable in watchOS
22 |
23 | // MARK: - Configuration Properties
/Applications/Xcode-27.0.0.app/Contents/Developer/Platforms/WatchOS.platform/Developer/SDKs/WatchOS27.0.sdk/System/Library/Frameworks/UIKit.framework/Headers/UIView.h:152:12: note: 'UIView' has been explicitly marked unavailable here
150 |
151 | UIKIT_EXTERN API_AVAILABLE(ios(2.0)) API_UNAVAILABLE(watchos) NS_SWIFT_UI_ACTOR
152 | @interface UIView : UIResponder <NSCoding, UIAppearance, UIAppearanceContainer, UIDynamicItem, UITraitEnvironment, UICoordinateSpace, UIFocusItem, UIFocusItemContainer, CALayerDelegate>
| `- note: 'UIView' has been explicitly marked unavailable here
153 |
154 | @property(class, nonatomic, readonly) Class layerClass; // default is [CALayer class]. Used when creating the underlying layer for the view.
/Users/admin/builder/spi-builder-workspace/Sources/MuscleMap/Views/HeatmapLegendUIView.swift:109:23: error: cannot find 'UIHostingController' in scope
107 | private func setupHostingController() {
108 | let legendView = buildLegendView()
109 | let hosting = UIHostingController(rootView: AnyView(legendView))
| `- error: cannot find 'UIHostingController' in scope
110 | hosting.view.backgroundColor = .clear
111 | hosting.view.translatesAutoresizingMaskIntoConstraints = false
SwiftCompile normal arm64_32 /Users/admin/builder/spi-builder-workspace/Sources/MuscleMap/Views/BodyView.swift (in target 'MuscleMap' from project 'MuscleMap')
cd /Users/admin/builder/spi-builder-workspace/.swiftpm/xcode
builtin-SwiftPerFileCompile BodyView.swift
SwiftCompile normal arm64_32 /Users/admin/builder/spi-builder-workspace/Sources/MuscleMap/Views/BodyViewStyle.swift (in target 'MuscleMap' from project 'MuscleMap')
cd /Users/admin/builder/spi-builder-workspace/.swiftpm/xcode
builtin-SwiftPerFileCompile BodyViewStyle.swift
SwiftCompile normal arm64_32 /Users/admin/builder/spi-builder-workspace/Sources/MuscleMap/Views/HeatmapLegendUIView.swift (in target 'MuscleMap' from project 'MuscleMap')
cd /Users/admin/builder/spi-builder-workspace/.swiftpm/xcode
builtin-SwiftPerFileCompile HeatmapLegendUIView.swift
SwiftEmitModule normal arm64 Emitting\ module\ for\ MuscleMap (in target 'MuscleMap' from project 'MuscleMap')
SwiftCompile normal arm64 (in target 'MuscleMap' from project 'MuscleMap')
cd /Users/admin/builder/spi-builder-workspace/.swiftpm/xcode
PruneExplicitPrecompiledModules /Users/admin/builder/spi-builder-workspace/.derivedData/SDKExplicitPrecompiledModules
PruneExplicitPrecompiledModules /Users/admin/builder/spi-builder-workspace/.derivedData/Build/Intermediates.noindex/ExplicitPrecompiledModules
PruneExplicitPrecompiledModules /Users/admin/builder/spi-builder-workspace/.derivedData/Build/Intermediates.noindex/SwiftExplicitPrecompiledModules
2026-10-27 12:09:31.887 xcodebuild[848:5027] [MT] IDERunDestination: Supported platforms for the buildables in the current scheme is empty.
** BUILD FAILED **
The following build commands failed:
SwiftCompile normal arm64_32 (in target 'MuscleMap' from project 'MuscleMap')
SwiftEmitModule normal arm64_32 Emitting\ module\ for\ MuscleMap (in target 'MuscleMap' from project 'MuscleMap')
Building workspace MuscleMap with scheme MuscleMap
(3 failures)
BUILD FAILURE 6.4 watchOS