Build Information
Failed to build async-swiftly, reference main (b25a3c), with Swift 6.3 for tvOS using Xcode 26.4 on 20 Oct 2026 02:06:02 UTC.
Build Command
No build command. This typically means the build failed at an early stage where we determine the build command.Build Log
========================================
RunAll
========================================
Builder version: 5.1.3
Interrupt handler set up.
========================================
Checkout
========================================
Clone URL: https://github.com/erikbasargin/async-swiftly.git
Reference: main
Initialized empty Git repository in /Users/admin/builder/spi-builder-workspace/.git/
From https://github.com/erikbasargin/async-swiftly
* branch main -> FETCH_HEAD
* [new branch] main -> origin/main
HEAD is now at b25a3ca feat(ci): boot simulator before tests run
Cloned https://github.com/erikbasargin/async-swiftly.git
Revision (git rev-parse @):
b25a3cabc2274d453a3ebea534be13b0b5df85ca
SUCCESS checkout https://github.com/erikbasargin/async-swiftly.git at main
========================================
Build
========================================
Selected platform: tvOS
Swift version: 6.3
Building package at path: $PWD
https://github.com/erikbasargin/async-swiftly.git
Command line invocation:
/Applications/Xcode-26.5.0.app/Contents/Developer/usr/bin/xcodebuild -IDEClonedSourcePackagesDirPathOverride=/Users/admin/builder/spi-builder-workspace/.dependencies -resolvePackageDependencies
Resolve Package Graph
package 'spi-builder-workspace' is using Swift tools version 6.4.0 but the installed version is 6.3.2
Resolved source packages:
spi-builder-workspace: (null)
2026-10-19 22:06:00.478 xcodebuild[542:3111] Writing error result bundle to /var/folders/xq/y_g06wb113726d38xsyx71_h0000gn/T/ResultBundle_2026-19-10_22-06-0000.xcresult
xcodebuild: error: Could not resolve package dependencies:
package 'spi-builder-workspace' is using Swift tools version 6.4.0 but the installed version is 6.3.2
Command line invocation:
/Applications/Xcode-26.5.0.app/Contents/Developer/usr/bin/xcodebuild -IDEClonedSourcePackagesDirPathOverride=/Users/admin/builder/spi-builder-workspace/.dependencies -resolvePackageDependencies
Resolve Package Graph
package 'spi-builder-workspace' is using Swift tools version 6.4.0 but the installed version is 6.3.2
Resolved source packages:
spi-builder-workspace: (null)
2026-10-19 22:06:02.047 xcodebuild[610:3656] Writing error result bundle to /var/folders/xq/y_g06wb113726d38xsyx71_h0000gn/T/ResultBundle_2026-19-10_22-06-0002.xcresult
xcodebuild: error: Could not resolve package dependencies:
package 'spi-builder-workspace' is using Swift tools version 6.4.0 but the installed version is 6.3.2
BUILD FAILURE 6.3 tvOS