The Swift Package Index logo.Swift Package Index

Build Information

Failed to build RegulaCommon, reference 9.9.2925 (419d58), with Swift 6.2 for macOS (Xcode) using Xcode 26.3 on 10 Oct 2026 13:51:08 UTC.

Build Command

env DEVELOPER_DIR=/Applications/Xcode-26.3.0.app xcrun xcodebuild -IDEClonedSourcePackagesDirPathOverride=$PWD/.dependencies -skipMacroValidation -skipPackagePluginValidation -derivedDataPath $PWD/.derivedData build -scheme RegulaCommon -destination platform=macOS,arch=arm64

Build Log

========================================
RunAll
========================================
Builder version: 5.1.1
Interrupt handler set up.
========================================
Checkout
========================================
Clone URL: https://github.com/regulaforensics/RegulaCommon-Swift-Package.git
Reference: 9.9.2925
Initialized empty Git repository in /Users/admin/builder/spi-builder-workspace/.git/
From https://github.com/regulaforensics/RegulaCommon-Swift-Package
 * tag               9.9.2925   -> FETCH_HEAD
HEAD is now at 419d581 Release 9.9.2925
Cloned https://github.com/regulaforensics/RegulaCommon-Swift-Package.git
Revision (git rev-parse @):
419d58108801222fc84434f6aae30486749a1e61
SUCCESS checkout https://github.com/regulaforensics/RegulaCommon-Swift-Package.git at 9.9.2925
========================================
Build
========================================
Selected platform:         macosXcodebuild
Swift version:             6.2
Building package at path:  $PWD
https://github.com/regulaforensics/RegulaCommon-Swift-Package.git
Command line invocation:
    /Applications/Xcode-26.3.0.app/Contents/Developer/usr/bin/xcodebuild -IDEClonedSourcePackagesDirPathOverride=/Users/admin/builder/spi-builder-workspace/.dependencies -resolvePackageDependencies
Resolve Package Graph
Resolve Package Graph
Resolved source packages:
  RegulaCommon: /Users/admin/builder/spi-builder-workspace
resolved source packages: RegulaCommon
2026-10-10 09:50:41.794 xcodebuild[538:3123] [MT] IDERunDestination: Supported platforms for the buildables in the current scheme is empty.
{
  "dependencies" : [
  ],
  "manifest_display_name" : "RegulaCommon",
  "name" : "RegulaCommon",
  "path" : "/Users/admin/builder/spi-builder-workspace",
  "platforms" : [
    {
      "name" : "ios",
      "version" : "15.0"
    }
  ],
  "products" : [
    {
      "name" : "RegulaCommon",
      "targets" : [
        "RegulaCommon"
      ],
      "type" : {
        "library" : [
          "automatic"
        ]
      }
    }
  ],
  "targets" : [
    {
      "c99name" : "RegulaCommon",
      "module_type" : "BinaryTarget",
      "name" : "RegulaCommon",
      "path" : "remote/archive/RegulaCommon-9.9.2925.zip",
      "product_memberships" : [
        "RegulaCommon"
      ],
      "sources" : [
      ],
      "type" : "binary"
    }
  ],
  "tools_version" : "5.5"
}
{
  "workspace" : {
    "name" : "spi-builder-workspace",
    "schemes" : [
      "RegulaCommon"
    ]
  }
}
2026-10-10 09:51:02.446 xcodebuild[685:4293] [MT] IDERunDestination: Supported platforms for the buildables in the current scheme is empty.
Running build ...
env DEVELOPER_DIR=/Applications/Xcode-26.3.0.app xcrun xcodebuild -IDEClonedSourcePackagesDirPathOverride=$PWD/.dependencies -skipMacroValidation -skipPackagePluginValidation -derivedDataPath $PWD/.derivedData build -scheme RegulaCommon -destination platform=macOS,arch=arm64
Command line invocation:
    /Applications/Xcode-26.3.0.app/Contents/Developer/usr/bin/xcodebuild -IDEClonedSourcePackagesDirPathOverride=/Users/admin/builder/spi-builder-workspace/.dependencies -skipMacroValidation -skipPackagePluginValidation -derivedDataPath /Users/admin/builder/spi-builder-workspace/.derivedData build -scheme RegulaCommon -destination platform=macOS,arch=arm64
Resolve Package Graph
Resolved source packages:
  RegulaCommon: /Users/admin/builder/spi-builder-workspace
ComputePackagePrebuildTargetDependencyGraph
Prepare packages
CreateBuildRequest
SendProjectDescription
CreateBuildOperation
ComputeTargetDependencyGraph
note: Building targets in dependency order
note: Target dependency graph (1 target)
    Target 'RegulaCommon' in project 'RegulaCommon' (no dependencies)
GatherProvisioningInputs
CreateBuildDescription
ExecuteExternalTool /Applications/Xcode-26.3.0.app/Contents/Developer/Toolchains/XcodeDefault.xctoolchain/usr/bin/clang -v -E -dM -isysroot /Applications/Xcode-26.3.0.app/Contents/Developer/Platforms/MacOSX.platform/Developer/SDKs/MacOSX26.2.sdk -x c -c /dev/null
Build description signature: 6f33ac67a64f63b4e5e2fc996fc226be
Build description path: /Users/admin/builder/spi-builder-workspace/.derivedData/Build/Intermediates.noindex/XCBuildData/6f33ac67a64f63b4e5e2fc996fc226be.xcbuilddata
/Users/admin/builder/spi-builder-workspace/.dependencies/artifacts/spi-builder-workspace/RegulaCommon/RegulaCommon.xcframework:1:1: error: While building for macOS, no library for this platform was found in '/Users/admin/builder/spi-builder-workspace/.dependencies/artifacts/spi-builder-workspace/RegulaCommon/RegulaCommon.xcframework'. (in target 'RegulaCommon' from project 'RegulaCommon')
2026-10-10 09:51:03.907 xcodebuild[687:4342] [MT] IDERunDestination: Supported platforms for the buildables in the current scheme is empty.
--- xcodebuild: WARNING: Using the first of multiple matching destinations:
{ platform:macOS, arch:arm64, id:a81c032eca6041e9dc272da8d4dcd70827113a8a, name:My Mac }
{ platform:macOS, arch:arm64, variant:Mac Catalyst, id:a81c032eca6041e9dc272da8d4dcd70827113a8a, name:My Mac }
{ platform:macOS, arch:arm64, variant:DriverKit, id:a81c032eca6041e9dc272da8d4dcd70827113a8a, name:My Mac }
{ platform:macOS, arch:arm64, variant:Designed for [iPad,iPhone], id:a81c032eca6041e9dc272da8d4dcd70827113a8a, name:My Mac }
** BUILD FAILED **
The following build commands failed:
	Building workspace spi-builder-workspace with scheme RegulaCommon
(1 failure)
Command line invocation:
    /Applications/Xcode-26.3.0.app/Contents/Developer/usr/bin/xcodebuild -IDEClonedSourcePackagesDirPathOverride=/Users/admin/builder/spi-builder-workspace/.dependencies -resolvePackageDependencies
Resolve Package Graph
Resolved source packages:
  RegulaCommon: /Users/admin/builder/spi-builder-workspace
resolved source packages: RegulaCommon
2026-10-10 09:51:06.135 xcodebuild[700:4446] [MT] IDERunDestination: Supported platforms for the buildables in the current scheme is empty.
{
  "dependencies" : [
  ],
  "manifest_display_name" : "RegulaCommon",
  "name" : "RegulaCommon",
  "path" : "/Users/admin/builder/spi-builder-workspace",
  "platforms" : [
    {
      "name" : "ios",
      "version" : "15.0"
    }
  ],
  "products" : [
    {
      "name" : "RegulaCommon",
      "targets" : [
        "RegulaCommon"
      ],
      "type" : {
        "library" : [
          "automatic"
        ]
      }
    }
  ],
  "targets" : [
    {
      "c99name" : "RegulaCommon",
      "module_type" : "BinaryTarget",
      "name" : "RegulaCommon",
      "path" : "remote/archive/RegulaCommon-9.9.2925.zip",
      "product_memberships" : [
        "RegulaCommon"
      ],
      "sources" : [
      ],
      "type" : "binary"
    }
  ],
  "tools_version" : "5.5"
}
{
  "workspace" : {
    "name" : "spi-builder-workspace",
    "schemes" : [
      "RegulaCommon"
    ]
  }
}
2026-10-10 09:51:07.195 xcodebuild[708:4508] [MT] IDERunDestination: Supported platforms for the buildables in the current scheme is empty.
Running build ...
env DEVELOPER_DIR=/Applications/Xcode-26.3.0.app xcrun xcodebuild -IDEClonedSourcePackagesDirPathOverride=$PWD/.dependencies -skipMacroValidation -skipPackagePluginValidation -derivedDataPath $PWD/.derivedData build -scheme RegulaCommon -destination platform=macOS,arch=arm64
Command line invocation:
    /Applications/Xcode-26.3.0.app/Contents/Developer/usr/bin/xcodebuild -IDEClonedSourcePackagesDirPathOverride=/Users/admin/builder/spi-builder-workspace/.dependencies -skipMacroValidation -skipPackagePluginValidation -derivedDataPath /Users/admin/builder/spi-builder-workspace/.derivedData build -scheme RegulaCommon -destination platform=macOS,arch=arm64
Resolve Package Graph
Resolved source packages:
  RegulaCommon: /Users/admin/builder/spi-builder-workspace
ComputePackagePrebuildTargetDependencyGraph
Prepare packages
CreateBuildRequest
SendProjectDescription
CreateBuildOperation
ComputeTargetDependencyGraph
note: Building targets in dependency order
note: Target dependency graph (1 target)
    Target 'RegulaCommon' in project 'RegulaCommon' (no dependencies)
GatherProvisioningInputs
CreateBuildDescription
ExecuteExternalTool /Applications/Xcode-26.3.0.app/Contents/Developer/Toolchains/XcodeDefault.xctoolchain/usr/bin/clang -v -E -dM -isysroot /Applications/Xcode-26.3.0.app/Contents/Developer/Platforms/MacOSX.platform/Developer/SDKs/MacOSX26.2.sdk -x c -c /dev/null
Build description signature: 6f33ac67a64f63b4e5e2fc996fc226be
Build description path: /Users/admin/builder/spi-builder-workspace/.derivedData/Build/Intermediates.noindex/XCBuildData/6f33ac67a64f63b4e5e2fc996fc226be.xcbuilddata
/Users/admin/builder/spi-builder-workspace/.dependencies/artifacts/spi-builder-workspace/RegulaCommon/RegulaCommon.xcframework:1:1: error: While building for macOS, no library for this platform was found in '/Users/admin/builder/spi-builder-workspace/.dependencies/artifacts/spi-builder-workspace/RegulaCommon/RegulaCommon.xcframework'. (in target 'RegulaCommon' from project 'RegulaCommon')
2026-10-10 09:51:08.038 xcodebuild[710:4538] [MT] IDERunDestination: Supported platforms for the buildables in the current scheme is empty.
--- xcodebuild: WARNING: Using the first of multiple matching destinations:
{ platform:macOS, arch:arm64, id:a81c032eca6041e9dc272da8d4dcd70827113a8a, name:My Mac }
{ platform:macOS, arch:arm64, variant:Mac Catalyst, id:a81c032eca6041e9dc272da8d4dcd70827113a8a, name:My Mac }
{ platform:macOS, arch:arm64, variant:DriverKit, id:a81c032eca6041e9dc272da8d4dcd70827113a8a, name:My Mac }
{ platform:macOS, arch:arm64, variant:Designed for [iPad,iPhone], id:a81c032eca6041e9dc272da8d4dcd70827113a8a, name:My Mac }
** BUILD FAILED **
The following build commands failed:
	Building workspace spi-builder-workspace with scheme RegulaCommon
(1 failure)
BUILD FAILURE 6.2 macosXcodebuild