The Swift Package Index logo.Swift Package Index

Build Information

Failed to build ImageSlideshow, reference master (9a5900), with Swift 6.4 for watchOS using Xcode 27.0 on 17 Sep 2026 10:48:01 UTC.

Build Command

No build command. This typically means the build failed at an early stage where we determine the build command.

Build Log

========================================
RunAll
========================================
Builder version: 5.1.0
Interrupt handler set up.
========================================
Checkout
========================================
Clone URL: https://github.com/zvonicek/ImageSlideshow.git
Reference: master
Initialized empty Git repository in /Users/admin/builder/spi-builder-workspace/.git/
From https://github.com/zvonicek/ImageSlideshow
 * branch            master     -> FETCH_HEAD
 * [new branch]      master     -> origin/master
HEAD is now at 9a59001 Improve Dark Mode handling
Cloned https://github.com/zvonicek/ImageSlideshow.git
Revision (git rev-parse @):
9a5900104a2c9a5bde32dabb35b07da30ee7bc0e
SUCCESS checkout https://github.com/zvonicek/ImageSlideshow.git at master
========================================
Build
========================================
Selected platform:         watchOS
Swift version:             6.4
Building package at path:  $PWD
https://github.com/zvonicek/ImageSlideshow.git
Command line invocation:
    /Applications/Xcode-27.0.0-Release.Candidate.app/Contents/Developer/usr/bin/xcodebuild -IDEClonedSourcePackagesDirPathOverride=/Users/admin/builder/spi-builder-workspace/.dependencies -resolvePackageDependencies
2026-09-17 06:47:59.842 xcodebuild[523:3003] Writing error result bundle to /var/folders/xq/y_g06wb113726d38xsyx71_h0000gn/T/ResultBundle_2026-17-09_06-47-0059.xcresult
xcodebuild: error: '_Pods.xcodeproj' does not exist.
Command line invocation:
    /Applications/Xcode-27.0.0-Release.Candidate.app/Contents/Developer/usr/bin/xcodebuild -IDEClonedSourcePackagesDirPathOverride=/Users/admin/builder/spi-builder-workspace/.dependencies -resolvePackageDependencies
2026-09-17 06:48:00.873 xcodebuild[534:3081] Writing error result bundle to /var/folders/xq/y_g06wb113726d38xsyx71_h0000gn/T/ResultBundle_2026-17-09_06-48-0000.xcresult
xcodebuild: error: '_Pods.xcodeproj' does not exist.
BUILD FAILURE 6.4 watchOS