The Swift Package Index logo.Swift Package Index

Build Information

Failed to build JoltPhysics, reference main (342057), with Swift 6.3 for Android on 7 Sep 2026 18:58:09 UTC.

Build Command

bash -c docker run --pull=always --rm -v "checkouts-54344843-0":/host -w "$PWD" -e JAVA_HOME="/root/.sdkman/candidates/java/current" -e SPI_BUILD="1" -e SPI_PROCESSING="1" registry.gitlab.com/saguaro1/spi-images:android-6.3-latest swift build --swift-sdk aarch64-unknown-linux-android28 2>&1

Build Log

========================================
RunAll
========================================
Builder version: 5.0.2
Interrupt handler set up.
========================================
Checkout
========================================
Clone URL: https://github.com/EvgenijLutz/JoltPhysics.git
Reference: main
Initialized empty Git repository in /host/spi-builder-workspace/.git/
hint: Using 'master' as the name for the initial branch. This default branch name
hint: is subject to change. To configure the initial branch name to use in all
hint: of your new repositories, which will suppress this warning, call:
hint:
hint: 	git config --global init.defaultBranch <name>
hint:
hint: Names commonly chosen instead of 'master' are 'main', 'trunk' and
hint: 'development'. The just-created branch can be renamed via this command:
hint:
hint: 	git branch -m <name>
From https://github.com/EvgenijLutz/JoltPhysics
 * branch            main       -> FETCH_HEAD
 * [new branch]      main       -> origin/main
HEAD is now at 3420573 Do some experiments with JoltPhysicsExtensions
Cloned https://github.com/EvgenijLutz/JoltPhysics.git
Revision (git rev-parse @):
34205731caa299b23f577b9eeab20753ef2fa3f4
SUCCESS checkout https://github.com/EvgenijLutz/JoltPhysics.git at main
========================================
Build
========================================
Selected platform:         android
Swift version:             6.3
Building package at path:  $PWD
https://github.com/EvgenijLutz/JoltPhysics.git
Running build ...
bash -c docker run --pull=always --rm -v "checkouts-54344843-0":/host -w "$PWD" -e JAVA_HOME="/root/.sdkman/candidates/java/current" -e SPI_BUILD="1" -e SPI_PROCESSING="1" registry.gitlab.com/saguaro1/spi-images:android-6.3-latest swift build --swift-sdk aarch64-unknown-linux-android28 2>&1
android-6.3-latest: Pulling from saguaro1/spi-images
Digest: sha256:2b782c87e0bdf114eb0da12f6379a346f06569d6991407581da7dc03d1813adf
Status: Image is up to date for registry.gitlab.com/saguaro1/spi-images:android-6.3-latest
Building for debugging...
[0/7] Write sources
In file included from /host/spi-builder-workspace/Sources/JoltPhysicsExtensions/JoltUmbrella.cpp:8:
/host/spi-builder-workspace/Sources/JoltPhysicsExtensions/include/JoltPhysicsExtensions/JoltUmbrella.hpp:22:10: fatal error: 'Jolt/Jolt.h' file not found
   22 | #include <Jolt/Jolt.h>
      |          ^~~~~~~~~~~~~
1 error generated.
[1/7] Compiling JoltPhysicsExtensions JoltUmbrella.cpp
In file included from /host/spi-builder-workspace/Sources/JoltShaders/JoltShaders.m:8:
/host/spi-builder-workspace/Sources/JoltShaders/include/JoltShaders/JoltShaders.h:10:9: fatal error: 'Foundation/Foundation.h' file not found
   10 | #import <Foundation/Foundation.h>
      |         ^~~~~~~~~~~~~~~~~~~~~~~~~
1 error generated.
[1/7] Compiling JoltShaders JoltShaders.m
In file included from /host/spi-builder-workspace/Sources/JoltPhysicsExtensions/JPHExtensions.mm:8:
/host/spi-builder-workspace/Sources/JoltShaders/include/JoltShaders/JoltShaders.h:10:9: fatal error: 'Foundation/Foundation.h' file not found
   10 | #import <Foundation/Foundation.h>
      |         ^~~~~~~~~~~~~~~~~~~~~~~~~
[1/7] Compiling JoltPhysicsExtensions JPHExtensions.mm
In file included from /host/spi-builder-workspace/Sources/JoltPhysicsExtensions/JoltPhysicsExtensions.cpp:8:
In file included from /host/spi-builder-workspace/Sources/JoltPhysicsExtensions/include/JoltPhysicsExtensions/JoltPhysicsExtensions.hpp:10:
/host/spi-builder-workspace/Sources/JoltPhysicsExtensions/include/JoltPhysicsExtensions/JoltUmbrella.hpp:22:10: fatal error: 'Jolt/Jolt.h' file not found
   22 | #include <Jolt/Jolt.h>
      |          ^~~~~~~~~~~~~
[1/7] Compiling JoltPhysicsExtensions JoltPhysicsExtensions.cpp
[1/7] Write swift-version-272D24FF697CF451.txt
/host/spi-builder-workspace/Sources/JoltExample/JoltExample.cpp:16:10: fatal error: 'Jolt/Jolt.h' file not found
   16 | #include <Jolt/Jolt.h>
      |          ^~~~~~~~~~~~~
[1/7] Compiling JoltExample JoltExample.cpp
BUILD FAILURE 6.3 android