The Swift Package Index logo.Swift Package Index

Build Information

Failed to build Swiftilities, reference 1.0.0 (d80505), with Swift 6.4 for watchOS using Xcode 27.0 on 16 Sep 2026 17:25:36 UTC.

Build Command

env DEVELOPER_DIR=/Applications/Xcode-27.0.0-Release.Candidate.app xcrun xcodebuild -IDEClonedSourcePackagesDirPathOverride=$PWD/.dependencies -skipMacroValidation -skipPackagePluginValidation -derivedDataPath $PWD/.derivedData build -scheme Swiftilities -destination generic/platform=watchOS

Build Log

SwiftExplicitDependencyGeneratePcm arm64_32 /Users/admin/builder/spi-builder-workspace/.derivedData/SDKExplicitPrecompiledModules/DeveloperToolsSupport-DZU5G1OCMNWU0AQRULIFHUJ1Z.pcm
SwiftExplicitDependencyGeneratePcm arm64 /Users/admin/builder/spi-builder-workspace/.derivedData/SDKExplicitPrecompiledModules/_SwiftConcurrencyShims-659N52XSKR5F0QSB880BH2FJR.pcm
SwiftExplicitDependencyGeneratePcm arm64 /Users/admin/builder/spi-builder-workspace/.derivedData/SDKExplicitPrecompiledModules/ptrauth-3TZ9WJCGLYD25HQPWH4968ONX.pcm
SwiftExplicitDependencyGeneratePcm arm64 /Users/admin/builder/spi-builder-workspace/.derivedData/SDKExplicitPrecompiledModules/SwiftShims-4MXFZPV6FEB0XBYXCGPWAMQGL.pcm
SwiftExplicitDependencyGeneratePcm arm64 /Users/admin/builder/spi-builder-workspace/.derivedData/SDKExplicitPrecompiledModules/DeveloperToolsSupport-E7CNISCB36UE8XQ9IOHK9XDX1.pcm
SwiftExplicitDependencyGeneratePcm arm64 /Users/admin/builder/spi-builder-workspace/.derivedData/SDKExplicitPrecompiledModules/_Builtin_stddef-1FU30Y8SWFB7OUUHMJQH5J6FM.pcm
SwiftExplicitDependencyGeneratePcm arm64_32 /Users/admin/builder/spi-builder-workspace/.derivedData/SDKExplicitPrecompiledModules/_AvailabilityInternal-244WAN3Z1QBT7PIA64EZEFY1R.pcm
SwiftExplicitDependencyGeneratePcm arm64 /Users/admin/builder/spi-builder-workspace/.derivedData/SDKExplicitPrecompiledModules/ptrcheck-AIF0NDOYZ8ORBNHQAQR5NNB8M.pcm
SwiftExplicitDependencyGeneratePcm arm64_32 /Users/admin/builder/spi-builder-workspace/.derivedData/SDKExplicitPrecompiledModules/_Builtin_stdbool-A967K8W8YUYEC9SN52KJ7OO88.pcm
SwiftExplicitDependencyGeneratePcm arm64 /Users/admin/builder/spi-builder-workspace/.derivedData/SDKExplicitPrecompiledModules/_Builtin_stdarg-A7UU8LE6MP85SM26YO7PBZNUQ.pcm
SwiftExplicitDependencyGeneratePcm arm64_32 /Users/admin/builder/spi-builder-workspace/.derivedData/SDKExplicitPrecompiledModules/_Builtin_stdarg-D305JG44A2WPI6CJY37X3QJE8.pcm
SwiftExplicitDependencyGeneratePcm arm64 /Users/admin/builder/spi-builder-workspace/.derivedData/SDKExplicitPrecompiledModules/_DarwinFoundation1-7SPX3MD0HMP55E4OLNCPNDQ53.pcm
SwiftExplicitDependencyGeneratePcm arm64_32 /Users/admin/builder/spi-builder-workspace/.derivedData/SDKExplicitPrecompiledModules/_DarwinFoundation1-2GWF9RFMPLQW4PDHS3NARVI3G.pcm
SwiftExplicitDependencyGeneratePcm arm64 /Users/admin/builder/spi-builder-workspace/.derivedData/SDKExplicitPrecompiledModules/_Builtin_limits-9GWPA2B0H20DYUNYHYCWKABJG.pcm
SwiftExplicitDependencyGeneratePcm arm64 /Users/admin/builder/spi-builder-workspace/.derivedData/SDKExplicitPrecompiledModules/_DarwinFoundation2-D0XAPJU49S5E9XMKYOFGSTB1Q.pcm
SwiftExplicitDependencyGeneratePcm arm64_32 /Users/admin/builder/spi-builder-workspace/.derivedData/SDKExplicitPrecompiledModules/_DarwinFoundation2-9MY8GOSYRO0M9MKNXF6D3MBNK.pcm
SwiftExplicitDependencyGeneratePcm arm64_32 /Users/admin/builder/spi-builder-workspace/.derivedData/SDKExplicitPrecompiledModules/_Builtin_limits-3VKBU2AFTD65PAJZ5CJ3LHFM2.pcm
SwiftExplicitDependencyGeneratePcm arm64 /Users/admin/builder/spi-builder-workspace/.derivedData/SDKExplicitPrecompiledModules/_Builtin_stdint-8XMILLJZEGRN2XG7XZUXZ5RLX.pcm
SwiftExplicitDependencyGeneratePcm arm64 /Users/admin/builder/spi-builder-workspace/.derivedData/SDKExplicitPrecompiledModules/_Builtin_tgmath-8NQ96OZ0YHXEC24JI95P01UF8.pcm
SwiftExplicitDependencyGeneratePcm arm64 /Users/admin/builder/spi-builder-workspace/.derivedData/SDKExplicitPrecompiledModules/string_h-E6PRXK75PHIPCZFWOFCQ3QBMK.pcm
SwiftExplicitDependencyGeneratePcm arm64 /Users/admin/builder/spi-builder-workspace/.derivedData/SDKExplicitPrecompiledModules/sys_types-2KXQLI78OUCDP779AE68GZJ2.pcm
SwiftExplicitDependencyGeneratePcm arm64_32 /Users/admin/builder/spi-builder-workspace/.derivedData/SDKExplicitPrecompiledModules/string_h-BFVLUQUSBZWYMLCU9QI7VZALW.pcm
SwiftExplicitDependencyGeneratePcm arm64_32 /Users/admin/builder/spi-builder-workspace/.derivedData/SDKExplicitPrecompiledModules/_Builtin_tgmath-23PGCKURCQILXMK0MYZRYDCOU.pcm
SwiftExplicitDependencyGeneratePcm arm64_32 /Users/admin/builder/spi-builder-workspace/.derivedData/SDKExplicitPrecompiledModules/_Builtin_stdint-1HMXWI3V0V4TXHRWZOMZGZ80Y.pcm
SwiftExplicitDependencyGeneratePcm arm64_32 /Users/admin/builder/spi-builder-workspace/.derivedData/SDKExplicitPrecompiledModules/sys_types-8TLLMW08ZJWDGIIPKOYFGHHZW.pcm
SwiftExplicitDependencyGeneratePcm arm64 /Users/admin/builder/spi-builder-workspace/.derivedData/SDKExplicitPrecompiledModules/_Builtin_intrinsics-75960HIPCIYA06IUW8FIIPQT.pcm
SwiftExplicitDependencyGeneratePcm arm64 /Users/admin/builder/spi-builder-workspace/.derivedData/SDKExplicitPrecompiledModules/_DarwinFoundation3-B97LRG0E9GON2NUE65TVG81HU.pcm
SwiftExplicitDependencyGeneratePcm arm64 /Users/admin/builder/spi-builder-workspace/.derivedData/SDKExplicitPrecompiledModules/_Builtin_stdatomic-7JEFA3KBJJJN6TKJWY3OG1VG5.pcm
SwiftExplicitDependencyGeneratePcm arm64_32 /Users/admin/builder/spi-builder-workspace/.derivedData/SDKExplicitPrecompiledModules/_Builtin_stdatomic-1TY035TURL76BF2U98PZPPZRX.pcm
SwiftExplicitDependencyGeneratePcm arm64_32 /Users/admin/builder/spi-builder-workspace/.derivedData/SDKExplicitPrecompiledModules/_DarwinFoundation3-3DUTYQDQSD9HUAAVY947NMWOI.pcm
SwiftExplicitDependencyGeneratePcm arm64_32 /Users/admin/builder/spi-builder-workspace/.derivedData/SDKExplicitPrecompiledModules/_Builtin_intrinsics-196IIAKDQVU42DLOZP9OQCV76.pcm
SwiftExplicitDependencyGeneratePcm arm64 /Users/admin/builder/spi-builder-workspace/.derivedData/SDKExplicitPrecompiledModules/_Builtin_inttypes-3UQSCM7WNM9EK4HZML8TY5J3D.pcm
SwiftExplicitDependencyGeneratePcm arm64_32 /Users/admin/builder/spi-builder-workspace/.derivedData/SDKExplicitPrecompiledModules/_Builtin_inttypes-D2KPCR4PEX9AQA33NGLUT5SBR.pcm
SwiftExplicitDependencyGeneratePcm arm64_32 /Users/admin/builder/spi-builder-workspace/.derivedData/SDKExplicitPrecompiledModules/Darwin-3FVT1SKLN2ZQ5RVOABMTQBB34.pcm
SwiftExplicitDependencyGeneratePcm arm64 /Users/admin/builder/spi-builder-workspace/.derivedData/SDKExplicitPrecompiledModules/Darwin-3984OXKFNSPE77NT743WK8SEX.pcm
SwiftExplicitDependencyGeneratePcm arm64_32 /Users/admin/builder/spi-builder-workspace/.derivedData/SDKExplicitPrecompiledModules/simd-21UNWYOBUZI1LVSQ99S1XBLMO.pcm
SwiftExplicitDependencyGeneratePcm arm64 /Users/admin/builder/spi-builder-workspace/.derivedData/SDKExplicitPrecompiledModules/simd-EH08NODU6574T74ZKU61VP9BW.pcm
SwiftExplicitDependencyGeneratePcm arm64_32 /Users/admin/builder/spi-builder-workspace/.derivedData/SDKExplicitPrecompiledModules/MachO-56838ZJ0NC1EBAJ0O6O8QMPDX.pcm
SwiftExplicitDependencyGeneratePcm arm64_32 /Users/admin/builder/spi-builder-workspace/.derivedData/SDKExplicitPrecompiledModules/ObjectiveC-6IJNELR2E80E7LUKESVCP2KET.pcm
SwiftExplicitDependencyGeneratePcm arm64 /Users/admin/builder/spi-builder-workspace/.derivedData/SDKExplicitPrecompiledModules/MachO-2U90NNSAQILBNBPS1SA4F8TYP.pcm
SwiftExplicitDependencyGeneratePcm arm64 /Users/admin/builder/spi-builder-workspace/.derivedData/SDKExplicitPrecompiledModules/ObjectiveC-72IVD3VS2RS8Q28D9PIMY0KQP.pcm
SwiftExplicitDependencyGeneratePcm arm64_32 /Users/admin/builder/spi-builder-workspace/.derivedData/SDKExplicitPrecompiledModules/os_object-5YWTC6L4756IWSTPGXS5NM0D0.pcm
SwiftExplicitDependencyGeneratePcm arm64 /Users/admin/builder/spi-builder-workspace/.derivedData/SDKExplicitPrecompiledModules/os_object-3SDKD7F87FTZ26OON37DRYT6O.pcm
SwiftExplicitDependencyGeneratePcm arm64_32 /Users/admin/builder/spi-builder-workspace/.derivedData/SDKExplicitPrecompiledModules/os_workgroup-5JHTPDMNBUNHLJI8LPHKQK1JK.pcm
SwiftExplicitDependencyGeneratePcm arm64 /Users/admin/builder/spi-builder-workspace/.derivedData/SDKExplicitPrecompiledModules/os_workgroup-89GG5G7YC2D0ZTK6AZXXQ20DH.pcm
SwiftExplicitDependencyGeneratePcm arm64_32 /Users/admin/builder/spi-builder-workspace/.derivedData/SDKExplicitPrecompiledModules/Spatial-CWVWNML3T0NXVHZDKVLD3X1YZ.pcm
SwiftExplicitDependencyGeneratePcm arm64 /Users/admin/builder/spi-builder-workspace/.derivedData/SDKExplicitPrecompiledModules/Spatial-44FJGYXFAT2AQAW9Z6T7YS02U.pcm
SwiftExplicitDependencyGeneratePcm arm64_32 /Users/admin/builder/spi-builder-workspace/.derivedData/SDKExplicitPrecompiledModules/Dispatch-2P62F1T4XV63S4P99TUDTOK2Q.pcm
SwiftExplicitDependencyGeneratePcm arm64 /Users/admin/builder/spi-builder-workspace/.derivedData/SDKExplicitPrecompiledModules/Dispatch-1NLJOVAK60XP0DUB05XA59EIM.pcm
SwiftExplicitDependencyGeneratePcm arm64_32 /Users/admin/builder/spi-builder-workspace/.derivedData/SDKExplicitPrecompiledModules/XPC-81Y45QFY96XYYFCW2GT6FY8S4.pcm
SwiftExplicitDependencyGeneratePcm arm64_32 /Users/admin/builder/spi-builder-workspace/.derivedData/SDKExplicitPrecompiledModules/CoreFoundation-8E6Y4BA3EXYKUGJ24GT9LGV3N.pcm
SwiftExplicitDependencyGeneratePcm arm64 /Users/admin/builder/spi-builder-workspace/.derivedData/SDKExplicitPrecompiledModules/XPC-40DR0X1DHKGCV4J1IOLFS8MOU.pcm
SwiftExplicitDependencyGeneratePcm arm64 /Users/admin/builder/spi-builder-workspace/.derivedData/SDKExplicitPrecompiledModules/CoreFoundation-8T2L24YC5NU7WO6WQJWRY7W08.pcm
SwiftExplicitDependencyGeneratePcm arm64_32 /Users/admin/builder/spi-builder-workspace/.derivedData/SDKExplicitPrecompiledModules/os-E5IGB442IA6SBB25TTCOLK2OC.pcm
SwiftExplicitDependencyGeneratePcm arm64 /Users/admin/builder/spi-builder-workspace/.derivedData/SDKExplicitPrecompiledModules/os-5DIL6Z9LFIGLMZAHM7X2T5435.pcm
SwiftExplicitDependencyGeneratePcm arm64_32 /Users/admin/builder/spi-builder-workspace/.derivedData/SDKExplicitPrecompiledModules/CoreGraphics-9FDXYX6BKBUT6TJ2VF819E7T5.pcm
SwiftExplicitDependencyGeneratePcm arm64_32 /Users/admin/builder/spi-builder-workspace/.derivedData/SDKExplicitPrecompiledModules/Security-D7TOWF88VWF67TB9HAFP5UWB1.pcm
SwiftExplicitDependencyGeneratePcm arm64 /Users/admin/builder/spi-builder-workspace/.derivedData/SDKExplicitPrecompiledModules/CoreGraphics-DWNZ73GEH98SBJXZ7DEXB420K.pcm
SwiftExplicitDependencyGeneratePcm arm64 /Users/admin/builder/spi-builder-workspace/.derivedData/SDKExplicitPrecompiledModules/Security-6RZ6YBRU8WCUHRFFRVUK5WKMM.pcm
SwiftExplicitDependencyGeneratePcm arm64 /Users/admin/builder/spi-builder-workspace/.derivedData/SDKExplicitPrecompiledModules/Foundation-DLBKUSGXN8QHAT8W0OARR9S8A.pcm
SwiftExplicitDependencyGeneratePcm arm64_32 /Users/admin/builder/spi-builder-workspace/.derivedData/SDKExplicitPrecompiledModules/Foundation-BJ2VQGI3OGR34500MEQ1VKHPH.pcm
SwiftExplicitDependencyGeneratePcm arm64 /Users/admin/builder/spi-builder-workspace/.derivedData/SDKExplicitPrecompiledModules/CoreVideo-8MRR5MNWUOAW2DBPGUQ8FKK4.pcm
SwiftExplicitDependencyGeneratePcm arm64 /Users/admin/builder/spi-builder-workspace/.derivedData/SDKExplicitPrecompiledModules/CoreText-970YJN6NIYGK1316L35Z0O8QT.pcm
SwiftExplicitDependencyGeneratePcm arm64_32 /Users/admin/builder/spi-builder-workspace/.derivedData/SDKExplicitPrecompiledModules/CoreVideo-2P8HI0403J99LBDPKNFJ5D4DL.pcm
SwiftExplicitDependencyGeneratePcm arm64_32 /Users/admin/builder/spi-builder-workspace/.derivedData/SDKExplicitPrecompiledModules/CoreText-C9X2REPZN2V5BSU4G80FCETDR.pcm
SwiftExplicitDependencyGeneratePcm arm64 /Users/admin/builder/spi-builder-workspace/.derivedData/SDKExplicitPrecompiledModules/CoreTransferable-9PPG3SLJ55T4LITIFYX2M0NOZ.pcm
SwiftExplicitDependencyGeneratePcm arm64 /Users/admin/builder/spi-builder-workspace/.derivedData/SDKExplicitPrecompiledModules/QuartzCore-94KFMWNOU7ZLUZNB4T5DLZC9D.pcm
SwiftExplicitDependencyGeneratePcm arm64 /Users/admin/builder/spi-builder-workspace/.derivedData/SDKExplicitPrecompiledModules/_LocationEssentials-5ZZDGDXB6HLQUC72SJW7YJ7MK.pcm
SwiftExplicitDependencyGeneratePcm arm64 /Users/admin/builder/spi-builder-workspace/.derivedData/SDKExplicitPrecompiledModules/DataDetection-7BNVI1SZW5ISQL5SX4WL2X7I5.pcm
SwiftExplicitDependencyGeneratePcm arm64 /Users/admin/builder/spi-builder-workspace/.derivedData/SDKExplicitPrecompiledModules/OSLog-B7VGO357Y3GJG35TST7DKDSI3.pcm
SwiftExplicitDependencyGeneratePcm arm64 /Users/admin/builder/spi-builder-workspace/.derivedData/SDKExplicitPrecompiledModules/UserNotifications-ARAH8MEQ0C2L0FBO39HITJMAO.pcm
SwiftExplicitDependencyGeneratePcm arm64 /Users/admin/builder/spi-builder-workspace/.derivedData/SDKExplicitPrecompiledModules/UniformTypeIdentifiers-8L08Q8DQJV8C4AW84YVGFGTRN.pcm
SwiftExplicitDependencyGeneratePcm arm64_32 /Users/admin/builder/spi-builder-workspace/.derivedData/SDKExplicitPrecompiledModules/_LocationEssentials-AQ1OL9QKC3LQLY5CNSRM1HB53.pcm
SwiftExplicitDependencyGeneratePcm arm64_32 /Users/admin/builder/spi-builder-workspace/.derivedData/SDKExplicitPrecompiledModules/UIUtilities-9YFVNIMRC5HRVOIARNWHP1E3H.pcm
SwiftExplicitDependencyGeneratePcm arm64_32 /Users/admin/builder/spi-builder-workspace/.derivedData/SDKExplicitPrecompiledModules/Symbols-1H97WMG76HU94F5VGJR19PXFY.pcm
SwiftExplicitDependencyGeneratePcm arm64_32 /Users/admin/builder/spi-builder-workspace/.derivedData/SDKExplicitPrecompiledModules/CoreTransferable-5D4IR6X37682FPHJ5CBPTKQV6.pcm
SwiftExplicitDependencyGeneratePcm arm64_32 /Users/admin/builder/spi-builder-workspace/.derivedData/SDKExplicitPrecompiledModules/DataDetection-U9BF7WHFVA6BZGFXXXP272PS.pcm
SwiftExplicitDependencyGeneratePcm arm64_32 /Users/admin/builder/spi-builder-workspace/.derivedData/SDKExplicitPrecompiledModules/UserNotifications-6TBN8TEAKO014N1T2QD926XED.pcm
SwiftExplicitDependencyGeneratePcm arm64 /Users/admin/builder/spi-builder-workspace/.derivedData/SDKExplicitPrecompiledModules/Accessibility-27QMG6ZQ1NKYTNBYFPM1XKNFC.pcm
SwiftExplicitDependencyGeneratePcm arm64_32 /Users/admin/builder/spi-builder-workspace/.derivedData/SDKExplicitPrecompiledModules/CoreLocation-8XU5YMYM4P11RQMYCQAG65ITK.pcm
SwiftExplicitDependencyGeneratePcm arm64 /Users/admin/builder/spi-builder-workspace/.derivedData/SDKExplicitPrecompiledModules/CoreLocation-ACKJ9K7ABI14F97Y46Y6SRR17.pcm
SwiftExplicitDependencyGeneratePcm arm64_32 /Users/admin/builder/spi-builder-workspace/.derivedData/SDKExplicitPrecompiledModules/OSLog-D9AVFY0KWO7RVBIQ73CBIJVCN.pcm
SwiftExplicitDependencyGeneratePcm arm64_32 /Users/admin/builder/spi-builder-workspace/.derivedData/SDKExplicitPrecompiledModules/QuartzCore-6375NPYACK5NYVHPMC1QQ8MC2.pcm
SwiftExplicitDependencyGeneratePcm arm64_32 /Users/admin/builder/spi-builder-workspace/.derivedData/SDKExplicitPrecompiledModules/UniformTypeIdentifiers-CJZ3NTHPSBH4XWX5EVOG56UZS.pcm
SwiftExplicitDependencyGeneratePcm arm64 /Users/admin/builder/spi-builder-workspace/.derivedData/SDKExplicitPrecompiledModules/UIUtilities-IR7RNW23VAUKYI9MLCS9NL9A.pcm
SwiftExplicitDependencyGeneratePcm arm64_32 /Users/admin/builder/spi-builder-workspace/.derivedData/SDKExplicitPrecompiledModules/Accessibility-F385OMZ5GYBUY5O4QAJB4NRII.pcm
SwiftExplicitDependencyGeneratePcm arm64 /Users/admin/builder/spi-builder-workspace/.derivedData/SDKExplicitPrecompiledModules/SwiftUICore-C1DST1IX2Z0PTH5SJJZ1IULRB.pcm
SwiftExplicitDependencyGeneratePcm arm64 /Users/admin/builder/spi-builder-workspace/.derivedData/SDKExplicitPrecompiledModules/Symbols-3EFABTJ9L5PQDJ7RQCYQWEJMM.pcm
SwiftExplicitDependencyGeneratePcm arm64_32 /Users/admin/builder/spi-builder-workspace/.derivedData/SDKExplicitPrecompiledModules/CoreMotion-1XGTVTE5PP32UHME8AC63TL6.pcm
SwiftExplicitDependencyGeneratePcm arm64 /Users/admin/builder/spi-builder-workspace/.derivedData/SDKExplicitPrecompiledModules/CoreMotion-6RD5K48QT1F4L9CATNFD2O7YB.pcm
SwiftExplicitDependencyGeneratePcm arm64_32 /Users/admin/builder/spi-builder-workspace/.derivedData/SDKExplicitPrecompiledModules/SwiftUICore-3Q7WLRD8MR9R3NGIPUBQCP6F6.pcm
SwiftExplicitDependencyGeneratePcm arm64_32 /Users/admin/builder/spi-builder-workspace/.derivedData/SDKExplicitPrecompiledModules/UIKit-6PPV7YPZ89CZPHYAP072QH8B6.pcm
SwiftExplicitDependencyGeneratePcm arm64 /Users/admin/builder/spi-builder-workspace/.derivedData/SDKExplicitPrecompiledModules/UIKit-27R3P1YMV4C6JLDT661G3MRIA.pcm
SwiftCompile normal arm64_32 Compiling\ SignedInteger+Swiftilities.swift /Users/admin/builder/spi-builder-workspace/Sources/Swiftilities/SignedInteger+Swiftilities.swift (in target 'Swiftilities' from project 'Swiftilities')
SwiftCompile normal arm64_32 /Users/admin/builder/spi-builder-workspace/Sources/Swiftilities/SignedInteger+Swiftilities.swift (in target 'Swiftilities' from project 'Swiftilities')
    cd /Users/admin/builder/spi-builder-workspace/.swiftpm/xcode
    builtin-SwiftPerFileCompile SignedInteger+Swiftilities.swift
SwiftCompile normal arm64_32 Compiling\ UIView+Swiftilities.swift /Users/admin/builder/spi-builder-workspace/Sources/Swiftilities/UIView+Swiftilities.swift (in target 'Swiftilities' from project 'Swiftilities')
/Users/admin/builder/spi-builder-workspace/Sources/Swiftilities/UIView+Swiftilities.swift:42:35: error: 'UIView' is unavailable in watchOS
 40 |
 41 |     ///Centers the received subview in self
 42 |     func centerSubview(_ subview: UIView) {
    |                                   `- error: 'UIView' is unavailable in watchOS
 43 |         addSubview(subview)
 44 |         subview.translatesAutoresizingMaskIntoConstraints = false
/Applications/Xcode-27.0.0-Release.Candidate.app/Contents/Developer/Platforms/WatchOS.platform/Developer/SDKs/WatchOS27.0.sdk/System/Library/Frameworks/UIKit.framework/Headers/UIView.h:152:12: note: 'UIView' has been explicitly marked unavailable here
150 |
151 | UIKIT_EXTERN API_AVAILABLE(ios(2.0)) API_UNAVAILABLE(watchos) NS_SWIFT_UI_ACTOR
152 | @interface UIView : UIResponder <NSCoding, UIAppearance, UIAppearanceContainer, UIDynamicItem, UITraitEnvironment, UICoordinateSpace, UIFocusItem, UIFocusItemContainer, CALayerDelegate>
    |            `- note: 'UIView' has been explicitly marked unavailable here
153 |
154 | @property(class, nonatomic, readonly) Class layerClass;                        // default is [CALayer class]. Used when creating the underlying layer for the view.
/Users/admin/builder/spi-builder-workspace/Sources/Swiftilities/UIView+Swiftilities.swift:13:18: error: 'UIView' is unavailable in watchOS
 11 | //MARK: - Layout Utilities.
 12 |
 13 | public extension UIView {
    |                  `- error: 'UIView' is unavailable in watchOS
 14 |
 15 |     ///Traverses the tree of subviews and reports ambigious layout
/Applications/Xcode-27.0.0-Release.Candidate.app/Contents/Developer/Platforms/WatchOS.platform/Developer/SDKs/WatchOS27.0.sdk/System/Library/Frameworks/UIKit.framework/Headers/UIView.h:152:12: note: 'UIView' has been explicitly marked unavailable here
150 |
151 | UIKIT_EXTERN API_AVAILABLE(ios(2.0)) API_UNAVAILABLE(watchos) NS_SWIFT_UI_ACTOR
152 | @interface UIView : UIResponder <NSCoding, UIAppearance, UIAppearanceContainer, UIDynamicItem, UITraitEnvironment, UICoordinateSpace, UIFocusItem, UIFocusItemContainer, CALayerDelegate>
    |            `- note: 'UIView' has been explicitly marked unavailable here
153 |
154 | @property(class, nonatomic, readonly) Class layerClass;                        // default is [CALayer class]. Used when creating the underlying layer for the view.
/Users/admin/builder/spi-builder-workspace/Sources/Swiftilities/UIView+Swiftilities.swift:63:28: error: 'UIView' is unavailable in watchOS
 61 |      - returns: The loaded view
 62 |      */
 63 |     class func fromNib<T : UIView>(_ nib: String = String(describing: T.self)) -> T {
    |                            `- error: 'UIView' is unavailable in watchOS
 64 |         let view: T? = fromNib(nib)
 65 |         precondition(view != nil, "Error loading view '\(String(describing: T.self))' from nib '\(nib)'")
/Applications/Xcode-27.0.0-Release.Candidate.app/Contents/Developer/Platforms/WatchOS.platform/Developer/SDKs/WatchOS27.0.sdk/System/Library/Frameworks/UIKit.framework/Headers/UIView.h:152:12: note: 'UIView' has been explicitly marked unavailable here
150 |
151 | UIKIT_EXTERN API_AVAILABLE(ios(2.0)) API_UNAVAILABLE(watchos) NS_SWIFT_UI_ACTOR
152 | @interface UIView : UIResponder <NSCoding, UIAppearance, UIAppearanceContainer, UIDynamicItem, UITraitEnvironment, UICoordinateSpace, UIFocusItem, UIFocusItemContainer, CALayerDelegate>
    |            `- note: 'UIView' has been explicitly marked unavailable here
153 |
154 | @property(class, nonatomic, readonly) Class layerClass;                        // default is [CALayer class]. Used when creating the underlying layer for the view.
/Users/admin/builder/spi-builder-workspace/Sources/Swiftilities/UIView+Swiftilities.swift:74:28: error: 'UIView' is unavailable in watchOS
 72 |      - returns: The loaded view or nil if no view in the nib could not be loaded as 'T'
 73 |      */
 74 |     class func fromNib<T : UIView>(_ nib: String = String(describing: T.self)) -> T? {
    |                            `- error: 'UIView' is unavailable in watchOS
 75 |         let bundle = Bundle(for: T.self)
 76 |         let nibViews = bundle.loadNibNamed(nib, owner: nil, options: nil)
/Applications/Xcode-27.0.0-Release.Candidate.app/Contents/Developer/Platforms/WatchOS.platform/Developer/SDKs/WatchOS27.0.sdk/System/Library/Frameworks/UIKit.framework/Headers/UIView.h:152:12: note: 'UIView' has been explicitly marked unavailable here
150 |
151 | UIKIT_EXTERN API_AVAILABLE(ios(2.0)) API_UNAVAILABLE(watchos) NS_SWIFT_UI_ACTOR
152 | @interface UIView : UIResponder <NSCoding, UIAppearance, UIAppearanceContainer, UIDynamicItem, UITraitEnvironment, UICoordinateSpace, UIFocusItem, UIFocusItemContainer, CALayerDelegate>
    |            `- note: 'UIView' has been explicitly marked unavailable here
153 |
154 | @property(class, nonatomic, readonly) Class layerClass;                        // default is [CALayer class]. Used when creating the underlying layer for the view.
/Users/admin/builder/spi-builder-workspace/Sources/Swiftilities/UIView+Swiftilities.swift:56:18: error: 'UIView' is unavailable in watchOS
 54 | //MARK: - Nib instantiation
 55 |
 56 | public extension UIView {
    |                  `- error: 'UIView' is unavailable in watchOS
 57 |
 58 |     /**
/Applications/Xcode-27.0.0-Release.Candidate.app/Contents/Developer/Platforms/WatchOS.platform/Developer/SDKs/WatchOS27.0.sdk/System/Library/Frameworks/UIKit.framework/Headers/UIView.h:152:12: note: 'UIView' has been explicitly marked unavailable here
150 |
151 | UIKIT_EXTERN API_AVAILABLE(ios(2.0)) API_UNAVAILABLE(watchos) NS_SWIFT_UI_ACTOR
152 | @interface UIView : UIResponder <NSCoding, UIAppearance, UIAppearanceContainer, UIDynamicItem, UITraitEnvironment, UICoordinateSpace, UIFocusItem, UIFocusItemContainer, CALayerDelegate>
    |            `- note: 'UIView' has been explicitly marked unavailable here
153 |
154 | @property(class, nonatomic, readonly) Class layerClass;                        // default is [CALayer class]. Used when creating the underlying layer for the view.
/Users/admin/builder/spi-builder-workspace/Sources/Swiftilities/UIView+Swiftilities.swift:126:33: error: 'UIView' is unavailable in watchOS
124 |                        duration: TimeInterval,
125 |                        after: TimeInterval,
126 |                        options: UIView.AnimationOptions,
    |                                 `- error: 'UIView' is unavailable in watchOS
127 |                        animations: @escaping (() -> ()),
128 |                        completion: ((Bool) -> ())? = nil) {
/Applications/Xcode-27.0.0-Release.Candidate.app/Contents/Developer/Platforms/WatchOS.platform/Developer/SDKs/WatchOS27.0.sdk/System/Library/Frameworks/UIKit.framework/Headers/UIView.h:152:12: note: 'UIView' has been explicitly marked unavailable here
150 |
151 | UIKIT_EXTERN API_AVAILABLE(ios(2.0)) API_UNAVAILABLE(watchos) NS_SWIFT_UI_ACTOR
152 | @interface UIView : UIResponder <NSCoding, UIAppearance, UIAppearanceContainer, UIDynamicItem, UITraitEnvironment, UICoordinateSpace, UIFocusItem, UIFocusItemContainer, CALayerDelegate>
    |            `- note: 'UIView' has been explicitly marked unavailable here
153 |
154 | @property(class, nonatomic, readonly) Class layerClass;                        // default is [CALayer class]. Used when creating the underlying layer for the view.
/Users/admin/builder/spi-builder-workspace/Sources/Swiftilities/UIView+Swiftilities.swift:83:18: error: 'UIView' is unavailable in watchOS
 81 | //MARK: - Animation
 82 |
 83 | public extension UIView {
    |                  `- error: 'UIView' is unavailable in watchOS
 84 |
 85 |     /**
/Applications/Xcode-27.0.0-Release.Candidate.app/Contents/Developer/Platforms/WatchOS.platform/Developer/SDKs/WatchOS27.0.sdk/System/Library/Frameworks/UIKit.framework/Headers/UIView.h:152:12: note: 'UIView' has been explicitly marked unavailable here
150 |
151 | UIKIT_EXTERN API_AVAILABLE(ios(2.0)) API_UNAVAILABLE(watchos) NS_SWIFT_UI_ACTOR
152 | @interface UIView : UIResponder <NSCoding, UIAppearance, UIAppearanceContainer, UIDynamicItem, UITraitEnvironment, UICoordinateSpace, UIFocusItem, UIFocusItemContainer, CALayerDelegate>
    |            `- note: 'UIView' has been explicitly marked unavailable here
153 |
154 | @property(class, nonatomic, readonly) Class layerClass;                        // default is [CALayer class]. Used when creating the underlying layer for the view.
/Users/admin/builder/spi-builder-workspace/Sources/Swiftilities/UIView+Swiftilities.swift:168:40: error: 'UIView' is unavailable in watchOS
166 |      - returns: the first view for which the predicate returns true, or nil if no such view is found.
167 |      */
168 |     func findView(matching predicate: (UIView) throws -> Bool) rethrows -> UIView? {
    |                                        `- error: 'UIView' is unavailable in watchOS
169 |
170 |             if try predicate(self) {
/Applications/Xcode-27.0.0-Release.Candidate.app/Contents/Developer/Platforms/WatchOS.platform/Developer/SDKs/WatchOS27.0.sdk/System/Library/Frameworks/UIKit.framework/Headers/UIView.h:152:12: note: 'UIView' has been explicitly marked unavailable here
150 |
151 | UIKIT_EXTERN API_AVAILABLE(ios(2.0)) API_UNAVAILABLE(watchos) NS_SWIFT_UI_ACTOR
152 | @interface UIView : UIResponder <NSCoding, UIAppearance, UIAppearanceContainer, UIDynamicItem, UITraitEnvironment, UICoordinateSpace, UIFocusItem, UIFocusItemContainer, CALayerDelegate>
    |            `- note: 'UIView' has been explicitly marked unavailable here
153 |
154 | @property(class, nonatomic, readonly) Class layerClass;                        // default is [CALayer class]. Used when creating the underlying layer for the view.
/Users/admin/builder/spi-builder-workspace/Sources/Swiftilities/UIView+Swiftilities.swift:168:76: error: 'UIView' is unavailable in watchOS
166 |      - returns: the first view for which the predicate returns true, or nil if no such view is found.
167 |      */
168 |     func findView(matching predicate: (UIView) throws -> Bool) rethrows -> UIView? {
    |                                                                            `- error: 'UIView' is unavailable in watchOS
169 |
170 |             if try predicate(self) {
/Applications/Xcode-27.0.0-Release.Candidate.app/Contents/Developer/Platforms/WatchOS.platform/Developer/SDKs/WatchOS27.0.sdk/System/Library/Frameworks/UIKit.framework/Headers/UIView.h:152:12: note: 'UIView' has been explicitly marked unavailable here
150 |
151 | UIKIT_EXTERN API_AVAILABLE(ios(2.0)) API_UNAVAILABLE(watchos) NS_SWIFT_UI_ACTOR
152 | @interface UIView : UIResponder <NSCoding, UIAppearance, UIAppearanceContainer, UIDynamicItem, UITraitEnvironment, UICoordinateSpace, UIFocusItem, UIFocusItemContainer, CALayerDelegate>
    |            `- note: 'UIView' has been explicitly marked unavailable here
153 |
154 | @property(class, nonatomic, readonly) Class layerClass;                        // default is [CALayer class]. Used when creating the underlying layer for the view.
/Users/admin/builder/spi-builder-workspace/Sources/Swiftilities/UIView+Swiftilities.swift:161:18: error: 'UIView' is unavailable in watchOS
159 | //MARK: - Searching
160 |
161 | public extension UIView {
    |                  `- error: 'UIView' is unavailable in watchOS
162 |
163 |     /**
/Applications/Xcode-27.0.0-Release.Candidate.app/Contents/Developer/Platforms/WatchOS.platform/Developer/SDKs/WatchOS27.0.sdk/System/Library/Frameworks/UIKit.framework/Headers/UIView.h:152:12: note: 'UIView' has been explicitly marked unavailable here
150 |
151 | UIKIT_EXTERN API_AVAILABLE(ios(2.0)) API_UNAVAILABLE(watchos) NS_SWIFT_UI_ACTOR
152 | @interface UIView : UIResponder <NSCoding, UIAppearance, UIAppearanceContainer, UIDynamicItem, UITraitEnvironment, UICoordinateSpace, UIFocusItem, UIFocusItemContainer, CALayerDelegate>
    |            `- note: 'UIView' has been explicitly marked unavailable here
153 |
154 | @property(class, nonatomic, readonly) Class layerClass;                        // default is [CALayer class]. Used when creating the underlying layer for the view.
/Users/admin/builder/spi-builder-workspace/Sources/Swiftilities/UIView+Swiftilities.swift:45:9: error: 'NSLayoutConstraint' is unavailable in watchOS
 43 |         addSubview(subview)
 44 |         subview.translatesAutoresizingMaskIntoConstraints = false
 45 |         NSLayoutConstraint.activate([
    |         `- error: 'NSLayoutConstraint' is unavailable in watchOS
 46 |             subview.widthAnchor.constraint(equalTo: widthAnchor),
 47 |             subview.heightAnchor.constraint(equalTo: heightAnchor),
/Applications/Xcode-27.0.0-Release.Candidate.app/Contents/Developer/Platforms/WatchOS.platform/Developer/SDKs/WatchOS27.0.sdk/System/Library/Frameworks/UIKit.framework/Headers/NSLayoutConstraint.h:126:12: note: 'NSLayoutConstraint' has been explicitly marked unavailable here
124 |
125 | NSLAYOUTCONSTRAINT_EXTERN API_AVAILABLE(macos(10.7), ios(6.0), tvos(9.0)) API_UNAVAILABLE(watchos) NS_SWIFT_UI_ACTOR
126 | @interface NSLayoutConstraint : NSObject
    |            `- note: 'NSLayoutConstraint' has been explicitly marked unavailable here
127 |
128 | /* Create an array of constraints using an ASCII-art-like visual format string.  The values of the `metrics` dictionary should be NSNumber (or some other type that responds to -doubleValue and returns a double).
/Users/admin/builder/spi-builder-workspace/Sources/Swiftilities/UIView+Swiftilities.swift:76:31: error: 'loadNibNamed(_:owner:options:)' is unavailable in watchOS
 74 |     class func fromNib<T : UIView>(_ nib: String = String(describing: T.self)) -> T? {
 75 |         let bundle = Bundle(for: T.self)
 76 |         let nibViews = bundle.loadNibNamed(nib, owner: nil, options: nil)
    |                               `- error: 'loadNibNamed(_:owner:options:)' is unavailable in watchOS
 77 |         return nibViews?.first {$0 is T} as? T
 78 |     }
/Applications/Xcode-27.0.0-Release.Candidate.app/Contents/Developer/Platforms/WatchOS.platform/Developer/SDKs/WatchOS27.0.sdk/System/Library/Frameworks/UIKit.framework/Headers/UINibLoading.h:19:1: note: 'loadNibNamed(_:owner:options:)' has been explicitly marked unavailable here
17 |
18 | @interface NSBundle(UINibLoadingAdditions)
19 | - (nullable NSArray *)loadNibNamed:(NSString *)name owner:(nullable id)owner options:(nullable NSDictionary<UINibOptionsKey, id> *)options API_DEPRECATED("Loading Interface Builder products will not be supported in a future version of visionOS.", visionos(1.0, 1.0)) API_UNAVAILABLE(watchos);
   | `- note: 'loadNibNamed(_:owner:options:)' has been explicitly marked unavailable here
20 | @end
21 |
/Users/admin/builder/spi-builder-workspace/Sources/Swiftilities/UIView+Swiftilities.swift:92:9: error: 'CATransaction' is unavailable in watchOS
 90 |      */
 91 |     func animateTransition(duration: CFTimeInterval = 0.25, completion: (() -> ())? = nil) {
 92 |         CATransaction.begin()
    |         `- error: 'CATransaction' is unavailable in watchOS
 93 |         CATransaction.setCompletionBlock(completion)
 94 |
/Applications/Xcode-27.0.0-Release.Candidate.app/Contents/Developer/Platforms/WatchOS.platform/Developer/SDKs/WatchOS27.0.sdk/System/Library/Frameworks/QuartzCore.framework/Headers/CATransaction.h:34:12: note: 'CATransaction' has been explicitly marked unavailable here
 32 |
 33 | API_AVAILABLE(macos(10.5), ios(2.0), tvos(9.0)) API_UNAVAILABLE(watchos)
 34 | @interface CATransaction : NSObject
    |            `- note: 'CATransaction' has been explicitly marked unavailable here
 35 |
 36 | /* Begin a new transaction for the current thread; nests. */
/Users/admin/builder/spi-builder-workspace/Sources/Swiftilities/UIView+Swiftilities.swift:93:9: error: 'CATransaction' is unavailable in watchOS
 91 |     func animateTransition(duration: CFTimeInterval = 0.25, completion: (() -> ())? = nil) {
 92 |         CATransaction.begin()
 93 |         CATransaction.setCompletionBlock(completion)
    |         `- error: 'CATransaction' is unavailable in watchOS
 94 |
 95 |         let transition = CATransition()
/Applications/Xcode-27.0.0-Release.Candidate.app/Contents/Developer/Platforms/WatchOS.platform/Developer/SDKs/WatchOS27.0.sdk/System/Library/Frameworks/QuartzCore.framework/Headers/CATransaction.h:34:12: note: 'CATransaction' has been explicitly marked unavailable here
 32 |
 33 | API_AVAILABLE(macos(10.5), ios(2.0), tvos(9.0)) API_UNAVAILABLE(watchos)
 34 | @interface CATransaction : NSObject
    |            `- note: 'CATransaction' has been explicitly marked unavailable here
 35 |
 36 | /* Begin a new transaction for the current thread; nests. */
/Users/admin/builder/spi-builder-workspace/Sources/Swiftilities/UIView+Swiftilities.swift:95:26: error: 'CATransition' is unavailable in watchOS
 93 |         CATransaction.setCompletionBlock(completion)
 94 |
 95 |         let transition = CATransition()
    |                          `- error: 'CATransition' is unavailable in watchOS
 96 |         transition.duration = duration
 97 |         transition.timingFunction = CAMediaTimingFunction(name:CAMediaTimingFunctionName.easeInEaseOut)
/Applications/Xcode-27.0.0-Release.Candidate.app/Contents/Developer/Platforms/WatchOS.platform/Developer/SDKs/WatchOS27.0.sdk/System/Library/Frameworks/QuartzCore.framework/Headers/CAAnimation.h:323:12: note: 'CATransition' has been explicitly marked unavailable here
321 |
322 | API_AVAILABLE(macos(10.5), ios(2.0), tvos(9.0)) API_UNAVAILABLE(watchos)
323 | @interface CATransition : CAAnimation
    |            `- note: 'CATransition' has been explicitly marked unavailable here
324 |
325 | /* The name of the transition. Current legal transition types include
/Users/admin/builder/spi-builder-workspace/Sources/Swiftilities/UIView+Swiftilities.swift:97:37: error: 'CAMediaTimingFunction' is unavailable in watchOS
 95 |         let transition = CATransition()
 96 |         transition.duration = duration
 97 |         transition.timingFunction = CAMediaTimingFunction(name:CAMediaTimingFunctionName.easeInEaseOut)
    |                                     `- error: 'CAMediaTimingFunction' is unavailable in watchOS
 98 |         layer.add(transition, forKey: nil)
 99 |         CATransaction.commit()
/Applications/Xcode-27.0.0-Release.Candidate.app/Contents/Developer/Platforms/WatchOS.platform/Developer/SDKs/WatchOS27.0.sdk/System/Library/Frameworks/QuartzCore.framework/Headers/CAMediaTimingFunction.h:24:12: note: 'CAMediaTimingFunction' has been explicitly marked unavailable here
22 |
23 | API_AVAILABLE(macos(10.5), ios(2.0), tvos(9.0)) API_UNAVAILABLE(watchos)
24 | @interface CAMediaTimingFunction : NSObject <NSSecureCoding>
   |            `- note: 'CAMediaTimingFunction' has been explicitly marked unavailable here
25 | {
26 | @private
/Users/admin/builder/spi-builder-workspace/Sources/Swiftilities/UIView+Swiftilities.swift:97:64: error: 'CAMediaTimingFunctionName' is unavailable in watchOS
 95 |         let transition = CATransition()
 96 |         transition.duration = duration
 97 |         transition.timingFunction = CAMediaTimingFunction(name:CAMediaTimingFunctionName.easeInEaseOut)
    |                                                                `- error: 'CAMediaTimingFunctionName' is unavailable in watchOS
 98 |         layer.add(transition, forKey: nil)
 99 |         CATransaction.commit()
/Applications/Xcode-27.0.0-Release.Candidate.app/Contents/Developer/Platforms/WatchOS.platform/Developer/SDKs/WatchOS27.0.sdk/System/Library/Frameworks/QuartzCore.framework/Headers/CAMediaTimingFunction.h:15:20: note: 'CAMediaTimingFunctionName' has been explicitly marked unavailable here
13 | NS_HEADER_AUDIT_BEGIN(nullability, sendability)
14 |
15 | typedef NSString * CAMediaTimingFunctionName NS_TYPED_ENUM API_AVAILABLE(macos(10.5), ios(2.0), tvos(9.0)) API_UNAVAILABLE(watchos);
   |                    `- note: 'CAMediaTimingFunctionName' has been explicitly marked unavailable here
16 |
17 | /* Represents one segment of a function describing a timing curve. The
/Users/admin/builder/spi-builder-workspace/Sources/Swiftilities/UIView+Swiftilities.swift:97:90: error: 'easeInEaseOut' is unavailable in watchOS
 95 |         let transition = CATransition()
 96 |         transition.duration = duration
 97 |         transition.timingFunction = CAMediaTimingFunction(name:CAMediaTimingFunctionName.easeInEaseOut)
    |                                                                                          `- error: 'easeInEaseOut' is unavailable in watchOS
 98 |         layer.add(transition, forKey: nil)
 99 |         CATransaction.commit()
/Applications/Xcode-27.0.0-Release.Candidate.app/Contents/Developer/Platforms/WatchOS.platform/Developer/SDKs/WatchOS27.0.sdk/System/Library/Frameworks/QuartzCore.framework/Headers/CAMediaTimingFunction.h:60:43: note: 'easeInEaseOut' has been explicitly marked unavailable here
58 | CA_EXTERN CAMediaTimingFunctionName const kCAMediaTimingFunctionEaseOut
59 |     API_AVAILABLE(macos(10.5), ios(2.0), tvos(9.0)) API_UNAVAILABLE(watchos);
60 | CA_EXTERN CAMediaTimingFunctionName const kCAMediaTimingFunctionEaseInEaseOut
   |                                           `- note: 'easeInEaseOut' has been explicitly marked unavailable here
61 |     API_AVAILABLE(macos(10.5), ios(2.0), tvos(9.0)) API_UNAVAILABLE(watchos);
62 | CA_EXTERN CAMediaTimingFunctionName const kCAMediaTimingFunctionDefault
/Users/admin/builder/spi-builder-workspace/Sources/Swiftilities/UIView+Swiftilities.swift:99:9: error: 'CATransaction' is unavailable in watchOS
 97 |         transition.timingFunction = CAMediaTimingFunction(name:CAMediaTimingFunctionName.easeInEaseOut)
 98 |         layer.add(transition, forKey: nil)
 99 |         CATransaction.commit()
    |         `- error: 'CATransaction' is unavailable in watchOS
100 |     }
101 |
/Applications/Xcode-27.0.0-Release.Candidate.app/Contents/Developer/Platforms/WatchOS.platform/Developer/SDKs/WatchOS27.0.sdk/System/Library/Frameworks/QuartzCore.framework/Headers/CATransaction.h:34:12: note: 'CATransaction' has been explicitly marked unavailable here
 32 |
 33 | API_AVAILABLE(macos(10.5), ios(2.0), tvos(9.0)) API_UNAVAILABLE(watchos)
 34 | @interface CATransaction : NSObject
    |            `- note: 'CATransaction' has been explicitly marked unavailable here
 35 |
 36 | /* Begin a new transaction for the current thread; nests. */
/Users/admin/builder/spi-builder-workspace/Sources/Swiftilities/UIView+Swiftilities.swift:133:13: error: 'UIView' is unavailable in watchOS
131 |         //The delay call unwinds the call stack and works around possible drawing glitches.
132 |         func animate(times:Int) {
133 |             UIView.animate(withDuration: duration, delay: after,
    |             `- error: 'UIView' is unavailable in watchOS
134 |                            options: options, animations: animations) { done in
135 |                             CATransaction.begin()
/Applications/Xcode-27.0.0-Release.Candidate.app/Contents/Developer/Platforms/WatchOS.platform/Developer/SDKs/WatchOS27.0.sdk/System/Library/Frameworks/UIKit.framework/Headers/UIView.h:152:12: note: 'UIView' has been explicitly marked unavailable here
150 |
151 | UIKIT_EXTERN API_AVAILABLE(ios(2.0)) API_UNAVAILABLE(watchos) NS_SWIFT_UI_ACTOR
152 | @interface UIView : UIResponder <NSCoding, UIAppearance, UIAppearanceContainer, UIDynamicItem, UITraitEnvironment, UICoordinateSpace, UIFocusItem, UIFocusItemContainer, CALayerDelegate>
    |            `- note: 'UIView' has been explicitly marked unavailable here
153 |
154 | @property(class, nonatomic, readonly) Class layerClass;                        // default is [CALayer class]. Used when creating the underlying layer for the view.
/Users/admin/builder/spi-builder-workspace/Sources/Swiftilities/UIView+Swiftilities.swift:135:29: error: 'CATransaction' is unavailable in watchOS
133 |             UIView.animate(withDuration: duration, delay: after,
134 |                            options: options, animations: animations) { done in
135 |                             CATransaction.begin()
    |                             `- error: 'CATransaction' is unavailable in watchOS
136 |
137 |                             //Run the completion-block in a nestled transaction with its own completion block
/Applications/Xcode-27.0.0-Release.Candidate.app/Contents/Developer/Platforms/WatchOS.platform/Developer/SDKs/WatchOS27.0.sdk/System/Library/Frameworks/QuartzCore.framework/Headers/CATransaction.h:34:12: note: 'CATransaction' has been explicitly marked unavailable here
 32 |
 33 | API_AVAILABLE(macos(10.5), ios(2.0), tvos(9.0)) API_UNAVAILABLE(watchos)
 34 | @interface CATransaction : NSObject
    |            `- note: 'CATransaction' has been explicitly marked unavailable here
 35 |
 36 | /* Begin a new transaction for the current thread; nests. */
/Users/admin/builder/spi-builder-workspace/Sources/Swiftilities/UIView+Swiftilities.swift:139:29: error: 'CATransaction' is unavailable in watchOS
137 |                             //Run the completion-block in a nestled transaction with its own completion block
138 |                             //in case the completion block is a transaction (e.g. animation) of its own
139 |                             CATransaction.setCompletionBlock {
    |                             `- error: 'CATransaction' is unavailable in watchOS
140 |                                 if times > 0 {
141 |                                     DispatchQueue.main.asyncAfter(deadline: DispatchTime.now()) {
/Applications/Xcode-27.0.0-Release.Candidate.app/Contents/Developer/Platforms/WatchOS.platform/Developer/SDKs/WatchOS27.0.sdk/System/Library/Frameworks/QuartzCore.framework/Headers/CATransaction.h:34:12: note: 'CATransaction' has been explicitly marked unavailable here
 32 |
 33 | API_AVAILABLE(macos(10.5), ios(2.0), tvos(9.0)) API_UNAVAILABLE(watchos)
 34 | @interface CATransaction : NSObject
    |            `- note: 'CATransaction' has been explicitly marked unavailable here
 35 |
 36 | /* Begin a new transaction for the current thread; nests. */
SwiftCompile normal arm64_32 /Users/admin/builder/spi-builder-workspace/Sources/Swiftilities/UIView+Swiftilities.swift (in target 'Swiftilities' from project 'Swiftilities')
    cd /Users/admin/builder/spi-builder-workspace/.swiftpm/xcode
    builtin-SwiftPerFileCompile UIView+Swiftilities.swift
SwiftCompile normal arm64_32 Compiling\ UIViewController+Swiftilities.swift /Users/admin/builder/spi-builder-workspace/Sources/Swiftilities/UIViewController+Swiftilities.swift (in target 'Swiftilities' from project 'Swiftilities')
/Users/admin/builder/spi-builder-workspace/Sources/Swiftilities/UIViewController+Swiftilities.swift:19:48: error: 'UIViewController' is unavailable in watchOS
17 |
18 |     ///Travels the chain of presented view controllers and returns the topmost view controller
19 |     func currentlyPresentedViewController() -> UIViewController {
   |                                                `- error: 'UIViewController' is unavailable in watchOS
20 |         var current = self
21 |
/Applications/Xcode-27.0.0-Release.Candidate.app/Contents/Developer/Platforms/WatchOS.platform/Developer/SDKs/WatchOS27.0.sdk/System/Library/Frameworks/UIKit.framework/Headers/UIViewController.h:104:12: note: 'UIViewController' has been explicitly marked unavailable here
102 |
103 | UIKIT_EXTERN API_AVAILABLE(ios(2.0)) API_UNAVAILABLE(watchos) NS_SWIFT_UI_ACTOR
104 | @interface UIViewController : UIResponder <NSCoding, UIAppearanceContainer, UITraitEnvironment, UIContentContainer, UIFocusEnvironment>
    |            `- note: 'UIViewController' has been explicitly marked unavailable here
105 |
106 | /*
/Users/admin/builder/spi-builder-workspace/Sources/Swiftilities/UIViewController+Swiftilities.swift:37:35: error: 'UIViewController' is unavailable in watchOS
35 |      - parameter constraints:           NSLayoutConstraints to be applied to the childs view. Defaults to centering the child view in the parent
36 |      */
37 |     func add(childViewController: UIViewController,
   |                                   `- error: 'UIViewController' is unavailable in watchOS
38 |              in parentView: UIView? = nil,
39 |              withConstraints constraints: [NSLayoutConstraint]? = nil) {
/Applications/Xcode-27.0.0-Release.Candidate.app/Contents/Developer/Platforms/WatchOS.platform/Developer/SDKs/WatchOS27.0.sdk/System/Library/Frameworks/UIKit.framework/Headers/UIViewController.h:104:12: note: 'UIViewController' has been explicitly marked unavailable here
102 |
103 | UIKIT_EXTERN API_AVAILABLE(ios(2.0)) API_UNAVAILABLE(watchos) NS_SWIFT_UI_ACTOR
104 | @interface UIViewController : UIResponder <NSCoding, UIAppearanceContainer, UITraitEnvironment, UIContentContainer, UIFocusEnvironment>
    |            `- note: 'UIViewController' has been explicitly marked unavailable here
105 |
106 | /*
/Users/admin/builder/spi-builder-workspace/Sources/Swiftilities/UIViewController+Swiftilities.swift:38:29: error: 'UIView' is unavailable in watchOS
36 |      */
37 |     func add(childViewController: UIViewController,
38 |              in parentView: UIView? = nil,
   |                             `- error: 'UIView' is unavailable in watchOS
39 |              withConstraints constraints: [NSLayoutConstraint]? = nil) {
40 |
/Applications/Xcode-27.0.0-Release.Candidate.app/Contents/Developer/Platforms/WatchOS.platform/Developer/SDKs/WatchOS27.0.sdk/System/Library/Frameworks/UIKit.framework/Headers/UIView.h:152:12: note: 'UIView' has been explicitly marked unavailable here
150 |
151 | UIKIT_EXTERN API_AVAILABLE(ios(2.0)) API_UNAVAILABLE(watchos) NS_SWIFT_UI_ACTOR
152 | @interface UIView : UIResponder <NSCoding, UIAppearance, UIAppearanceContainer, UIDynamicItem, UITraitEnvironment, UICoordinateSpace, UIFocusItem, UIFocusItemContainer, CALayerDelegate>
    |            `- note: 'UIView' has been explicitly marked unavailable here
153 |
154 | @property(class, nonatomic, readonly) Class layerClass;                        // default is [CALayer class]. Used when creating the underlying layer for the view.
/Users/admin/builder/spi-builder-workspace/Sources/Swiftilities/UIViewController+Swiftilities.swift:39:44: error: 'NSLayoutConstraint' is unavailable in watchOS
37 |     func add(childViewController: UIViewController,
38 |              in parentView: UIView? = nil,
39 |              withConstraints constraints: [NSLayoutConstraint]? = nil) {
   |                                            `- error: 'NSLayoutConstraint' is unavailable in watchOS
40 |
41 |         addChild(childViewController)
/Applications/Xcode-27.0.0-Release.Candidate.app/Contents/Developer/Platforms/WatchOS.platform/Developer/SDKs/WatchOS27.0.sdk/System/Library/Frameworks/UIKit.framework/Headers/NSLayoutConstraint.h:126:12: note: 'NSLayoutConstraint' has been explicitly marked unavailable here
124 |
125 | NSLAYOUTCONSTRAINT_EXTERN API_AVAILABLE(macos(10.7), ios(6.0), tvos(9.0)) API_UNAVAILABLE(watchos) NS_SWIFT_UI_ACTOR
126 | @interface NSLayoutConstraint : NSObject
    |            `- note: 'NSLayoutConstraint' has been explicitly marked unavailable here
127 |
128 | /* Create an array of constraints using an ASCII-art-like visual format string.  The values of the `metrics` dictionary should be NSNumber (or some other type that responds to -doubleValue and returns a double).
/Users/admin/builder/spi-builder-workspace/Sources/Swiftilities/UIViewController+Swiftilities.swift:11:18: error: 'UIViewController' is unavailable in watchOS
 9 | import UIKit
10 |
11 | public extension UIViewController {
   |                  `- error: 'UIViewController' is unavailable in watchOS
12 |
13 |     ///Utility method for simple dismissal
/Applications/Xcode-27.0.0-Release.Candidate.app/Contents/Developer/Platforms/WatchOS.platform/Developer/SDKs/WatchOS27.0.sdk/System/Library/Frameworks/UIKit.framework/Headers/UIViewController.h:104:12: note: 'UIViewController' has been explicitly marked unavailable here
102 |
103 | UIKIT_EXTERN API_AVAILABLE(ios(2.0)) API_UNAVAILABLE(watchos) NS_SWIFT_UI_ACTOR
104 | @interface UIViewController : UIResponder <NSCoding, UIAppearanceContainer, UITraitEnvironment, UIContentContainer, UIFocusEnvironment>
    |            `- note: 'UIViewController' has been explicitly marked unavailable here
105 |
106 | /*
/Users/admin/builder/spi-builder-workspace/Sources/Swiftilities/UIViewController+Swiftilities.swift:43:28: error: 'UIView' is unavailable in watchOS
41 |         addChild(childViewController)
42 |
43 |         let containerView: UIView = parentView ?? self.view
   |                            `- error: 'UIView' is unavailable in watchOS
44 |
45 |         if let constraints = constraints {
/Applications/Xcode-27.0.0-Release.Candidate.app/Contents/Developer/Platforms/WatchOS.platform/Developer/SDKs/WatchOS27.0.sdk/System/Library/Frameworks/UIKit.framework/Headers/UIView.h:152:12: note: 'UIView' has been explicitly marked unavailable here
150 |
151 | UIKIT_EXTERN API_AVAILABLE(ios(2.0)) API_UNAVAILABLE(watchos) NS_SWIFT_UI_ACTOR
152 | @interface UIView : UIResponder <NSCoding, UIAppearance, UIAppearanceContainer, UIDynamicItem, UITraitEnvironment, UICoordinateSpace, UIFocusItem, UIFocusItemContainer, CALayerDelegate>
    |            `- note: 'UIView' has been explicitly marked unavailable here
153 |
154 | @property(class, nonatomic, readonly) Class layerClass;                        // default is [CALayer class]. Used when creating the underlying layer for the view.
SwiftCompile normal arm64_32 /Users/admin/builder/spi-builder-workspace/Sources/Swiftilities/UIViewController+Swiftilities.swift (in target 'Swiftilities' from project 'Swiftilities')
    cd /Users/admin/builder/spi-builder-workspace/.swiftpm/xcode
    builtin-SwiftPerFileCompile UIViewController+Swiftilities.swift
SwiftCompile normal arm64_32 Compiling\ UIColor+Swiftilities.swift /Users/admin/builder/spi-builder-workspace/Sources/Swiftilities/UIColor+Swiftilities.swift (in target 'Swiftilities' from project 'Swiftilities')
SwiftCompile normal arm64_32 /Users/admin/builder/spi-builder-workspace/Sources/Swiftilities/UIColor+Swiftilities.swift (in target 'Swiftilities' from project 'Swiftilities')
    cd /Users/admin/builder/spi-builder-workspace/.swiftpm/xcode
    builtin-SwiftPerFileCompile UIColor+Swiftilities.swift
SwiftCompile normal arm64_32 Compiling\ RandomAccessCollection+Swiftilities.swift,\ Sequence+Swiftilities.swift /Users/admin/builder/spi-builder-workspace/Sources/Swiftilities/RandomAccessCollection+Swiftilities.swift /Users/admin/builder/spi-builder-workspace/Sources/Swiftilities/Sequence+Swiftilities.swift (in target 'Swiftilities' from project 'Swiftilities')
SwiftCompile normal arm64_32 /Users/admin/builder/spi-builder-workspace/Sources/Swiftilities/RandomAccessCollection+Swiftilities.swift (in target 'Swiftilities' from project 'Swiftilities')
    cd /Users/admin/builder/spi-builder-workspace/.swiftpm/xcode
    builtin-SwiftPerFileCompile RandomAccessCollection+Swiftilities.swift
SwiftCompile normal arm64_32 /Users/admin/builder/spi-builder-workspace/Sources/Swiftilities/Sequence+Swiftilities.swift (in target 'Swiftilities' from project 'Swiftilities')
    cd /Users/admin/builder/spi-builder-workspace/.swiftpm/xcode
    builtin-SwiftPerFileCompile Sequence+Swiftilities.swift
SwiftCompile normal arm64_32 Compiling\ Float+Swiftilities.swift,\ NibContainerView.swift /Users/admin/builder/spi-builder-workspace/Sources/Swiftilities/Float+Swiftilities.swift /Users/admin/builder/spi-builder-workspace/Sources/Swiftilities/NibContainerView.swift (in target 'Swiftilities' from project 'Swiftilities')
/Users/admin/builder/spi-builder-workspace/Sources/Swiftilities/NibContainerView.swift:24:39: error: 'UIView' is unavailable in watchOS
22 |     //MARK: - Properties
23 |
24 |     private var viewClass: AnyClass = UIView.self
   |                                       `- error: 'UIView' is unavailable in watchOS
25 |
26 |     private var contentView: UIView = UIView() {
/Applications/Xcode-27.0.0-Release.Candidate.app/Contents/Developer/Platforms/WatchOS.platform/Developer/SDKs/WatchOS27.0.sdk/System/Library/Frameworks/UIKit.framework/Headers/UIView.h:152:12: note: 'UIView' has been explicitly marked unavailable here
150 |
151 | UIKIT_EXTERN API_AVAILABLE(ios(2.0)) API_UNAVAILABLE(watchos) NS_SWIFT_UI_ACTOR
152 | @interface UIView : UIResponder <NSCoding, UIAppearance, UIAppearanceContainer, UIDynamicItem, UITraitEnvironment, UICoordinateSpace, UIFocusItem, UIFocusItemContainer, CALayerDelegate>
    |            `- note: 'UIView' has been explicitly marked unavailable here
153 |
154 | @property(class, nonatomic, readonly) Class layerClass;                        // default is [CALayer class]. Used when creating the underlying layer for the view.
/Users/admin/builder/spi-builder-workspace/Sources/Swiftilities/NibContainerView.swift:26:30: error: 'UIView' is unavailable in watchOS
24 |     private var viewClass: AnyClass = UIView.self
25 |
26 |     private var contentView: UIView = UIView() {
   |                              `- error: 'UIView' is unavailable in watchOS
27 |         didSet {
28 |             oldValue.removeFromSuperview()
/Applications/Xcode-27.0.0-Release.Candidate.app/Contents/Developer/Platforms/WatchOS.platform/Developer/SDKs/WatchOS27.0.sdk/System/Library/Frameworks/UIKit.framework/Headers/UIView.h:152:12: note: 'UIView' has been explicitly marked unavailable here
150 |
151 | UIKIT_EXTERN API_AVAILABLE(ios(2.0)) API_UNAVAILABLE(watchos) NS_SWIFT_UI_ACTOR
152 | @interface UIView : UIResponder <NSCoding, UIAppearance, UIAppearanceContainer, UIDynamicItem, UITraitEnvironment, UICoordinateSpace, UIFocusItem, UIFocusItemContainer, CALayerDelegate>
    |            `- note: 'UIView' has been explicitly marked unavailable here
153 |
154 | @property(class, nonatomic, readonly) Class layerClass;                        // default is [CALayer class]. Used when creating the underlying layer for the view.
/Users/admin/builder/spi-builder-workspace/Sources/Swiftilities/NibContainerView.swift:26:39: error: 'UIView' is unavailable in watchOS
24 |     private var viewClass: AnyClass = UIView.self
25 |
26 |     private var contentView: UIView = UIView() {
   |                                       `- error: 'UIView' is unavailable in watchOS
27 |         didSet {
28 |             oldValue.removeFromSuperview()
/Applications/Xcode-27.0.0-Release.Candidate.app/Contents/Developer/Platforms/WatchOS.platform/Developer/SDKs/WatchOS27.0.sdk/System/Library/Frameworks/UIKit.framework/Headers/UIView.h:152:12: note: 'UIView' has been explicitly marked unavailable here
150 |
151 | UIKIT_EXTERN API_AVAILABLE(ios(2.0)) API_UNAVAILABLE(watchos) NS_SWIFT_UI_ACTOR
152 | @interface UIView : UIResponder <NSCoding, UIAppearance, UIAppearanceContainer, UIDynamicItem, UITraitEnvironment, UICoordinateSpace, UIFocusItem, UIFocusItemContainer, CALayerDelegate>
    |            `- note: 'UIView' has been explicitly marked unavailable here
153 |
154 | @property(class, nonatomic, readonly) Class layerClass;                        // default is [CALayer class]. Used when creating the underlying layer for the view.
/Users/admin/builder/spi-builder-workspace/Sources/Swiftilities/NibContainerView.swift:26:39: error: 'init()' is unavailable in watchOS
24 |     private var viewClass: AnyClass = UIView.self
25 |
26 |     private var contentView: UIView = UIView() {
   |                                       `- error: 'init()' is unavailable in watchOS
27 |         didSet {
28 |             oldValue.removeFromSuperview()
/Applications/Xcode-27.0.0-Release.Candidate.app/Contents/Developer/Platforms/WatchOS.platform/Developer/SDKs/WatchOS27.0.sdk/System/Library/Frameworks/UIKit.framework/Headers/UIView.h:158:1: note: 'init()' has been explicitly marked unavailable here
156 | - (instancetype)initWithFrame:(CGRect)frame NS_DESIGNATED_INITIALIZER;
157 | - (nullable instancetype)initWithCoder:(NSCoder *)coder NS_DESIGNATED_INITIALIZER;
158 | - (instancetype)init API_AVAILABLE(ios(2.0), tvos(9.0), visionos(1.0)) API_UNAVAILABLE(watchos);
    | `- note: 'init()' has been explicitly marked unavailable here
159 |
160 | @property(nonatomic,getter=isUserInteractionEnabled) BOOL userInteractionEnabled;  // default is YES. if set to NO, user events (touch, keys) are ignored and removed from the event queue.
/Users/admin/builder/spi-builder-workspace/Sources/Swiftilities/NibContainerView.swift:47:32: error: 'UIView' is unavailable in watchOS
45 |      Only required if the nib name differs from the name of the view class.
46 |      */
47 |     public convenience init<T: UIView>(viewClass: T.Type,
   |                                `- error: 'UIView' is unavailable in watchOS
48 |                             nibName: String = String(describing: T.self)) {
49 |         self.init()
/Applications/Xcode-27.0.0-Release.Candidate.app/Contents/Developer/Platforms/WatchOS.platform/Developer/SDKs/WatchOS27.0.sdk/System/Library/Frameworks/UIKit.framework/Headers/UIView.h:152:12: note: 'UIView' has been explicitly marked unavailable here
150 |
151 | UIKIT_EXTERN API_AVAILABLE(ios(2.0)) API_UNAVAILABLE(watchos) NS_SWIFT_UI_ACTOR
152 | @interface UIView : UIResponder <NSCoding, UIAppearance, UIAppearanceContainer, UIDynamicItem, UITraitEnvironment, UICoordinateSpace, UIFocusItem, UIFocusItemContainer, CALayerDelegate>
    |            `- note: 'UIView' has been explicitly marked unavailable here
153 |
154 | @property(class, nonatomic, readonly) Class layerClass;                        // default is [CALayer class]. Used when creating the underlying layer for the view.
/Users/admin/builder/spi-builder-workspace/Sources/Swiftilities/NibContainerView.swift:67:33: error: 'UIView' is unavailable in watchOS
65 |      Only required if the nib name differs from the name of the view class.
66 |      */
67 |     public func setViewClass<T: UIView>(_ viewClass: T.Type,
   |                                 `- error: 'UIView' is unavailable in watchOS
68 |                              nibName: String = String(describing: T.self)) {
69 |         guard viewClass != self.viewClass else {
/Applications/Xcode-27.0.0-Release.Candidate.app/Contents/Developer/Platforms/WatchOS.platform/Developer/SDKs/WatchOS27.0.sdk/System/Library/Frameworks/UIKit.framework/Headers/UIView.h:152:12: note: 'UIView' has been explicitly marked unavailable here
150 |
151 | UIKIT_EXTERN API_AVAILABLE(ios(2.0)) API_UNAVAILABLE(watchos) NS_SWIFT_UI_ACTOR
152 | @interface UIView : UIResponder <NSCoding, UIAppearance, UIAppearanceContainer, UIDynamicItem, UITraitEnvironment, UICoordinateSpace, UIFocusItem, UIFocusItemContainer, CALayerDelegate>
    |            `- note: 'UIView' has been explicitly marked unavailable here
153 |
154 | @property(class, nonatomic, readonly) Class layerClass;                        // default is [CALayer class]. Used when creating the underlying layer for the view.
/Users/admin/builder/spi-builder-workspace/Sources/Swiftilities/NibContainerView.swift:80:25: error: 'UIView' is unavailable in watchOS
78 |      - throws: NibContainerViewError.ClassMismatch if the contained view is not of type T
79 |      */
80 |     public func view<T: UIView>() throws -> T {
   |                         `- error: 'UIView' is unavailable in watchOS
81 |         guard let view = contentView as? T else {
82 |             throw NibContainerViewError.classMismatch
/Applications/Xcode-27.0.0-Release.Candidate.app/Contents/Developer/Platforms/WatchOS.platform/Developer/SDKs/WatchOS27.0.sdk/System/Library/Frameworks/UIKit.framework/Headers/UIView.h:152:12: note: 'UIView' has been explicitly marked unavailable here
150 |
151 | UIKIT_EXTERN API_AVAILABLE(ios(2.0)) API_UNAVAILABLE(watchos) NS_SWIFT_UI_ACTOR
152 | @interface UIView : UIResponder <NSCoding, UIAppearance, UIAppearanceContainer, UIDynamicItem, UITraitEnvironment, UICoordinateSpace, UIFocusItem, UIFocusItemContainer, CALayerDelegate>
    |            `- note: 'UIView' has been explicitly marked unavailable here
153 |
154 | @property(class, nonatomic, readonly) Class layerClass;                        // default is [CALayer class]. Used when creating the underlying layer for the view.
/Users/admin/builder/spi-builder-workspace/Sources/Swiftilities/NibContainerView.swift:20:38: error: 'UIView' is unavailable in watchOS
18 | /// Use by calling the 'setViewClass/1' method
19 | /// Access the nib-view by calling the 'view/1' method
20 | public final class NibContainerView: UIView {
   |                                      `- error: 'UIView' is unavailable in watchOS
21 |
22 |     //MARK: - Properties
/Applications/Xcode-27.0.0-Release.Candidate.app/Contents/Developer/Platforms/WatchOS.platform/Developer/SDKs/WatchOS27.0.sdk/System/Library/Frameworks/UIKit.framework/Headers/UIView.h:152:12: note: 'UIView' has been explicitly marked unavailable here
150 |
151 | UIKIT_EXTERN API_AVAILABLE(ios(2.0)) API_UNAVAILABLE(watchos) NS_SWIFT_UI_ACTOR
152 | @interface UIView : UIResponder <NSCoding, UIAppearance, UIAppearanceContainer, UIDynamicItem, UITraitEnvironment, UICoordinateSpace, UIFocusItem, UIFocusItemContainer, CALayerDelegate>
    |            `- note: 'UIView' has been explicitly marked unavailable here
153 |
154 | @property(class, nonatomic, readonly) Class layerClass;                        // default is [CALayer class]. Used when creating the underlying layer for the view.
SwiftCompile normal arm64_32 /Users/admin/builder/spi-builder-workspace/Sources/Swiftilities/Float+Swiftilities.swift (in target 'Swiftilities' from project 'Swiftilities')
    cd /Users/admin/builder/spi-builder-workspace/.swiftpm/xcode
    builtin-SwiftPerFileCompile Float+Swiftilities.swift
SwiftCompile normal arm64_32 /Users/admin/builder/spi-builder-workspace/Sources/Swiftilities/NibContainerView.swift (in target 'Swiftilities' from project 'Swiftilities')
    cd /Users/admin/builder/spi-builder-workspace/.swiftpm/xcode
    builtin-SwiftPerFileCompile NibContainerView.swift
SwiftCompile normal arm64_32 Compiling\ Dictionary+Swiftilities.swift,\ Double+Swiftilities.swift /Users/admin/builder/spi-builder-workspace/Sources/Swiftilities/Dictionary+Swiftilities.swift /Users/admin/builder/spi-builder-workspace/Sources/Swiftilities/Double+Swiftilities.swift (in target 'Swiftilities' from project 'Swiftilities')
SwiftCompile normal arm64_32 /Users/admin/builder/spi-builder-workspace/Sources/Swiftilities/Dictionary+Swiftilities.swift (in target 'Swiftilities' from project 'Swiftilities')
    cd /Users/admin/builder/spi-builder-workspace/.swiftpm/xcode
    builtin-SwiftPerFileCompile Dictionary+Swiftilities.swift
SwiftCompile normal arm64_32 /Users/admin/builder/spi-builder-workspace/Sources/Swiftilities/Double+Swiftilities.swift (in target 'Swiftilities' from project 'Swiftilities')
    cd /Users/admin/builder/spi-builder-workspace/.swiftpm/xcode
    builtin-SwiftPerFileCompile Double+Swiftilities.swift
SwiftEmitModule normal arm64_32 Emitting\ module\ for\ Swiftilities (in target 'Swiftilities' from project 'Swiftilities')
/Users/admin/builder/spi-builder-workspace/Sources/Swiftilities/NibContainerView.swift:24:39: error: 'UIView' is unavailable in watchOS
22 |     //MARK: - Properties
23 |
24 |     private var viewClass: AnyClass = UIView.self
   |                                       `- error: 'UIView' is unavailable in watchOS
25 |
26 |     private var contentView: UIView = UIView() {
/Applications/Xcode-27.0.0-Release.Candidate.app/Contents/Developer/Platforms/WatchOS.platform/Developer/SDKs/WatchOS27.0.sdk/System/Library/Frameworks/UIKit.framework/Headers/UIView.h:152:12: note: 'UIView' has been explicitly marked unavailable here
150 |
151 | UIKIT_EXTERN API_AVAILABLE(ios(2.0)) API_UNAVAILABLE(watchos) NS_SWIFT_UI_ACTOR
152 | @interface UIView : UIResponder <NSCoding, UIAppearance, UIAppearanceContainer, UIDynamicItem, UITraitEnvironment, UICoordinateSpace, UIFocusItem, UIFocusItemContainer, CALayerDelegate>
    |            `- note: 'UIView' has been explicitly marked unavailable here
153 |
154 | @property(class, nonatomic, readonly) Class layerClass;                        // default is [CALayer class]. Used when creating the underlying layer for the view.
/Users/admin/builder/spi-builder-workspace/Sources/Swiftilities/NibContainerView.swift:26:30: error: 'UIView' is unavailable in watchOS
24 |     private var viewClass: AnyClass = UIView.self
25 |
26 |     private var contentView: UIView = UIView() {
   |                              `- error: 'UIView' is unavailable in watchOS
27 |         didSet {
28 |             oldValue.removeFromSuperview()
/Applications/Xcode-27.0.0-Release.Candidate.app/Contents/Developer/Platforms/WatchOS.platform/Developer/SDKs/WatchOS27.0.sdk/System/Library/Frameworks/UIKit.framework/Headers/UIView.h:152:12: note: 'UIView' has been explicitly marked unavailable here
150 |
151 | UIKIT_EXTERN API_AVAILABLE(ios(2.0)) API_UNAVAILABLE(watchos) NS_SWIFT_UI_ACTOR
152 | @interface UIView : UIResponder <NSCoding, UIAppearance, UIAppearanceContainer, UIDynamicItem, UITraitEnvironment, UICoordinateSpace, UIFocusItem, UIFocusItemContainer, CALayerDelegate>
    |            `- note: 'UIView' has been explicitly marked unavailable here
153 |
154 | @property(class, nonatomic, readonly) Class layerClass;                        // default is [CALayer class]. Used when creating the underlying layer for the view.
/Users/admin/builder/spi-builder-workspace/Sources/Swiftilities/NibContainerView.swift:26:39: error: 'UIView' is unavailable in watchOS
24 |     private var viewClass: AnyClass = UIView.self
25 |
26 |     private var contentView: UIView = UIView() {
   |                                       `- error: 'UIView' is unavailable in watchOS
27 |         didSet {
28 |             oldValue.removeFromSuperview()
/Applications/Xcode-27.0.0-Release.Candidate.app/Contents/Developer/Platforms/WatchOS.platform/Developer/SDKs/WatchOS27.0.sdk/System/Library/Frameworks/UIKit.framework/Headers/UIView.h:152:12: note: 'UIView' has been explicitly marked unavailable here
150 |
151 | UIKIT_EXTERN API_AVAILABLE(ios(2.0)) API_UNAVAILABLE(watchos) NS_SWIFT_UI_ACTOR
152 | @interface UIView : UIResponder <NSCoding, UIAppearance, UIAppearanceContainer, UIDynamicItem, UITraitEnvironment, UICoordinateSpace, UIFocusItem, UIFocusItemContainer, CALayerDelegate>
    |            `- note: 'UIView' has been explicitly marked unavailable here
153 |
154 | @property(class, nonatomic, readonly) Class layerClass;                        // default is [CALayer class]. Used when creating the underlying layer for the view.
/Users/admin/builder/spi-builder-workspace/Sources/Swiftilities/NibContainerView.swift:26:39: error: 'init()' is unavailable in watchOS
24 |     private var viewClass: AnyClass = UIView.self
25 |
26 |     private var contentView: UIView = UIView() {
   |                                       `- error: 'init()' is unavailable in watchOS
27 |         didSet {
28 |             oldValue.removeFromSuperview()
/Applications/Xcode-27.0.0-Release.Candidate.app/Contents/Developer/Platforms/WatchOS.platform/Developer/SDKs/WatchOS27.0.sdk/System/Library/Frameworks/UIKit.framework/Headers/UIView.h:158:1: note: 'init()' has been explicitly marked unavailable here
156 | - (instancetype)initWithFrame:(CGRect)frame NS_DESIGNATED_INITIALIZER;
157 | - (nullable instancetype)initWithCoder:(NSCoder *)coder NS_DESIGNATED_INITIALIZER;
158 | - (instancetype)init API_AVAILABLE(ios(2.0), tvos(9.0), visionos(1.0)) API_UNAVAILABLE(watchos);
    | `- note: 'init()' has been explicitly marked unavailable here
159 |
160 | @property(nonatomic,getter=isUserInteractionEnabled) BOOL userInteractionEnabled;  // default is YES. if set to NO, user events (touch, keys) are ignored and removed from the event queue.
/Users/admin/builder/spi-builder-workspace/Sources/Swiftilities/NibContainerView.swift:47:32: error: 'UIView' is unavailable in watchOS
45 |      Only required if the nib name differs from the name of the view class.
46 |      */
47 |     public convenience init<T: UIView>(viewClass: T.Type,
   |                                `- error: 'UIView' is unavailable in watchOS
48 |                             nibName: String = String(describing: T.self)) {
49 |         self.init()
/Applications/Xcode-27.0.0-Release.Candidate.app/Contents/Developer/Platforms/WatchOS.platform/Developer/SDKs/WatchOS27.0.sdk/System/Library/Frameworks/UIKit.framework/Headers/UIView.h:152:12: note: 'UIView' has been explicitly marked unavailable here
150 |
151 | UIKIT_EXTERN API_AVAILABLE(ios(2.0)) API_UNAVAILABLE(watchos) NS_SWIFT_UI_ACTOR
152 | @interface UIView : UIResponder <NSCoding, UIAppearance, UIAppearanceContainer, UIDynamicItem, UITraitEnvironment, UICoordinateSpace, UIFocusItem, UIFocusItemContainer, CALayerDelegate>
    |            `- note: 'UIView' has been explicitly marked unavailable here
153 |
154 | @property(class, nonatomic, readonly) Class layerClass;                        // default is [CALayer class]. Used when creating the underlying layer for the view.
/Users/admin/builder/spi-builder-workspace/Sources/Swiftilities/NibContainerView.swift:67:33: error: 'UIView' is unavailable in watchOS
65 |      Only required if the nib name differs from the name of the view class.
66 |      */
67 |     public func setViewClass<T: UIView>(_ viewClass: T.Type,
   |                                 `- error: 'UIView' is unavailable in watchOS
68 |                              nibName: String = String(describing: T.self)) {
69 |         guard viewClass != self.viewClass else {
/Applications/Xcode-27.0.0-Release.Candidate.app/Contents/Developer/Platforms/WatchOS.platform/Developer/SDKs/WatchOS27.0.sdk/System/Library/Frameworks/UIKit.framework/Headers/UIView.h:152:12: note: 'UIView' has been explicitly marked unavailable here
150 |
151 | UIKIT_EXTERN API_AVAILABLE(ios(2.0)) API_UNAVAILABLE(watchos) NS_SWIFT_UI_ACTOR
152 | @interface UIView : UIResponder <NSCoding, UIAppearance, UIAppearanceContainer, UIDynamicItem, UITraitEnvironment, UICoordinateSpace, UIFocusItem, UIFocusItemContainer, CALayerDelegate>
    |            `- note: 'UIView' has been explicitly marked unavailable here
153 |
154 | @property(class, nonatomic, readonly) Class layerClass;                        // default is [CALayer class]. Used when creating the underlying layer for the view.
/Users/admin/builder/spi-builder-workspace/Sources/Swiftilities/NibContainerView.swift:80:25: error: 'UIView' is unavailable in watchOS
78 |      - throws: NibContainerViewError.ClassMismatch if the contained view is not of type T
79 |      */
80 |     public func view<T: UIView>() throws -> T {
   |                         `- error: 'UIView' is unavailable in watchOS
81 |         guard let view = contentView as? T else {
82 |             throw NibContainerViewError.classMismatch
/Applications/Xcode-27.0.0-Release.Candidate.app/Contents/Developer/Platforms/WatchOS.platform/Developer/SDKs/WatchOS27.0.sdk/System/Library/Frameworks/UIKit.framework/Headers/UIView.h:152:12: note: 'UIView' has been explicitly marked unavailable here
150 |
151 | UIKIT_EXTERN API_AVAILABLE(ios(2.0)) API_UNAVAILABLE(watchos) NS_SWIFT_UI_ACTOR
152 | @interface UIView : UIResponder <NSCoding, UIAppearance, UIAppearanceContainer, UIDynamicItem, UITraitEnvironment, UICoordinateSpace, UIFocusItem, UIFocusItemContainer, CALayerDelegate>
    |            `- note: 'UIView' has been explicitly marked unavailable here
153 |
154 | @property(class, nonatomic, readonly) Class layerClass;                        // default is [CALayer class]. Used when creating the underlying layer for the view.
/Users/admin/builder/spi-builder-workspace/Sources/Swiftilities/NibContainerView.swift:20:38: error: 'UIView' is unavailable in watchOS
18 | /// Use by calling the 'setViewClass/1' method
19 | /// Access the nib-view by calling the 'view/1' method
20 | public final class NibContainerView: UIView {
   |                                      `- error: 'UIView' is unavailable in watchOS
21 |
22 |     //MARK: - Properties
/Applications/Xcode-27.0.0-Release.Candidate.app/Contents/Developer/Platforms/WatchOS.platform/Developer/SDKs/WatchOS27.0.sdk/System/Library/Frameworks/UIKit.framework/Headers/UIView.h:152:12: note: 'UIView' has been explicitly marked unavailable here
150 |
151 | UIKIT_EXTERN API_AVAILABLE(ios(2.0)) API_UNAVAILABLE(watchos) NS_SWIFT_UI_ACTOR
152 | @interface UIView : UIResponder <NSCoding, UIAppearance, UIAppearanceContainer, UIDynamicItem, UITraitEnvironment, UICoordinateSpace, UIFocusItem, UIFocusItemContainer, CALayerDelegate>
    |            `- note: 'UIView' has been explicitly marked unavailable here
153 |
154 | @property(class, nonatomic, readonly) Class layerClass;                        // default is [CALayer class]. Used when creating the underlying layer for the view.
/Users/admin/builder/spi-builder-workspace/Sources/Swiftilities/UIImage+Swiftilities.swift:14:34: error: 'UIView' is unavailable in watchOS
12 |
13 |     ///Creates an image from the view
14 |     static func fromView(_ view: UIView) -> UIImage {
   |                                  `- error: 'UIView' is unavailable in watchOS
15 |         UIGraphicsBeginImageContextWithOptions(view.bounds.size, false, 0.0)
16 |         view.layer.render(in: UIGraphicsGetCurrentContext()!)
/Applications/Xcode-27.0.0-Release.Candidate.app/Contents/Developer/Platforms/WatchOS.platform/Developer/SDKs/WatchOS27.0.sdk/System/Library/Frameworks/UIKit.framework/Headers/UIView.h:152:12: note: 'UIView' has been explicitly marked unavailable here
150 |
151 | UIKIT_EXTERN API_AVAILABLE(ios(2.0)) API_UNAVAILABLE(watchos) NS_SWIFT_UI_ACTOR
152 | @interface UIView : UIResponder <NSCoding, UIAppearance, UIAppearanceContainer, UIDynamicItem, UITraitEnvironment, UICoordinateSpace, UIFocusItem, UIFocusItemContainer, CALayerDelegate>
    |            `- note: 'UIView' has been explicitly marked unavailable here
153 |
154 | @property(class, nonatomic, readonly) Class layerClass;                        // default is [CALayer class]. Used when creating the underlying layer for the view.
/Users/admin/builder/spi-builder-workspace/Sources/Swiftilities/UIView+Swiftilities.swift:42:35: error: 'UIView' is unavailable in watchOS
 40 |
 41 |     ///Centers the received subview in self
 42 |     func centerSubview(_ subview: UIView) {
    |                                   `- error: 'UIView' is unavailable in watchOS
 43 |         addSubview(subview)
 44 |         subview.translatesAutoresizingMaskIntoConstraints = false
/Applications/Xcode-27.0.0-Release.Candidate.app/Contents/Developer/Platforms/WatchOS.platform/Developer/SDKs/WatchOS27.0.sdk/System/Library/Frameworks/UIKit.framework/Headers/UIView.h:152:12: note: 'UIView' has been explicitly marked unavailable here
150 |
151 | UIKIT_EXTERN API_AVAILABLE(ios(2.0)) API_UNAVAILABLE(watchos) NS_SWIFT_UI_ACTOR
152 | @interface UIView : UIResponder <NSCoding, UIAppearance, UIAppearanceContainer, UIDynamicItem, UITraitEnvironment, UICoordinateSpace, UIFocusItem, UIFocusItemContainer, CALayerDelegate>
    |            `- note: 'UIView' has been explicitly marked unavailable here
153 |
154 | @property(class, nonatomic, readonly) Class layerClass;                        // default is [CALayer class]. Used when creating the underlying layer for the view.
/Users/admin/builder/spi-builder-workspace/Sources/Swiftilities/UIView+Swiftilities.swift:13:18: error: 'UIView' is unavailable in watchOS
 11 | //MARK: - Layout Utilities.
 12 |
 13 | public extension UIView {
    |                  `- error: 'UIView' is unavailable in watchOS
 14 |
 15 |     ///Traverses the tree of subviews and reports ambigious layout
/Applications/Xcode-27.0.0-Release.Candidate.app/Contents/Developer/Platforms/WatchOS.platform/Developer/SDKs/WatchOS27.0.sdk/System/Library/Frameworks/UIKit.framework/Headers/UIView.h:152:12: note: 'UIView' has been explicitly marked unavailable here
150 |
151 | UIKIT_EXTERN API_AVAILABLE(ios(2.0)) API_UNAVAILABLE(watchos) NS_SWIFT_UI_ACTOR
152 | @interface UIView : UIResponder <NSCoding, UIAppearance, UIAppearanceContainer, UIDynamicItem, UITraitEnvironment, UICoordinateSpace, UIFocusItem, UIFocusItemContainer, CALayerDelegate>
    |            `- note: 'UIView' has been explicitly marked unavailable here
153 |
154 | @property(class, nonatomic, readonly) Class layerClass;                        // default is [CALayer class]. Used when creating the underlying layer for the view.
/Users/admin/builder/spi-builder-workspace/Sources/Swiftilities/UIView+Swiftilities.swift:63:28: error: 'UIView' is unavailable in watchOS
 61 |      - returns: The loaded view
 62 |      */
 63 |     class func fromNib<T : UIView>(_ nib: String = String(describing: T.self)) -> T {
    |                            `- error: 'UIView' is unavailable in watchOS
 64 |         let view: T? = fromNib(nib)
 65 |         precondition(view != nil, "Error loading view '\(String(describing: T.self))' from nib '\(nib)'")
/Applications/Xcode-27.0.0-Release.Candidate.app/Contents/Developer/Platforms/WatchOS.platform/Developer/SDKs/WatchOS27.0.sdk/System/Library/Frameworks/UIKit.framework/Headers/UIView.h:152:12: note: 'UIView' has been explicitly marked unavailable here
150 |
151 | UIKIT_EXTERN API_AVAILABLE(ios(2.0)) API_UNAVAILABLE(watchos) NS_SWIFT_UI_ACTOR
152 | @interface UIView : UIResponder <NSCoding, UIAppearance, UIAppearanceContainer, UIDynamicItem, UITraitEnvironment, UICoordinateSpace, UIFocusItem, UIFocusItemContainer, CALayerDelegate>
    |            `- note: 'UIView' has been explicitly marked unavailable here
153 |
154 | @property(class, nonatomic, readonly) Class layerClass;                        // default is [CALayer class]. Used when creating the underlying layer for the view.
/Users/admin/builder/spi-builder-workspace/Sources/Swiftilities/UIView+Swiftilities.swift:74:28: error: 'UIView' is unavailable in watchOS
 72 |      - returns: The loaded view or nil if no view in the nib could not be loaded as 'T'
 73 |      */
 74 |     class func fromNib<T : UIView>(_ nib: String = String(describing: T.self)) -> T? {
    |                            `- error: 'UIView' is unavailable in watchOS
 75 |         let bundle = Bundle(for: T.self)
 76 |         let nibViews = bundle.loadNibNamed(nib, owner: nil, options: nil)
/Applications/Xcode-27.0.0-Release.Candidate.app/Contents/Developer/Platforms/WatchOS.platform/Developer/SDKs/WatchOS27.0.sdk/System/Library/Frameworks/UIKit.framework/Headers/UIView.h:152:12: note: 'UIView' has been explicitly marked unavailable here
150 |
151 | UIKIT_EXTERN API_AVAILABLE(ios(2.0)) API_UNAVAILABLE(watchos) NS_SWIFT_UI_ACTOR
152 | @interface UIView : UIResponder <NSCoding, UIAppearance, UIAppearanceContainer, UIDynamicItem, UITraitEnvironment, UICoordinateSpace, UIFocusItem, UIFocusItemContainer, CALayerDelegate>
    |            `- note: 'UIView' has been explicitly marked unavailable here
153 |
154 | @property(class, nonatomic, readonly) Class layerClass;                        // default is [CALayer class]. Used when creating the underlying layer for the view.
/Users/admin/builder/spi-builder-workspace/Sources/Swiftilities/UIView+Swiftilities.swift:56:18: error: 'UIView' is unavailable in watchOS
 54 | //MARK: - Nib instantiation
 55 |
 56 | public extension UIView {
    |                  `- error: 'UIView' is unavailable in watchOS
 57 |
 58 |     /**
/Applications/Xcode-27.0.0-Release.Candidate.app/Contents/Developer/Platforms/WatchOS.platform/Developer/SDKs/WatchOS27.0.sdk/System/Library/Frameworks/UIKit.framework/Headers/UIView.h:152:12: note: 'UIView' has been explicitly marked unavailable here
150 |
151 | UIKIT_EXTERN API_AVAILABLE(ios(2.0)) API_UNAVAILABLE(watchos) NS_SWIFT_UI_ACTOR
152 | @interface UIView : UIResponder <NSCoding, UIAppearance, UIAppearanceContainer, UIDynamicItem, UITraitEnvironment, UICoordinateSpace, UIFocusItem, UIFocusItemContainer, CALayerDelegate>
    |            `- note: 'UIView' has been explicitly marked unavailable here
153 |
154 | @property(class, nonatomic, readonly) Class layerClass;                        // default is [CALayer class]. Used when creating the underlying layer for the view.
/Users/admin/builder/spi-builder-workspace/Sources/Swiftilities/UIView+Swiftilities.swift:126:33: error: 'UIView' is unavailable in watchOS
124 |                        duration: TimeInterval,
125 |                        after: TimeInterval,
126 |                        options: UIView.AnimationOptions,
    |                                 `- error: 'UIView' is unavailable in watchOS
127 |                        animations: @escaping (() -> ()),
128 |                        completion: ((Bool) -> ())? = nil) {
/Applications/Xcode-27.0.0-Release.Candidate.app/Contents/Developer/Platforms/WatchOS.platform/Developer/SDKs/WatchOS27.0.sdk/System/Library/Frameworks/UIKit.framework/Headers/UIView.h:152:12: note: 'UIView' has been explicitly marked unavailable here
150 |
151 | UIKIT_EXTERN API_AVAILABLE(ios(2.0)) API_UNAVAILABLE(watchos) NS_SWIFT_UI_ACTOR
152 | @interface UIView : UIResponder <NSCoding, UIAppearance, UIAppearanceContainer, UIDynamicItem, UITraitEnvironment, UICoordinateSpace, UIFocusItem, UIFocusItemContainer, CALayerDelegate>
    |            `- note: 'UIView' has been explicitly marked unavailable here
153 |
154 | @property(class, nonatomic, readonly) Class layerClass;                        // default is [CALayer class]. Used when creating the underlying layer for the view.
/Users/admin/builder/spi-builder-workspace/Sources/Swiftilities/UIView+Swiftilities.swift:83:18: error: 'UIView' is unavailable in watchOS
 81 | //MARK: - Animation
 82 |
 83 | public extension UIView {
    |                  `- error: 'UIView' is unavailable in watchOS
 84 |
 85 |     /**
/Applications/Xcode-27.0.0-Release.Candidate.app/Contents/Developer/Platforms/WatchOS.platform/Developer/SDKs/WatchOS27.0.sdk/System/Library/Frameworks/UIKit.framework/Headers/UIView.h:152:12: note: 'UIView' has been explicitly marked unavailable here
150 |
151 | UIKIT_EXTERN API_AVAILABLE(ios(2.0)) API_UNAVAILABLE(watchos) NS_SWIFT_UI_ACTOR
152 | @interface UIView : UIResponder <NSCoding, UIAppearance, UIAppearanceContainer, UIDynamicItem, UITraitEnvironment, UICoordinateSpace, UIFocusItem, UIFocusItemContainer, CALayerDelegate>
    |            `- note: 'UIView' has been explicitly marked unavailable here
153 |
154 | @property(class, nonatomic, readonly) Class layerClass;                        // default is [CALayer class]. Used when creating the underlying layer for the view.
/Users/admin/builder/spi-builder-workspace/Sources/Swiftilities/UIView+Swiftilities.swift:168:40: error: 'UIView' is unavailable in watchOS
166 |      - returns: the first view for which the predicate returns true, or nil if no such view is found.
167 |      */
168 |     func findView(matching predicate: (UIView) throws -> Bool) rethrows -> UIView? {
    |                                        `- error: 'UIView' is unavailable in watchOS
169 |
170 |             if try predicate(self) {
/Applications/Xcode-27.0.0-Release.Candidate.app/Contents/Developer/Platforms/WatchOS.platform/Developer/SDKs/WatchOS27.0.sdk/System/Library/Frameworks/UIKit.framework/Headers/UIView.h:152:12: note: 'UIView' has been explicitly marked unavailable here
150 |
151 | UIKIT_EXTERN API_AVAILABLE(ios(2.0)) API_UNAVAILABLE(watchos) NS_SWIFT_UI_ACTOR
152 | @interface UIView : UIResponder <NSCoding, UIAppearance, UIAppearanceContainer, UIDynamicItem, UITraitEnvironment, UICoordinateSpace, UIFocusItem, UIFocusItemContainer, CALayerDelegate>
    |            `- note: 'UIView' has been explicitly marked unavailable here
153 |
154 | @property(class, nonatomic, readonly) Class layerClass;                        // default is [CALayer class]. Used when creating the underlying layer for the view.
/Users/admin/builder/spi-builder-workspace/Sources/Swiftilities/UIView+Swiftilities.swift:168:76: error: 'UIView' is unavailable in watchOS
166 |      - returns: the first view for which the predicate returns true, or nil if no such view is found.
167 |      */
168 |     func findView(matching predicate: (UIView) throws -> Bool) rethrows -> UIView? {
    |                                                                            `- error: 'UIView' is unavailable in watchOS
169 |
170 |             if try predicate(self) {
/Applications/Xcode-27.0.0-Release.Candidate.app/Contents/Developer/Platforms/WatchOS.platform/Developer/SDKs/WatchOS27.0.sdk/System/Library/Frameworks/UIKit.framework/Headers/UIView.h:152:12: note: 'UIView' has been explicitly marked unavailable here
150 |
151 | UIKIT_EXTERN API_AVAILABLE(ios(2.0)) API_UNAVAILABLE(watchos) NS_SWIFT_UI_ACTOR
152 | @interface UIView : UIResponder <NSCoding, UIAppearance, UIAppearanceContainer, UIDynamicItem, UITraitEnvironment, UICoordinateSpace, UIFocusItem, UIFocusItemContainer, CALayerDelegate>
    |            `- note: 'UIView' has been explicitly marked unavailable here
153 |
154 | @property(class, nonatomic, readonly) Class layerClass;                        // default is [CALayer class]. Used when creating the underlying layer for the view.
/Users/admin/builder/spi-builder-workspace/Sources/Swiftilities/UIView+Swiftilities.swift:161:18: error: 'UIView' is unavailable in watchOS
159 | //MARK: - Searching
160 |
161 | public extension UIView {
    |                  `- error: 'UIView' is unavailable in watchOS
162 |
163 |     /**
/Applications/Xcode-27.0.0-Release.Candidate.app/Contents/Developer/Platforms/WatchOS.platform/Developer/SDKs/WatchOS27.0.sdk/System/Library/Frameworks/UIKit.framework/Headers/UIView.h:152:12: note: 'UIView' has been explicitly marked unavailable here
150 |
151 | UIKIT_EXTERN API_AVAILABLE(ios(2.0)) API_UNAVAILABLE(watchos) NS_SWIFT_UI_ACTOR
152 | @interface UIView : UIResponder <NSCoding, UIAppearance, UIAppearanceContainer, UIDynamicItem, UITraitEnvironment, UICoordinateSpace, UIFocusItem, UIFocusItemContainer, CALayerDelegate>
    |            `- note: 'UIView' has been explicitly marked unavailable here
153 |
154 | @property(class, nonatomic, readonly) Class layerClass;                        // default is [CALayer class]. Used when creating the underlying layer for the view.
/Users/admin/builder/spi-builder-workspace/Sources/Swiftilities/UIViewController+Swiftilities.swift:19:48: error: 'UIViewController' is unavailable in watchOS
17 |
18 |     ///Travels the chain of presented view controllers and returns the topmost view controller
19 |     func currentlyPresentedViewController() -> UIViewController {
   |                                                `- error: 'UIViewController' is unavailable in watchOS
20 |         var current = self
21 |
/Applications/Xcode-27.0.0-Release.Candidate.app/Contents/Developer/Platforms/WatchOS.platform/Developer/SDKs/WatchOS27.0.sdk/System/Library/Frameworks/UIKit.framework/Headers/UIViewController.h:104:12: note: 'UIViewController' has been explicitly marked unavailable here
102 |
103 | UIKIT_EXTERN API_AVAILABLE(ios(2.0)) API_UNAVAILABLE(watchos) NS_SWIFT_UI_ACTOR
104 | @interface UIViewController : UIResponder <NSCoding, UIAppearanceContainer, UITraitEnvironment, UIContentContainer, UIFocusEnvironment>
    |            `- note: 'UIViewController' has been explicitly marked unavailable here
105 |
106 | /*
/Users/admin/builder/spi-builder-workspace/Sources/Swiftilities/UIViewController+Swiftilities.swift:37:35: error: 'UIViewController' is unavailable in watchOS
35 |      - parameter constraints:           NSLayoutConstraints to be applied to the childs view. Defaults to centering the child view in the parent
36 |      */
37 |     func add(childViewController: UIViewController,
   |                                   `- error: 'UIViewController' is unavailable in watchOS
38 |              in parentView: UIView? = nil,
39 |              withConstraints constraints: [NSLayoutConstraint]? = nil) {
/Applications/Xcode-27.0.0-Release.Candidate.app/Contents/Developer/Platforms/WatchOS.platform/Developer/SDKs/WatchOS27.0.sdk/System/Library/Frameworks/UIKit.framework/Headers/UIViewController.h:104:12: note: 'UIViewController' has been explicitly marked unavailable here
102 |
103 | UIKIT_EXTERN API_AVAILABLE(ios(2.0)) API_UNAVAILABLE(watchos) NS_SWIFT_UI_ACTOR
104 | @interface UIViewController : UIResponder <NSCoding, UIAppearanceContainer, UITraitEnvironment, UIContentContainer, UIFocusEnvironment>
    |            `- note: 'UIViewController' has been explicitly marked unavailable here
105 |
106 | /*
/Users/admin/builder/spi-builder-workspace/Sources/Swiftilities/UIViewController+Swiftilities.swift:38:29: error: 'UIView' is unavailable in watchOS
36 |      */
37 |     func add(childViewController: UIViewController,
38 |              in parentView: UIView? = nil,
   |                             `- error: 'UIView' is unavailable in watchOS
39 |              withConstraints constraints: [NSLayoutConstraint]? = nil) {
40 |
/Applications/Xcode-27.0.0-Release.Candidate.app/Contents/Developer/Platforms/WatchOS.platform/Developer/SDKs/WatchOS27.0.sdk/System/Library/Frameworks/UIKit.framework/Headers/UIView.h:152:12: note: 'UIView' has been explicitly marked unavailable here
150 |
151 | UIKIT_EXTERN API_AVAILABLE(ios(2.0)) API_UNAVAILABLE(watchos) NS_SWIFT_UI_ACTOR
152 | @interface UIView : UIResponder <NSCoding, UIAppearance, UIAppearanceContainer, UIDynamicItem, UITraitEnvironment, UICoordinateSpace, UIFocusItem, UIFocusItemContainer, CALayerDelegate>
    |            `- note: 'UIView' has been explicitly marked unavailable here
153 |
154 | @property(class, nonatomic, readonly) Class layerClass;                        // default is [CALayer class]. Used when creating the underlying layer for the view.
/Users/admin/builder/spi-builder-workspace/Sources/Swiftilities/UIViewController+Swiftilities.swift:39:44: error: 'NSLayoutConstraint' is unavailable in watchOS
37 |     func add(childViewController: UIViewController,
38 |              in parentView: UIView? = nil,
39 |              withConstraints constraints: [NSLayoutConstraint]? = nil) {
   |                                            `- error: 'NSLayoutConstraint' is unavailable in watchOS
40 |
41 |         addChild(childViewController)
/Applications/Xcode-27.0.0-Release.Candidate.app/Contents/Developer/Platforms/WatchOS.platform/Developer/SDKs/WatchOS27.0.sdk/System/Library/Frameworks/UIKit.framework/Headers/NSLayoutConstraint.h:126:12: note: 'NSLayoutConstraint' has been explicitly marked unavailable here
124 |
125 | NSLAYOUTCONSTRAINT_EXTERN API_AVAILABLE(macos(10.7), ios(6.0), tvos(9.0)) API_UNAVAILABLE(watchos) NS_SWIFT_UI_ACTOR
126 | @interface NSLayoutConstraint : NSObject
    |            `- note: 'NSLayoutConstraint' has been explicitly marked unavailable here
127 |
128 | /* Create an array of constraints using an ASCII-art-like visual format string.  The values of the `metrics` dictionary should be NSNumber (or some other type that responds to -doubleValue and returns a double).
/Users/admin/builder/spi-builder-workspace/Sources/Swiftilities/UIViewController+Swiftilities.swift:11:18: error: 'UIViewController' is unavailable in watchOS
 9 | import UIKit
10 |
11 | public extension UIViewController {
   |                  `- error: 'UIViewController' is unavailable in watchOS
12 |
13 |     ///Utility method for simple dismissal
/Applications/Xcode-27.0.0-Release.Candidate.app/Contents/Developer/Platforms/WatchOS.platform/Developer/SDKs/WatchOS27.0.sdk/System/Library/Frameworks/UIKit.framework/Headers/UIViewController.h:104:12: note: 'UIViewController' has been explicitly marked unavailable here
102 |
103 | UIKIT_EXTERN API_AVAILABLE(ios(2.0)) API_UNAVAILABLE(watchos) NS_SWIFT_UI_ACTOR
104 | @interface UIViewController : UIResponder <NSCoding, UIAppearanceContainer, UITraitEnvironment, UIContentContainer, UIFocusEnvironment>
    |            `- note: 'UIViewController' has been explicitly marked unavailable here
105 |
106 | /*
Failed frontend command:
/Applications/Xcode-27.0.0-Release.Candidate.app/Contents/Developer/Toolchains/XcodeDefault.xctoolchain/usr/bin/swift-frontend -frontend -emit-module -experimental-skip-non-inlinable-function-bodies-without-types /Users/admin/builder/spi-builder-workspace/Sources/Swiftilities/Array+Swiftilities.swift /Users/admin/builder/spi-builder-workspace/Sources/Swiftilities/Bool+Swiftilities.swift /Users/admin/builder/spi-builder-workspace/Sources/Swiftilities/Collection+Swiftilities.swift /Users/admin/builder/spi-builder-workspace/Sources/Swiftilities/Data+Swiftilities.swift /Users/admin/builder/spi-builder-workspace/Sources/Swiftilities/Dictionary+Swiftilities.swift /Users/admin/builder/spi-builder-workspace/Sources/Swiftilities/Double+Swiftilities.swift /Users/admin/builder/spi-builder-workspace/Sources/Swiftilities/Float+Swiftilities.swift /Users/admin/builder/spi-builder-workspace/Sources/Swiftilities/NibContainerView.swift /Users/admin/builder/spi-builder-workspace/Sources/Swiftilities/RandomAccessCollection+Swiftilities.swift /Users/admin/builder/spi-builder-workspace/Sources/Swiftilities/Sequence+Swiftilities.swift /Users/admin/builder/spi-builder-workspace/Sources/Swiftilities/SignedInteger+Swiftilities.swift /Users/admin/builder/spi-builder-workspace/Sources/Swiftilities/UIColor+Swiftilities.swift /Users/admin/builder/spi-builder-workspace/Sources/Swiftilities/UIImage+Swiftilities.swift /Users/admin/builder/spi-builder-workspace/Sources/Swiftilities/UIView+Swiftilities.swift /Users/admin/builder/spi-builder-workspace/Sources/Swiftilities/UIViewController+Swiftilities.swift -target arm64_32-apple-watchos9.0 -module-can-import-version UIKit 9127.0.84.1 9127.0.84 -disable-cross-import-overlay-search -load-resolved-plugin /Applications/Xcode-27.0.0-Release.Candidate.app/Contents/Developer/Platforms/WatchOS.platform/Developer/usr/lib/swift/host/plugins/libFoundationMacros.dylib\#/Applications/Xcode-27.0.0-Release.Candidate.app/Contents/Developer/Platforms/WatchOS.platform/Developer/usr/bin/swift-plugin-server\#FoundationMacros -load-resolved-plugin /Applications/Xcode-27.0.0-Release.Candidate.app/Contents/Developer/Platforms/WatchOS.platform/Developer/usr/lib/swift/host/plugins/libObservationMacros.dylib\#/Applications/Xcode-27.0.0-Release.Candidate.app/Contents/Developer/Platforms/WatchOS.platform/Developer/usr/bin/swift-plugin-server\#ObservationMacros -load-resolved-plugin /Applications/Xcode-27.0.0-Release.Candidate.app/Contents/Developer/Platforms/WatchOS.platform/Developer/usr/lib/swift/host/plugins/libSwiftMacros.dylib\#/Applications/Xcode-27.0.0-Release.Candidate.app/Contents/Developer/Platforms/WatchOS.platform/Developer/usr/bin/swift-plugin-server\#SwiftMacros -load-resolved-plugin /Applications/Xcode-27.0.0-Release.Candidate.app/Contents/Developer/Platforms/WatchOS.platform/Developer/usr/lib/swift/host/plugins/libSwiftUIMacros.dylib\#/Applications/Xcode-27.0.0-Release.Candidate.app/Contents/Developer/Platforms/WatchOS.platform/Developer/usr/bin/swift-plugin-server\#SwiftUIMacros -disable-implicit-swift-modules -Xcc -fno-implicit-modules -Xcc -fno-implicit-module-maps -explicit-swift-module-map-file /Users/admin/builder/spi-builder-workspace/.derivedData/Build/Intermediates.noindex/Swiftilities.build/Debug-watchos/Swiftilities-t.build/Objects-normal/arm64_32/Swiftilities-dependencies-2.json -enable-objc-interop -sdk /Applications/Xcode-27.0.0-Release.Candidate.app/Contents/Developer/Platforms/WatchOS.platform/Developer/SDKs/WatchOS27.0.sdk -I /Users/admin/builder/spi-builder-workspace/.derivedData/Build/Products/Debug-watchos -Isystem /Applications/Xcode-27.0.0-Release.Candidate.app/Contents/Developer/Platforms/WatchOS.platform/Developer/usr/lib -F /Users/admin/builder/spi-builder-workspace/.derivedData/Build/Products/Debug-watchos -F /Applications/Xcode-27.0.0-Release.Candidate.app/Contents/Developer/Platforms/WatchOS.platform/Developer/Library/Frameworks -F /Applications/Xcode-27.0.0-Release.Candidate.app/Contents/Developer/Platforms/WatchOS.platform/Developer/SDKs/WatchOS27.0.sdk/Developer/Library/Frameworks -module-cache-path /Users/admin/builder/spi-builder-workspace/.derivedData/Build/Intermediates.noindex/SwiftExplicitPrecompiledModules -no-color-diagnostics -Xcc -fno-color-diagnostics -enable-testing -g -debug-info-format\=dwarf -dwarf-version\=4 -profile-generate -profile-coverage-mapping -swift-version 5 -Onone -D SWIFT_PACKAGE -D DEBUG -D SWIFT_MODULE_RESOURCE_BUNDLE_UNAVAILABLE -D Xcode -serialize-debugging-options -enable-experimental-feature DebugDescriptionMacro -empty-abi-descriptor -validate-clang-modules-once -clang-build-session-file /Users/admin/builder/spi-builder-workspace/.derivedData/ModuleCache.noindex/Session.modulevalidation -Xcc -working-directory -Xcc /Users/admin/builder/spi-builder-workspace/.swiftpm/xcode -enable-anonymous-context-mangled-names -file-compilation-dir /Users/admin/builder/spi-builder-workspace/.swiftpm/xcode -Xcc -D_LIBCPP_HARDENING_MODE\=_LIBCPP_HARDENING_MODE_DEBUG -Xcc -ivfsstatcache -Xcc /Users/admin/builder/spi-builder-workspace/.derivedData/SDKStatCaches.noindex/watchos27.0-24R360-e829b21a6f8c9b70876ba0858053c04477534ef55a1706bf4c1112bbb242f0a2.sdkstatcache -Xcc -fmodules-prune-interval\=86400 -Xcc -fmodules-prune-after\=345600 -Xcc -I/Users/admin/builder/spi-builder-workspace/.derivedData/Build/Products/Debug-watchos/include -Xcc -I/Users/admin/builder/spi-builder-workspace/.derivedData/Build/Intermediates.noindex/Swiftilities.build/Debug-watchos/Swiftilities-t.build/DerivedSources-normal/arm64_32 -Xcc -I/Users/admin/builder/spi-builder-workspace/.derivedData/Build/Intermediates.noindex/Swiftilities.build/Debug-watchos/Swiftilities-t.build/DerivedSources/arm64_32 -Xcc -I/Users/admin/builder/spi-builder-workspace/.derivedData/Build/Intermediates.noindex/Swiftilities.build/Debug-watchos/Swiftilities-t.build/DerivedSources -Xcc -DSWIFT_PACKAGE -Xcc -DDEBUG\=1 -no-auto-bridging-header-chaining -module-name Swiftilities -const-gather-protocols-file /Users/admin/builder/spi-builder-workspace/.derivedData/Build/Intermediates.noindex/Swiftilities.build/Debug-watchos/Swiftilities-t.build/Objects-normal/arm64_32/Swiftilities_const_extract_protocols.json -disable-clang-spi -clang-target arm64_32-apple-watchos27.0 -target-sdk-version 27.0 -target-sdk-name watchos27.0 -in-process-plugin-server-path /Applications/Xcode-27.0.0-Release.Candidate.app/Contents/Developer/Toolchains/XcodeDefault.xctoolchain/usr/lib/swift/host/libSwiftInProcPluginServer.dylib -emit-module-doc-path /Users/admin/builder/spi-builder-workspace/.derivedData/Build/Intermediates.noindex/Swiftilities.build/Debug-watchos/Swiftilities-t.build/Objects-normal/arm64_32/Swiftilities.swiftdoc -emit-module-source-info-path /Users/admin/builder/spi-builder-workspace/.derivedData/Build/Intermediates.noindex/Swiftilities.build/Debug-watchos/Swiftilities-t.build/Objects-normal/arm64_32/Swiftilities.swiftsourceinfo -emit-objc-header-path /Users/admin/builder/spi-builder-workspace/.derivedData/Build/Intermediates.noindex/Swiftilities.build/Debug-watchos/Swiftilities-t.build/Objects-normal/arm64_32/Swiftilities-Swift.h -serialize-diagnostics-path /Users/admin/builder/spi-builder-workspace/.derivedData/Build/Intermediates.noindex/Swiftilities.build/Debug-watchos/Swiftilities-t.build/Objects-normal/arm64_32/Swiftilities-primary-emit-module.dia -emit-dependencies-path /Users/admin/builder/spi-builder-workspace/.derivedData/Build/Intermediates.noindex/Swiftilities.build/Debug-watchos/Swiftilities-t.build/Objects-normal/arm64_32/Swiftilities-primary-emit-module.d -parse-as-library -o /Users/admin/builder/spi-builder-workspace/.derivedData/Build/Intermediates.noindex/Swiftilities.build/Debug-watchos/Swiftilities-t.build/Objects-normal/arm64_32/Swiftilities.swiftmodule -emit-abi-descriptor-path /Users/admin/builder/spi-builder-workspace/.derivedData/Build/Intermediates.noindex/Swiftilities.build/Debug-watchos/Swiftilities-t.build/Objects-normal/arm64_32/Swiftilities.abi.json
SwiftCompile normal arm64_32 (in target 'Swiftilities' from project 'Swiftilities')
    cd /Users/admin/builder/spi-builder-workspace/.swiftpm/xcode

SwiftCompile normal arm64_32 Compiling\ Collection+Swiftilities.swift,\ Data+Swiftilities.swift /Users/admin/builder/spi-builder-workspace/Sources/Swiftilities/Collection+Swiftilities.swift /Users/admin/builder/spi-builder-workspace/Sources/Swiftilities/Data+Swiftilities.swift (in target 'Swiftilities' from project 'Swiftilities')
SwiftCompile normal arm64_32 /Users/admin/builder/spi-builder-workspace/Sources/Swiftilities/Collection+Swiftilities.swift (in target 'Swiftilities' from project 'Swiftilities')
    cd /Users/admin/builder/spi-builder-workspace/.swiftpm/xcode
    builtin-SwiftPerFileCompile Collection+Swiftilities.swift
SwiftCompile normal arm64_32 /Users/admin/builder/spi-builder-workspace/Sources/Swiftilities/Data+Swiftilities.swift (in target 'Swiftilities' from project 'Swiftilities')
    cd /Users/admin/builder/spi-builder-workspace/.swiftpm/xcode
    builtin-SwiftPerFileCompile Data+Swiftilities.swift
SwiftCompile normal arm64_32 Compiling\ Array+Swiftilities.swift,\ Bool+Swiftilities.swift /Users/admin/builder/spi-builder-workspace/Sources/Swiftilities/Array+Swiftilities.swift /Users/admin/builder/spi-builder-workspace/Sources/Swiftilities/Bool+Swiftilities.swift (in target 'Swiftilities' from project 'Swiftilities')
SwiftCompile normal arm64_32 /Users/admin/builder/spi-builder-workspace/Sources/Swiftilities/Array+Swiftilities.swift (in target 'Swiftilities' from project 'Swiftilities')
    cd /Users/admin/builder/spi-builder-workspace/.swiftpm/xcode
    builtin-SwiftPerFileCompile Array+Swiftilities.swift
SwiftCompile normal arm64_32 /Users/admin/builder/spi-builder-workspace/Sources/Swiftilities/Bool+Swiftilities.swift (in target 'Swiftilities' from project 'Swiftilities')
    cd /Users/admin/builder/spi-builder-workspace/.swiftpm/xcode
    builtin-SwiftPerFileCompile Bool+Swiftilities.swift
SwiftEmitModule normal arm64 Emitting\ module\ for\ Swiftilities (in target 'Swiftilities' from project 'Swiftilities')
SwiftCompile normal arm64 (in target 'Swiftilities' from project 'Swiftilities')
    cd /Users/admin/builder/spi-builder-workspace/.swiftpm/xcode

PruneExplicitPrecompiledModules /Users/admin/builder/spi-builder-workspace/.derivedData/Build/Intermediates.noindex/ExplicitPrecompiledModules
PruneExplicitPrecompiledModules /Users/admin/builder/spi-builder-workspace/.derivedData/SDKExplicitPrecompiledModules
PruneExplicitPrecompiledModules /Users/admin/builder/spi-builder-workspace/.derivedData/Build/Intermediates.noindex/SwiftExplicitPrecompiledModules
2026-09-16 13:25:27.124 xcodebuild[648:4197] [MT] IDERunDestination: Supported platforms for the buildables in the current scheme is empty.
** BUILD FAILED **
The following build commands failed:
	SwiftEmitModule normal arm64_32 Emitting\ module\ for\ Swiftilities (in target 'Swiftilities' from project 'Swiftilities')
	SwiftCompile normal arm64_32 (in target 'Swiftilities' from project 'Swiftilities')
	Building workspace Swiftilities with scheme Swiftilities
(3 failures)
Command line invocation:
    /Applications/Xcode-27.0.0-Release.Candidate.app/Contents/Developer/usr/bin/xcodebuild -IDEClonedSourcePackagesDirPathOverride=/Users/admin/builder/spi-builder-workspace/.dependencies -resolvePackageDependencies
Resolve Package Graph
Resolved source packages:
  Swiftilities: /Users/admin/builder/spi-builder-workspace
resolved source packages: Swiftilities
2026-09-16 13:25:33.202 xcodebuild[775:4686] [MT] IDERunDestination: Supported platforms for the buildables in the current scheme is empty.
{
  "dependencies" : [
  ],
  "manifest_display_name" : "Swiftilities",
  "name" : "Swiftilities",
  "path" : "/Users/admin/builder/spi-builder-workspace",
  "platforms" : [
    {
      "name" : "ios",
      "version" : "9.0"
    },
    {
      "name" : "tvos",
      "version" : "10.0"
    }
  ],
  "products" : [
    {
      "name" : "Swiftilities",
      "targets" : [
        "Swiftilities"
      ],
      "type" : {
        "library" : [
          "automatic"
        ]
      }
    }
  ],
  "targets" : [
    {
      "c99name" : "SwiftilitiesTests",
      "module_type" : "SwiftTarget",
      "name" : "SwiftilitiesTests",
      "path" : "Tests/SwiftilitiesTests",
      "sources" : [
        "ArrayTests.swift",
        "BoolTests.swift",
        "CollectionTests.swift",
        "DictionaryTests.swift",
        "LinuxMain.swift",
        "RandomAccessCollectionTests.swift",
        "SequenceTests.swift",
        "SignedIntegerTests.swift",
        "XCTestManifests.swift"
      ],
      "target_dependencies" : [
        "Swiftilities"
      ],
      "type" : "test"
    },
    {
      "c99name" : "Swiftilities",
      "module_type" : "SwiftTarget",
      "name" : "Swiftilities",
      "path" : "Sources/Swiftilities",
      "product_memberships" : [
        "Swiftilities"
      ],
      "sources" : [
        "Array+Swiftilities.swift",
        "Bool+Swiftilities.swift",
        "Collection+Swiftilities.swift",
        "Data+Swiftilities.swift",
        "Dictionary+Swiftilities.swift",
        "Double+Swiftilities.swift",
        "Float+Swiftilities.swift",
        "NibContainerView.swift",
        "RandomAccessCollection+Swiftilities.swift",
        "Sequence+Swiftilities.swift",
        "SignedInteger+Swiftilities.swift",
        "UIColor+Swiftilities.swift",
        "UIImage+Swiftilities.swift",
        "UIView+Swiftilities.swift",
        "UIViewController+Swiftilities.swift"
      ],
      "type" : "library"
    }
  ],
  "tools_version" : "5.1"
}
{
  "workspace" : {
    "name" : "Swiftilities",
    "schemes" : [
      "Swiftilities"
    ]
  }
}
2026-09-16 13:25:34.508 xcodebuild[783:4756] [MT] IDERunDestination: Supported platforms for the buildables in the current scheme is empty.
Running build ...
env DEVELOPER_DIR=/Applications/Xcode-27.0.0-Release.Candidate.app xcrun xcodebuild -IDEClonedSourcePackagesDirPathOverride=$PWD/.dependencies -skipMacroValidation -skipPackagePluginValidation -derivedDataPath $PWD/.derivedData build -scheme Swiftilities -destination generic/platform=watchOS
Command line invocation:
    /Applications/Xcode-27.0.0-Release.Candidate.app/Contents/Developer/usr/bin/xcodebuild -IDEClonedSourcePackagesDirPathOverride=/Users/admin/builder/spi-builder-workspace/.dependencies -skipMacroValidation -skipPackagePluginValidation -derivedDataPath /Users/admin/builder/spi-builder-workspace/.derivedData build -scheme Swiftilities -destination generic/platform=watchOS
Resolve Package Graph
Resolved source packages:
  Swiftilities: /Users/admin/builder/spi-builder-workspace
ComputePackagePrebuildTargetDependencyGraph
Prepare packages
CreateBuildRequest
SendProjectDescription
CreateBuildOperation
ComputeTargetDependencyGraph
note: Building targets in dependency order
note: Target dependency graph (2 targets)
    Target 'Swiftilities-product' in project 'Swiftilities'
        ➜ Explicit dependency on target 'Swiftilities' in project 'Swiftilities'
    Target 'Swiftilities' in project 'Swiftilities' (no dependencies)
GatherProvisioningInputs
CreateBuildDescription
ClangStatCache /Applications/Xcode-27.0.0-Release.Candidate.app/Contents/Developer/Toolchains/XcodeDefault.xctoolchain/usr/bin/clang-stat-cache /Applications/Xcode-27.0.0-Release.Candidate.app/Contents/Developer/Platforms/WatchOS.platform/Developer/SDKs/WatchOS27.0.sdk /Users/admin/builder/spi-builder-workspace/.derivedData/SDKStatCaches.noindex/watchos27.0-24R360-e829b21a6f8c9b70876ba0858053c04477534ef55a1706bf4c1112bbb242f0a2.sdkstatcache
    cd /Users/admin/builder/spi-builder-workspace/.swiftpm/xcode
    /Applications/Xcode-27.0.0-Release.Candidate.app/Contents/Developer/Toolchains/XcodeDefault.xctoolchain/usr/bin/clang-stat-cache /Applications/Xcode-27.0.0-Release.Candidate.app/Contents/Developer/Platforms/WatchOS.platform/Developer/SDKs/WatchOS27.0.sdk -o /Users/admin/builder/spi-builder-workspace/.derivedData/SDKStatCaches.noindex/watchos27.0-24R360-e829b21a6f8c9b70876ba0858053c04477534ef55a1706bf4c1112bbb242f0a2.sdkstatcache
SwiftDriver Swiftilities normal arm64_32 com.apple.xcode.tools.swift.compiler (in target 'Swiftilities' from project 'Swiftilities')
    cd /Users/admin/builder/spi-builder-workspace/.swiftpm/xcode
    builtin-SwiftDriver -- /Applications/Xcode-27.0.0-Release.Candidate.app/Contents/Developer/Toolchains/XcodeDefault.xctoolchain/usr/bin/swiftc -parse-as-library -module-name Swiftilities -Onone @/Users/admin/builder/spi-builder-workspace/.derivedData/Build/Intermediates.noindex/Swiftilities.build/Debug-watchos/Swiftilities-t.build/Objects-normal/arm64_32/Swiftilities.SwiftFileList -DSWIFT_PACKAGE -DDEBUG -DSWIFT_MODULE_RESOURCE_BUNDLE_UNAVAILABLE -DXcode -plugin-path /Applications/Xcode-27.0.0-Release.Candidate.app/Contents/Developer/Toolchains/XcodeDefault.xctoolchain/usr/lib/swift/host/plugins/testing -enable-experimental-feature DebugDescriptionMacro -sdk /Applications/Xcode-27.0.0-Release.Candidate.app/Contents/Developer/Platforms/WatchOS.platform/Developer/SDKs/WatchOS27.0.sdk -target arm64_32-apple-watchos9.0 -g -module-cache-path /Users/admin/builder/spi-builder-workspace/.derivedData/ModuleCache.noindex -Xfrontend -serialize-debugging-options -profile-coverage-mapping -profile-generate -enable-testing -index-store-path /Users/admin/builder/spi-builder-workspace/.derivedData/Index.noindex/DataStore -Xcc -D_LIBCPP_HARDENING_MODE\=_LIBCPP_HARDENING_MODE_DEBUG -swift-version 5 -I /Users/admin/builder/spi-builder-workspace/.derivedData/Build/Products/Debug-watchos -Isystem /Applications/Xcode-27.0.0-Release.Candidate.app/Contents/Developer/Platforms/WatchOS.platform/Developer/usr/lib -F /Users/admin/builder/spi-builder-workspace/.derivedData/Build/Products/Debug-watchos -F /Applications/Xcode-27.0.0-Release.Candidate.app/Contents/Developer/Platforms/WatchOS.platform/Developer/Library/Frameworks -F /Applications/Xcode-27.0.0-Release.Candidate.app/Contents/Developer/Platforms/WatchOS.platform/Developer/SDKs/WatchOS27.0.sdk/Developer/Library/Frameworks -c -j10 -enable-batch-mode -incremental -Xcc -ivfsstatcache -Xcc /Users/admin/builder/spi-builder-workspace/.derivedData/SDKStatCaches.noindex/watchos27.0-24R360-e829b21a6f8c9b70876ba0858053c04477534ef55a1706bf4c1112bbb242f0a2.sdkstatcache -output-file-map /Users/admin/builder/spi-builder-workspace/.derivedData/Build/Intermediates.noindex/Swiftilities.build/Debug-watchos/Swiftilities-t.build/Objects-normal/arm64_32/Swiftilities-OutputFileMap.json -save-temps -no-color-diagnostics -explicit-module-build -module-cache-path /Users/admin/builder/spi-builder-workspace/.derivedData/Build/Intermediates.noindex/SwiftExplicitPrecompiledModules -clang-scanner-module-cache-path /Users/admin/builder/spi-builder-workspace/.derivedData/ModuleCache.noindex -sdk-module-cache-path /Users/admin/builder/spi-builder-workspace/.derivedData/SDKExplicitPrecompiledModules -emit-dependencies -emit-module -emit-module-path /Users/admin/builder/spi-builder-workspace/.derivedData/Build/Intermediates.noindex/Swiftilities.build/Debug-watchos/Swiftilities-t.build/Objects-normal/arm64_32/Swiftilities.swiftmodule -serialize-diagnostics -dependency-scan-serialize-diagnostics-path /Users/admin/builder/spi-builder-workspace/.derivedData/Build/Intermediates.noindex/Swiftilities.build/Debug-watchos/Swiftilities-t.build/Objects-normal/arm64_32/Swiftilities-dependency-scan.dia -validate-clang-modules-once -clang-build-session-file /Users/admin/builder/spi-builder-workspace/.derivedData/ModuleCache.noindex/Session.modulevalidation -Xcc -fmodules-prune-interval\=86400 -Xcc -fmodules-prune-after\=345600 -emit-const-values -const-gather-protocols-list /Users/admin/builder/spi-builder-workspace/.derivedData/Build/Intermediates.noindex/Swiftilities.build/Debug-watchos/Swiftilities-t.build/Objects-normal/arm64_32/Swiftilities_const_extract_protocols.json -Xcc -I/Users/admin/builder/spi-builder-workspace/.derivedData/Build/Products/Debug-watchos/include -Xcc -I/Users/admin/builder/spi-builder-workspace/.derivedData/Build/Intermediates.noindex/Swiftilities.build/Debug-watchos/Swiftilities-t.build/DerivedSources-normal/arm64_32 -Xcc -I/Users/admin/builder/spi-builder-workspace/.derivedData/Build/Intermediates.noindex/Swiftilities.build/Debug-watchos/Swiftilities-t.build/DerivedSources/arm64_32 -Xcc -I/Users/admin/builder/spi-builder-workspace/.derivedData/Build/Intermediates.noindex/Swiftilities.build/Debug-watchos/Swiftilities-t.build/DerivedSources -Xcc -DSWIFT_PACKAGE -Xcc -DDEBUG\=1 -emit-objc-header -emit-objc-header-path /Users/admin/builder/spi-builder-workspace/.derivedData/Build/Intermediates.noindex/Swiftilities.build/Debug-watchos/Swiftilities-t.build/Objects-normal/arm64_32/Swiftilities-Swift.h -working-directory /Users/admin/builder/spi-builder-workspace/.swiftpm/xcode -experimental-emit-module-separately -disable-cmo
SwiftDriver Swiftilities normal arm64 com.apple.xcode.tools.swift.compiler (in target 'Swiftilities' from project 'Swiftilities')
    cd /Users/admin/builder/spi-builder-workspace/.swiftpm/xcode
    builtin-SwiftDriver -- /Applications/Xcode-27.0.0-Release.Candidate.app/Contents/Developer/Toolchains/XcodeDefault.xctoolchain/usr/bin/swiftc -parse-as-library -module-name Swiftilities -Onone @/Users/admin/builder/spi-builder-workspace/.derivedData/Build/Intermediates.noindex/Swiftilities.build/Debug-watchos/Swiftilities-t.build/Objects-normal/arm64/Swiftilities.SwiftFileList -DSWIFT_PACKAGE -DDEBUG -DSWIFT_MODULE_RESOURCE_BUNDLE_UNAVAILABLE -DXcode -plugin-path /Applications/Xcode-27.0.0-Release.Candidate.app/Contents/Developer/Toolchains/XcodeDefault.xctoolchain/usr/lib/swift/host/plugins/testing -enable-experimental-feature DebugDescriptionMacro -sdk /Applications/Xcode-27.0.0-Release.Candidate.app/Contents/Developer/Platforms/WatchOS.platform/Developer/SDKs/WatchOS27.0.sdk -target arm64-apple-watchos9.0 -g -module-cache-path /Users/admin/builder/spi-builder-workspace/.derivedData/ModuleCache.noindex -Xfrontend -serialize-debugging-options -profile-coverage-mapping -profile-generate -enable-testing -index-store-path /Users/admin/builder/spi-builder-workspace/.derivedData/Index.noindex/DataStore -Xcc -D_LIBCPP_HARDENING_MODE\=_LIBCPP_HARDENING_MODE_DEBUG -swift-version 5 -I /Users/admin/builder/spi-builder-workspace/.derivedData/Build/Products/Debug-watchos -Isystem /Applications/Xcode-27.0.0-Release.Candidate.app/Contents/Developer/Platforms/WatchOS.platform/Developer/usr/lib -F /Users/admin/builder/spi-builder-workspace/.derivedData/Build/Products/Debug-watchos -F /Applications/Xcode-27.0.0-Release.Candidate.app/Contents/Developer/Platforms/WatchOS.platform/Developer/Library/Frameworks -F /Applications/Xcode-27.0.0-Release.Candidate.app/Contents/Developer/Platforms/WatchOS.platform/Developer/SDKs/WatchOS27.0.sdk/Developer/Library/Frameworks -c -j10 -enable-batch-mode -incremental -Xcc -ivfsstatcache -Xcc /Users/admin/builder/spi-builder-workspace/.derivedData/SDKStatCaches.noindex/watchos27.0-24R360-e829b21a6f8c9b70876ba0858053c04477534ef55a1706bf4c1112bbb242f0a2.sdkstatcache -output-file-map /Users/admin/builder/spi-builder-workspace/.derivedData/Build/Intermediates.noindex/Swiftilities.build/Debug-watchos/Swiftilities-t.build/Objects-normal/arm64/Swiftilities-OutputFileMap.json -save-temps -no-color-diagnostics -explicit-module-build -module-cache-path /Users/admin/builder/spi-builder-workspace/.derivedData/Build/Intermediates.noindex/SwiftExplicitPrecompiledModules -clang-scanner-module-cache-path /Users/admin/builder/spi-builder-workspace/.derivedData/ModuleCache.noindex -sdk-module-cache-path /Users/admin/builder/spi-builder-workspace/.derivedData/SDKExplicitPrecompiledModules -emit-dependencies -emit-module -emit-module-path /Users/admin/builder/spi-builder-workspace/.derivedData/Build/Intermediates.noindex/Swiftilities.build/Debug-watchos/Swiftilities-t.build/Objects-normal/arm64/Swiftilities.swiftmodule -serialize-diagnostics -dependency-scan-serialize-diagnostics-path /Users/admin/builder/spi-builder-workspace/.derivedData/Build/Intermediates.noindex/Swiftilities.build/Debug-watchos/Swiftilities-t.build/Objects-normal/arm64/Swiftilities-dependency-scan.dia -validate-clang-modules-once -clang-build-session-file /Users/admin/builder/spi-builder-workspace/.derivedData/ModuleCache.noindex/Session.modulevalidation -Xcc -fmodules-prune-interval\=86400 -Xcc -fmodules-prune-after\=345600 -emit-const-values -const-gather-protocols-list /Users/admin/builder/spi-builder-workspace/.derivedData/Build/Intermediates.noindex/Swiftilities.build/Debug-watchos/Swiftilities-t.build/Objects-normal/arm64/Swiftilities_const_extract_protocols.json -Xcc -I/Users/admin/builder/spi-builder-workspace/.derivedData/Build/Products/Debug-watchos/include -Xcc -I/Users/admin/builder/spi-builder-workspace/.derivedData/Build/Intermediates.noindex/Swiftilities.build/Debug-watchos/Swiftilities-t.build/DerivedSources-normal/arm64 -Xcc -I/Users/admin/builder/spi-builder-workspace/.derivedData/Build/Intermediates.noindex/Swiftilities.build/Debug-watchos/Swiftilities-t.build/DerivedSources/arm64 -Xcc -I/Users/admin/builder/spi-builder-workspace/.derivedData/Build/Intermediates.noindex/Swiftilities.build/Debug-watchos/Swiftilities-t.build/DerivedSources -Xcc -DSWIFT_PACKAGE -Xcc -DDEBUG\=1 -emit-objc-header -emit-objc-header-path /Users/admin/builder/spi-builder-workspace/.derivedData/Build/Intermediates.noindex/Swiftilities.build/Debug-watchos/Swiftilities-t.build/Objects-normal/arm64/Swiftilities-Swift.h -working-directory /Users/admin/builder/spi-builder-workspace/.swiftpm/xcode -experimental-emit-module-separately -disable-cmo
SwiftCompile normal arm64 Compiling\ Collection+Swiftilities.swift,\ Data+Swiftilities.swift /Users/admin/builder/spi-builder-workspace/Sources/Swiftilities/Collection+Swiftilities.swift /Users/admin/builder/spi-builder-workspace/Sources/Swiftilities/Data+Swiftilities.swift (in target 'Swiftilities' from project 'Swiftilities')
SwiftCompile normal arm64 /Users/admin/builder/spi-builder-workspace/Sources/Swiftilities/Collection+Swiftilities.swift (in target 'Swiftilities' from project 'Swiftilities')
    cd /Users/admin/builder/spi-builder-workspace/.swiftpm/xcode
    builtin-SwiftPerFileCompile Collection+Swiftilities.swift
SwiftCompile normal arm64 /Users/admin/builder/spi-builder-workspace/Sources/Swiftilities/Data+Swiftilities.swift (in target 'Swiftilities' from project 'Swiftilities')
    cd /Users/admin/builder/spi-builder-workspace/.swiftpm/xcode
    builtin-SwiftPerFileCompile Data+Swiftilities.swift
SwiftCompile normal arm64 Compiling\ SignedInteger+Swiftilities.swift /Users/admin/builder/spi-builder-workspace/Sources/Swiftilities/SignedInteger+Swiftilities.swift (in target 'Swiftilities' from project 'Swiftilities')
SwiftCompile normal arm64 /Users/admin/builder/spi-builder-workspace/Sources/Swiftilities/SignedInteger+Swiftilities.swift (in target 'Swiftilities' from project 'Swiftilities')
    cd /Users/admin/builder/spi-builder-workspace/.swiftpm/xcode
    builtin-SwiftPerFileCompile SignedInteger+Swiftilities.swift
SwiftCompile normal arm64 Compiling\ UIColor+Swiftilities.swift /Users/admin/builder/spi-builder-workspace/Sources/Swiftilities/UIColor+Swiftilities.swift (in target 'Swiftilities' from project 'Swiftilities')
SwiftCompile normal arm64 /Users/admin/builder/spi-builder-workspace/Sources/Swiftilities/UIColor+Swiftilities.swift (in target 'Swiftilities' from project 'Swiftilities')
    cd /Users/admin/builder/spi-builder-workspace/.swiftpm/xcode
    builtin-SwiftPerFileCompile UIColor+Swiftilities.swift
SwiftCompile normal arm64 Compiling\ Dictionary+Swiftilities.swift,\ Double+Swiftilities.swift /Users/admin/builder/spi-builder-workspace/Sources/Swiftilities/Dictionary+Swiftilities.swift /Users/admin/builder/spi-builder-workspace/Sources/Swiftilities/Double+Swiftilities.swift (in target 'Swiftilities' from project 'Swiftilities')
SwiftCompile normal arm64 /Users/admin/builder/spi-builder-workspace/Sources/Swiftilities/Dictionary+Swiftilities.swift (in target 'Swiftilities' from project 'Swiftilities')
    cd /Users/admin/builder/spi-builder-workspace/.swiftpm/xcode
    builtin-SwiftPerFileCompile Dictionary+Swiftilities.swift
SwiftCompile normal arm64 /Users/admin/builder/spi-builder-workspace/Sources/Swiftilities/Double+Swiftilities.swift (in target 'Swiftilities' from project 'Swiftilities')
    cd /Users/admin/builder/spi-builder-workspace/.swiftpm/xcode
    builtin-SwiftPerFileCompile Double+Swiftilities.swift
SwiftCompile normal arm64 Compiling\ RandomAccessCollection+Swiftilities.swift,\ Sequence+Swiftilities.swift /Users/admin/builder/spi-builder-workspace/Sources/Swiftilities/RandomAccessCollection+Swiftilities.swift /Users/admin/builder/spi-builder-workspace/Sources/Swiftilities/Sequence+Swiftilities.swift (in target 'Swiftilities' from project 'Swiftilities')
SwiftCompile normal arm64 /Users/admin/builder/spi-builder-workspace/Sources/Swiftilities/RandomAccessCollection+Swiftilities.swift (in target 'Swiftilities' from project 'Swiftilities')
    cd /Users/admin/builder/spi-builder-workspace/.swiftpm/xcode
    builtin-SwiftPerFileCompile RandomAccessCollection+Swiftilities.swift
SwiftCompile normal arm64 /Users/admin/builder/spi-builder-workspace/Sources/Swiftilities/Sequence+Swiftilities.swift (in target 'Swiftilities' from project 'Swiftilities')
    cd /Users/admin/builder/spi-builder-workspace/.swiftpm/xcode
    builtin-SwiftPerFileCompile Sequence+Swiftilities.swift
SwiftCompile normal arm64 Compiling\ Array+Swiftilities.swift,\ Bool+Swiftilities.swift /Users/admin/builder/spi-builder-workspace/Sources/Swiftilities/Array+Swiftilities.swift /Users/admin/builder/spi-builder-workspace/Sources/Swiftilities/Bool+Swiftilities.swift (in target 'Swiftilities' from project 'Swiftilities')
SwiftCompile normal arm64 /Users/admin/builder/spi-builder-workspace/Sources/Swiftilities/Array+Swiftilities.swift (in target 'Swiftilities' from project 'Swiftilities')
    cd /Users/admin/builder/spi-builder-workspace/.swiftpm/xcode
    builtin-SwiftPerFileCompile Array+Swiftilities.swift
SwiftCompile normal arm64 /Users/admin/builder/spi-builder-workspace/Sources/Swiftilities/Bool+Swiftilities.swift (in target 'Swiftilities' from project 'Swiftilities')
    cd /Users/admin/builder/spi-builder-workspace/.swiftpm/xcode
    builtin-SwiftPerFileCompile Bool+Swiftilities.swift
SwiftCompile normal arm64 Compiling\ UIImage+Swiftilities.swift /Users/admin/builder/spi-builder-workspace/Sources/Swiftilities/UIImage+Swiftilities.swift (in target 'Swiftilities' from project 'Swiftilities')
SwiftCompile normal arm64 /Users/admin/builder/spi-builder-workspace/Sources/Swiftilities/UIImage+Swiftilities.swift (in target 'Swiftilities' from project 'Swiftilities')
    cd /Users/admin/builder/spi-builder-workspace/.swiftpm/xcode
    builtin-SwiftPerFileCompile UIImage+Swiftilities.swift
SwiftCompile normal arm64 Compiling\ Float+Swiftilities.swift,\ NibContainerView.swift /Users/admin/builder/spi-builder-workspace/Sources/Swiftilities/Float+Swiftilities.swift /Users/admin/builder/spi-builder-workspace/Sources/Swiftilities/NibContainerView.swift (in target 'Swiftilities' from project 'Swiftilities')
/Users/admin/builder/spi-builder-workspace/Sources/Swiftilities/NibContainerView.swift:24:39: error: 'UIView' is unavailable in watchOS
22 |     //MARK: - Properties
23 |
24 |     private var viewClass: AnyClass = UIView.self
   |                                       `- error: 'UIView' is unavailable in watchOS
25 |
26 |     private var contentView: UIView = UIView() {
/Applications/Xcode-27.0.0-Release.Candidate.app/Contents/Developer/Platforms/WatchOS.platform/Developer/SDKs/WatchOS27.0.sdk/System/Library/Frameworks/UIKit.framework/Headers/UIView.h:152:12: note: 'UIView' has been explicitly marked unavailable here
150 |
151 | UIKIT_EXTERN API_AVAILABLE(ios(2.0)) API_UNAVAILABLE(watchos) NS_SWIFT_UI_ACTOR
152 | @interface UIView : UIResponder <NSCoding, UIAppearance, UIAppearanceContainer, UIDynamicItem, UITraitEnvironment, UICoordinateSpace, UIFocusItem, UIFocusItemContainer, CALayerDelegate>
    |            `- note: 'UIView' has been explicitly marked unavailable here
153 |
154 | @property(class, nonatomic, readonly) Class layerClass;                        // default is [CALayer class]. Used when creating the underlying layer for the view.
/Users/admin/builder/spi-builder-workspace/Sources/Swiftilities/NibContainerView.swift:26:30: error: 'UIView' is unavailable in watchOS
24 |     private var viewClass: AnyClass = UIView.self
25 |
26 |     private var contentView: UIView = UIView() {
   |                              `- error: 'UIView' is unavailable in watchOS
27 |         didSet {
28 |             oldValue.removeFromSuperview()
/Applications/Xcode-27.0.0-Release.Candidate.app/Contents/Developer/Platforms/WatchOS.platform/Developer/SDKs/WatchOS27.0.sdk/System/Library/Frameworks/UIKit.framework/Headers/UIView.h:152:12: note: 'UIView' has been explicitly marked unavailable here
150 |
151 | UIKIT_EXTERN API_AVAILABLE(ios(2.0)) API_UNAVAILABLE(watchos) NS_SWIFT_UI_ACTOR
152 | @interface UIView : UIResponder <NSCoding, UIAppearance, UIAppearanceContainer, UIDynamicItem, UITraitEnvironment, UICoordinateSpace, UIFocusItem, UIFocusItemContainer, CALayerDelegate>
    |            `- note: 'UIView' has been explicitly marked unavailable here
153 |
154 | @property(class, nonatomic, readonly) Class layerClass;                        // default is [CALayer class]. Used when creating the underlying layer for the view.
/Users/admin/builder/spi-builder-workspace/Sources/Swiftilities/NibContainerView.swift:26:39: error: 'UIView' is unavailable in watchOS
24 |     private var viewClass: AnyClass = UIView.self
25 |
26 |     private var contentView: UIView = UIView() {
   |                                       `- error: 'UIView' is unavailable in watchOS
27 |         didSet {
28 |             oldValue.removeFromSuperview()
/Applications/Xcode-27.0.0-Release.Candidate.app/Contents/Developer/Platforms/WatchOS.platform/Developer/SDKs/WatchOS27.0.sdk/System/Library/Frameworks/UIKit.framework/Headers/UIView.h:152:12: note: 'UIView' has been explicitly marked unavailable here
150 |
151 | UIKIT_EXTERN API_AVAILABLE(ios(2.0)) API_UNAVAILABLE(watchos) NS_SWIFT_UI_ACTOR
152 | @interface UIView : UIResponder <NSCoding, UIAppearance, UIAppearanceContainer, UIDynamicItem, UITraitEnvironment, UICoordinateSpace, UIFocusItem, UIFocusItemContainer, CALayerDelegate>
    |            `- note: 'UIView' has been explicitly marked unavailable here
153 |
154 | @property(class, nonatomic, readonly) Class layerClass;                        // default is [CALayer class]. Used when creating the underlying layer for the view.
/Users/admin/builder/spi-builder-workspace/Sources/Swiftilities/NibContainerView.swift:26:39: error: 'init()' is unavailable in watchOS
24 |     private var viewClass: AnyClass = UIView.self
25 |
26 |     private var contentView: UIView = UIView() {
   |                                       `- error: 'init()' is unavailable in watchOS
27 |         didSet {
28 |             oldValue.removeFromSuperview()
/Applications/Xcode-27.0.0-Release.Candidate.app/Contents/Developer/Platforms/WatchOS.platform/Developer/SDKs/WatchOS27.0.sdk/System/Library/Frameworks/UIKit.framework/Headers/UIView.h:158:1: note: 'init()' has been explicitly marked unavailable here
156 | - (instancetype)initWithFrame:(CGRect)frame NS_DESIGNATED_INITIALIZER;
157 | - (nullable instancetype)initWithCoder:(NSCoder *)coder NS_DESIGNATED_INITIALIZER;
158 | - (instancetype)init API_AVAILABLE(ios(2.0), tvos(9.0), visionos(1.0)) API_UNAVAILABLE(watchos);
    | `- note: 'init()' has been explicitly marked unavailable here
159 |
160 | @property(nonatomic,getter=isUserInteractionEnabled) BOOL userInteractionEnabled;  // default is YES. if set to NO, user events (touch, keys) are ignored and removed from the event queue.
/Users/admin/builder/spi-builder-workspace/Sources/Swiftilities/NibContainerView.swift:47:32: error: 'UIView' is unavailable in watchOS
45 |      Only required if the nib name differs from the name of the view class.
46 |      */
47 |     public convenience init<T: UIView>(viewClass: T.Type,
   |                                `- error: 'UIView' is unavailable in watchOS
48 |                             nibName: String = String(describing: T.self)) {
49 |         self.init()
/Applications/Xcode-27.0.0-Release.Candidate.app/Contents/Developer/Platforms/WatchOS.platform/Developer/SDKs/WatchOS27.0.sdk/System/Library/Frameworks/UIKit.framework/Headers/UIView.h:152:12: note: 'UIView' has been explicitly marked unavailable here
150 |
151 | UIKIT_EXTERN API_AVAILABLE(ios(2.0)) API_UNAVAILABLE(watchos) NS_SWIFT_UI_ACTOR
152 | @interface UIView : UIResponder <NSCoding, UIAppearance, UIAppearanceContainer, UIDynamicItem, UITraitEnvironment, UICoordinateSpace, UIFocusItem, UIFocusItemContainer, CALayerDelegate>
    |            `- note: 'UIView' has been explicitly marked unavailable here
153 |
154 | @property(class, nonatomic, readonly) Class layerClass;                        // default is [CALayer class]. Used when creating the underlying layer for the view.
/Users/admin/builder/spi-builder-workspace/Sources/Swiftilities/NibContainerView.swift:67:33: error: 'UIView' is unavailable in watchOS
65 |      Only required if the nib name differs from the name of the view class.
66 |      */
67 |     public func setViewClass<T: UIView>(_ viewClass: T.Type,
   |                                 `- error: 'UIView' is unavailable in watchOS
68 |                              nibName: String = String(describing: T.self)) {
69 |         guard viewClass != self.viewClass else {
/Applications/Xcode-27.0.0-Release.Candidate.app/Contents/Developer/Platforms/WatchOS.platform/Developer/SDKs/WatchOS27.0.sdk/System/Library/Frameworks/UIKit.framework/Headers/UIView.h:152:12: note: 'UIView' has been explicitly marked unavailable here
150 |
151 | UIKIT_EXTERN API_AVAILABLE(ios(2.0)) API_UNAVAILABLE(watchos) NS_SWIFT_UI_ACTOR
152 | @interface UIView : UIResponder <NSCoding, UIAppearance, UIAppearanceContainer, UIDynamicItem, UITraitEnvironment, UICoordinateSpace, UIFocusItem, UIFocusItemContainer, CALayerDelegate>
    |            `- note: 'UIView' has been explicitly marked unavailable here
153 |
154 | @property(class, nonatomic, readonly) Class layerClass;                        // default is [CALayer class]. Used when creating the underlying layer for the view.
/Users/admin/builder/spi-builder-workspace/Sources/Swiftilities/NibContainerView.swift:80:25: error: 'UIView' is unavailable in watchOS
78 |      - throws: NibContainerViewError.ClassMismatch if the contained view is not of type T
79 |      */
80 |     public func view<T: UIView>() throws -> T {
   |                         `- error: 'UIView' is unavailable in watchOS
81 |         guard let view = contentView as? T else {
82 |             throw NibContainerViewError.classMismatch
/Applications/Xcode-27.0.0-Release.Candidate.app/Contents/Developer/Platforms/WatchOS.platform/Developer/SDKs/WatchOS27.0.sdk/System/Library/Frameworks/UIKit.framework/Headers/UIView.h:152:12: note: 'UIView' has been explicitly marked unavailable here
150 |
151 | UIKIT_EXTERN API_AVAILABLE(ios(2.0)) API_UNAVAILABLE(watchos) NS_SWIFT_UI_ACTOR
152 | @interface UIView : UIResponder <NSCoding, UIAppearance, UIAppearanceContainer, UIDynamicItem, UITraitEnvironment, UICoordinateSpace, UIFocusItem, UIFocusItemContainer, CALayerDelegate>
    |            `- note: 'UIView' has been explicitly marked unavailable here
153 |
154 | @property(class, nonatomic, readonly) Class layerClass;                        // default is [CALayer class]. Used when creating the underlying layer for the view.
/Users/admin/builder/spi-builder-workspace/Sources/Swiftilities/NibContainerView.swift:20:38: error: 'UIView' is unavailable in watchOS
18 | /// Use by calling the 'setViewClass/1' method
19 | /// Access the nib-view by calling the 'view/1' method
20 | public final class NibContainerView: UIView {
   |                                      `- error: 'UIView' is unavailable in watchOS
21 |
22 |     //MARK: - Properties
/Applications/Xcode-27.0.0-Release.Candidate.app/Contents/Developer/Platforms/WatchOS.platform/Developer/SDKs/WatchOS27.0.sdk/System/Library/Frameworks/UIKit.framework/Headers/UIView.h:152:12: note: 'UIView' has been explicitly marked unavailable here
150 |
151 | UIKIT_EXTERN API_AVAILABLE(ios(2.0)) API_UNAVAILABLE(watchos) NS_SWIFT_UI_ACTOR
152 | @interface UIView : UIResponder <NSCoding, UIAppearance, UIAppearanceContainer, UIDynamicItem, UITraitEnvironment, UICoordinateSpace, UIFocusItem, UIFocusItemContainer, CALayerDelegate>
    |            `- note: 'UIView' has been explicitly marked unavailable here
153 |
154 | @property(class, nonatomic, readonly) Class layerClass;                        // default is [CALayer class]. Used when creating the underlying layer for the view.
SwiftCompile normal arm64 /Users/admin/builder/spi-builder-workspace/Sources/Swiftilities/Float+Swiftilities.swift (in target 'Swiftilities' from project 'Swiftilities')
    cd /Users/admin/builder/spi-builder-workspace/.swiftpm/xcode
    builtin-SwiftPerFileCompile Float+Swiftilities.swift
SwiftCompile normal arm64 /Users/admin/builder/spi-builder-workspace/Sources/Swiftilities/NibContainerView.swift (in target 'Swiftilities' from project 'Swiftilities')
    cd /Users/admin/builder/spi-builder-workspace/.swiftpm/xcode
    builtin-SwiftPerFileCompile NibContainerView.swift
SwiftEmitModule normal arm64 Emitting\ module\ for\ Swiftilities (in target 'Swiftilities' from project 'Swiftilities')
/Users/admin/builder/spi-builder-workspace/Sources/Swiftilities/NibContainerView.swift:24:39: error: 'UIView' is unavailable in watchOS
22 |     //MARK: - Properties
23 |
24 |     private var viewClass: AnyClass = UIView.self
   |                                       `- error: 'UIView' is unavailable in watchOS
25 |
26 |     private var contentView: UIView = UIView() {
/Applications/Xcode-27.0.0-Release.Candidate.app/Contents/Developer/Platforms/WatchOS.platform/Developer/SDKs/WatchOS27.0.sdk/System/Library/Frameworks/UIKit.framework/Headers/UIView.h:152:12: note: 'UIView' has been explicitly marked unavailable here
150 |
151 | UIKIT_EXTERN API_AVAILABLE(ios(2.0)) API_UNAVAILABLE(watchos) NS_SWIFT_UI_ACTOR
152 | @interface UIView : UIResponder <NSCoding, UIAppearance, UIAppearanceContainer, UIDynamicItem, UITraitEnvironment, UICoordinateSpace, UIFocusItem, UIFocusItemContainer, CALayerDelegate>
    |            `- note: 'UIView' has been explicitly marked unavailable here
153 |
154 | @property(class, nonatomic, readonly) Class layerClass;                        // default is [CALayer class]. Used when creating the underlying layer for the view.
/Users/admin/builder/spi-builder-workspace/Sources/Swiftilities/NibContainerView.swift:26:30: error: 'UIView' is unavailable in watchOS
24 |     private var viewClass: AnyClass = UIView.self
25 |
26 |     private var contentView: UIView = UIView() {
   |                              `- error: 'UIView' is unavailable in watchOS
27 |         didSet {
28 |             oldValue.removeFromSuperview()
/Applications/Xcode-27.0.0-Release.Candidate.app/Contents/Developer/Platforms/WatchOS.platform/Developer/SDKs/WatchOS27.0.sdk/System/Library/Frameworks/UIKit.framework/Headers/UIView.h:152:12: note: 'UIView' has been explicitly marked unavailable here
150 |
151 | UIKIT_EXTERN API_AVAILABLE(ios(2.0)) API_UNAVAILABLE(watchos) NS_SWIFT_UI_ACTOR
152 | @interface UIView : UIResponder <NSCoding, UIAppearance, UIAppearanceContainer, UIDynamicItem, UITraitEnvironment, UICoordinateSpace, UIFocusItem, UIFocusItemContainer, CALayerDelegate>
    |            `- note: 'UIView' has been explicitly marked unavailable here
153 |
154 | @property(class, nonatomic, readonly) Class layerClass;                        // default is [CALayer class]. Used when creating the underlying layer for the view.
/Users/admin/builder/spi-builder-workspace/Sources/Swiftilities/NibContainerView.swift:26:39: error: 'UIView' is unavailable in watchOS
24 |     private var viewClass: AnyClass = UIView.self
25 |
26 |     private var contentView: UIView = UIView() {
   |                                       `- error: 'UIView' is unavailable in watchOS
27 |         didSet {
28 |             oldValue.removeFromSuperview()
/Applications/Xcode-27.0.0-Release.Candidate.app/Contents/Developer/Platforms/WatchOS.platform/Developer/SDKs/WatchOS27.0.sdk/System/Library/Frameworks/UIKit.framework/Headers/UIView.h:152:12: note: 'UIView' has been explicitly marked unavailable here
150 |
151 | UIKIT_EXTERN API_AVAILABLE(ios(2.0)) API_UNAVAILABLE(watchos) NS_SWIFT_UI_ACTOR
152 | @interface UIView : UIResponder <NSCoding, UIAppearance, UIAppearanceContainer, UIDynamicItem, UITraitEnvironment, UICoordinateSpace, UIFocusItem, UIFocusItemContainer, CALayerDelegate>
    |            `- note: 'UIView' has been explicitly marked unavailable here
153 |
154 | @property(class, nonatomic, readonly) Class layerClass;                        // default is [CALayer class]. Used when creating the underlying layer for the view.
/Users/admin/builder/spi-builder-workspace/Sources/Swiftilities/NibContainerView.swift:26:39: error: 'init()' is unavailable in watchOS
24 |     private var viewClass: AnyClass = UIView.self
25 |
26 |     private var contentView: UIView = UIView() {
   |                                       `- error: 'init()' is unavailable in watchOS
27 |         didSet {
28 |             oldValue.removeFromSuperview()
/Applications/Xcode-27.0.0-Release.Candidate.app/Contents/Developer/Platforms/WatchOS.platform/Developer/SDKs/WatchOS27.0.sdk/System/Library/Frameworks/UIKit.framework/Headers/UIView.h:158:1: note: 'init()' has been explicitly marked unavailable here
156 | - (instancetype)initWithFrame:(CGRect)frame NS_DESIGNATED_INITIALIZER;
157 | - (nullable instancetype)initWithCoder:(NSCoder *)coder NS_DESIGNATED_INITIALIZER;
158 | - (instancetype)init API_AVAILABLE(ios(2.0), tvos(9.0), visionos(1.0)) API_UNAVAILABLE(watchos);
    | `- note: 'init()' has been explicitly marked unavailable here
159 |
160 | @property(nonatomic,getter=isUserInteractionEnabled) BOOL userInteractionEnabled;  // default is YES. if set to NO, user events (touch, keys) are ignored and removed from the event queue.
/Users/admin/builder/spi-builder-workspace/Sources/Swiftilities/NibContainerView.swift:47:32: error: 'UIView' is unavailable in watchOS
45 |      Only required if the nib name differs from the name of the view class.
46 |      */
47 |     public convenience init<T: UIView>(viewClass: T.Type,
   |                                `- error: 'UIView' is unavailable in watchOS
48 |                             nibName: String = String(describing: T.self)) {
49 |         self.init()
/Applications/Xcode-27.0.0-Release.Candidate.app/Contents/Developer/Platforms/WatchOS.platform/Developer/SDKs/WatchOS27.0.sdk/System/Library/Frameworks/UIKit.framework/Headers/UIView.h:152:12: note: 'UIView' has been explicitly marked unavailable here
150 |
151 | UIKIT_EXTERN API_AVAILABLE(ios(2.0)) API_UNAVAILABLE(watchos) NS_SWIFT_UI_ACTOR
152 | @interface UIView : UIResponder <NSCoding, UIAppearance, UIAppearanceContainer, UIDynamicItem, UITraitEnvironment, UICoordinateSpace, UIFocusItem, UIFocusItemContainer, CALayerDelegate>
    |            `- note: 'UIView' has been explicitly marked unavailable here
153 |
154 | @property(class, nonatomic, readonly) Class layerClass;                        // default is [CALayer class]. Used when creating the underlying layer for the view.
/Users/admin/builder/spi-builder-workspace/Sources/Swiftilities/NibContainerView.swift:67:33: error: 'UIView' is unavailable in watchOS
65 |      Only required if the nib name differs from the name of the view class.
66 |      */
67 |     public func setViewClass<T: UIView>(_ viewClass: T.Type,
   |                                 `- error: 'UIView' is unavailable in watchOS
68 |                              nibName: String = String(describing: T.self)) {
69 |         guard viewClass != self.viewClass else {
/Applications/Xcode-27.0.0-Release.Candidate.app/Contents/Developer/Platforms/WatchOS.platform/Developer/SDKs/WatchOS27.0.sdk/System/Library/Frameworks/UIKit.framework/Headers/UIView.h:152:12: note: 'UIView' has been explicitly marked unavailable here
150 |
151 | UIKIT_EXTERN API_AVAILABLE(ios(2.0)) API_UNAVAILABLE(watchos) NS_SWIFT_UI_ACTOR
152 | @interface UIView : UIResponder <NSCoding, UIAppearance, UIAppearanceContainer, UIDynamicItem, UITraitEnvironment, UICoordinateSpace, UIFocusItem, UIFocusItemContainer, CALayerDelegate>
    |            `- note: 'UIView' has been explicitly marked unavailable here
153 |
154 | @property(class, nonatomic, readonly) Class layerClass;                        // default is [CALayer class]. Used when creating the underlying layer for the view.
/Users/admin/builder/spi-builder-workspace/Sources/Swiftilities/NibContainerView.swift:80:25: error: 'UIView' is unavailable in watchOS
78 |      - throws: NibContainerViewError.ClassMismatch if the contained view is not of type T
79 |      */
80 |     public func view<T: UIView>() throws -> T {
   |                         `- error: 'UIView' is unavailable in watchOS
81 |         guard let view = contentView as? T else {
82 |             throw NibContainerViewError.classMismatch
/Applications/Xcode-27.0.0-Release.Candidate.app/Contents/Developer/Platforms/WatchOS.platform/Developer/SDKs/WatchOS27.0.sdk/System/Library/Frameworks/UIKit.framework/Headers/UIView.h:152:12: note: 'UIView' has been explicitly marked unavailable here
150 |
151 | UIKIT_EXTERN API_AVAILABLE(ios(2.0)) API_UNAVAILABLE(watchos) NS_SWIFT_UI_ACTOR
152 | @interface UIView : UIResponder <NSCoding, UIAppearance, UIAppearanceContainer, UIDynamicItem, UITraitEnvironment, UICoordinateSpace, UIFocusItem, UIFocusItemContainer, CALayerDelegate>
    |            `- note: 'UIView' has been explicitly marked unavailable here
153 |
154 | @property(class, nonatomic, readonly) Class layerClass;                        // default is [CALayer class]. Used when creating the underlying layer for the view.
/Users/admin/builder/spi-builder-workspace/Sources/Swiftilities/NibContainerView.swift:20:38: error: 'UIView' is unavailable in watchOS
18 | /// Use by calling the 'setViewClass/1' method
19 | /// Access the nib-view by calling the 'view/1' method
20 | public final class NibContainerView: UIView {
   |                                      `- error: 'UIView' is unavailable in watchOS
21 |
22 |     //MARK: - Properties
/Applications/Xcode-27.0.0-Release.Candidate.app/Contents/Developer/Platforms/WatchOS.platform/Developer/SDKs/WatchOS27.0.sdk/System/Library/Frameworks/UIKit.framework/Headers/UIView.h:152:12: note: 'UIView' has been explicitly marked unavailable here
150 |
151 | UIKIT_EXTERN API_AVAILABLE(ios(2.0)) API_UNAVAILABLE(watchos) NS_SWIFT_UI_ACTOR
152 | @interface UIView : UIResponder <NSCoding, UIAppearance, UIAppearanceContainer, UIDynamicItem, UITraitEnvironment, UICoordinateSpace, UIFocusItem, UIFocusItemContainer, CALayerDelegate>
    |            `- note: 'UIView' has been explicitly marked unavailable here
153 |
154 | @property(class, nonatomic, readonly) Class layerClass;                        // default is [CALayer class]. Used when creating the underlying layer for the view.
/Users/admin/builder/spi-builder-workspace/Sources/Swiftilities/UIImage+Swiftilities.swift:14:34: error: 'UIView' is unavailable in watchOS
12 |
13 |     ///Creates an image from the view
14 |     static func fromView(_ view: UIView) -> UIImage {
   |                                  `- error: 'UIView' is unavailable in watchOS
15 |         UIGraphicsBeginImageContextWithOptions(view.bounds.size, false, 0.0)
16 |         view.layer.render(in: UIGraphicsGetCurrentContext()!)
/Applications/Xcode-27.0.0-Release.Candidate.app/Contents/Developer/Platforms/WatchOS.platform/Developer/SDKs/WatchOS27.0.sdk/System/Library/Frameworks/UIKit.framework/Headers/UIView.h:152:12: note: 'UIView' has been explicitly marked unavailable here
150 |
151 | UIKIT_EXTERN API_AVAILABLE(ios(2.0)) API_UNAVAILABLE(watchos) NS_SWIFT_UI_ACTOR
152 | @interface UIView : UIResponder <NSCoding, UIAppearance, UIAppearanceContainer, UIDynamicItem, UITraitEnvironment, UICoordinateSpace, UIFocusItem, UIFocusItemContainer, CALayerDelegate>
    |            `- note: 'UIView' has been explicitly marked unavailable here
153 |
154 | @property(class, nonatomic, readonly) Class layerClass;                        // default is [CALayer class]. Used when creating the underlying layer for the view.
/Users/admin/builder/spi-builder-workspace/Sources/Swiftilities/UIView+Swiftilities.swift:42:35: error: 'UIView' is unavailable in watchOS
 40 |
 41 |     ///Centers the received subview in self
 42 |     func centerSubview(_ subview: UIView) {
    |                                   `- error: 'UIView' is unavailable in watchOS
 43 |         addSubview(subview)
 44 |         subview.translatesAutoresizingMaskIntoConstraints = false
/Applications/Xcode-27.0.0-Release.Candidate.app/Contents/Developer/Platforms/WatchOS.platform/Developer/SDKs/WatchOS27.0.sdk/System/Library/Frameworks/UIKit.framework/Headers/UIView.h:152:12: note: 'UIView' has been explicitly marked unavailable here
150 |
151 | UIKIT_EXTERN API_AVAILABLE(ios(2.0)) API_UNAVAILABLE(watchos) NS_SWIFT_UI_ACTOR
152 | @interface UIView : UIResponder <NSCoding, UIAppearance, UIAppearanceContainer, UIDynamicItem, UITraitEnvironment, UICoordinateSpace, UIFocusItem, UIFocusItemContainer, CALayerDelegate>
    |            `- note: 'UIView' has been explicitly marked unavailable here
153 |
154 | @property(class, nonatomic, readonly) Class layerClass;                        // default is [CALayer class]. Used when creating the underlying layer for the view.
/Users/admin/builder/spi-builder-workspace/Sources/Swiftilities/UIView+Swiftilities.swift:13:18: error: 'UIView' is unavailable in watchOS
 11 | //MARK: - Layout Utilities.
 12 |
 13 | public extension UIView {
    |                  `- error: 'UIView' is unavailable in watchOS
 14 |
 15 |     ///Traverses the tree of subviews and reports ambigious layout
/Applications/Xcode-27.0.0-Release.Candidate.app/Contents/Developer/Platforms/WatchOS.platform/Developer/SDKs/WatchOS27.0.sdk/System/Library/Frameworks/UIKit.framework/Headers/UIView.h:152:12: note: 'UIView' has been explicitly marked unavailable here
150 |
151 | UIKIT_EXTERN API_AVAILABLE(ios(2.0)) API_UNAVAILABLE(watchos) NS_SWIFT_UI_ACTOR
152 | @interface UIView : UIResponder <NSCoding, UIAppearance, UIAppearanceContainer, UIDynamicItem, UITraitEnvironment, UICoordinateSpace, UIFocusItem, UIFocusItemContainer, CALayerDelegate>
    |            `- note: 'UIView' has been explicitly marked unavailable here
153 |
154 | @property(class, nonatomic, readonly) Class layerClass;                        // default is [CALayer class]. Used when creating the underlying layer for the view.
/Users/admin/builder/spi-builder-workspace/Sources/Swiftilities/UIView+Swiftilities.swift:63:28: error: 'UIView' is unavailable in watchOS
 61 |      - returns: The loaded view
 62 |      */
 63 |     class func fromNib<T : UIView>(_ nib: String = String(describing: T.self)) -> T {
    |                            `- error: 'UIView' is unavailable in watchOS
 64 |         let view: T? = fromNib(nib)
 65 |         precondition(view != nil, "Error loading view '\(String(describing: T.self))' from nib '\(nib)'")
/Applications/Xcode-27.0.0-Release.Candidate.app/Contents/Developer/Platforms/WatchOS.platform/Developer/SDKs/WatchOS27.0.sdk/System/Library/Frameworks/UIKit.framework/Headers/UIView.h:152:12: note: 'UIView' has been explicitly marked unavailable here
150 |
151 | UIKIT_EXTERN API_AVAILABLE(ios(2.0)) API_UNAVAILABLE(watchos) NS_SWIFT_UI_ACTOR
152 | @interface UIView : UIResponder <NSCoding, UIAppearance, UIAppearanceContainer, UIDynamicItem, UITraitEnvironment, UICoordinateSpace, UIFocusItem, UIFocusItemContainer, CALayerDelegate>
    |            `- note: 'UIView' has been explicitly marked unavailable here
153 |
154 | @property(class, nonatomic, readonly) Class layerClass;                        // default is [CALayer class]. Used when creating the underlying layer for the view.
/Users/admin/builder/spi-builder-workspace/Sources/Swiftilities/UIView+Swiftilities.swift:74:28: error: 'UIView' is unavailable in watchOS
 72 |      - returns: The loaded view or nil if no view in the nib could not be loaded as 'T'
 73 |      */
 74 |     class func fromNib<T : UIView>(_ nib: String = String(describing: T.self)) -> T? {
    |                            `- error: 'UIView' is unavailable in watchOS
 75 |         let bundle = Bundle(for: T.self)
 76 |         let nibViews = bundle.loadNibNamed(nib, owner: nil, options: nil)
/Applications/Xcode-27.0.0-Release.Candidate.app/Contents/Developer/Platforms/WatchOS.platform/Developer/SDKs/WatchOS27.0.sdk/System/Library/Frameworks/UIKit.framework/Headers/UIView.h:152:12: note: 'UIView' has been explicitly marked unavailable here
150 |
151 | UIKIT_EXTERN API_AVAILABLE(ios(2.0)) API_UNAVAILABLE(watchos) NS_SWIFT_UI_ACTOR
152 | @interface UIView : UIResponder <NSCoding, UIAppearance, UIAppearanceContainer, UIDynamicItem, UITraitEnvironment, UICoordinateSpace, UIFocusItem, UIFocusItemContainer, CALayerDelegate>
    |            `- note: 'UIView' has been explicitly marked unavailable here
153 |
154 | @property(class, nonatomic, readonly) Class layerClass;                        // default is [CALayer class]. Used when creating the underlying layer for the view.
/Users/admin/builder/spi-builder-workspace/Sources/Swiftilities/UIView+Swiftilities.swift:56:18: error: 'UIView' is unavailable in watchOS
 54 | //MARK: - Nib instantiation
 55 |
 56 | public extension UIView {
    |                  `- error: 'UIView' is unavailable in watchOS
 57 |
 58 |     /**
/Applications/Xcode-27.0.0-Release.Candidate.app/Contents/Developer/Platforms/WatchOS.platform/Developer/SDKs/WatchOS27.0.sdk/System/Library/Frameworks/UIKit.framework/Headers/UIView.h:152:12: note: 'UIView' has been explicitly marked unavailable here
150 |
151 | UIKIT_EXTERN API_AVAILABLE(ios(2.0)) API_UNAVAILABLE(watchos) NS_SWIFT_UI_ACTOR
152 | @interface UIView : UIResponder <NSCoding, UIAppearance, UIAppearanceContainer, UIDynamicItem, UITraitEnvironment, UICoordinateSpace, UIFocusItem, UIFocusItemContainer, CALayerDelegate>
    |            `- note: 'UIView' has been explicitly marked unavailable here
153 |
154 | @property(class, nonatomic, readonly) Class layerClass;                        // default is [CALayer class]. Used when creating the underlying layer for the view.
/Users/admin/builder/spi-builder-workspace/Sources/Swiftilities/UIView+Swiftilities.swift:126:33: error: 'UIView' is unavailable in watchOS
124 |                        duration: TimeInterval,
125 |                        after: TimeInterval,
126 |                        options: UIView.AnimationOptions,
    |                                 `- error: 'UIView' is unavailable in watchOS
127 |                        animations: @escaping (() -> ()),
128 |                        completion: ((Bool) -> ())? = nil) {
/Applications/Xcode-27.0.0-Release.Candidate.app/Contents/Developer/Platforms/WatchOS.platform/Developer/SDKs/WatchOS27.0.sdk/System/Library/Frameworks/UIKit.framework/Headers/UIView.h:152:12: note: 'UIView' has been explicitly marked unavailable here
150 |
151 | UIKIT_EXTERN API_AVAILABLE(ios(2.0)) API_UNAVAILABLE(watchos) NS_SWIFT_UI_ACTOR
152 | @interface UIView : UIResponder <NSCoding, UIAppearance, UIAppearanceContainer, UIDynamicItem, UITraitEnvironment, UICoordinateSpace, UIFocusItem, UIFocusItemContainer, CALayerDelegate>
    |            `- note: 'UIView' has been explicitly marked unavailable here
153 |
154 | @property(class, nonatomic, readonly) Class layerClass;                        // default is [CALayer class]. Used when creating the underlying layer for the view.
/Users/admin/builder/spi-builder-workspace/Sources/Swiftilities/UIView+Swiftilities.swift:83:18: error: 'UIView' is unavailable in watchOS
 81 | //MARK: - Animation
 82 |
 83 | public extension UIView {
    |                  `- error: 'UIView' is unavailable in watchOS
 84 |
 85 |     /**
/Applications/Xcode-27.0.0-Release.Candidate.app/Contents/Developer/Platforms/WatchOS.platform/Developer/SDKs/WatchOS27.0.sdk/System/Library/Frameworks/UIKit.framework/Headers/UIView.h:152:12: note: 'UIView' has been explicitly marked unavailable here
150 |
151 | UIKIT_EXTERN API_AVAILABLE(ios(2.0)) API_UNAVAILABLE(watchos) NS_SWIFT_UI_ACTOR
152 | @interface UIView : UIResponder <NSCoding, UIAppearance, UIAppearanceContainer, UIDynamicItem, UITraitEnvironment, UICoordinateSpace, UIFocusItem, UIFocusItemContainer, CALayerDelegate>
    |            `- note: 'UIView' has been explicitly marked unavailable here
153 |
154 | @property(class, nonatomic, readonly) Class layerClass;                        // default is [CALayer class]. Used when creating the underlying layer for the view.
/Users/admin/builder/spi-builder-workspace/Sources/Swiftilities/UIView+Swiftilities.swift:168:40: error: 'UIView' is unavailable in watchOS
166 |      - returns: the first view for which the predicate returns true, or nil if no such view is found.
167 |      */
168 |     func findView(matching predicate: (UIView) throws -> Bool) rethrows -> UIView? {
    |                                        `- error: 'UIView' is unavailable in watchOS
169 |
170 |             if try predicate(self) {
/Applications/Xcode-27.0.0-Release.Candidate.app/Contents/Developer/Platforms/WatchOS.platform/Developer/SDKs/WatchOS27.0.sdk/System/Library/Frameworks/UIKit.framework/Headers/UIView.h:152:12: note: 'UIView' has been explicitly marked unavailable here
150 |
151 | UIKIT_EXTERN API_AVAILABLE(ios(2.0)) API_UNAVAILABLE(watchos) NS_SWIFT_UI_ACTOR
152 | @interface UIView : UIResponder <NSCoding, UIAppearance, UIAppearanceContainer, UIDynamicItem, UITraitEnvironment, UICoordinateSpace, UIFocusItem, UIFocusItemContainer, CALayerDelegate>
    |            `- note: 'UIView' has been explicitly marked unavailable here
153 |
154 | @property(class, nonatomic, readonly) Class layerClass;                        // default is [CALayer class]. Used when creating the underlying layer for the view.
/Users/admin/builder/spi-builder-workspace/Sources/Swiftilities/UIView+Swiftilities.swift:168:76: error: 'UIView' is unavailable in watchOS
166 |      - returns: the first view for which the predicate returns true, or nil if no such view is found.
167 |      */
168 |     func findView(matching predicate: (UIView) throws -> Bool) rethrows -> UIView? {
    |                                                                            `- error: 'UIView' is unavailable in watchOS
169 |
170 |             if try predicate(self) {
/Applications/Xcode-27.0.0-Release.Candidate.app/Contents/Developer/Platforms/WatchOS.platform/Developer/SDKs/WatchOS27.0.sdk/System/Library/Frameworks/UIKit.framework/Headers/UIView.h:152:12: note: 'UIView' has been explicitly marked unavailable here
150 |
151 | UIKIT_EXTERN API_AVAILABLE(ios(2.0)) API_UNAVAILABLE(watchos) NS_SWIFT_UI_ACTOR
152 | @interface UIView : UIResponder <NSCoding, UIAppearance, UIAppearanceContainer, UIDynamicItem, UITraitEnvironment, UICoordinateSpace, UIFocusItem, UIFocusItemContainer, CALayerDelegate>
    |            `- note: 'UIView' has been explicitly marked unavailable here
153 |
154 | @property(class, nonatomic, readonly) Class layerClass;                        // default is [CALayer class]. Used when creating the underlying layer for the view.
/Users/admin/builder/spi-builder-workspace/Sources/Swiftilities/UIView+Swiftilities.swift:161:18: error: 'UIView' is unavailable in watchOS
159 | //MARK: - Searching
160 |
161 | public extension UIView {
    |                  `- error: 'UIView' is unavailable in watchOS
162 |
163 |     /**
/Applications/Xcode-27.0.0-Release.Candidate.app/Contents/Developer/Platforms/WatchOS.platform/Developer/SDKs/WatchOS27.0.sdk/System/Library/Frameworks/UIKit.framework/Headers/UIView.h:152:12: note: 'UIView' has been explicitly marked unavailable here
150 |
151 | UIKIT_EXTERN API_AVAILABLE(ios(2.0)) API_UNAVAILABLE(watchos) NS_SWIFT_UI_ACTOR
152 | @interface UIView : UIResponder <NSCoding, UIAppearance, UIAppearanceContainer, UIDynamicItem, UITraitEnvironment, UICoordinateSpace, UIFocusItem, UIFocusItemContainer, CALayerDelegate>
    |            `- note: 'UIView' has been explicitly marked unavailable here
153 |
154 | @property(class, nonatomic, readonly) Class layerClass;                        // default is [CALayer class]. Used when creating the underlying layer for the view.
/Users/admin/builder/spi-builder-workspace/Sources/Swiftilities/UIViewController+Swiftilities.swift:19:48: error: 'UIViewController' is unavailable in watchOS
17 |
18 |     ///Travels the chain of presented view controllers and returns the topmost view controller
19 |     func currentlyPresentedViewController() -> UIViewController {
   |                                                `- error: 'UIViewController' is unavailable in watchOS
20 |         var current = self
21 |
/Applications/Xcode-27.0.0-Release.Candidate.app/Contents/Developer/Platforms/WatchOS.platform/Developer/SDKs/WatchOS27.0.sdk/System/Library/Frameworks/UIKit.framework/Headers/UIViewController.h:104:12: note: 'UIViewController' has been explicitly marked unavailable here
102 |
103 | UIKIT_EXTERN API_AVAILABLE(ios(2.0)) API_UNAVAILABLE(watchos) NS_SWIFT_UI_ACTOR
104 | @interface UIViewController : UIResponder <NSCoding, UIAppearanceContainer, UITraitEnvironment, UIContentContainer, UIFocusEnvironment>
    |            `- note: 'UIViewController' has been explicitly marked unavailable here
105 |
106 | /*
/Users/admin/builder/spi-builder-workspace/Sources/Swiftilities/UIViewController+Swiftilities.swift:37:35: error: 'UIViewController' is unavailable in watchOS
35 |      - parameter constraints:           NSLayoutConstraints to be applied to the childs view. Defaults to centering the child view in the parent
36 |      */
37 |     func add(childViewController: UIViewController,
   |                                   `- error: 'UIViewController' is unavailable in watchOS
38 |              in parentView: UIView? = nil,
39 |              withConstraints constraints: [NSLayoutConstraint]? = nil) {
/Applications/Xcode-27.0.0-Release.Candidate.app/Contents/Developer/Platforms/WatchOS.platform/Developer/SDKs/WatchOS27.0.sdk/System/Library/Frameworks/UIKit.framework/Headers/UIViewController.h:104:12: note: 'UIViewController' has been explicitly marked unavailable here
102 |
103 | UIKIT_EXTERN API_AVAILABLE(ios(2.0)) API_UNAVAILABLE(watchos) NS_SWIFT_UI_ACTOR
104 | @interface UIViewController : UIResponder <NSCoding, UIAppearanceContainer, UITraitEnvironment, UIContentContainer, UIFocusEnvironment>
    |            `- note: 'UIViewController' has been explicitly marked unavailable here
105 |
106 | /*
/Users/admin/builder/spi-builder-workspace/Sources/Swiftilities/UIViewController+Swiftilities.swift:38:29: error: 'UIView' is unavailable in watchOS
36 |      */
37 |     func add(childViewController: UIViewController,
38 |              in parentView: UIView? = nil,
   |                             `- error: 'UIView' is unavailable in watchOS
39 |              withConstraints constraints: [NSLayoutConstraint]? = nil) {
40 |
/Applications/Xcode-27.0.0-Release.Candidate.app/Contents/Developer/Platforms/WatchOS.platform/Developer/SDKs/WatchOS27.0.sdk/System/Library/Frameworks/UIKit.framework/Headers/UIView.h:152:12: note: 'UIView' has been explicitly marked unavailable here
150 |
151 | UIKIT_EXTERN API_AVAILABLE(ios(2.0)) API_UNAVAILABLE(watchos) NS_SWIFT_UI_ACTOR
152 | @interface UIView : UIResponder <NSCoding, UIAppearance, UIAppearanceContainer, UIDynamicItem, UITraitEnvironment, UICoordinateSpace, UIFocusItem, UIFocusItemContainer, CALayerDelegate>
    |            `- note: 'UIView' has been explicitly marked unavailable here
153 |
154 | @property(class, nonatomic, readonly) Class layerClass;                        // default is [CALayer class]. Used when creating the underlying layer for the view.
/Users/admin/builder/spi-builder-workspace/Sources/Swiftilities/UIViewController+Swiftilities.swift:39:44: error: 'NSLayoutConstraint' is unavailable in watchOS
37 |     func add(childViewController: UIViewController,
38 |              in parentView: UIView? = nil,
39 |              withConstraints constraints: [NSLayoutConstraint]? = nil) {
   |                                            `- error: 'NSLayoutConstraint' is unavailable in watchOS
40 |
41 |         addChild(childViewController)
/Applications/Xcode-27.0.0-Release.Candidate.app/Contents/Developer/Platforms/WatchOS.platform/Developer/SDKs/WatchOS27.0.sdk/System/Library/Frameworks/UIKit.framework/Headers/NSLayoutConstraint.h:126:12: note: 'NSLayoutConstraint' has been explicitly marked unavailable here
124 |
125 | NSLAYOUTCONSTRAINT_EXTERN API_AVAILABLE(macos(10.7), ios(6.0), tvos(9.0)) API_UNAVAILABLE(watchos) NS_SWIFT_UI_ACTOR
126 | @interface NSLayoutConstraint : NSObject
    |            `- note: 'NSLayoutConstraint' has been explicitly marked unavailable here
127 |
128 | /* Create an array of constraints using an ASCII-art-like visual format string.  The values of the `metrics` dictionary should be NSNumber (or some other type that responds to -doubleValue and returns a double).
/Users/admin/builder/spi-builder-workspace/Sources/Swiftilities/UIViewController+Swiftilities.swift:11:18: error: 'UIViewController' is unavailable in watchOS
 9 | import UIKit
10 |
11 | public extension UIViewController {
   |                  `- error: 'UIViewController' is unavailable in watchOS
12 |
13 |     ///Utility method for simple dismissal
/Applications/Xcode-27.0.0-Release.Candidate.app/Contents/Developer/Platforms/WatchOS.platform/Developer/SDKs/WatchOS27.0.sdk/System/Library/Frameworks/UIKit.framework/Headers/UIViewController.h:104:12: note: 'UIViewController' has been explicitly marked unavailable here
102 |
103 | UIKIT_EXTERN API_AVAILABLE(ios(2.0)) API_UNAVAILABLE(watchos) NS_SWIFT_UI_ACTOR
104 | @interface UIViewController : UIResponder <NSCoding, UIAppearanceContainer, UITraitEnvironment, UIContentContainer, UIFocusEnvironment>
    |            `- note: 'UIViewController' has been explicitly marked unavailable here
105 |
106 | /*
Failed frontend command:
/Applications/Xcode-27.0.0-Release.Candidate.app/Contents/Developer/Toolchains/XcodeDefault.xctoolchain/usr/bin/swift-frontend -frontend -emit-module -experimental-skip-non-inlinable-function-bodies-without-types /Users/admin/builder/spi-builder-workspace/Sources/Swiftilities/Array+Swiftilities.swift /Users/admin/builder/spi-builder-workspace/Sources/Swiftilities/Bool+Swiftilities.swift /Users/admin/builder/spi-builder-workspace/Sources/Swiftilities/Collection+Swiftilities.swift /Users/admin/builder/spi-builder-workspace/Sources/Swiftilities/Data+Swiftilities.swift /Users/admin/builder/spi-builder-workspace/Sources/Swiftilities/Dictionary+Swiftilities.swift /Users/admin/builder/spi-builder-workspace/Sources/Swiftilities/Double+Swiftilities.swift /Users/admin/builder/spi-builder-workspace/Sources/Swiftilities/Float+Swiftilities.swift /Users/admin/builder/spi-builder-workspace/Sources/Swiftilities/NibContainerView.swift /Users/admin/builder/spi-builder-workspace/Sources/Swiftilities/RandomAccessCollection+Swiftilities.swift /Users/admin/builder/spi-builder-workspace/Sources/Swiftilities/Sequence+Swiftilities.swift /Users/admin/builder/spi-builder-workspace/Sources/Swiftilities/SignedInteger+Swiftilities.swift /Users/admin/builder/spi-builder-workspace/Sources/Swiftilities/UIColor+Swiftilities.swift /Users/admin/builder/spi-builder-workspace/Sources/Swiftilities/UIImage+Swiftilities.swift /Users/admin/builder/spi-builder-workspace/Sources/Swiftilities/UIView+Swiftilities.swift /Users/admin/builder/spi-builder-workspace/Sources/Swiftilities/UIViewController+Swiftilities.swift -target arm64-apple-watchos9.0 -module-can-import-version UIKit 9127.0.84.1 9127.0.84 -disable-cross-import-overlay-search -load-resolved-plugin /Applications/Xcode-27.0.0-Release.Candidate.app/Contents/Developer/Platforms/WatchOS.platform/Developer/usr/lib/swift/host/plugins/libFoundationMacros.dylib\#/Applications/Xcode-27.0.0-Release.Candidate.app/Contents/Developer/Platforms/WatchOS.platform/Developer/usr/bin/swift-plugin-server\#FoundationMacros -load-resolved-plugin /Applications/Xcode-27.0.0-Release.Candidate.app/Contents/Developer/Platforms/WatchOS.platform/Developer/usr/lib/swift/host/plugins/libObservationMacros.dylib\#/Applications/Xcode-27.0.0-Release.Candidate.app/Contents/Developer/Platforms/WatchOS.platform/Developer/usr/bin/swift-plugin-server\#ObservationMacros -load-resolved-plugin /Applications/Xcode-27.0.0-Release.Candidate.app/Contents/Developer/Platforms/WatchOS.platform/Developer/usr/lib/swift/host/plugins/libSwiftMacros.dylib\#/Applications/Xcode-27.0.0-Release.Candidate.app/Contents/Developer/Platforms/WatchOS.platform/Developer/usr/bin/swift-plugin-server\#SwiftMacros -load-resolved-plugin /Applications/Xcode-27.0.0-Release.Candidate.app/Contents/Developer/Platforms/WatchOS.platform/Developer/usr/lib/swift/host/plugins/libSwiftUIMacros.dylib\#/Applications/Xcode-27.0.0-Release.Candidate.app/Contents/Developer/Platforms/WatchOS.platform/Developer/usr/bin/swift-plugin-server\#SwiftUIMacros -disable-implicit-swift-modules -Xcc -fno-implicit-modules -Xcc -fno-implicit-module-maps -explicit-swift-module-map-file /Users/admin/builder/spi-builder-workspace/.derivedData/Build/Intermediates.noindex/Swiftilities.build/Debug-watchos/Swiftilities-t.build/Objects-normal/arm64/Swiftilities-dependencies-2.json -Xllvm -aarch64-use-tbi -enable-objc-interop -stack-check -sdk /Applications/Xcode-27.0.0-Release.Candidate.app/Contents/Developer/Platforms/WatchOS.platform/Developer/SDKs/WatchOS27.0.sdk -I /Users/admin/builder/spi-builder-workspace/.derivedData/Build/Products/Debug-watchos -Isystem /Applications/Xcode-27.0.0-Release.Candidate.app/Contents/Developer/Platforms/WatchOS.platform/Developer/usr/lib -F /Users/admin/builder/spi-builder-workspace/.derivedData/Build/Products/Debug-watchos -F /Applications/Xcode-27.0.0-Release.Candidate.app/Contents/Developer/Platforms/WatchOS.platform/Developer/Library/Frameworks -F /Applications/Xcode-27.0.0-Release.Candidate.app/Contents/Developer/Platforms/WatchOS.platform/Developer/SDKs/WatchOS27.0.sdk/Developer/Library/Frameworks -module-cache-path /Users/admin/builder/spi-builder-workspace/.derivedData/Build/Intermediates.noindex/SwiftExplicitPrecompiledModules -no-color-diagnostics -Xcc -fno-color-diagnostics -enable-testing -g -debug-info-format\=dwarf -dwarf-version\=4 -profile-generate -profile-coverage-mapping -swift-version 5 -Onone -D SWIFT_PACKAGE -D DEBUG -D SWIFT_MODULE_RESOURCE_BUNDLE_UNAVAILABLE -D Xcode -serialize-debugging-options -enable-experimental-feature DebugDescriptionMacro -empty-abi-descriptor -validate-clang-modules-once -clang-build-session-file /Users/admin/builder/spi-builder-workspace/.derivedData/ModuleCache.noindex/Session.modulevalidation -Xcc -working-directory -Xcc /Users/admin/builder/spi-builder-workspace/.swiftpm/xcode -enable-anonymous-context-mangled-names -file-compilation-dir /Users/admin/builder/spi-builder-workspace/.swiftpm/xcode -Xcc -D_LIBCPP_HARDENING_MODE\=_LIBCPP_HARDENING_MODE_DEBUG -Xcc -ivfsstatcache -Xcc /Users/admin/builder/spi-builder-workspace/.derivedData/SDKStatCaches.noindex/watchos27.0-24R360-e829b21a6f8c9b70876ba0858053c04477534ef55a1706bf4c1112bbb242f0a2.sdkstatcache -Xcc -fmodules-prune-interval\=86400 -Xcc -fmodules-prune-after\=345600 -Xcc -I/Users/admin/builder/spi-builder-workspace/.derivedData/Build/Products/Debug-watchos/include -Xcc -I/Users/admin/builder/spi-builder-workspace/.derivedData/Build/Intermediates.noindex/Swiftilities.build/Debug-watchos/Swiftilities-t.build/DerivedSources-normal/arm64 -Xcc -I/Users/admin/builder/spi-builder-workspace/.derivedData/Build/Intermediates.noindex/Swiftilities.build/Debug-watchos/Swiftilities-t.build/DerivedSources/arm64 -Xcc -I/Users/admin/builder/spi-builder-workspace/.derivedData/Build/Intermediates.noindex/Swiftilities.build/Debug-watchos/Swiftilities-t.build/DerivedSources -Xcc -DSWIFT_PACKAGE -Xcc -DDEBUG\=1 -no-auto-bridging-header-chaining -module-name Swiftilities -const-gather-protocols-file /Users/admin/builder/spi-builder-workspace/.derivedData/Build/Intermediates.noindex/Swiftilities.build/Debug-watchos/Swiftilities-t.build/Objects-normal/arm64/Swiftilities_const_extract_protocols.json -disable-clang-spi -clang-target arm64-apple-watchos27.0 -target-sdk-version 27.0 -target-sdk-name watchos27.0 -in-process-plugin-server-path /Applications/Xcode-27.0.0-Release.Candidate.app/Contents/Developer/Toolchains/XcodeDefault.xctoolchain/usr/lib/swift/host/libSwiftInProcPluginServer.dylib -emit-module-doc-path /Users/admin/builder/spi-builder-workspace/.derivedData/Build/Intermediates.noindex/Swiftilities.build/Debug-watchos/Swiftilities-t.build/Objects-normal/arm64/Swiftilities.swiftdoc -emit-module-source-info-path /Users/admin/builder/spi-builder-workspace/.derivedData/Build/Intermediates.noindex/Swiftilities.build/Debug-watchos/Swiftilities-t.build/Objects-normal/arm64/Swiftilities.swiftsourceinfo -emit-objc-header-path /Users/admin/builder/spi-builder-workspace/.derivedData/Build/Intermediates.noindex/Swiftilities.build/Debug-watchos/Swiftilities-t.build/Objects-normal/arm64/Swiftilities-Swift.h -serialize-diagnostics-path /Users/admin/builder/spi-builder-workspace/.derivedData/Build/Intermediates.noindex/Swiftilities.build/Debug-watchos/Swiftilities-t.build/Objects-normal/arm64/Swiftilities-primary-emit-module.dia -emit-dependencies-path /Users/admin/builder/spi-builder-workspace/.derivedData/Build/Intermediates.noindex/Swiftilities.build/Debug-watchos/Swiftilities-t.build/Objects-normal/arm64/Swiftilities-primary-emit-module.d -parse-as-library -o /Users/admin/builder/spi-builder-workspace/.derivedData/Build/Intermediates.noindex/Swiftilities.build/Debug-watchos/Swiftilities-t.build/Objects-normal/arm64/Swiftilities.swiftmodule -emit-abi-descriptor-path /Users/admin/builder/spi-builder-workspace/.derivedData/Build/Intermediates.noindex/Swiftilities.build/Debug-watchos/Swiftilities-t.build/Objects-normal/arm64/Swiftilities.abi.json
SwiftCompile normal arm64 (in target 'Swiftilities' from project 'Swiftilities')
    cd /Users/admin/builder/spi-builder-workspace/.swiftpm/xcode

SwiftCompile normal arm64 Compiling\ UIView+Swiftilities.swift /Users/admin/builder/spi-builder-workspace/Sources/Swiftilities/UIView+Swiftilities.swift (in target 'Swiftilities' from project 'Swiftilities')
/Users/admin/builder/spi-builder-workspace/Sources/Swiftilities/UIView+Swiftilities.swift:42:35: error: 'UIView' is unavailable in watchOS
 40 |
 41 |     ///Centers the received subview in self
 42 |     func centerSubview(_ subview: UIView) {
    |                                   `- error: 'UIView' is unavailable in watchOS
 43 |         addSubview(subview)
 44 |         subview.translatesAutoresizingMaskIntoConstraints = false
/Applications/Xcode-27.0.0-Release.Candidate.app/Contents/Developer/Platforms/WatchOS.platform/Developer/SDKs/WatchOS27.0.sdk/System/Library/Frameworks/UIKit.framework/Headers/UIView.h:152:12: note: 'UIView' has been explicitly marked unavailable here
150 |
151 | UIKIT_EXTERN API_AVAILABLE(ios(2.0)) API_UNAVAILABLE(watchos) NS_SWIFT_UI_ACTOR
152 | @interface UIView : UIResponder <NSCoding, UIAppearance, UIAppearanceContainer, UIDynamicItem, UITraitEnvironment, UICoordinateSpace, UIFocusItem, UIFocusItemContainer, CALayerDelegate>
    |            `- note: 'UIView' has been explicitly marked unavailable here
153 |
154 | @property(class, nonatomic, readonly) Class layerClass;                        // default is [CALayer class]. Used when creating the underlying layer for the view.
/Users/admin/builder/spi-builder-workspace/Sources/Swiftilities/UIView+Swiftilities.swift:13:18: error: 'UIView' is unavailable in watchOS
 11 | //MARK: - Layout Utilities.
 12 |
 13 | public extension UIView {
    |                  `- error: 'UIView' is unavailable in watchOS
 14 |
 15 |     ///Traverses the tree of subviews and reports ambigious layout
/Applications/Xcode-27.0.0-Release.Candidate.app/Contents/Developer/Platforms/WatchOS.platform/Developer/SDKs/WatchOS27.0.sdk/System/Library/Frameworks/UIKit.framework/Headers/UIView.h:152:12: note: 'UIView' has been explicitly marked unavailable here
150 |
151 | UIKIT_EXTERN API_AVAILABLE(ios(2.0)) API_UNAVAILABLE(watchos) NS_SWIFT_UI_ACTOR
152 | @interface UIView : UIResponder <NSCoding, UIAppearance, UIAppearanceContainer, UIDynamicItem, UITraitEnvironment, UICoordinateSpace, UIFocusItem, UIFocusItemContainer, CALayerDelegate>
    |            `- note: 'UIView' has been explicitly marked unavailable here
153 |
154 | @property(class, nonatomic, readonly) Class layerClass;                        // default is [CALayer class]. Used when creating the underlying layer for the view.
/Users/admin/builder/spi-builder-workspace/Sources/Swiftilities/UIView+Swiftilities.swift:63:28: error: 'UIView' is unavailable in watchOS
 61 |      - returns: The loaded view
 62 |      */
 63 |     class func fromNib<T : UIView>(_ nib: String = String(describing: T.self)) -> T {
    |                            `- error: 'UIView' is unavailable in watchOS
 64 |         let view: T? = fromNib(nib)
 65 |         precondition(view != nil, "Error loading view '\(String(describing: T.self))' from nib '\(nib)'")
/Applications/Xcode-27.0.0-Release.Candidate.app/Contents/Developer/Platforms/WatchOS.platform/Developer/SDKs/WatchOS27.0.sdk/System/Library/Frameworks/UIKit.framework/Headers/UIView.h:152:12: note: 'UIView' has been explicitly marked unavailable here
150 |
151 | UIKIT_EXTERN API_AVAILABLE(ios(2.0)) API_UNAVAILABLE(watchos) NS_SWIFT_UI_ACTOR
152 | @interface UIView : UIResponder <NSCoding, UIAppearance, UIAppearanceContainer, UIDynamicItem, UITraitEnvironment, UICoordinateSpace, UIFocusItem, UIFocusItemContainer, CALayerDelegate>
    |            `- note: 'UIView' has been explicitly marked unavailable here
153 |
154 | @property(class, nonatomic, readonly) Class layerClass;                        // default is [CALayer class]. Used when creating the underlying layer for the view.
/Users/admin/builder/spi-builder-workspace/Sources/Swiftilities/UIView+Swiftilities.swift:74:28: error: 'UIView' is unavailable in watchOS
 72 |      - returns: The loaded view or nil if no view in the nib could not be loaded as 'T'
 73 |      */
 74 |     class func fromNib<T : UIView>(_ nib: String = String(describing: T.self)) -> T? {
    |                            `- error: 'UIView' is unavailable in watchOS
 75 |         let bundle = Bundle(for: T.self)
 76 |         let nibViews = bundle.loadNibNamed(nib, owner: nil, options: nil)
/Applications/Xcode-27.0.0-Release.Candidate.app/Contents/Developer/Platforms/WatchOS.platform/Developer/SDKs/WatchOS27.0.sdk/System/Library/Frameworks/UIKit.framework/Headers/UIView.h:152:12: note: 'UIView' has been explicitly marked unavailable here
150 |
151 | UIKIT_EXTERN API_AVAILABLE(ios(2.0)) API_UNAVAILABLE(watchos) NS_SWIFT_UI_ACTOR
152 | @interface UIView : UIResponder <NSCoding, UIAppearance, UIAppearanceContainer, UIDynamicItem, UITraitEnvironment, UICoordinateSpace, UIFocusItem, UIFocusItemContainer, CALayerDelegate>
    |            `- note: 'UIView' has been explicitly marked unavailable here
153 |
154 | @property(class, nonatomic, readonly) Class layerClass;                        // default is [CALayer class]. Used when creating the underlying layer for the view.
/Users/admin/builder/spi-builder-workspace/Sources/Swiftilities/UIView+Swiftilities.swift:56:18: error: 'UIView' is unavailable in watchOS
 54 | //MARK: - Nib instantiation
 55 |
 56 | public extension UIView {
    |                  `- error: 'UIView' is unavailable in watchOS
 57 |
 58 |     /**
/Applications/Xcode-27.0.0-Release.Candidate.app/Contents/Developer/Platforms/WatchOS.platform/Developer/SDKs/WatchOS27.0.sdk/System/Library/Frameworks/UIKit.framework/Headers/UIView.h:152:12: note: 'UIView' has been explicitly marked unavailable here
150 |
151 | UIKIT_EXTERN API_AVAILABLE(ios(2.0)) API_UNAVAILABLE(watchos) NS_SWIFT_UI_ACTOR
152 | @interface UIView : UIResponder <NSCoding, UIAppearance, UIAppearanceContainer, UIDynamicItem, UITraitEnvironment, UICoordinateSpace, UIFocusItem, UIFocusItemContainer, CALayerDelegate>
    |            `- note: 'UIView' has been explicitly marked unavailable here
153 |
154 | @property(class, nonatomic, readonly) Class layerClass;                        // default is [CALayer class]. Used when creating the underlying layer for the view.
/Users/admin/builder/spi-builder-workspace/Sources/Swiftilities/UIView+Swiftilities.swift:126:33: error: 'UIView' is unavailable in watchOS
124 |                        duration: TimeInterval,
125 |                        after: TimeInterval,
126 |                        options: UIView.AnimationOptions,
    |                                 `- error: 'UIView' is unavailable in watchOS
127 |                        animations: @escaping (() -> ()),
128 |                        completion: ((Bool) -> ())? = nil) {
/Applications/Xcode-27.0.0-Release.Candidate.app/Contents/Developer/Platforms/WatchOS.platform/Developer/SDKs/WatchOS27.0.sdk/System/Library/Frameworks/UIKit.framework/Headers/UIView.h:152:12: note: 'UIView' has been explicitly marked unavailable here
150 |
151 | UIKIT_EXTERN API_AVAILABLE(ios(2.0)) API_UNAVAILABLE(watchos) NS_SWIFT_UI_ACTOR
152 | @interface UIView : UIResponder <NSCoding, UIAppearance, UIAppearanceContainer, UIDynamicItem, UITraitEnvironment, UICoordinateSpace, UIFocusItem, UIFocusItemContainer, CALayerDelegate>
    |            `- note: 'UIView' has been explicitly marked unavailable here
153 |
154 | @property(class, nonatomic, readonly) Class layerClass;                        // default is [CALayer class]. Used when creating the underlying layer for the view.
/Users/admin/builder/spi-builder-workspace/Sources/Swiftilities/UIView+Swiftilities.swift:83:18: error: 'UIView' is unavailable in watchOS
 81 | //MARK: - Animation
 82 |
 83 | public extension UIView {
    |                  `- error: 'UIView' is unavailable in watchOS
 84 |
 85 |     /**
/Applications/Xcode-27.0.0-Release.Candidate.app/Contents/Developer/Platforms/WatchOS.platform/Developer/SDKs/WatchOS27.0.sdk/System/Library/Frameworks/UIKit.framework/Headers/UIView.h:152:12: note: 'UIView' has been explicitly marked unavailable here
150 |
151 | UIKIT_EXTERN API_AVAILABLE(ios(2.0)) API_UNAVAILABLE(watchos) NS_SWIFT_UI_ACTOR
152 | @interface UIView : UIResponder <NSCoding, UIAppearance, UIAppearanceContainer, UIDynamicItem, UITraitEnvironment, UICoordinateSpace, UIFocusItem, UIFocusItemContainer, CALayerDelegate>
    |            `- note: 'UIView' has been explicitly marked unavailable here
153 |
154 | @property(class, nonatomic, readonly) Class layerClass;                        // default is [CALayer class]. Used when creating the underlying layer for the view.
/Users/admin/builder/spi-builder-workspace/Sources/Swiftilities/UIView+Swiftilities.swift:168:40: error: 'UIView' is unavailable in watchOS
166 |      - returns: the first view for which the predicate returns true, or nil if no such view is found.
167 |      */
168 |     func findView(matching predicate: (UIView) throws -> Bool) rethrows -> UIView? {
    |                                        `- error: 'UIView' is unavailable in watchOS
169 |
170 |             if try predicate(self) {
/Applications/Xcode-27.0.0-Release.Candidate.app/Contents/Developer/Platforms/WatchOS.platform/Developer/SDKs/WatchOS27.0.sdk/System/Library/Frameworks/UIKit.framework/Headers/UIView.h:152:12: note: 'UIView' has been explicitly marked unavailable here
150 |
151 | UIKIT_EXTERN API_AVAILABLE(ios(2.0)) API_UNAVAILABLE(watchos) NS_SWIFT_UI_ACTOR
152 | @interface UIView : UIResponder <NSCoding, UIAppearance, UIAppearanceContainer, UIDynamicItem, UITraitEnvironment, UICoordinateSpace, UIFocusItem, UIFocusItemContainer, CALayerDelegate>
    |            `- note: 'UIView' has been explicitly marked unavailable here
153 |
154 | @property(class, nonatomic, readonly) Class layerClass;                        // default is [CALayer class]. Used when creating the underlying layer for the view.
/Users/admin/builder/spi-builder-workspace/Sources/Swiftilities/UIView+Swiftilities.swift:168:76: error: 'UIView' is unavailable in watchOS
166 |      - returns: the first view for which the predicate returns true, or nil if no such view is found.
167 |      */
168 |     func findView(matching predicate: (UIView) throws -> Bool) rethrows -> UIView? {
    |                                                                            `- error: 'UIView' is unavailable in watchOS
169 |
170 |             if try predicate(self) {
/Applications/Xcode-27.0.0-Release.Candidate.app/Contents/Developer/Platforms/WatchOS.platform/Developer/SDKs/WatchOS27.0.sdk/System/Library/Frameworks/UIKit.framework/Headers/UIView.h:152:12: note: 'UIView' has been explicitly marked unavailable here
150 |
151 | UIKIT_EXTERN API_AVAILABLE(ios(2.0)) API_UNAVAILABLE(watchos) NS_SWIFT_UI_ACTOR
152 | @interface UIView : UIResponder <NSCoding, UIAppearance, UIAppearanceContainer, UIDynamicItem, UITraitEnvironment, UICoordinateSpace, UIFocusItem, UIFocusItemContainer, CALayerDelegate>
    |            `- note: 'UIView' has been explicitly marked unavailable here
153 |
154 | @property(class, nonatomic, readonly) Class layerClass;                        // default is [CALayer class]. Used when creating the underlying layer for the view.
/Users/admin/builder/spi-builder-workspace/Sources/Swiftilities/UIView+Swiftilities.swift:161:18: error: 'UIView' is unavailable in watchOS
159 | //MARK: - Searching
160 |
161 | public extension UIView {
    |                  `- error: 'UIView' is unavailable in watchOS
162 |
163 |     /**
/Applications/Xcode-27.0.0-Release.Candidate.app/Contents/Developer/Platforms/WatchOS.platform/Developer/SDKs/WatchOS27.0.sdk/System/Library/Frameworks/UIKit.framework/Headers/UIView.h:152:12: note: 'UIView' has been explicitly marked unavailable here
150 |
151 | UIKIT_EXTERN API_AVAILABLE(ios(2.0)) API_UNAVAILABLE(watchos) NS_SWIFT_UI_ACTOR
152 | @interface UIView : UIResponder <NSCoding, UIAppearance, UIAppearanceContainer, UIDynamicItem, UITraitEnvironment, UICoordinateSpace, UIFocusItem, UIFocusItemContainer, CALayerDelegate>
    |            `- note: 'UIView' has been explicitly marked unavailable here
153 |
154 | @property(class, nonatomic, readonly) Class layerClass;                        // default is [CALayer class]. Used when creating the underlying layer for the view.
/Users/admin/builder/spi-builder-workspace/Sources/Swiftilities/UIView+Swiftilities.swift:45:9: error: 'NSLayoutConstraint' is unavailable in watchOS
 43 |         addSubview(subview)
 44 |         subview.translatesAutoresizingMaskIntoConstraints = false
 45 |         NSLayoutConstraint.activate([
    |         `- error: 'NSLayoutConstraint' is unavailable in watchOS
 46 |             subview.widthAnchor.constraint(equalTo: widthAnchor),
 47 |             subview.heightAnchor.constraint(equalTo: heightAnchor),
/Applications/Xcode-27.0.0-Release.Candidate.app/Contents/Developer/Platforms/WatchOS.platform/Developer/SDKs/WatchOS27.0.sdk/System/Library/Frameworks/UIKit.framework/Headers/NSLayoutConstraint.h:126:12: note: 'NSLayoutConstraint' has been explicitly marked unavailable here
124 |
125 | NSLAYOUTCONSTRAINT_EXTERN API_AVAILABLE(macos(10.7), ios(6.0), tvos(9.0)) API_UNAVAILABLE(watchos) NS_SWIFT_UI_ACTOR
126 | @interface NSLayoutConstraint : NSObject
    |            `- note: 'NSLayoutConstraint' has been explicitly marked unavailable here
127 |
128 | /* Create an array of constraints using an ASCII-art-like visual format string.  The values of the `metrics` dictionary should be NSNumber (or some other type that responds to -doubleValue and returns a double).
/Users/admin/builder/spi-builder-workspace/Sources/Swiftilities/UIView+Swiftilities.swift:76:31: error: 'loadNibNamed(_:owner:options:)' is unavailable in watchOS
 74 |     class func fromNib<T : UIView>(_ nib: String = String(describing: T.self)) -> T? {
 75 |         let bundle = Bundle(for: T.self)
 76 |         let nibViews = bundle.loadNibNamed(nib, owner: nil, options: nil)
    |                               `- error: 'loadNibNamed(_:owner:options:)' is unavailable in watchOS
 77 |         return nibViews?.first {$0 is T} as? T
 78 |     }
/Applications/Xcode-27.0.0-Release.Candidate.app/Contents/Developer/Platforms/WatchOS.platform/Developer/SDKs/WatchOS27.0.sdk/System/Library/Frameworks/UIKit.framework/Headers/UINibLoading.h:19:1: note: 'loadNibNamed(_:owner:options:)' has been explicitly marked unavailable here
17 |
18 | @interface NSBundle(UINibLoadingAdditions)
19 | - (nullable NSArray *)loadNibNamed:(NSString *)name owner:(nullable id)owner options:(nullable NSDictionary<UINibOptionsKey, id> *)options API_DEPRECATED("Loading Interface Builder products will not be supported in a future version of visionOS.", visionos(1.0, 1.0)) API_UNAVAILABLE(watchos);
   | `- note: 'loadNibNamed(_:owner:options:)' has been explicitly marked unavailable here
20 | @end
21 |
/Users/admin/builder/spi-builder-workspace/Sources/Swiftilities/UIView+Swiftilities.swift:92:9: error: 'CATransaction' is unavailable in watchOS
 90 |      */
 91 |     func animateTransition(duration: CFTimeInterval = 0.25, completion: (() -> ())? = nil) {
 92 |         CATransaction.begin()
    |         `- error: 'CATransaction' is unavailable in watchOS
 93 |         CATransaction.setCompletionBlock(completion)
 94 |
/Applications/Xcode-27.0.0-Release.Candidate.app/Contents/Developer/Platforms/WatchOS.platform/Developer/SDKs/WatchOS27.0.sdk/System/Library/Frameworks/QuartzCore.framework/Headers/CATransaction.h:34:12: note: 'CATransaction' has been explicitly marked unavailable here
 32 |
 33 | API_AVAILABLE(macos(10.5), ios(2.0), tvos(9.0)) API_UNAVAILABLE(watchos)
 34 | @interface CATransaction : NSObject
    |            `- note: 'CATransaction' has been explicitly marked unavailable here
 35 |
 36 | /* Begin a new transaction for the current thread; nests. */
/Users/admin/builder/spi-builder-workspace/Sources/Swiftilities/UIView+Swiftilities.swift:93:9: error: 'CATransaction' is unavailable in watchOS
 91 |     func animateTransition(duration: CFTimeInterval = 0.25, completion: (() -> ())? = nil) {
 92 |         CATransaction.begin()
 93 |         CATransaction.setCompletionBlock(completion)
    |         `- error: 'CATransaction' is unavailable in watchOS
 94 |
 95 |         let transition = CATransition()
/Applications/Xcode-27.0.0-Release.Candidate.app/Contents/Developer/Platforms/WatchOS.platform/Developer/SDKs/WatchOS27.0.sdk/System/Library/Frameworks/QuartzCore.framework/Headers/CATransaction.h:34:12: note: 'CATransaction' has been explicitly marked unavailable here
 32 |
 33 | API_AVAILABLE(macos(10.5), ios(2.0), tvos(9.0)) API_UNAVAILABLE(watchos)
 34 | @interface CATransaction : NSObject
    |            `- note: 'CATransaction' has been explicitly marked unavailable here
 35 |
 36 | /* Begin a new transaction for the current thread; nests. */
/Users/admin/builder/spi-builder-workspace/Sources/Swiftilities/UIView+Swiftilities.swift:95:26: error: 'CATransition' is unavailable in watchOS
 93 |         CATransaction.setCompletionBlock(completion)
 94 |
 95 |         let transition = CATransition()
    |                          `- error: 'CATransition' is unavailable in watchOS
 96 |         transition.duration = duration
 97 |         transition.timingFunction = CAMediaTimingFunction(name:CAMediaTimingFunctionName.easeInEaseOut)
/Applications/Xcode-27.0.0-Release.Candidate.app/Contents/Developer/Platforms/WatchOS.platform/Developer/SDKs/WatchOS27.0.sdk/System/Library/Frameworks/QuartzCore.framework/Headers/CAAnimation.h:323:12: note: 'CATransition' has been explicitly marked unavailable here
321 |
322 | API_AVAILABLE(macos(10.5), ios(2.0), tvos(9.0)) API_UNAVAILABLE(watchos)
323 | @interface CATransition : CAAnimation
    |            `- note: 'CATransition' has been explicitly marked unavailable here
324 |
325 | /* The name of the transition. Current legal transition types include
/Users/admin/builder/spi-builder-workspace/Sources/Swiftilities/UIView+Swiftilities.swift:97:37: error: 'CAMediaTimingFunction' is unavailable in watchOS
 95 |         let transition = CATransition()
 96 |         transition.duration = duration
 97 |         transition.timingFunction = CAMediaTimingFunction(name:CAMediaTimingFunctionName.easeInEaseOut)
    |                                     `- error: 'CAMediaTimingFunction' is unavailable in watchOS
 98 |         layer.add(transition, forKey: nil)
 99 |         CATransaction.commit()
/Applications/Xcode-27.0.0-Release.Candidate.app/Contents/Developer/Platforms/WatchOS.platform/Developer/SDKs/WatchOS27.0.sdk/System/Library/Frameworks/QuartzCore.framework/Headers/CAMediaTimingFunction.h:24:12: note: 'CAMediaTimingFunction' has been explicitly marked unavailable here
22 |
23 | API_AVAILABLE(macos(10.5), ios(2.0), tvos(9.0)) API_UNAVAILABLE(watchos)
24 | @interface CAMediaTimingFunction : NSObject <NSSecureCoding>
   |            `- note: 'CAMediaTimingFunction' has been explicitly marked unavailable here
25 | {
26 | @private
/Users/admin/builder/spi-builder-workspace/Sources/Swiftilities/UIView+Swiftilities.swift:97:64: error: 'CAMediaTimingFunctionName' is unavailable in watchOS
 95 |         let transition = CATransition()
 96 |         transition.duration = duration
 97 |         transition.timingFunction = CAMediaTimingFunction(name:CAMediaTimingFunctionName.easeInEaseOut)
    |                                                                `- error: 'CAMediaTimingFunctionName' is unavailable in watchOS
 98 |         layer.add(transition, forKey: nil)
 99 |         CATransaction.commit()
/Applications/Xcode-27.0.0-Release.Candidate.app/Contents/Developer/Platforms/WatchOS.platform/Developer/SDKs/WatchOS27.0.sdk/System/Library/Frameworks/QuartzCore.framework/Headers/CAMediaTimingFunction.h:15:20: note: 'CAMediaTimingFunctionName' has been explicitly marked unavailable here
13 | NS_HEADER_AUDIT_BEGIN(nullability, sendability)
14 |
15 | typedef NSString * CAMediaTimingFunctionName NS_TYPED_ENUM API_AVAILABLE(macos(10.5), ios(2.0), tvos(9.0)) API_UNAVAILABLE(watchos);
   |                    `- note: 'CAMediaTimingFunctionName' has been explicitly marked unavailable here
16 |
17 | /* Represents one segment of a function describing a timing curve. The
/Users/admin/builder/spi-builder-workspace/Sources/Swiftilities/UIView+Swiftilities.swift:97:90: error: 'easeInEaseOut' is unavailable in watchOS
 95 |         let transition = CATransition()
 96 |         transition.duration = duration
 97 |         transition.timingFunction = CAMediaTimingFunction(name:CAMediaTimingFunctionName.easeInEaseOut)
    |                                                                                          `- error: 'easeInEaseOut' is unavailable in watchOS
 98 |         layer.add(transition, forKey: nil)
 99 |         CATransaction.commit()
/Applications/Xcode-27.0.0-Release.Candidate.app/Contents/Developer/Platforms/WatchOS.platform/Developer/SDKs/WatchOS27.0.sdk/System/Library/Frameworks/QuartzCore.framework/Headers/CAMediaTimingFunction.h:60:43: note: 'easeInEaseOut' has been explicitly marked unavailable here
58 | CA_EXTERN CAMediaTimingFunctionName const kCAMediaTimingFunctionEaseOut
59 |     API_AVAILABLE(macos(10.5), ios(2.0), tvos(9.0)) API_UNAVAILABLE(watchos);
60 | CA_EXTERN CAMediaTimingFunctionName const kCAMediaTimingFunctionEaseInEaseOut
   |                                           `- note: 'easeInEaseOut' has been explicitly marked unavailable here
61 |     API_AVAILABLE(macos(10.5), ios(2.0), tvos(9.0)) API_UNAVAILABLE(watchos);
62 | CA_EXTERN CAMediaTimingFunctionName const kCAMediaTimingFunctionDefault
/Users/admin/builder/spi-builder-workspace/Sources/Swiftilities/UIView+Swiftilities.swift:99:9: error: 'CATransaction' is unavailable in watchOS
 97 |         transition.timingFunction = CAMediaTimingFunction(name:CAMediaTimingFunctionName.easeInEaseOut)
 98 |         layer.add(transition, forKey: nil)
 99 |         CATransaction.commit()
    |         `- error: 'CATransaction' is unavailable in watchOS
100 |     }
101 |
/Applications/Xcode-27.0.0-Release.Candidate.app/Contents/Developer/Platforms/WatchOS.platform/Developer/SDKs/WatchOS27.0.sdk/System/Library/Frameworks/QuartzCore.framework/Headers/CATransaction.h:34:12: note: 'CATransaction' has been explicitly marked unavailable here
 32 |
 33 | API_AVAILABLE(macos(10.5), ios(2.0), tvos(9.0)) API_UNAVAILABLE(watchos)
 34 | @interface CATransaction : NSObject
    |            `- note: 'CATransaction' has been explicitly marked unavailable here
 35 |
 36 | /* Begin a new transaction for the current thread; nests. */
/Users/admin/builder/spi-builder-workspace/Sources/Swiftilities/UIView+Swiftilities.swift:133:13: error: 'UIView' is unavailable in watchOS
131 |         //The delay call unwinds the call stack and works around possible drawing glitches.
132 |         func animate(times:Int) {
133 |             UIView.animate(withDuration: duration, delay: after,
    |             `- error: 'UIView' is unavailable in watchOS
134 |                            options: options, animations: animations) { done in
135 |                             CATransaction.begin()
/Applications/Xcode-27.0.0-Release.Candidate.app/Contents/Developer/Platforms/WatchOS.platform/Developer/SDKs/WatchOS27.0.sdk/System/Library/Frameworks/UIKit.framework/Headers/UIView.h:152:12: note: 'UIView' has been explicitly marked unavailable here
150 |
151 | UIKIT_EXTERN API_AVAILABLE(ios(2.0)) API_UNAVAILABLE(watchos) NS_SWIFT_UI_ACTOR
152 | @interface UIView : UIResponder <NSCoding, UIAppearance, UIAppearanceContainer, UIDynamicItem, UITraitEnvironment, UICoordinateSpace, UIFocusItem, UIFocusItemContainer, CALayerDelegate>
    |            `- note: 'UIView' has been explicitly marked unavailable here
153 |
154 | @property(class, nonatomic, readonly) Class layerClass;                        // default is [CALayer class]. Used when creating the underlying layer for the view.
/Users/admin/builder/spi-builder-workspace/Sources/Swiftilities/UIView+Swiftilities.swift:135:29: error: 'CATransaction' is unavailable in watchOS
133 |             UIView.animate(withDuration: duration, delay: after,
134 |                            options: options, animations: animations) { done in
135 |                             CATransaction.begin()
    |                             `- error: 'CATransaction' is unavailable in watchOS
136 |
137 |                             //Run the completion-block in a nestled transaction with its own completion block
/Applications/Xcode-27.0.0-Release.Candidate.app/Contents/Developer/Platforms/WatchOS.platform/Developer/SDKs/WatchOS27.0.sdk/System/Library/Frameworks/QuartzCore.framework/Headers/CATransaction.h:34:12: note: 'CATransaction' has been explicitly marked unavailable here
 32 |
 33 | API_AVAILABLE(macos(10.5), ios(2.0), tvos(9.0)) API_UNAVAILABLE(watchos)
 34 | @interface CATransaction : NSObject
    |            `- note: 'CATransaction' has been explicitly marked unavailable here
 35 |
 36 | /* Begin a new transaction for the current thread; nests. */
/Users/admin/builder/spi-builder-workspace/Sources/Swiftilities/UIView+Swiftilities.swift:139:29: error: 'CATransaction' is unavailable in watchOS
137 |                             //Run the completion-block in a nestled transaction with its own completion block
138 |                             //in case the completion block is a transaction (e.g. animation) of its own
139 |                             CATransaction.setCompletionBlock {
    |                             `- error: 'CATransaction' is unavailable in watchOS
140 |                                 if times > 0 {
141 |                                     DispatchQueue.main.asyncAfter(deadline: DispatchTime.now()) {
/Applications/Xcode-27.0.0-Release.Candidate.app/Contents/Developer/Platforms/WatchOS.platform/Developer/SDKs/WatchOS27.0.sdk/System/Library/Frameworks/QuartzCore.framework/Headers/CATransaction.h:34:12: note: 'CATransaction' has been explicitly marked unavailable here
 32 |
 33 | API_AVAILABLE(macos(10.5), ios(2.0), tvos(9.0)) API_UNAVAILABLE(watchos)
 34 | @interface CATransaction : NSObject
    |            `- note: 'CATransaction' has been explicitly marked unavailable here
 35 |
 36 | /* Begin a new transaction for the current thread; nests. */
SwiftCompile normal arm64 /Users/admin/builder/spi-builder-workspace/Sources/Swiftilities/UIView+Swiftilities.swift (in target 'Swiftilities' from project 'Swiftilities')
    cd /Users/admin/builder/spi-builder-workspace/.swiftpm/xcode
    builtin-SwiftPerFileCompile UIView+Swiftilities.swift
SwiftEmitModule normal arm64_32 Emitting\ module\ for\ Swiftilities (in target 'Swiftilities' from project 'Swiftilities')
SwiftCompile normal arm64_32 (in target 'Swiftilities' from project 'Swiftilities')
    cd /Users/admin/builder/spi-builder-workspace/.swiftpm/xcode

PruneExplicitPrecompiledModules /Users/admin/builder/spi-builder-workspace/.derivedData/Build/Intermediates.noindex/ExplicitPrecompiledModules
PruneExplicitPrecompiledModules /Users/admin/builder/spi-builder-workspace/.derivedData/Build/Intermediates.noindex/SwiftExplicitPrecompiledModules
PruneExplicitPrecompiledModules /Users/admin/builder/spi-builder-workspace/.derivedData/SDKExplicitPrecompiledModules
2026-09-16 13:25:35.570 xcodebuild[784:4780] [MT] IDERunDestination: Supported platforms for the buildables in the current scheme is empty.
** BUILD FAILED **
The following build commands failed:
	SwiftEmitModule normal arm64 Emitting\ module\ for\ Swiftilities (in target 'Swiftilities' from project 'Swiftilities')
	SwiftCompile normal arm64 (in target 'Swiftilities' from project 'Swiftilities')
	Building workspace Swiftilities with scheme Swiftilities
(3 failures)
BUILD FAILURE 6.4 watchOS