The Swift Package Index logo.Swift Package Index

Build Information

Failed to build JWSETKit, reference 2.2.2 (5b5bdc), with Swift 6.1 for Wasm on 29 Aug 2026 10:28:34 UTC.

Build Command

bash -c docker run --pull=always --rm -v "checkouts-53886770-0":/host -w "$PWD" -e JAVA_HOME="/root/.sdkman/candidates/java/current" -e SPI_BUILD="1" -e SPI_PROCESSING="1" registry.gitlab.com/saguaro1/spi-images:wasm-6.1-latest swift build --swift-sdk wasm32-unknown-wasi 2>&1

Build Log

[477/768] Compiling DequeModule RigidDeque+Descriptions.swift
<unknown>:0: warning: upcoming feature 'InferSendableFromCaptures' is already enabled as of Swift version 6
<unknown>:0: warning: upcoming feature 'GlobalActorIsolatedTypesUsability' is already enabled as of Swift version 6
<unknown>:0: warning: upcoming feature 'DisableOutwardActorInference' is already enabled as of Swift version 6
[478/768] Compiling DequeModule RigidDeque+Removals.swift
<unknown>:0: warning: upcoming feature 'InferSendableFromCaptures' is already enabled as of Swift version 6
<unknown>:0: warning: upcoming feature 'GlobalActorIsolatedTypesUsability' is already enabled as of Swift version 6
<unknown>:0: warning: upcoming feature 'DisableOutwardActorInference' is already enabled as of Swift version 6
[479/768] Compiling DequeModule RigidDeque+Replacements.swift
<unknown>:0: warning: upcoming feature 'InferSendableFromCaptures' is already enabled as of Swift version 6
<unknown>:0: warning: upcoming feature 'GlobalActorIsolatedTypesUsability' is already enabled as of Swift version 6
<unknown>:0: warning: upcoming feature 'DisableOutwardActorInference' is already enabled as of Swift version 6
[480/768] Compiling DequeModule RigidDeque+Testing.swift
<unknown>:0: warning: upcoming feature 'InferSendableFromCaptures' is already enabled as of Swift version 6
<unknown>:0: warning: upcoming feature 'GlobalActorIsolatedTypesUsability' is already enabled as of Swift version 6
<unknown>:0: warning: upcoming feature 'DisableOutwardActorInference' is already enabled as of Swift version 6
[481/768] Compiling DequeModule RigidDeque.swift
<unknown>:0: warning: upcoming feature 'InferSendableFromCaptures' is already enabled as of Swift version 6
<unknown>:0: warning: upcoming feature 'GlobalActorIsolatedTypesUsability' is already enabled as of Swift version 6
<unknown>:0: warning: upcoming feature 'DisableOutwardActorInference' is already enabled as of Swift version 6
[482/768] Compiling DequeModule UniqueDeque+Append.swift
<unknown>:0: warning: upcoming feature 'InferSendableFromCaptures' is already enabled as of Swift version 6
<unknown>:0: warning: upcoming feature 'GlobalActorIsolatedTypesUsability' is already enabled as of Swift version 6
<unknown>:0: warning: upcoming feature 'DisableOutwardActorInference' is already enabled as of Swift version 6
[483/768] Compiling DequeModule UniqueDeque+Consumption.swift
<unknown>:0: warning: upcoming feature 'InferSendableFromCaptures' is already enabled as of Swift version 6
<unknown>:0: warning: upcoming feature 'GlobalActorIsolatedTypesUsability' is already enabled as of Swift version 6
<unknown>:0: warning: upcoming feature 'DisableOutwardActorInference' is already enabled as of Swift version 6
[484/768] Emitting module _RopeModule
[486/769] Compiling DequeModule Deque+Codable.swift
<unknown>:0: warning: upcoming feature 'InferSendableFromCaptures' is already enabled as of Swift version 6
<unknown>:0: warning: upcoming feature 'GlobalActorIsolatedTypesUsability' is already enabled as of Swift version 6
<unknown>:0: warning: upcoming feature 'DisableOutwardActorInference' is already enabled as of Swift version 6
[487/769] Compiling DequeModule Deque+Collection.swift
<unknown>:0: warning: upcoming feature 'InferSendableFromCaptures' is already enabled as of Swift version 6
<unknown>:0: warning: upcoming feature 'GlobalActorIsolatedTypesUsability' is already enabled as of Swift version 6
<unknown>:0: warning: upcoming feature 'DisableOutwardActorInference' is already enabled as of Swift version 6
[488/769] Compiling DequeModule Deque+CustomReflectable.swift
<unknown>:0: warning: upcoming feature 'InferSendableFromCaptures' is already enabled as of Swift version 6
<unknown>:0: warning: upcoming feature 'GlobalActorIsolatedTypesUsability' is already enabled as of Swift version 6
<unknown>:0: warning: upcoming feature 'DisableOutwardActorInference' is already enabled as of Swift version 6
[489/769] Compiling DequeModule Deque+Descriptions.swift
<unknown>:0: warning: upcoming feature 'InferSendableFromCaptures' is already enabled as of Swift version 6
<unknown>:0: warning: upcoming feature 'GlobalActorIsolatedTypesUsability' is already enabled as of Swift version 6
<unknown>:0: warning: upcoming feature 'DisableOutwardActorInference' is already enabled as of Swift version 6
[490/769] Compiling DequeModule Deque+Equatable.swift
<unknown>:0: warning: upcoming feature 'InferSendableFromCaptures' is already enabled as of Swift version 6
<unknown>:0: warning: upcoming feature 'GlobalActorIsolatedTypesUsability' is already enabled as of Swift version 6
<unknown>:0: warning: upcoming feature 'DisableOutwardActorInference' is already enabled as of Swift version 6
[491/769] Compiling DequeModule Deque+ExpressibleByArrayLiteral.swift
<unknown>:0: warning: upcoming feature 'InferSendableFromCaptures' is already enabled as of Swift version 6
<unknown>:0: warning: upcoming feature 'GlobalActorIsolatedTypesUsability' is already enabled as of Swift version 6
<unknown>:0: warning: upcoming feature 'DisableOutwardActorInference' is already enabled as of Swift version 6
[491/769] Compiling x509cset.cc
[493/769] Emitting module OrderedCollections
<unknown>:0: warning: upcoming feature 'InferSendableFromCaptures' is already enabled as of Swift version 6
<unknown>:0: warning: upcoming feature 'GlobalActorIsolatedTypesUsability' is already enabled as of Swift version 6
<unknown>:0: warning: upcoming feature 'DisableOutwardActorInference' is already enabled as of Swift version 6
[494/770] Compiling DequeModule Deque.swift
<unknown>:0: warning: upcoming feature 'InferSendableFromCaptures' is already enabled as of Swift version 6
<unknown>:0: warning: upcoming feature 'GlobalActorIsolatedTypesUsability' is already enabled as of Swift version 6
<unknown>:0: warning: upcoming feature 'DisableOutwardActorInference' is already enabled as of Swift version 6
<unknown>:0: warning: upcoming feature 'InferSendableFromCaptures' is already enabled as of Swift version 6
<unknown>:0: warning: upcoming feature 'GlobalActorIsolatedTypesUsability' is already enabled as of Swift version 6
<unknown>:0: warning: upcoming feature 'DisableOutwardActorInference' is already enabled as of Swift version 6
<unknown>:0: warning: upcoming feature 'InferSendableFromCaptures' is already enabled as of Swift version 6
<unknown>:0: warning: upcoming feature 'GlobalActorIsolatedTypesUsability' is already enabled as of Swift version 6
<unknown>:0: warning: upcoming feature 'DisableOutwardActorInference' is already enabled as of Swift version 6
<unknown>:0: warning: upcoming feature 'InferSendableFromCaptures' is already enabled as of Swift version 6
<unknown>:0: warning: upcoming feature 'GlobalActorIsolatedTypesUsability' is already enabled as of Swift version 6
<unknown>:0: warning: upcoming feature 'DisableOutwardActorInference' is already enabled as of Swift version 6
<unknown>:0: warning: upcoming feature 'InferSendableFromCaptures' is already enabled as of Swift version 6
<unknown>:0: warning: upcoming feature 'GlobalActorIsolatedTypesUsability' is already enabled as of Swift version 6
<unknown>:0: warning: upcoming feature 'DisableOutwardActorInference' is already enabled as of Swift version 6
<unknown>:0: warning: upcoming feature 'InferSendableFromCaptures' is already enabled as of Swift version 6
<unknown>:0: warning: upcoming feature 'GlobalActorIsolatedTypesUsability' is already enabled as of Swift version 6
<unknown>:0: warning: upcoming feature 'DisableOutwardActorInference' is already enabled as of Swift version 6
<unknown>:0: warning: upcoming feature 'InferSendableFromCaptures' is already enabled as of Swift version 6
<unknown>:0: warning: upcoming feature 'GlobalActorIsolatedTypesUsability' is already enabled as of Swift version 6
<unknown>:0: warning: upcoming feature 'DisableOutwardActorInference' is already enabled as of Swift version 6
<unknown>:0: warning: upcoming feature 'InferSendableFromCaptures' is already enabled as of Swift version 6
<unknown>:0: warning: upcoming feature 'GlobalActorIsolatedTypesUsability' is already enabled as of Swift version 6
<unknown>:0: warning: upcoming feature 'DisableOutwardActorInference' is already enabled as of Swift version 6
<unknown>:0: warning: upcoming feature 'InferSendableFromCaptures' is already enabled as of Swift version 6
<unknown>:0: warning: upcoming feature 'GlobalActorIsolatedTypesUsability' is already enabled as of Swift version 6
<unknown>:0: warning: upcoming feature 'DisableOutwardActorInference' is already enabled as of Swift version 6
<unknown>:0: warning: upcoming feature 'InferSendableFromCaptures' is already enabled as of Swift version 6
<unknown>:0: warning: upcoming feature 'GlobalActorIsolatedTypesUsability' is already enabled as of Swift version 6
<unknown>:0: warning: upcoming feature 'DisableOutwardActorInference' is already enabled as of Swift version 6
<unknown>:0: warning: upcoming feature 'InferSendableFromCaptures' is already enabled as of Swift version 6
<unknown>:0: warning: upcoming feature 'GlobalActorIsolatedTypesUsability' is already enabled as of Swift version 6
<unknown>:0: warning: upcoming feature 'DisableOutwardActorInference' is already enabled as of Swift version 6
<unknown>:0: warning: upcoming feature 'InferSendableFromCaptures' is already enabled as of Swift version 6
<unknown>:0: warning: upcoming feature 'GlobalActorIsolatedTypesUsability' is already enabled as of Swift version 6
<unknown>:0: warning: upcoming feature 'DisableOutwardActorInference' is already enabled as of Swift version 6
<unknown>:0: warning: upcoming feature 'InferSendableFromCaptures' is already enabled as of Swift version 6
<unknown>:0: warning: upcoming feature 'GlobalActorIsolatedTypesUsability' is already enabled as of Swift version 6
<unknown>:0: warning: upcoming feature 'DisableOutwardActorInference' is already enabled as of Swift version 6
<unknown>:0: warning: upcoming feature 'InferSendableFromCaptures' is already enabled as of Swift version 6
<unknown>:0: warning: upcoming feature 'GlobalActorIsolatedTypesUsability' is already enabled as of Swift version 6
<unknown>:0: warning: upcoming feature 'DisableOutwardActorInference' is already enabled as of Swift version 6
<unknown>:0: warning: upcoming feature 'InferSendableFromCaptures' is already enabled as of Swift version 6
<unknown>:0: warning: upcoming feature 'GlobalActorIsolatedTypesUsability' is already enabled as of Swift version 6
<unknown>:0: warning: upcoming feature 'DisableOutwardActorInference' is already enabled as of Swift version 6
<unknown>:0: warning: upcoming feature 'InferSendableFromCaptures' is already enabled as of Swift version 6
<unknown>:0: warning: upcoming feature 'GlobalActorIsolatedTypesUsability' is already enabled as of Swift version 6
<unknown>:0: warning: upcoming feature 'DisableOutwardActorInference' is already enabled as of Swift version 6
<unknown>:0: warning: upcoming feature 'InferSendableFromCaptures' is already enabled as of Swift version 6
<unknown>:0: warning: upcoming feature 'GlobalActorIsolatedTypesUsability' is already enabled as of Swift version 6
<unknown>:0: warning: upcoming feature 'DisableOutwardActorInference' is already enabled as of Swift version 6
<unknown>:0: warning: upcoming feature 'InferSendableFromCaptures' is already enabled as of Swift version 6
<unknown>:0: warning: upcoming feature 'GlobalActorIsolatedTypesUsability' is already enabled as of Swift version 6
<unknown>:0: warning: upcoming feature 'DisableOutwardActorInference' is already enabled as of Swift version 6
[512/770] Compiling DequeModule UniqueDeque+Replacements.swift
<unknown>:0: warning: upcoming feature 'InferSendableFromCaptures' is already enabled as of Swift version 6
<unknown>:0: warning: upcoming feature 'GlobalActorIsolatedTypesUsability' is already enabled as of Swift version 6
<unknown>:0: warning: upcoming feature 'DisableOutwardActorInference' is already enabled as of Swift version 6
[513/770] Compiling DequeModule UniqueDeque.swift
<unknown>:0: warning: upcoming feature 'InferSendableFromCaptures' is already enabled as of Swift version 6
<unknown>:0: warning: upcoming feature 'GlobalActorIsolatedTypesUsability' is already enabled as of Swift version 6
<unknown>:0: warning: upcoming feature 'DisableOutwardActorInference' is already enabled as of Swift version 6
[514/770] Compiling DequeModule _DequeSlot.swift
<unknown>:0: warning: upcoming feature 'InferSendableFromCaptures' is already enabled as of Swift version 6
<unknown>:0: warning: upcoming feature 'GlobalActorIsolatedTypesUsability' is already enabled as of Swift version 6
<unknown>:0: warning: upcoming feature 'DisableOutwardActorInference' is already enabled as of Swift version 6
[515/770] Compiling DequeModule _UnsafeDequeHandle.swift
<unknown>:0: warning: upcoming feature 'InferSendableFromCaptures' is already enabled as of Swift version 6
<unknown>:0: warning: upcoming feature 'GlobalActorIsolatedTypesUsability' is already enabled as of Swift version 6
<unknown>:0: warning: upcoming feature 'DisableOutwardActorInference' is already enabled as of Swift version 6
<unknown>:0: warning: upcoming feature 'InferSendableFromCaptures' is already enabled as of Swift version 6
<unknown>:0: warning: upcoming feature 'GlobalActorIsolatedTypesUsability' is already enabled as of Swift version 6
<unknown>:0: warning: upcoming feature 'DisableOutwardActorInference' is already enabled as of Swift version 6
<unknown>:0: warning: upcoming feature 'InferSendableFromCaptures' is already enabled as of Swift version 6
<unknown>:0: warning: upcoming feature 'GlobalActorIsolatedTypesUsability' is already enabled as of Swift version 6
<unknown>:0: warning: upcoming feature 'DisableOutwardActorInference' is already enabled as of Swift version 6
<unknown>:0: warning: upcoming feature 'InferSendableFromCaptures' is already enabled as of Swift version 6
<unknown>:0: warning: upcoming feature 'GlobalActorIsolatedTypesUsability' is already enabled as of Swift version 6
<unknown>:0: warning: upcoming feature 'DisableOutwardActorInference' is already enabled as of Swift version 6
<unknown>:0: warning: upcoming feature 'InferSendableFromCaptures' is already enabled as of Swift version 6
<unknown>:0: warning: upcoming feature 'GlobalActorIsolatedTypesUsability' is already enabled as of Swift version 6
<unknown>:0: warning: upcoming feature 'DisableOutwardActorInference' is already enabled as of Swift version 6
<unknown>:0: warning: upcoming feature 'InferSendableFromCaptures' is already enabled as of Swift version 6
<unknown>:0: warning: upcoming feature 'GlobalActorIsolatedTypesUsability' is already enabled as of Swift version 6
<unknown>:0: warning: upcoming feature 'DisableOutwardActorInference' is already enabled as of Swift version 6
<unknown>:0: warning: upcoming feature 'InferSendableFromCaptures' is already enabled as of Swift version 6
<unknown>:0: warning: upcoming feature 'GlobalActorIsolatedTypesUsability' is already enabled as of Swift version 6
<unknown>:0: warning: upcoming feature 'DisableOutwardActorInference' is already enabled as of Swift version 6
[522/770] Compiling DequeModule Deque+Extras.swift
<unknown>:0: warning: upcoming feature 'InferSendableFromCaptures' is already enabled as of Swift version 6
<unknown>:0: warning: upcoming feature 'GlobalActorIsolatedTypesUsability' is already enabled as of Swift version 6
<unknown>:0: warning: upcoming feature 'DisableOutwardActorInference' is already enabled as of Swift version 6
[523/770] Compiling DequeModule Deque+Hashable.swift
<unknown>:0: warning: upcoming feature 'InferSendableFromCaptures' is already enabled as of Swift version 6
<unknown>:0: warning: upcoming feature 'GlobalActorIsolatedTypesUsability' is already enabled as of Swift version 6
<unknown>:0: warning: upcoming feature 'DisableOutwardActorInference' is already enabled as of Swift version 6
[524/770] Compiling DequeModule Deque+Testing.swift
<unknown>:0: warning: upcoming feature 'InferSendableFromCaptures' is already enabled as of Swift version 6
<unknown>:0: warning: upcoming feature 'GlobalActorIsolatedTypesUsability' is already enabled as of Swift version 6
<unknown>:0: warning: upcoming feature 'DisableOutwardActorInference' is already enabled as of Swift version 6
[525/770] Compiling DequeModule Deque._Storage.swift
<unknown>:0: warning: upcoming feature 'InferSendableFromCaptures' is already enabled as of Swift version 6
<unknown>:0: warning: upcoming feature 'GlobalActorIsolatedTypesUsability' is already enabled as of Swift version 6
<unknown>:0: warning: upcoming feature 'DisableOutwardActorInference' is already enabled as of Swift version 6
[526/770] Compiling DequeModule Deque._UnsafeHandle.swift
<unknown>:0: warning: upcoming feature 'InferSendableFromCaptures' is already enabled as of Swift version 6
<unknown>:0: warning: upcoming feature 'GlobalActorIsolatedTypesUsability' is already enabled as of Swift version 6
<unknown>:0: warning: upcoming feature 'DisableOutwardActorInference' is already enabled as of Swift version 6
[527/770] Compiling x509name.cc
[528/770] Compiling x509_vfy.cc
[529/770] Compiling x509_vpm.cc
<unknown>:0: warning: upcoming feature 'InferSendableFromCaptures' is already enabled as of Swift version 6
<unknown>:0: warning: upcoming feature 'GlobalActorIsolatedTypesUsability' is already enabled as of Swift version 6
<unknown>:0: warning: upcoming feature 'DisableOutwardActorInference' is already enabled as of Swift version 6
<unknown>:0: warning: upcoming feature 'InferSendableFromCaptures' is already enabled as of Swift version 6
<unknown>:0: warning: upcoming feature 'GlobalActorIsolatedTypesUsability' is already enabled as of Swift version 6
<unknown>:0: warning: upcoming feature 'DisableOutwardActorInference' is already enabled as of Swift version 6
<unknown>:0: warning: upcoming feature 'InferSendableFromCaptures' is already enabled as of Swift version 6
<unknown>:0: warning: upcoming feature 'GlobalActorIsolatedTypesUsability' is already enabled as of Swift version 6
<unknown>:0: warning: upcoming feature 'DisableOutwardActorInference' is already enabled as of Swift version 6
<unknown>:0: warning: upcoming feature 'InferSendableFromCaptures' is already enabled as of Swift version 6
<unknown>:0: warning: upcoming feature 'GlobalActorIsolatedTypesUsability' is already enabled as of Swift version 6
<unknown>:0: warning: upcoming feature 'DisableOutwardActorInference' is already enabled as of Swift version 6
<unknown>:0: warning: upcoming feature 'InferSendableFromCaptures' is already enabled as of Swift version 6
<unknown>:0: warning: upcoming feature 'GlobalActorIsolatedTypesUsability' is already enabled as of Swift version 6
<unknown>:0: warning: upcoming feature 'DisableOutwardActorInference' is already enabled as of Swift version 6
<unknown>:0: warning: upcoming feature 'InferSendableFromCaptures' is already enabled as of Swift version 6
<unknown>:0: warning: upcoming feature 'GlobalActorIsolatedTypesUsability' is already enabled as of Swift version 6
<unknown>:0: warning: upcoming feature 'DisableOutwardActorInference' is already enabled as of Swift version 6
[536/770] Compiling x509_txt.cc
[538/770] Emitting module HashTreeCollections
<unknown>:0: warning: upcoming feature 'InferSendableFromCaptures' is already enabled as of Swift version 6
<unknown>:0: warning: upcoming feature 'GlobalActorIsolatedTypesUsability' is already enabled as of Swift version 6
<unknown>:0: warning: upcoming feature 'DisableOutwardActorInference' is already enabled as of Swift version 6
[538/771] Compiling x509_v3.cc
[540/771] Compiling x509_trs.cc
<unknown>:0: warning: upcoming feature 'InferSendableFromCaptures' is already enabled as of Swift version 6
<unknown>:0: warning: upcoming feature 'GlobalActorIsolatedTypesUsability' is already enabled as of Swift version 6
<unknown>:0: warning: upcoming feature 'DisableOutwardActorInference' is already enabled as of Swift version 6
<unknown>:0: warning: upcoming feature 'InferSendableFromCaptures' is already enabled as of Swift version 6
<unknown>:0: warning: upcoming feature 'GlobalActorIsolatedTypesUsability' is already enabled as of Swift version 6
<unknown>:0: warning: upcoming feature 'DisableOutwardActorInference' is already enabled as of Swift version 6
<unknown>:0: warning: upcoming feature 'InferSendableFromCaptures' is already enabled as of Swift version 6
<unknown>:0: warning: upcoming feature 'GlobalActorIsolatedTypesUsability' is already enabled as of Swift version 6
<unknown>:0: warning: upcoming feature 'DisableOutwardActorInference' is already enabled as of Swift version 6
<unknown>:0: warning: upcoming feature 'InferSendableFromCaptures' is already enabled as of Swift version 6
<unknown>:0: warning: upcoming feature 'GlobalActorIsolatedTypesUsability' is already enabled as of Swift version 6
<unknown>:0: warning: upcoming feature 'DisableOutwardActorInference' is already enabled as of Swift version 6
[546/771] Compiling DequeModule _UnsafeDequeSegments.swift
<unknown>:0: warning: upcoming feature 'InferSendableFromCaptures' is already enabled as of Swift version 6
<unknown>:0: warning: upcoming feature 'GlobalActorIsolatedTypesUsability' is already enabled as of Swift version 6
<unknown>:0: warning: upcoming feature 'DisableOutwardActorInference' is already enabled as of Swift version 6
[547/771] Emitting module DequeModule
<unknown>:0: warning: upcoming feature 'InferSendableFromCaptures' is already enabled as of Swift version 6
<unknown>:0: warning: upcoming feature 'GlobalActorIsolatedTypesUsability' is already enabled as of Swift version 6
<unknown>:0: warning: upcoming feature 'DisableOutwardActorInference' is already enabled as of Swift version 6
[548/772] Compiling x509_set.cc
[549/772] Compiling x509_obj.cc
[550/772] Compiling x509_req.cc
[551/772] Compiling x509_lu.cc
[552/772] Compiling x509_ext.cc
[553/772] Compiling x509_def.cc
[554/772] Compiling x509_d2.cc
[555/772] Compiling x509_cmp.cc
[556/772] Compiling x509.cc
[557/772] Compiling x509_att.cc
[558/772] Compiling v3_utl.cc
[559/772] Compiling v3_skey.cc
[560/772] Compiling v3_prn.cc
[561/772] Compiling v3_purp.cc
[562/772] Compiling v3_pmaps.cc
[563/772] Compiling v3_ocsp.cc
[563/772] Compiling v3_pcons.cc
[565/772] Compiling v3_ncons.cc
[566/772] Compiling v3_lib.cc
[567/772] Compiling v3_int.cc
[568/772] Compiling v3_ia5.cc
[569/772] Compiling v3_info.cc
[570/772] Compiling v3_genn.cc
[571/772] Compiling v3_extku.cc
[572/772] Compiling v3_enum.cc
[573/772] Compiling v3_crld.cc
[574/772] Compiling v3_cpols.cc
[575/772] Compiling v3_conf.cc
[576/772] Compiling v3_bitst.cc
[577/772] Compiling v3_bcons.cc
[578/772] Compiling v3_alt.cc
[579/772] Compiling v3_akeya.cc
[580/772] Compiling v3_akey.cc
[581/772] Compiling t_x509a.cc
[582/772] Compiling t_x509.cc
[583/772] Compiling i2d_pr.cc
[584/772] Compiling t_req.cc
[585/772] Compiling t_crl.cc
[586/772] Compiling rsa_pss.cc
[587/772] Compiling policy.cc
[588/772] Compiling name_print.cc
[589/772] Compiling by_file.cc
[590/772] Compiling by_dir.cc
[591/772] Compiling algorithm.cc
[592/772] Compiling asn1_gen.cc
[593/772] Compiling a_verify.cc
[594/772] Compiling a_sign.cc
[595/772] Compiling voprf.cc
[596/772] Compiling a_digest.cc
[597/772] Compiling trust_token.cc
[598/772] Compiling thread_win.cc
[599/772] Compiling thread_pthread.cc
[600/772] Compiling pmbtoken.cc
[601/772] Compiling thread_none.cc
[602/772] Compiling thread.cc
[603/772] Compiling stack.cc
[604/772] Compiling siphash.cc
[605/772] Compiling spake2plus.cc
[606/772] Compiling sha256.cc
[607/772] Compiling sha512.cc
[608/772] Compiling sha1.cc
[609/772] Compiling slhdsa.cc
[610/772] Compiling rsa_print.cc
[611/772] Compiling rsa_extra.cc
[612/772] Compiling rc4.cc
[613/772] Compiling refcount.cc
[614/772] Compiling windows.cc
[615/772] Compiling rsa_crypt.cc
[616/772] Compiling trusty.cc
[617/772] Compiling urandom.cc
[618/772] Compiling rand.cc
[619/772] Compiling rsa_asn1.cc
[620/772] Compiling ios.cc
[621/772] Compiling passive.cc
[622/772] Compiling getentropy.cc
[623/772] Compiling poly1305_arm_asm.S
[624/772] Compiling forkunsafe.cc
[625/772] Compiling deterministic.cc
[626/772] Compiling fork_detect.cc
[627/772] Compiling pool.cc
[628/772] Compiling poly1305_vec.cc
[629/772] Compiling poly1305_arm.cc
[630/772] Compiling poly1305.cc
[631/772] Compiling pkcs8.cc
[632/772] Compiling pkcs8_x509.cc
[633/772] Compiling p5_pbev2.cc
[634/772] Compiling pkcs7_x509.cc
[635/772] Compiling pkcs7.cc
[636/772] Compiling pem_xaux.cc
[637/772] Compiling pem_x509.cc
[638/772] Compiling pem_pkey.cc
[639/772] Compiling pem_pk8.cc
[640/772] Compiling pem_oth.cc
[641/772] Compiling mlkem.cc
[642/772] Compiling pem_info.cc
[643/772] Compiling pem_lib.cc
[644/772] Compiling pem_all.cc
[645/772] Compiling obj_xref.cc
[646/772] Compiling obj.cc
[647/772] Compiling poly_rq_mul.S
[648/772] Compiling mldsa.cc
[649/772] Compiling mem.cc
[650/772] Compiling fips_shared_support.cc
[651/772] Compiling lhash.cc
[652/772] Compiling md4.cc
[653/772] Compiling md5.cc
[653/772] Compiling hrss.cc
[655/772] Compiling kyber.cc
[656/772] Compiling fuzzer_mode.cc
[657/772] Compiling ex_data.cc
[658/772] Compiling hpke.cc
[659/772] Compiling scrypt.cc
[660/772] Compiling print.cc
[661/772] Compiling pbkdf.cc
[662/772] Compiling sign.cc
[663/772] Compiling p_x25519_asn1.cc
[664/772] Compiling p_x25519.cc
[665/772] Compiling p_rsa_asn1.cc
[666/772] Compiling p_ed25519_asn1.cc
[667/772] Compiling p_hkdf.cc
[668/772] Compiling p_rsa.cc
[669/772] Compiling p_ed25519.cc
[670/772] Compiling p_ec_asn1.cc
[671/772] Compiling p_ec.cc
[672/772] Compiling p_dsa_asn1.cc
[673/772] Compiling p_dh_asn1.cc
[674/772] Compiling p_dh.cc
[675/772] Compiling evp_ctx.cc
[676/772] Compiling evp_asn1.cc
[677/772] Compiling err.cc
[678/772] Compiling evp.cc
[679/772] Compiling engine.cc
[680/772] Compiling ecdsa_p1363.cc
[681/772] Compiling ecdh.cc
[682/772] Compiling ecdsa_asn1.cc
[683/772] Compiling ec_derive.cc
[684/772] Compiling hash_to_curve.cc
[685/772] Compiling dsa.cc
[686/772] Compiling dsa_asn1.cc
[687/772] Compiling ec_asn1.cc
[688/772] Compiling bcm.cc
[689/772] Compiling x25519-asm-arm.S
[690/772] Compiling digest_extra.cc
[691/772] Compiling params.cc
[692/772] Compiling des.cc
[693/772] Compiling dh_asn1.cc
[694/772] Compiling curve25519_64_adx.cc
[695/772] Compiling crypto.cc
[695/772] Compiling spake25519.cc
[697/772] Compiling cpu_intel.cc
[698/772] Compiling cpu_arm_freebsd.cc
[699/772] Compiling cpu_arm_linux.cc
[700/772] Compiling curve25519.cc
[701/772] Compiling cpu_aarch64_win.cc
[702/772] Compiling cpu_aarch64_sysreg.cc
[703/772] Compiling cpu_aarch64_openbsd.cc
[704/772] Compiling cpu_aarch64_linux.cc
[705/772] Compiling cpu_aarch64_fuchsia.cc
[706/772] Compiling cpu_aarch64_apple.cc
[707/772] Compiling conf.cc
[708/772] Compiling tls_cbc.cc
[709/772] Compiling get_cipher.cc
[710/772] Compiling e_tls.cc
[711/772] Compiling e_rc4.cc
[712/772] Compiling e_rc2.cc
[713/772] Compiling cms.cc
[714/772] Compiling e_null.cc
[715/772] Compiling e_des.cc
[716/772] Compiling e_chacha20poly1305.cc
[717/772] Compiling e_aesgcmsiv.cc
[718/772] Compiling e_aeseax.cc
[719/772] Compiling e_aesctrhmac.cc
[720/772] Compiling derive_key.cc
[721/772] Compiling chacha.cc
[722/772] Compiling unicode.cc
[723/772] Compiling buf.cc
[724/772] Compiling cbs.cc
[725/772] Compiling sqrt.cc
[726/772] Compiling cbb.cc
[727/772] Compiling ber.cc
[728/772] Compiling asn1_compat.cc
[729/772] Compiling exponentiation.cc
[730/772] Compiling div.cc
[731/772] Compiling blake2.cc
[732/772] Compiling printf.cc
[733/772] Compiling pair.cc
[734/772] Compiling hexdump.cc
[735/772] Compiling file.cc
[736/772] Compiling bn_asn1.cc
[737/772] Compiling convert.cc
[738/772] Compiling fd.cc
[739/772] Compiling errno.cc
[740/772] Compiling bio_mem.cc
[741/772] Compiling base64.cc
[742/772] Compiling bio.cc
[743/772] Compiling tasn_typ.cc
[744/772] Compiling tasn_utl.cc
[745/772] Compiling tasn_new.cc
[745/772] Compiling tasn_fre.cc
[747/772] Compiling tasn_enc.cc
[748/772] Compiling posix_time.cc
[748/772] Compiling f_string.cc
[750/772] Compiling f_int.cc
[751/772] Compiling tasn_dec.cc
[752/772] Compiling asn_pack.cc
[753/772] Compiling asn1_par.cc
[754/772] Compiling asn1_lib.cc
[755/772] Compiling a_utctm.cc
[756/772] Compiling a_octet.cc
[757/772] Compiling a_time.cc
[758/772] Compiling a_type.cc
[759/772] Compiling a_strnid.cc
[760/772] Compiling a_strex.cc
[761/772] Compiling a_object.cc
[762/772] Compiling a_mbstr.cc
[763/772] Compiling a_i2d_fp.cc
[763/772] Write sources
[765/772] Compiling a_dup.cc
[766/772] Compiling a_d2i_fp.cc
[767/772] Compiling a_int.cc
[768/826] Compiling a_gentm.cc
[769/826] Compiling a_bool.cc
[770/826] Compiling aes.cc
[771/826] Compiling a_bitstr.cc
[773/834] Compiling BitCollections BitSet+Codable.swift
<unknown>:0: warning: upcoming feature 'InferSendableFromCaptures' is already enabled as of Swift version 6
<unknown>:0: warning: upcoming feature 'GlobalActorIsolatedTypesUsability' is already enabled as of Swift version 6
<unknown>:0: warning: upcoming feature 'DisableOutwardActorInference' is already enabled as of Swift version 6
[774/834] Compiling BitCollections BitSet+CustomDebugStringConvertible.swift
<unknown>:0: warning: upcoming feature 'InferSendableFromCaptures' is already enabled as of Swift version 6
<unknown>:0: warning: upcoming feature 'GlobalActorIsolatedTypesUsability' is already enabled as of Swift version 6
<unknown>:0: warning: upcoming feature 'DisableOutwardActorInference' is already enabled as of Swift version 6
[775/834] Compiling BitCollections BitSet+CustomReflectable.swift
<unknown>:0: warning: upcoming feature 'InferSendableFromCaptures' is already enabled as of Swift version 6
<unknown>:0: warning: upcoming feature 'GlobalActorIsolatedTypesUsability' is already enabled as of Swift version 6
<unknown>:0: warning: upcoming feature 'DisableOutwardActorInference' is already enabled as of Swift version 6
[776/834] Compiling BitCollections BitSet+CustomStringConvertible.swift
<unknown>:0: warning: upcoming feature 'InferSendableFromCaptures' is already enabled as of Swift version 6
<unknown>:0: warning: upcoming feature 'GlobalActorIsolatedTypesUsability' is already enabled as of Swift version 6
<unknown>:0: warning: upcoming feature 'DisableOutwardActorInference' is already enabled as of Swift version 6
[777/834] Compiling BitCollections BitSet+Equatable.swift
<unknown>:0: warning: upcoming feature 'InferSendableFromCaptures' is already enabled as of Swift version 6
<unknown>:0: warning: upcoming feature 'GlobalActorIsolatedTypesUsability' is already enabled as of Swift version 6
<unknown>:0: warning: upcoming feature 'DisableOutwardActorInference' is already enabled as of Swift version 6
[778/834] Compiling BitCollections BitSet+ExpressibleByArrayLiteral.swift
<unknown>:0: warning: upcoming feature 'InferSendableFromCaptures' is already enabled as of Swift version 6
<unknown>:0: warning: upcoming feature 'GlobalActorIsolatedTypesUsability' is already enabled as of Swift version 6
<unknown>:0: warning: upcoming feature 'DisableOutwardActorInference' is already enabled as of Swift version 6
[779/834] Compiling BitCollections BitSet+Extras.swift
<unknown>:0: warning: upcoming feature 'InferSendableFromCaptures' is already enabled as of Swift version 6
<unknown>:0: warning: upcoming feature 'GlobalActorIsolatedTypesUsability' is already enabled as of Swift version 6
<unknown>:0: warning: upcoming feature 'DisableOutwardActorInference' is already enabled as of Swift version 6
[780/834] Compiling BitCollections BitSet+Hashable.swift
<unknown>:0: warning: upcoming feature 'InferSendableFromCaptures' is already enabled as of Swift version 6
<unknown>:0: warning: upcoming feature 'GlobalActorIsolatedTypesUsability' is already enabled as of Swift version 6
<unknown>:0: warning: upcoming feature 'DisableOutwardActorInference' is already enabled as of Swift version 6
[781/841] Emitting module BitCollections
<unknown>:0: warning: upcoming feature 'InferSendableFromCaptures' is already enabled as of Swift version 6
<unknown>:0: warning: upcoming feature 'GlobalActorIsolatedTypesUsability' is already enabled as of Swift version 6
<unknown>:0: warning: upcoming feature 'DisableOutwardActorInference' is already enabled as of Swift version 6
[782/841] Compiling BitCollections BitSet+Initializers.swift
<unknown>:0: warning: upcoming feature 'InferSendableFromCaptures' is already enabled as of Swift version 6
<unknown>:0: warning: upcoming feature 'GlobalActorIsolatedTypesUsability' is already enabled as of Swift version 6
<unknown>:0: warning: upcoming feature 'DisableOutwardActorInference' is already enabled as of Swift version 6
[783/841] Compiling BitCollections BitSet+Invariants.swift
<unknown>:0: warning: upcoming feature 'InferSendableFromCaptures' is already enabled as of Swift version 6
<unknown>:0: warning: upcoming feature 'GlobalActorIsolatedTypesUsability' is already enabled as of Swift version 6
<unknown>:0: warning: upcoming feature 'DisableOutwardActorInference' is already enabled as of Swift version 6
[784/841] Compiling BitCollections BitSet+Random.swift
<unknown>:0: warning: upcoming feature 'InferSendableFromCaptures' is already enabled as of Swift version 6
<unknown>:0: warning: upcoming feature 'GlobalActorIsolatedTypesUsability' is already enabled as of Swift version 6
<unknown>:0: warning: upcoming feature 'DisableOutwardActorInference' is already enabled as of Swift version 6
[785/841] Compiling BitCollections BitSet+SetAlgebra basics.swift
<unknown>:0: warning: upcoming feature 'InferSendableFromCaptures' is already enabled as of Swift version 6
<unknown>:0: warning: upcoming feature 'GlobalActorIsolatedTypesUsability' is already enabled as of Swift version 6
<unknown>:0: warning: upcoming feature 'DisableOutwardActorInference' is already enabled as of Swift version 6
[786/841] Compiling BitCollections BitSet+SetAlgebra conformance.swift
<unknown>:0: warning: upcoming feature 'InferSendableFromCaptures' is already enabled as of Swift version 6
<unknown>:0: warning: upcoming feature 'GlobalActorIsolatedTypesUsability' is already enabled as of Swift version 6
<unknown>:0: warning: upcoming feature 'DisableOutwardActorInference' is already enabled as of Swift version 6
[787/841] Compiling BitCollections BitSet+SetAlgebra formIntersection.swift
<unknown>:0: warning: upcoming feature 'InferSendableFromCaptures' is already enabled as of Swift version 6
<unknown>:0: warning: upcoming feature 'GlobalActorIsolatedTypesUsability' is already enabled as of Swift version 6
<unknown>:0: warning: upcoming feature 'DisableOutwardActorInference' is already enabled as of Swift version 6
[788/841] Compiling BitCollections BitSet+SetAlgebra formSymmetricDifference.swift
<unknown>:0: warning: upcoming feature 'InferSendableFromCaptures' is already enabled as of Swift version 6
<unknown>:0: warning: upcoming feature 'GlobalActorIsolatedTypesUsability' is already enabled as of Swift version 6
<unknown>:0: warning: upcoming feature 'DisableOutwardActorInference' is already enabled as of Swift version 6
[789/841] Compiling BitCollections BitSet+SetAlgebra isSuperset.swift
<unknown>:0: warning: upcoming feature 'InferSendableFromCaptures' is already enabled as of Swift version 6
<unknown>:0: warning: upcoming feature 'GlobalActorIsolatedTypesUsability' is already enabled as of Swift version 6
<unknown>:0: warning: upcoming feature 'DisableOutwardActorInference' is already enabled as of Swift version 6
[790/841] Compiling BitCollections BitSet+SetAlgebra subtract.swift
<unknown>:0: warning: upcoming feature 'InferSendableFromCaptures' is already enabled as of Swift version 6
<unknown>:0: warning: upcoming feature 'GlobalActorIsolatedTypesUsability' is already enabled as of Swift version 6
<unknown>:0: warning: upcoming feature 'DisableOutwardActorInference' is already enabled as of Swift version 6
[791/841] Compiling BitCollections BitSet+SetAlgebra subtracting.swift
<unknown>:0: warning: upcoming feature 'InferSendableFromCaptures' is already enabled as of Swift version 6
<unknown>:0: warning: upcoming feature 'GlobalActorIsolatedTypesUsability' is already enabled as of Swift version 6
<unknown>:0: warning: upcoming feature 'DisableOutwardActorInference' is already enabled as of Swift version 6
[792/841] Compiling BitCollections BitSet+SetAlgebra symmetricDifference.swift
<unknown>:0: warning: upcoming feature 'InferSendableFromCaptures' is already enabled as of Swift version 6
<unknown>:0: warning: upcoming feature 'GlobalActorIsolatedTypesUsability' is already enabled as of Swift version 6
<unknown>:0: warning: upcoming feature 'DisableOutwardActorInference' is already enabled as of Swift version 6
[793/841] Compiling BitCollections BitSet+SetAlgebra union.swift
<unknown>:0: warning: upcoming feature 'InferSendableFromCaptures' is already enabled as of Swift version 6
<unknown>:0: warning: upcoming feature 'GlobalActorIsolatedTypesUsability' is already enabled as of Swift version 6
<unknown>:0: warning: upcoming feature 'DisableOutwardActorInference' is already enabled as of Swift version 6
[794/841] Compiling BitCollections BitSet+Sorted Collection APIs.swift
<unknown>:0: warning: upcoming feature 'InferSendableFromCaptures' is already enabled as of Swift version 6
<unknown>:0: warning: upcoming feature 'GlobalActorIsolatedTypesUsability' is already enabled as of Swift version 6
<unknown>:0: warning: upcoming feature 'DisableOutwardActorInference' is already enabled as of Swift version 6
[795/841] Compiling BitCollections BitSet.Counted.swift
<unknown>:0: warning: upcoming feature 'InferSendableFromCaptures' is already enabled as of Swift version 6
<unknown>:0: warning: upcoming feature 'GlobalActorIsolatedTypesUsability' is already enabled as of Swift version 6
<unknown>:0: warning: upcoming feature 'DisableOutwardActorInference' is already enabled as of Swift version 6
[796/841] Compiling CryptoBoringWrapper RandomBytes.swift
<unknown>:0: warning: upcoming feature 'InferSendableFromCaptures' is already enabled as of Swift version 6
<unknown>:0: warning: upcoming feature 'GlobalActorIsolatedTypesUsability' is already enabled as of Swift version 6
<unknown>:0: warning: upcoming feature 'DisableOutwardActorInference' is already enabled as of Swift version 6
[797/841] Compiling BitCollections BitArray+Equatable.swift
<unknown>:0: warning: upcoming feature 'InferSendableFromCaptures' is already enabled as of Swift version 6
<unknown>:0: warning: upcoming feature 'GlobalActorIsolatedTypesUsability' is already enabled as of Swift version 6
<unknown>:0: warning: upcoming feature 'DisableOutwardActorInference' is already enabled as of Swift version 6
[798/841] Compiling BitCollections BitArray+ExpressibleByArrayLiteral.swift
<unknown>:0: warning: upcoming feature 'InferSendableFromCaptures' is already enabled as of Swift version 6
<unknown>:0: warning: upcoming feature 'GlobalActorIsolatedTypesUsability' is already enabled as of Swift version 6
<unknown>:0: warning: upcoming feature 'DisableOutwardActorInference' is already enabled as of Swift version 6
[799/841] Compiling BitCollections BitArray+ExpressibleByStringLiteral.swift
<unknown>:0: warning: upcoming feature 'InferSendableFromCaptures' is already enabled as of Swift version 6
<unknown>:0: warning: upcoming feature 'GlobalActorIsolatedTypesUsability' is already enabled as of Swift version 6
<unknown>:0: warning: upcoming feature 'DisableOutwardActorInference' is already enabled as of Swift version 6
[800/841] Compiling BitCollections BitArray+Extras.swift
<unknown>:0: warning: upcoming feature 'InferSendableFromCaptures' is already enabled as of Swift version 6
<unknown>:0: warning: upcoming feature 'GlobalActorIsolatedTypesUsability' is already enabled as of Swift version 6
<unknown>:0: warning: upcoming feature 'DisableOutwardActorInference' is already enabled as of Swift version 6
[801/841] Compiling BitCollections BitArray+Fill.swift
<unknown>:0: warning: upcoming feature 'InferSendableFromCaptures' is already enabled as of Swift version 6
<unknown>:0: warning: upcoming feature 'GlobalActorIsolatedTypesUsability' is already enabled as of Swift version 6
<unknown>:0: warning: upcoming feature 'DisableOutwardActorInference' is already enabled as of Swift version 6
[802/841] Compiling BitCollections BitArray+Hashable.swift
<unknown>:0: warning: upcoming feature 'InferSendableFromCaptures' is already enabled as of Swift version 6
<unknown>:0: warning: upcoming feature 'GlobalActorIsolatedTypesUsability' is already enabled as of Swift version 6
<unknown>:0: warning: upcoming feature 'DisableOutwardActorInference' is already enabled as of Swift version 6
[803/841] Compiling BitCollections BitArray+Initializers.swift
<unknown>:0: warning: upcoming feature 'InferSendableFromCaptures' is already enabled as of Swift version 6
<unknown>:0: warning: upcoming feature 'GlobalActorIsolatedTypesUsability' is already enabled as of Swift version 6
<unknown>:0: warning: upcoming feature 'DisableOutwardActorInference' is already enabled as of Swift version 6
[804/841] Compiling BitCollections BitArray+Invariants.swift
<unknown>:0: warning: upcoming feature 'InferSendableFromCaptures' is already enabled as of Swift version 6
<unknown>:0: warning: upcoming feature 'GlobalActorIsolatedTypesUsability' is already enabled as of Swift version 6
<unknown>:0: warning: upcoming feature 'DisableOutwardActorInference' is already enabled as of Swift version 6
[805/841] Compiling BitCollections BinaryInteger extensions.swift
<unknown>:0: warning: upcoming feature 'InferSendableFromCaptures' is already enabled as of Swift version 6
<unknown>:0: warning: upcoming feature 'GlobalActorIsolatedTypesUsability' is already enabled as of Swift version 6
<unknown>:0: warning: upcoming feature 'DisableOutwardActorInference' is already enabled as of Swift version 6
[806/841] Compiling BitCollections BitArray+BitwiseOperations.swift
<unknown>:0: warning: upcoming feature 'InferSendableFromCaptures' is already enabled as of Swift version 6
<unknown>:0: warning: upcoming feature 'GlobalActorIsolatedTypesUsability' is already enabled as of Swift version 6
<unknown>:0: warning: upcoming feature 'DisableOutwardActorInference' is already enabled as of Swift version 6
[807/841] Compiling BitCollections BitArray+ChunkedBitsIterators.swift
<unknown>:0: warning: upcoming feature 'InferSendableFromCaptures' is already enabled as of Swift version 6
<unknown>:0: warning: upcoming feature 'GlobalActorIsolatedTypesUsability' is already enabled as of Swift version 6
<unknown>:0: warning: upcoming feature 'DisableOutwardActorInference' is already enabled as of Swift version 6
[808/841] Compiling BitCollections BitArray+Codable.swift
<unknown>:0: warning: upcoming feature 'InferSendableFromCaptures' is already enabled as of Swift version 6
<unknown>:0: warning: upcoming feature 'GlobalActorIsolatedTypesUsability' is already enabled as of Swift version 6
<unknown>:0: warning: upcoming feature 'DisableOutwardActorInference' is already enabled as of Swift version 6
[809/841] Compiling BitCollections BitArray+Collection.swift
<unknown>:0: warning: upcoming feature 'InferSendableFromCaptures' is already enabled as of Swift version 6
<unknown>:0: warning: upcoming feature 'GlobalActorIsolatedTypesUsability' is already enabled as of Swift version 6
<unknown>:0: warning: upcoming feature 'DisableOutwardActorInference' is already enabled as of Swift version 6
[810/841] Compiling BitCollections BitArray+Copy.swift
<unknown>:0: warning: upcoming feature 'InferSendableFromCaptures' is already enabled as of Swift version 6
<unknown>:0: warning: upcoming feature 'GlobalActorIsolatedTypesUsability' is already enabled as of Swift version 6
<unknown>:0: warning: upcoming feature 'DisableOutwardActorInference' is already enabled as of Swift version 6
[811/841] Compiling BitCollections BitArray+CustomReflectable.swift
<unknown>:0: warning: upcoming feature 'InferSendableFromCaptures' is already enabled as of Swift version 6
<unknown>:0: warning: upcoming feature 'GlobalActorIsolatedTypesUsability' is already enabled as of Swift version 6
<unknown>:0: warning: upcoming feature 'DisableOutwardActorInference' is already enabled as of Swift version 6
[812/841] Compiling BitCollections BitArray+Descriptions.swift
<unknown>:0: warning: upcoming feature 'InferSendableFromCaptures' is already enabled as of Swift version 6
<unknown>:0: warning: upcoming feature 'GlobalActorIsolatedTypesUsability' is already enabled as of Swift version 6
<unknown>:0: warning: upcoming feature 'DisableOutwardActorInference' is already enabled as of Swift version 6
[813/841] Emitting module CryptoBoringWrapper
<unknown>:0: warning: upcoming feature 'InferSendableFromCaptures' is already enabled as of Swift version 6
<unknown>:0: warning: upcoming feature 'GlobalActorIsolatedTypesUsability' is already enabled as of Swift version 6
<unknown>:0: warning: upcoming feature 'DisableOutwardActorInference' is already enabled as of Swift version 6
[814/841] Compiling BitCollections BitSet.Index.swift
<unknown>:0: warning: upcoming feature 'InferSendableFromCaptures' is already enabled as of Swift version 6
<unknown>:0: warning: upcoming feature 'GlobalActorIsolatedTypesUsability' is already enabled as of Swift version 6
<unknown>:0: warning: upcoming feature 'DisableOutwardActorInference' is already enabled as of Swift version 6
[815/841] Compiling BitCollections BitSet._UnsafeHandle.swift
<unknown>:0: warning: upcoming feature 'InferSendableFromCaptures' is already enabled as of Swift version 6
<unknown>:0: warning: upcoming feature 'GlobalActorIsolatedTypesUsability' is already enabled as of Swift version 6
<unknown>:0: warning: upcoming feature 'DisableOutwardActorInference' is already enabled as of Swift version 6
[816/841] Compiling BitCollections BitSet.swift
<unknown>:0: warning: upcoming feature 'InferSendableFromCaptures' is already enabled as of Swift version 6
<unknown>:0: warning: upcoming feature 'GlobalActorIsolatedTypesUsability' is already enabled as of Swift version 6
<unknown>:0: warning: upcoming feature 'DisableOutwardActorInference' is already enabled as of Swift version 6
[817/841] Compiling BitCollections Range+Utilities.swift
<unknown>:0: warning: upcoming feature 'InferSendableFromCaptures' is already enabled as of Swift version 6
<unknown>:0: warning: upcoming feature 'GlobalActorIsolatedTypesUsability' is already enabled as of Swift version 6
<unknown>:0: warning: upcoming feature 'DisableOutwardActorInference' is already enabled as of Swift version 6
[818/841] Compiling BitCollections Slice+Utilities.swift
<unknown>:0: warning: upcoming feature 'InferSendableFromCaptures' is already enabled as of Swift version 6
<unknown>:0: warning: upcoming feature 'GlobalActorIsolatedTypesUsability' is already enabled as of Swift version 6
<unknown>:0: warning: upcoming feature 'DisableOutwardActorInference' is already enabled as of Swift version 6
[819/841] Compiling BitCollections UInt+Tricks.swift
<unknown>:0: warning: upcoming feature 'InferSendableFromCaptures' is already enabled as of Swift version 6
<unknown>:0: warning: upcoming feature 'GlobalActorIsolatedTypesUsability' is already enabled as of Swift version 6
<unknown>:0: warning: upcoming feature 'DisableOutwardActorInference' is already enabled as of Swift version 6
[820/841] Compiling BitCollections _Word.swift
<unknown>:0: warning: upcoming feature 'InferSendableFromCaptures' is already enabled as of Swift version 6
<unknown>:0: warning: upcoming feature 'GlobalActorIsolatedTypesUsability' is already enabled as of Swift version 6
<unknown>:0: warning: upcoming feature 'DisableOutwardActorInference' is already enabled as of Swift version 6
[821/841] Compiling CryptoBoringWrapper EllipticCurvePoint.swift
<unknown>:0: warning: upcoming feature 'InferSendableFromCaptures' is already enabled as of Swift version 6
<unknown>:0: warning: upcoming feature 'GlobalActorIsolatedTypesUsability' is already enabled as of Swift version 6
<unknown>:0: warning: upcoming feature 'DisableOutwardActorInference' is already enabled as of Swift version 6
[822/841] Compiling CryptoBoringWrapper FiniteFieldArithmeticContext.swift
<unknown>:0: warning: upcoming feature 'InferSendableFromCaptures' is already enabled as of Swift version 6
<unknown>:0: warning: upcoming feature 'GlobalActorIsolatedTypesUsability' is already enabled as of Swift version 6
<unknown>:0: warning: upcoming feature 'DisableOutwardActorInference' is already enabled as of Swift version 6
[823/841] Compiling BitCollections BitArray+LosslessStringConvertible.swift
<unknown>:0: warning: upcoming feature 'InferSendableFromCaptures' is already enabled as of Swift version 6
<unknown>:0: warning: upcoming feature 'GlobalActorIsolatedTypesUsability' is already enabled as of Swift version 6
<unknown>:0: warning: upcoming feature 'DisableOutwardActorInference' is already enabled as of Swift version 6
[824/841] Compiling BitCollections BitArray+RandomBits.swift
<unknown>:0: warning: upcoming feature 'InferSendableFromCaptures' is already enabled as of Swift version 6
<unknown>:0: warning: upcoming feature 'GlobalActorIsolatedTypesUsability' is already enabled as of Swift version 6
<unknown>:0: warning: upcoming feature 'DisableOutwardActorInference' is already enabled as of Swift version 6
[825/841] Compiling BitCollections BitArray+RangeReplaceableCollection.swift
<unknown>:0: warning: upcoming feature 'InferSendableFromCaptures' is already enabled as of Swift version 6
<unknown>:0: warning: upcoming feature 'GlobalActorIsolatedTypesUsability' is already enabled as of Swift version 6
<unknown>:0: warning: upcoming feature 'DisableOutwardActorInference' is already enabled as of Swift version 6
[826/841] Compiling BitCollections BitArray+Shifts.swift
<unknown>:0: warning: upcoming feature 'InferSendableFromCaptures' is already enabled as of Swift version 6
<unknown>:0: warning: upcoming feature 'GlobalActorIsolatedTypesUsability' is already enabled as of Swift version 6
<unknown>:0: warning: upcoming feature 'DisableOutwardActorInference' is already enabled as of Swift version 6
[827/841] Compiling BitCollections BitArray+Testing.swift
<unknown>:0: warning: upcoming feature 'InferSendableFromCaptures' is already enabled as of Swift version 6
<unknown>:0: warning: upcoming feature 'GlobalActorIsolatedTypesUsability' is already enabled as of Swift version 6
<unknown>:0: warning: upcoming feature 'DisableOutwardActorInference' is already enabled as of Swift version 6
[828/841] Compiling BitCollections BitArray._UnsafeHandle.swift
<unknown>:0: warning: upcoming feature 'InferSendableFromCaptures' is already enabled as of Swift version 6
<unknown>:0: warning: upcoming feature 'GlobalActorIsolatedTypesUsability' is already enabled as of Swift version 6
<unknown>:0: warning: upcoming feature 'DisableOutwardActorInference' is already enabled as of Swift version 6
[829/841] Compiling BitCollections BitArray.swift
<unknown>:0: warning: upcoming feature 'InferSendableFromCaptures' is already enabled as of Swift version 6
<unknown>:0: warning: upcoming feature 'GlobalActorIsolatedTypesUsability' is already enabled as of Swift version 6
<unknown>:0: warning: upcoming feature 'DisableOutwardActorInference' is already enabled as of Swift version 6
[830/841] Compiling BitCollections BitSet+BidirectionalCollection.swift
<unknown>:0: warning: upcoming feature 'InferSendableFromCaptures' is already enabled as of Swift version 6
<unknown>:0: warning: upcoming feature 'GlobalActorIsolatedTypesUsability' is already enabled as of Swift version 6
<unknown>:0: warning: upcoming feature 'DisableOutwardActorInference' is already enabled as of Swift version 6
[831/841] Compiling BitCollections BitSet+SetAlgebra formUnion.swift
<unknown>:0: warning: upcoming feature 'InferSendableFromCaptures' is already enabled as of Swift version 6
<unknown>:0: warning: upcoming feature 'GlobalActorIsolatedTypesUsability' is already enabled as of Swift version 6
<unknown>:0: warning: upcoming feature 'DisableOutwardActorInference' is already enabled as of Swift version 6
[832/841] Compiling BitCollections BitSet+SetAlgebra intersection.swift
<unknown>:0: warning: upcoming feature 'InferSendableFromCaptures' is already enabled as of Swift version 6
<unknown>:0: warning: upcoming feature 'GlobalActorIsolatedTypesUsability' is already enabled as of Swift version 6
<unknown>:0: warning: upcoming feature 'DisableOutwardActorInference' is already enabled as of Swift version 6
[833/841] Compiling BitCollections BitSet+SetAlgebra isDisjoint.swift
<unknown>:0: warning: upcoming feature 'InferSendableFromCaptures' is already enabled as of Swift version 6
<unknown>:0: warning: upcoming feature 'GlobalActorIsolatedTypesUsability' is already enabled as of Swift version 6
<unknown>:0: warning: upcoming feature 'DisableOutwardActorInference' is already enabled as of Swift version 6
[834/841] Compiling BitCollections BitSet+SetAlgebra isEqualSet.swift
<unknown>:0: warning: upcoming feature 'InferSendableFromCaptures' is already enabled as of Swift version 6
<unknown>:0: warning: upcoming feature 'GlobalActorIsolatedTypesUsability' is already enabled as of Swift version 6
<unknown>:0: warning: upcoming feature 'DisableOutwardActorInference' is already enabled as of Swift version 6
[835/841] Compiling BitCollections BitSet+SetAlgebra isStrictSubset.swift
<unknown>:0: warning: upcoming feature 'InferSendableFromCaptures' is already enabled as of Swift version 6
<unknown>:0: warning: upcoming feature 'GlobalActorIsolatedTypesUsability' is already enabled as of Swift version 6
<unknown>:0: warning: upcoming feature 'DisableOutwardActorInference' is already enabled as of Swift version 6
[836/841] Compiling BitCollections BitSet+SetAlgebra isStrictSuperset.swift
<unknown>:0: warning: upcoming feature 'InferSendableFromCaptures' is already enabled as of Swift version 6
<unknown>:0: warning: upcoming feature 'GlobalActorIsolatedTypesUsability' is already enabled as of Swift version 6
<unknown>:0: warning: upcoming feature 'DisableOutwardActorInference' is already enabled as of Swift version 6
[837/841] Compiling BitCollections BitSet+SetAlgebra isSubset.swift
<unknown>:0: warning: upcoming feature 'InferSendableFromCaptures' is already enabled as of Swift version 6
<unknown>:0: warning: upcoming feature 'GlobalActorIsolatedTypesUsability' is already enabled as of Swift version 6
<unknown>:0: warning: upcoming feature 'DisableOutwardActorInference' is already enabled as of Swift version 6
[838/842] Compiling CryptoBoringWrapper ArbitraryPrecisionInteger.swift
<unknown>:0: warning: upcoming feature 'InferSendableFromCaptures' is already enabled as of Swift version 6
<unknown>:0: warning: upcoming feature 'GlobalActorIsolatedTypesUsability' is already enabled as of Swift version 6
<unknown>:0: warning: upcoming feature 'DisableOutwardActorInference' is already enabled as of Swift version 6
[839/842] Compiling CryptoBoringWrapper EllipticCurve.swift
<unknown>:0: warning: upcoming feature 'InferSendableFromCaptures' is already enabled as of Swift version 6
<unknown>:0: warning: upcoming feature 'GlobalActorIsolatedTypesUsability' is already enabled as of Swift version 6
<unknown>:0: warning: upcoming feature 'DisableOutwardActorInference' is already enabled as of Swift version 6
[841/842] Compiling CryptoBoringWrapper BoringSSLAEAD.swift
<unknown>:0: warning: upcoming feature 'InferSendableFromCaptures' is already enabled as of Swift version 6
<unknown>:0: warning: upcoming feature 'GlobalActorIsolatedTypesUsability' is already enabled as of Swift version 6
<unknown>:0: warning: upcoming feature 'DisableOutwardActorInference' is already enabled as of Swift version 6
[842/842] Compiling CryptoBoringWrapper CryptoKitErrors_boring.swift
<unknown>:0: warning: upcoming feature 'InferSendableFromCaptures' is already enabled as of Swift version 6
<unknown>:0: warning: upcoming feature 'GlobalActorIsolatedTypesUsability' is already enabled as of Swift version 6
<unknown>:0: warning: upcoming feature 'DisableOutwardActorInference' is already enabled as of Swift version 6
[844/849] Compiling Collections HeapModule reexports.swift
<unknown>:0: warning: upcoming feature 'InferSendableFromCaptures' is already enabled as of Swift version 6
<unknown>:0: warning: upcoming feature 'GlobalActorIsolatedTypesUsability' is already enabled as of Swift version 6
<unknown>:0: warning: upcoming feature 'DisableOutwardActorInference' is already enabled as of Swift version 6
[845/849] Compiling Collections HashTreeCollections reexports.swift
<unknown>:0: warning: upcoming feature 'InferSendableFromCaptures' is already enabled as of Swift version 6
<unknown>:0: warning: upcoming feature 'GlobalActorIsolatedTypesUsability' is already enabled as of Swift version 6
<unknown>:0: warning: upcoming feature 'DisableOutwardActorInference' is already enabled as of Swift version 6
[846/849] Compiling Collections OrderedCollections reexports.swift
<unknown>:0: warning: upcoming feature 'InferSendableFromCaptures' is already enabled as of Swift version 6
<unknown>:0: warning: upcoming feature 'GlobalActorIsolatedTypesUsability' is already enabled as of Swift version 6
<unknown>:0: warning: upcoming feature 'DisableOutwardActorInference' is already enabled as of Swift version 6
[847/849] Compiling Collections BitCollections reexports.swift
<unknown>:0: warning: upcoming feature 'InferSendableFromCaptures' is already enabled as of Swift version 6
<unknown>:0: warning: upcoming feature 'GlobalActorIsolatedTypesUsability' is already enabled as of Swift version 6
<unknown>:0: warning: upcoming feature 'DisableOutwardActorInference' is already enabled as of Swift version 6
[848/849] Emitting module Collections
<unknown>:0: warning: upcoming feature 'InferSendableFromCaptures' is already enabled as of Swift version 6
<unknown>:0: warning: upcoming feature 'GlobalActorIsolatedTypesUsability' is already enabled as of Swift version 6
<unknown>:0: warning: upcoming feature 'DisableOutwardActorInference' is already enabled as of Swift version 6
[849/849] Compiling Collections DequeModule reexports.swift
<unknown>:0: warning: upcoming feature 'InferSendableFromCaptures' is already enabled as of Swift version 6
<unknown>:0: warning: upcoming feature 'GlobalActorIsolatedTypesUsability' is already enabled as of Swift version 6
<unknown>:0: warning: upcoming feature 'DisableOutwardActorInference' is already enabled as of Swift version 6
[851/934] Compiling Crypto HPKE-LabeledExtract.swift
<unknown>:0: warning: upcoming feature 'InferSendableFromCaptures' is already enabled as of Swift version 6
<unknown>:0: warning: upcoming feature 'GlobalActorIsolatedTypesUsability' is already enabled as of Swift version 6
<unknown>:0: warning: upcoming feature 'DisableOutwardActorInference' is already enabled as of Swift version 6
[852/934] Compiling Crypto HPKE-Utils.swift
<unknown>:0: warning: upcoming feature 'InferSendableFromCaptures' is already enabled as of Swift version 6
<unknown>:0: warning: upcoming feature 'GlobalActorIsolatedTypesUsability' is already enabled as of Swift version 6
<unknown>:0: warning: upcoming feature 'DisableOutwardActorInference' is already enabled as of Swift version 6
[853/934] Compiling Crypto DHKEM.swift
<unknown>:0: warning: upcoming feature 'InferSendableFromCaptures' is already enabled as of Swift version 6
<unknown>:0: warning: upcoming feature 'GlobalActorIsolatedTypesUsability' is already enabled as of Swift version 6
<unknown>:0: warning: upcoming feature 'DisableOutwardActorInference' is already enabled as of Swift version 6
[854/934] Compiling Crypto HPKE-KEM-Curve25519.swift
<unknown>:0: warning: upcoming feature 'InferSendableFromCaptures' is already enabled as of Swift version 6
<unknown>:0: warning: upcoming feature 'GlobalActorIsolatedTypesUsability' is already enabled as of Swift version 6
<unknown>:0: warning: upcoming feature 'DisableOutwardActorInference' is already enabled as of Swift version 6
[855/934] Compiling Crypto HPKE-NIST-EC-KEMs.swift
<unknown>:0: warning: upcoming feature 'InferSendableFromCaptures' is already enabled as of Swift version 6
<unknown>:0: warning: upcoming feature 'GlobalActorIsolatedTypesUsability' is already enabled as of Swift version 6
<unknown>:0: warning: upcoming feature 'DisableOutwardActorInference' is already enabled as of Swift version 6
[856/934] Compiling Crypto HPKE-KEM.swift
<unknown>:0: warning: upcoming feature 'InferSendableFromCaptures' is already enabled as of Swift version 6
<unknown>:0: warning: upcoming feature 'GlobalActorIsolatedTypesUsability' is already enabled as of Swift version 6
<unknown>:0: warning: upcoming feature 'DisableOutwardActorInference' is already enabled as of Swift version 6
[857/934] Compiling Crypto HPKE-Errors.swift
<unknown>:0: warning: upcoming feature 'InferSendableFromCaptures' is already enabled as of Swift version 6
<unknown>:0: warning: upcoming feature 'GlobalActorIsolatedTypesUsability' is already enabled as of Swift version 6
<unknown>:0: warning: upcoming feature 'DisableOutwardActorInference' is already enabled as of Swift version 6
[858/934] Compiling Crypto HPKE.swift
<unknown>:0: warning: upcoming feature 'InferSendableFromCaptures' is already enabled as of Swift version 6
<unknown>:0: warning: upcoming feature 'GlobalActorIsolatedTypesUsability' is already enabled as of Swift version 6
<unknown>:0: warning: upcoming feature 'DisableOutwardActorInference' is already enabled as of Swift version 6
[859/934] Compiling Crypto HPKE-Context.swift
<unknown>:0: warning: upcoming feature 'InferSendableFromCaptures' is already enabled as of Swift version 6
<unknown>:0: warning: upcoming feature 'GlobalActorIsolatedTypesUsability' is already enabled as of Swift version 6
<unknown>:0: warning: upcoming feature 'DisableOutwardActorInference' is already enabled as of Swift version 6
[860/934] Compiling Crypto HPKE-KeySchedule.swift
<unknown>:0: warning: upcoming feature 'InferSendableFromCaptures' is already enabled as of Swift version 6
<unknown>:0: warning: upcoming feature 'GlobalActorIsolatedTypesUsability' is already enabled as of Swift version 6
<unknown>:0: warning: upcoming feature 'DisableOutwardActorInference' is already enabled as of Swift version 6
[861/934] Compiling Crypto HPKE-Modes.swift
<unknown>:0: warning: upcoming feature 'InferSendableFromCaptures' is already enabled as of Swift version 6
<unknown>:0: warning: upcoming feature 'GlobalActorIsolatedTypesUsability' is already enabled as of Swift version 6
<unknown>:0: warning: upcoming feature 'DisableOutwardActorInference' is already enabled as of Swift version 6
[862/934] Compiling Crypto Insecure.swift
<unknown>:0: warning: upcoming feature 'InferSendableFromCaptures' is already enabled as of Swift version 6
<unknown>:0: warning: upcoming feature 'GlobalActorIsolatedTypesUsability' is already enabled as of Swift version 6
<unknown>:0: warning: upcoming feature 'DisableOutwardActorInference' is already enabled as of Swift version 6
[863/945] Emitting module Crypto
<unknown>:0: warning: upcoming feature 'InferSendableFromCaptures' is already enabled as of Swift version 6
<unknown>:0: warning: upcoming feature 'GlobalActorIsolatedTypesUsability' is already enabled as of Swift version 6
<unknown>:0: warning: upcoming feature 'DisableOutwardActorInference' is already enabled as of Swift version 6
[864/945] Compiling Crypto CryptoKitErrors.swift
<unknown>:0: warning: upcoming feature 'InferSendableFromCaptures' is already enabled as of Swift version 6
<unknown>:0: warning: upcoming feature 'GlobalActorIsolatedTypesUsability' is already enabled as of Swift version 6
<unknown>:0: warning: upcoming feature 'DisableOutwardActorInference' is already enabled as of Swift version 6
[865/945] Compiling Crypto Digest_boring.swift
<unknown>:0: warning: upcoming feature 'InferSendableFromCaptures' is already enabled as of Swift version 6
<unknown>:0: warning: upcoming feature 'GlobalActorIsolatedTypesUsability' is already enabled as of Swift version 6
<unknown>:0: warning: upcoming feature 'DisableOutwardActorInference' is already enabled as of Swift version 6
[866/945] Compiling Crypto Digest.swift
<unknown>:0: warning: upcoming feature 'InferSendableFromCaptures' is already enabled as of Swift version 6
<unknown>:0: warning: upcoming feature 'GlobalActorIsolatedTypesUsability' is already enabled as of Swift version 6
<unknown>:0: warning: upcoming feature 'DisableOutwardActorInference' is already enabled as of Swift version 6
[867/945] Compiling Crypto Digests.swift
<unknown>:0: warning: upcoming feature 'InferSendableFromCaptures' is already enabled as of Swift version 6
<unknown>:0: warning: upcoming feature 'GlobalActorIsolatedTypesUsability' is already enabled as of Swift version 6
<unknown>:0: warning: upcoming feature 'DisableOutwardActorInference' is already enabled as of Swift version 6
[868/945] Compiling Crypto HashFunctions.swift
<unknown>:0: warning: upcoming feature 'InferSendableFromCaptures' is already enabled as of Swift version 6
<unknown>:0: warning: upcoming feature 'GlobalActorIsolatedTypesUsability' is already enabled as of Swift version 6
<unknown>:0: warning: upcoming feature 'DisableOutwardActorInference' is already enabled as of Swift version 6
[869/945] Compiling Crypto HashFunctions_SHA2.swift
<unknown>:0: warning: upcoming feature 'InferSendableFromCaptures' is already enabled as of Swift version 6
<unknown>:0: warning: upcoming feature 'GlobalActorIsolatedTypesUsability' is already enabled as of Swift version 6
<unknown>:0: warning: upcoming feature 'DisableOutwardActorInference' is already enabled as of Swift version 6
[870/945] Compiling Crypto HashFunctions_SHA3.swift
<unknown>:0: warning: upcoming feature 'InferSendableFromCaptures' is already enabled as of Swift version 6
<unknown>:0: warning: upcoming feature 'GlobalActorIsolatedTypesUsability' is already enabled as of Swift version 6
<unknown>:0: warning: upcoming feature 'DisableOutwardActorInference' is already enabled as of Swift version 6
[871/945] Compiling Crypto Digest_xkcp.swift
<unknown>:0: warning: upcoming feature 'InferSendableFromCaptures' is already enabled as of Swift version 6
<unknown>:0: warning: upcoming feature 'GlobalActorIsolatedTypesUsability' is already enabled as of Swift version 6
<unknown>:0: warning: upcoming feature 'DisableOutwardActorInference' is already enabled as of Swift version 6
[872/945] Compiling Crypto HPKE-AEAD.swift
<unknown>:0: warning: upcoming feature 'InferSendableFromCaptures' is already enabled as of Swift version 6
<unknown>:0: warning: upcoming feature 'GlobalActorIsolatedTypesUsability' is already enabled as of Swift version 6
<unknown>:0: warning: upcoming feature 'DisableOutwardActorInference' is already enabled as of Swift version 6
[873/945] Compiling Crypto HPKE-Ciphersuite.swift
<unknown>:0: warning: upcoming feature 'InferSendableFromCaptures' is already enabled as of Swift version 6
<unknown>:0: warning: upcoming feature 'GlobalActorIsolatedTypesUsability' is already enabled as of Swift version 6
<unknown>:0: warning: upcoming feature 'DisableOutwardActorInference' is already enabled as of Swift version 6
[874/945] Compiling Crypto HPKE-KDF.swift
<unknown>:0: warning: upcoming feature 'InferSendableFromCaptures' is already enabled as of Swift version 6
<unknown>:0: warning: upcoming feature 'GlobalActorIsolatedTypesUsability' is already enabled as of Swift version 6
<unknown>:0: warning: upcoming feature 'DisableOutwardActorInference' is already enabled as of Swift version 6
[875/945] Compiling Crypto HPKE-KexKeyDerivation.swift
<unknown>:0: warning: upcoming feature 'InferSendableFromCaptures' is already enabled as of Swift version 6
<unknown>:0: warning: upcoming feature 'GlobalActorIsolatedTypesUsability' is already enabled as of Swift version 6
<unknown>:0: warning: upcoming feature 'DisableOutwardActorInference' is already enabled as of Swift version 6
[876/945] Compiling Crypto ASN1Null.swift
<unknown>:0: warning: upcoming feature 'InferSendableFromCaptures' is already enabled as of Swift version 6
<unknown>:0: warning: upcoming feature 'GlobalActorIsolatedTypesUsability' is already enabled as of Swift version 6
<unknown>:0: warning: upcoming feature 'DisableOutwardActorInference' is already enabled as of Swift version 6
[877/945] Compiling Crypto ASN1OctetString.swift
<unknown>:0: warning: upcoming feature 'InferSendableFromCaptures' is already enabled as of Swift version 6
<unknown>:0: warning: upcoming feature 'GlobalActorIsolatedTypesUsability' is already enabled as of Swift version 6
<unknown>:0: warning: upcoming feature 'DisableOutwardActorInference' is already enabled as of Swift version 6
[878/945] Compiling Crypto ASN1Strings.swift
<unknown>:0: warning: upcoming feature 'InferSendableFromCaptures' is already enabled as of Swift version 6
<unknown>:0: warning: upcoming feature 'GlobalActorIsolatedTypesUsability' is already enabled as of Swift version 6
<unknown>:0: warning: upcoming feature 'DisableOutwardActorInference' is already enabled as of Swift version 6
[879/945] Compiling Crypto ArraySliceBigint.swift
<unknown>:0: warning: upcoming feature 'InferSendableFromCaptures' is already enabled as of Swift version 6
<unknown>:0: warning: upcoming feature 'GlobalActorIsolatedTypesUsability' is already enabled as of Swift version 6
<unknown>:0: warning: upcoming feature 'DisableOutwardActorInference' is already enabled as of Swift version 6
[880/945] Compiling Crypto GeneralizedTime.swift
<unknown>:0: warning: upcoming feature 'InferSendableFromCaptures' is already enabled as of Swift version 6
<unknown>:0: warning: upcoming feature 'GlobalActorIsolatedTypesUsability' is already enabled as of Swift version 6
<unknown>:0: warning: upcoming feature 'DisableOutwardActorInference' is already enabled as of Swift version 6
[881/945] Compiling Crypto ObjectIdentifier.swift
<unknown>:0: warning: upcoming feature 'InferSendableFromCaptures' is already enabled as of Swift version 6
<unknown>:0: warning: upcoming feature 'GlobalActorIsolatedTypesUsability' is already enabled as of Swift version 6
<unknown>:0: warning: upcoming feature 'DisableOutwardActorInference' is already enabled as of Swift version 6
[882/945] Compiling Crypto ECDSASignature.swift
<unknown>:0: warning: upcoming feature 'InferSendableFromCaptures' is already enabled as of Swift version 6
<unknown>:0: warning: upcoming feature 'GlobalActorIsolatedTypesUsability' is already enabled as of Swift version 6
<unknown>:0: warning: upcoming feature 'DisableOutwardActorInference' is already enabled as of Swift version 6
[883/945] Compiling Crypto PEMDocument.swift
<unknown>:0: warning: upcoming feature 'InferSendableFromCaptures' is already enabled as of Swift version 6
<unknown>:0: warning: upcoming feature 'GlobalActorIsolatedTypesUsability' is already enabled as of Swift version 6
<unknown>:0: warning: upcoming feature 'DisableOutwardActorInference' is already enabled as of Swift version 6
[884/945] Compiling Crypto PKCS8PrivateKey.swift
<unknown>:0: warning: upcoming feature 'InferSendableFromCaptures' is already enabled as of Swift version 6
<unknown>:0: warning: upcoming feature 'GlobalActorIsolatedTypesUsability' is already enabled as of Swift version 6
<unknown>:0: warning: upcoming feature 'DisableOutwardActorInference' is already enabled as of Swift version 6
[885/945] Compiling Crypto SEC1PrivateKey.swift
<unknown>:0: warning: upcoming feature 'InferSendableFromCaptures' is already enabled as of Swift version 6
<unknown>:0: warning: upcoming feature 'GlobalActorIsolatedTypesUsability' is already enabled as of Swift version 6
<unknown>:0: warning: upcoming feature 'DisableOutwardActorInference' is already enabled as of Swift version 6
[886/945] Compiling Crypto SubjectPublicKeyInfo.swift
<unknown>:0: warning: upcoming feature 'InferSendableFromCaptures' is already enabled as of Swift version 6
<unknown>:0: warning: upcoming feature 'GlobalActorIsolatedTypesUsability' is already enabled as of Swift version 6
<unknown>:0: warning: upcoming feature 'DisableOutwardActorInference' is already enabled as of Swift version 6
[887/945] Compiling Crypto CryptoError_boring.swift
<unknown>:0: warning: upcoming feature 'InferSendableFromCaptures' is already enabled as of Swift version 6
<unknown>:0: warning: upcoming feature 'GlobalActorIsolatedTypesUsability' is already enabled as of Swift version 6
<unknown>:0: warning: upcoming feature 'DisableOutwardActorInference' is already enabled as of Swift version 6
[888/945] Compiling Crypto Signature.swift
<unknown>:0: warning: upcoming feature 'InferSendableFromCaptures' is already enabled as of Swift version 6
<unknown>:0: warning: upcoming feature 'GlobalActorIsolatedTypesUsability' is already enabled as of Swift version 6
<unknown>:0: warning: upcoming feature 'DisableOutwardActorInference' is already enabled as of Swift version 6
[889/945] Compiling Crypto CryptoKitErrors_boring.swift
<unknown>:0: warning: upcoming feature 'InferSendableFromCaptures' is already enabled as of Swift version 6
<unknown>:0: warning: upcoming feature 'GlobalActorIsolatedTypesUsability' is already enabled as of Swift version 6
<unknown>:0: warning: upcoming feature 'DisableOutwardActorInference' is already enabled as of Swift version 6
[890/945] Compiling Crypto Optional+withUnsafeBytes_boring.swift
<unknown>:0: warning: upcoming feature 'InferSendableFromCaptures' is already enabled as of Swift version 6
<unknown>:0: warning: upcoming feature 'GlobalActorIsolatedTypesUsability' is already enabled as of Swift version 6
<unknown>:0: warning: upcoming feature 'DisableOutwardActorInference' is already enabled as of Swift version 6
[891/945] Compiling Crypto RNG_boring.swift
<unknown>:0: warning: upcoming feature 'InferSendableFromCaptures' is already enabled as of Swift version 6
<unknown>:0: warning: upcoming feature 'GlobalActorIsolatedTypesUsability' is already enabled as of Swift version 6
<unknown>:0: warning: upcoming feature 'DisableOutwardActorInference' is already enabled as of Swift version 6
[892/945] Compiling Crypto SafeCompare_boring.swift
<unknown>:0: warning: upcoming feature 'InferSendableFromCaptures' is already enabled as of Swift version 6
<unknown>:0: warning: upcoming feature 'GlobalActorIsolatedTypesUsability' is already enabled as of Swift version 6
<unknown>:0: warning: upcoming feature 'DisableOutwardActorInference' is already enabled as of Swift version 6
[893/945] Compiling Crypto Zeroization_boring.swift
<unknown>:0: warning: upcoming feature 'InferSendableFromCaptures' is already enabled as of Swift version 6
<unknown>:0: warning: upcoming feature 'GlobalActorIsolatedTypesUsability' is already enabled as of Swift version 6
<unknown>:0: warning: upcoming feature 'DisableOutwardActorInference' is already enabled as of Swift version 6
[894/945] Compiling Crypto _CryptoModuleAnchor.swift
<unknown>:0: warning: upcoming feature 'InferSendableFromCaptures' is already enabled as of Swift version 6
<unknown>:0: warning: upcoming feature 'GlobalActorIsolatedTypesUsability' is already enabled as of Swift version 6
<unknown>:0: warning: upcoming feature 'DisableOutwardActorInference' is already enabled as of Swift version 6
[895/945] Compiling Crypto PrettyBytes.swift
<unknown>:0: warning: upcoming feature 'InferSendableFromCaptures' is already enabled as of Swift version 6
<unknown>:0: warning: upcoming feature 'GlobalActorIsolatedTypesUsability' is already enabled as of Swift version 6
<unknown>:0: warning: upcoming feature 'DisableOutwardActorInference' is already enabled as of Swift version 6
[896/945] Compiling Crypto SafeCompare.swift
<unknown>:0: warning: upcoming feature 'InferSendableFromCaptures' is already enabled as of Swift version 6
<unknown>:0: warning: upcoming feature 'GlobalActorIsolatedTypesUsability' is already enabled as of Swift version 6
<unknown>:0: warning: upcoming feature 'DisableOutwardActorInference' is already enabled as of Swift version 6
[897/945] Compiling Crypto SecureBytes.swift
<unknown>:0: warning: upcoming feature 'InferSendableFromCaptures' is already enabled as of Swift version 6
<unknown>:0: warning: upcoming feature 'GlobalActorIsolatedTypesUsability' is already enabled as of Swift version 6
<unknown>:0: warning: upcoming feature 'DisableOutwardActorInference' is already enabled as of Swift version 6
[898/945] Compiling Crypto Zeroization.swift
<unknown>:0: warning: upcoming feature 'InferSendableFromCaptures' is already enabled as of Swift version 6
<unknown>:0: warning: upcoming feature 'GlobalActorIsolatedTypesUsability' is already enabled as of Swift version 6
<unknown>:0: warning: upcoming feature 'DisableOutwardActorInference' is already enabled as of Swift version 6
[899/945] Compiling Crypto MACFunctions.swift
<unknown>:0: warning: upcoming feature 'InferSendableFromCaptures' is already enabled as of Swift version 6
<unknown>:0: warning: upcoming feature 'GlobalActorIsolatedTypesUsability' is already enabled as of Swift version 6
<unknown>:0: warning: upcoming feature 'DisableOutwardActorInference' is already enabled as of Swift version 6
[900/945] Compiling Crypto MessageAuthenticationCode.swift
<unknown>:0: warning: upcoming feature 'InferSendableFromCaptures' is already enabled as of Swift version 6
<unknown>:0: warning: upcoming feature 'GlobalActorIsolatedTypesUsability' is already enabled as of Swift version 6
<unknown>:0: warning: upcoming feature 'DisableOutwardActorInference' is already enabled as of Swift version 6
[901/945] Compiling Crypto AES.swift
<unknown>:0: warning: upcoming feature 'InferSendableFromCaptures' is already enabled as of Swift version 6
<unknown>:0: warning: upcoming feature 'GlobalActorIsolatedTypesUsability' is already enabled as of Swift version 6
<unknown>:0: warning: upcoming feature 'DisableOutwardActorInference' is already enabled as of Swift version 6
[902/945] Compiling Crypto ECDSASignature_boring.swift
<unknown>:0: warning: upcoming feature 'InferSendableFromCaptures' is already enabled as of Swift version 6
<unknown>:0: warning: upcoming feature 'GlobalActorIsolatedTypesUsability' is already enabled as of Swift version 6
<unknown>:0: warning: upcoming feature 'DisableOutwardActorInference' is already enabled as of Swift version 6
[903/945] Compiling Crypto ECDSA_boring.swift
<unknown>:0: warning: upcoming feature 'InferSendableFromCaptures' is already enabled as of Swift version 6
<unknown>:0: warning: upcoming feature 'GlobalActorIsolatedTypesUsability' is already enabled as of Swift version 6
<unknown>:0: warning: upcoming feature 'DisableOutwardActorInference' is already enabled as of Swift version 6
[904/945] Compiling Crypto EdDSA_boring.swift
<unknown>:0: warning: upcoming feature 'InferSendableFromCaptures' is already enabled as of Swift version 6
<unknown>:0: warning: upcoming feature 'GlobalActorIsolatedTypesUsability' is already enabled as of Swift version 6
<unknown>:0: warning: upcoming feature 'DisableOutwardActorInference' is already enabled as of Swift version 6
[905/945] Compiling Crypto MLDSA_boring.swift
<unknown>:0: warning: upcoming feature 'InferSendableFromCaptures' is already enabled as of Swift version 6
<unknown>:0: warning: upcoming feature 'GlobalActorIsolatedTypesUsability' is already enabled as of Swift version 6
<unknown>:0: warning: upcoming feature 'DisableOutwardActorInference' is already enabled as of Swift version 6
[906/945] Compiling Crypto MLDSA_wrapper.swift
<unknown>:0: warning: upcoming feature 'InferSendableFromCaptures' is already enabled as of Swift version 6
<unknown>:0: warning: upcoming feature 'GlobalActorIsolatedTypesUsability' is already enabled as of Swift version 6
<unknown>:0: warning: upcoming feature 'DisableOutwardActorInference' is already enabled as of Swift version 6
[907/945] Compiling Crypto ECDSA.swift
<unknown>:0: warning: upcoming feature 'InferSendableFromCaptures' is already enabled as of Swift version 6
<unknown>:0: warning: upcoming feature 'GlobalActorIsolatedTypesUsability' is already enabled as of Swift version 6
<unknown>:0: warning: upcoming feature 'DisableOutwardActorInference' is already enabled as of Swift version 6
[908/945] Compiling Crypto Ed25519.swift
<unknown>:0: warning: upcoming feature 'InferSendableFromCaptures' is already enabled as of Swift version 6
<unknown>:0: warning: upcoming feature 'GlobalActorIsolatedTypesUsability' is already enabled as of Swift version 6
<unknown>:0: warning: upcoming feature 'DisableOutwardActorInference' is already enabled as of Swift version 6
[909/945] Compiling Crypto MLDSA.swift
<unknown>:0: warning: upcoming feature 'InferSendableFromCaptures' is already enabled as of Swift version 6
<unknown>:0: warning: upcoming feature 'GlobalActorIsolatedTypesUsability' is already enabled as of Swift version 6
<unknown>:0: warning: upcoming feature 'DisableOutwardActorInference' is already enabled as of Swift version 6
[910/945] Compiling Crypto HKDF.swift
<unknown>:0: warning: upcoming feature 'InferSendableFromCaptures' is already enabled as of Swift version 6
<unknown>:0: warning: upcoming feature 'GlobalActorIsolatedTypesUsability' is already enabled as of Swift version 6
<unknown>:0: warning: upcoming feature 'DisableOutwardActorInference' is already enabled as of Swift version 6
[911/945] Compiling Crypto AESWrap.swift
<unknown>:0: warning: upcoming feature 'InferSendableFromCaptures' is already enabled as of Swift version 6
<unknown>:0: warning: upcoming feature 'GlobalActorIsolatedTypesUsability' is already enabled as of Swift version 6
<unknown>:0: warning: upcoming feature 'DisableOutwardActorInference' is already enabled as of Swift version 6
[912/945] Compiling Crypto AESWrap_boring.swift
<unknown>:0: warning: upcoming feature 'InferSendableFromCaptures' is already enabled as of Swift version 6
<unknown>:0: warning: upcoming feature 'GlobalActorIsolatedTypesUsability' is already enabled as of Swift version 6
<unknown>:0: warning: upcoming feature 'DisableOutwardActorInference' is already enabled as of Swift version 6
[913/945] Compiling Crypto Ed25519_boring.swift
<unknown>:0: warning: upcoming feature 'InferSendableFromCaptures' is already enabled as of Swift version 6
<unknown>:0: warning: upcoming feature 'GlobalActorIsolatedTypesUsability' is already enabled as of Swift version 6
<unknown>:0: warning: upcoming feature 'DisableOutwardActorInference' is already enabled as of Swift version 6
[914/945] Compiling Crypto NISTCurvesKeys_boring.swift
<unknown>:0: warning: upcoming feature 'InferSendableFromCaptures' is already enabled as of Swift version 6
<unknown>:0: warning: upcoming feature 'GlobalActorIsolatedTypesUsability' is already enabled as of Swift version 6
<unknown>:0: warning: upcoming feature 'DisableOutwardActorInference' is already enabled as of Swift version 6
[915/945] Compiling Crypto X25519Keys_boring.swift
<unknown>:0: warning: upcoming feature 'InferSendableFromCaptures' is already enabled as of Swift version 6
<unknown>:0: warning: upcoming feature 'GlobalActorIsolatedTypesUsability' is already enabled as of Swift version 6
<unknown>:0: warning: upcoming feature 'DisableOutwardActorInference' is already enabled as of Swift version 6
[916/945] Compiling Crypto Curve25519.swift
<unknown>:0: warning: upcoming feature 'InferSendableFromCaptures' is already enabled as of Swift version 6
<unknown>:0: warning: upcoming feature 'GlobalActorIsolatedTypesUsability' is already enabled as of Swift version 6
<unknown>:0: warning: upcoming feature 'DisableOutwardActorInference' is already enabled as of Swift version 6
[917/945] Compiling Crypto Ed25519Keys.swift
<unknown>:0: warning: upcoming feature 'InferSendableFromCaptures' is already enabled as of Swift version 6
<unknown>:0: warning: upcoming feature 'GlobalActorIsolatedTypesUsability' is already enabled as of Swift version 6
<unknown>:0: warning: upcoming feature 'DisableOutwardActorInference' is already enabled as of Swift version 6
[918/945] Compiling Crypto NISTCurvesKeys.swift
<unknown>:0: warning: upcoming feature 'InferSendableFromCaptures' is already enabled as of Swift version 6
<unknown>:0: warning: upcoming feature 'GlobalActorIsolatedTypesUsability' is already enabled as of Swift version 6
<unknown>:0: warning: upcoming feature 'DisableOutwardActorInference' is already enabled as of Swift version 6
[919/945] Compiling Crypto X25519Keys.swift
<unknown>:0: warning: upcoming feature 'InferSendableFromCaptures' is already enabled as of Swift version 6
<unknown>:0: warning: upcoming feature 'GlobalActorIsolatedTypesUsability' is already enabled as of Swift version 6
<unknown>:0: warning: upcoming feature 'DisableOutwardActorInference' is already enabled as of Swift version 6
[920/945] Compiling Crypto SymmetricKeys.swift
<unknown>:0: warning: upcoming feature 'InferSendableFromCaptures' is already enabled as of Swift version 6
<unknown>:0: warning: upcoming feature 'GlobalActorIsolatedTypesUsability' is already enabled as of Swift version 6
<unknown>:0: warning: upcoming feature 'DisableOutwardActorInference' is already enabled as of Swift version 6
[921/945] Compiling Crypto HMAC.swift
<unknown>:0: warning: upcoming feature 'InferSendableFromCaptures' is already enabled as of Swift version 6
<unknown>:0: warning: upcoming feature 'GlobalActorIsolatedTypesUsability' is already enabled as of Swift version 6
<unknown>:0: warning: upcoming feature 'DisableOutwardActorInference' is already enabled as of Swift version 6
[922/945] Compiling Crypto Insecure_HashFunctions.swift
<unknown>:0: warning: upcoming feature 'InferSendableFromCaptures' is already enabled as of Swift version 6
<unknown>:0: warning: upcoming feature 'GlobalActorIsolatedTypesUsability' is already enabled as of Swift version 6
<unknown>:0: warning: upcoming feature 'DisableOutwardActorInference' is already enabled as of Swift version 6
[923/945] Compiling Crypto MLKEM_boring.swift
<unknown>:0: warning: upcoming feature 'InferSendableFromCaptures' is already enabled as of Swift version 6
<unknown>:0: warning: upcoming feature 'GlobalActorIsolatedTypesUsability' is already enabled as of Swift version 6
<unknown>:0: warning: upcoming feature 'DisableOutwardActorInference' is already enabled as of Swift version 6
[924/945] Compiling Crypto MLKEM_wrapper.swift
<unknown>:0: warning: upcoming feature 'InferSendableFromCaptures' is already enabled as of Swift version 6
<unknown>:0: warning: upcoming feature 'GlobalActorIsolatedTypesUsability' is already enabled as of Swift version 6
<unknown>:0: warning: upcoming feature 'DisableOutwardActorInference' is already enabled as of Swift version 6
[925/945] Compiling Crypto XWing_boring.swift
<unknown>:0: warning: upcoming feature 'InferSendableFromCaptures' is already enabled as of Swift version 6
<unknown>:0: warning: upcoming feature 'GlobalActorIsolatedTypesUsability' is already enabled as of Swift version 6
<unknown>:0: warning: upcoming feature 'DisableOutwardActorInference' is already enabled as of Swift version 6
[926/945] Compiling Crypto KEM-Errors.swift
<unknown>:0: warning: upcoming feature 'InferSendableFromCaptures' is already enabled as of Swift version 6
<unknown>:0: warning: upcoming feature 'GlobalActorIsolatedTypesUsability' is already enabled as of Swift version 6
<unknown>:0: warning: upcoming feature 'DisableOutwardActorInference' is already enabled as of Swift version 6
[927/945] Compiling Crypto KEM.swift
<unknown>:0: warning: upcoming feature 'InferSendableFromCaptures' is already enabled as of Swift version 6
<unknown>:0: warning: upcoming feature 'GlobalActorIsolatedTypesUsability' is already enabled as of Swift version 6
<unknown>:0: warning: upcoming feature 'DisableOutwardActorInference' is already enabled as of Swift version 6
[928/945] Compiling Crypto MLKEM.swift
<unknown>:0: warning: upcoming feature 'InferSendableFromCaptures' is already enabled as of Swift version 6
<unknown>:0: warning: upcoming feature 'GlobalActorIsolatedTypesUsability' is already enabled as of Swift version 6
<unknown>:0: warning: upcoming feature 'DisableOutwardActorInference' is already enabled as of Swift version 6
[929/945] Compiling Crypto XWing.swift
<unknown>:0: warning: upcoming feature 'InferSendableFromCaptures' is already enabled as of Swift version 6
<unknown>:0: warning: upcoming feature 'GlobalActorIsolatedTypesUsability' is already enabled as of Swift version 6
<unknown>:0: warning: upcoming feature 'DisableOutwardActorInference' is already enabled as of Swift version 6
[930/945] Compiling Crypto ECDH_boring.swift
<unknown>:0: warning: upcoming feature 'InferSendableFromCaptures' is already enabled as of Swift version 6
<unknown>:0: warning: upcoming feature 'GlobalActorIsolatedTypesUsability' is already enabled as of Swift version 6
<unknown>:0: warning: upcoming feature 'DisableOutwardActorInference' is already enabled as of Swift version 6
[931/945] Compiling Crypto DH.swift
<unknown>:0: warning: upcoming feature 'InferSendableFromCaptures' is already enabled as of Swift version 6
<unknown>:0: warning: upcoming feature 'GlobalActorIsolatedTypesUsability' is already enabled as of Swift version 6
<unknown>:0: warning: upcoming feature 'DisableOutwardActorInference' is already enabled as of Swift version 6
[932/945] Compiling Crypto ECDH.swift
<unknown>:0: warning: upcoming feature 'InferSendableFromCaptures' is already enabled as of Swift version 6
<unknown>:0: warning: upcoming feature 'GlobalActorIsolatedTypesUsability' is already enabled as of Swift version 6
<unknown>:0: warning: upcoming feature 'DisableOutwardActorInference' is already enabled as of Swift version 6
[933/945] Compiling Crypto ANSIx963.swift
<unknown>:0: warning: upcoming feature 'InferSendableFromCaptures' is already enabled as of Swift version 6
<unknown>:0: warning: upcoming feature 'GlobalActorIsolatedTypesUsability' is already enabled as of Swift version 6
<unknown>:0: warning: upcoming feature 'DisableOutwardActorInference' is already enabled as of Swift version 6
[934/945] Compiling Crypto AES-GCM.swift
<unknown>:0: warning: upcoming feature 'InferSendableFromCaptures' is already enabled as of Swift version 6
<unknown>:0: warning: upcoming feature 'GlobalActorIsolatedTypesUsability' is already enabled as of Swift version 6
<unknown>:0: warning: upcoming feature 'DisableOutwardActorInference' is already enabled as of Swift version 6
[935/945] Compiling Crypto AES-GCM_boring.swift
<unknown>:0: warning: upcoming feature 'InferSendableFromCaptures' is already enabled as of Swift version 6
<unknown>:0: warning: upcoming feature 'GlobalActorIsolatedTypesUsability' is already enabled as of Swift version 6
<unknown>:0: warning: upcoming feature 'DisableOutwardActorInference' is already enabled as of Swift version 6
[936/945] Compiling Crypto ChaChaPoly_boring.swift
<unknown>:0: warning: upcoming feature 'InferSendableFromCaptures' is already enabled as of Swift version 6
<unknown>:0: warning: upcoming feature 'GlobalActorIsolatedTypesUsability' is already enabled as of Swift version 6
<unknown>:0: warning: upcoming feature 'DisableOutwardActorInference' is already enabled as of Swift version 6
[937/945] Compiling Crypto ChaChaPoly.swift
<unknown>:0: warning: upcoming feature 'InferSendableFromCaptures' is already enabled as of Swift version 6
<unknown>:0: warning: upcoming feature 'GlobalActorIsolatedTypesUsability' is already enabled as of Swift version 6
<unknown>:0: warning: upcoming feature 'DisableOutwardActorInference' is already enabled as of Swift version 6
[938/945] Compiling Crypto Cipher.swift
<unknown>:0: warning: upcoming feature 'InferSendableFromCaptures' is already enabled as of Swift version 6
<unknown>:0: warning: upcoming feature 'GlobalActorIsolatedTypesUsability' is already enabled as of Swift version 6
<unknown>:0: warning: upcoming feature 'DisableOutwardActorInference' is already enabled as of Swift version 6
[939/945] Compiling Crypto Nonces.swift
<unknown>:0: warning: upcoming feature 'InferSendableFromCaptures' is already enabled as of Swift version 6
<unknown>:0: warning: upcoming feature 'GlobalActorIsolatedTypesUsability' is already enabled as of Swift version 6
<unknown>:0: warning: upcoming feature 'DisableOutwardActorInference' is already enabled as of Swift version 6
[940/945] Compiling Crypto ASN1.swift
<unknown>:0: warning: upcoming feature 'InferSendableFromCaptures' is already enabled as of Swift version 6
<unknown>:0: warning: upcoming feature 'GlobalActorIsolatedTypesUsability' is already enabled as of Swift version 6
<unknown>:0: warning: upcoming feature 'DisableOutwardActorInference' is already enabled as of Swift version 6
[941/945] Compiling Crypto ASN1Any.swift
<unknown>:0: warning: upcoming feature 'InferSendableFromCaptures' is already enabled as of Swift version 6
<unknown>:0: warning: upcoming feature 'GlobalActorIsolatedTypesUsability' is already enabled as of Swift version 6
<unknown>:0: warning: upcoming feature 'DisableOutwardActorInference' is already enabled as of Swift version 6
[942/945] Compiling Crypto ASN1BitString.swift
<unknown>:0: warning: upcoming feature 'InferSendableFromCaptures' is already enabled as of Swift version 6
<unknown>:0: warning: upcoming feature 'GlobalActorIsolatedTypesUsability' is already enabled as of Swift version 6
<unknown>:0: warning: upcoming feature 'DisableOutwardActorInference' is already enabled as of Swift version 6
[943/945] Compiling Crypto ASN1Boolean.swift
<unknown>:0: warning: upcoming feature 'InferSendableFromCaptures' is already enabled as of Swift version 6
<unknown>:0: warning: upcoming feature 'GlobalActorIsolatedTypesUsability' is already enabled as of Swift version 6
<unknown>:0: warning: upcoming feature 'DisableOutwardActorInference' is already enabled as of Swift version 6
[944/945] Compiling Crypto ASN1Identifier.swift
<unknown>:0: warning: upcoming feature 'InferSendableFromCaptures' is already enabled as of Swift version 6
<unknown>:0: warning: upcoming feature 'GlobalActorIsolatedTypesUsability' is already enabled as of Swift version 6
<unknown>:0: warning: upcoming feature 'DisableOutwardActorInference' is already enabled as of Swift version 6
[945/945] Compiling Crypto ASN1Integer.swift
<unknown>:0: warning: upcoming feature 'InferSendableFromCaptures' is already enabled as of Swift version 6
<unknown>:0: warning: upcoming feature 'GlobalActorIsolatedTypesUsability' is already enabled as of Swift version 6
<unknown>:0: warning: upcoming feature 'DisableOutwardActorInference' is already enabled as of Swift version 6
[947/1014] Compiling CryptoExtras PKCS8DERRepresentation.swift
<unknown>:0: warning: upcoming feature 'InferSendableFromCaptures' is already enabled as of Swift version 6
<unknown>:0: warning: upcoming feature 'GlobalActorIsolatedTypesUsability' is already enabled as of Swift version 6
<unknown>:0: warning: upcoming feature 'DisableOutwardActorInference' is already enabled as of Swift version 6
[948/1014] Compiling CryptoExtras PKCS8PrivateKey.swift
<unknown>:0: warning: upcoming feature 'InferSendableFromCaptures' is already enabled as of Swift version 6
<unknown>:0: warning: upcoming feature 'GlobalActorIsolatedTypesUsability' is already enabled as of Swift version 6
<unknown>:0: warning: upcoming feature 'DisableOutwardActorInference' is already enabled as of Swift version 6
[949/1014] Compiling CryptoExtras RFC8410AlgorithmIdentifier.swift
<unknown>:0: warning: upcoming feature 'InferSendableFromCaptures' is already enabled as of Swift version 6
<unknown>:0: warning: upcoming feature 'GlobalActorIsolatedTypesUsability' is already enabled as of Swift version 6
<unknown>:0: warning: upcoming feature 'DisableOutwardActorInference' is already enabled as of Swift version 6
[950/1014] Compiling CryptoExtras ECToolbox_boring.swift
<unknown>:0: warning: upcoming feature 'InferSendableFromCaptures' is already enabled as of Swift version 6
<unknown>:0: warning: upcoming feature 'GlobalActorIsolatedTypesUsability' is already enabled as of Swift version 6
<unknown>:0: warning: upcoming feature 'DisableOutwardActorInference' is already enabled as of Swift version 6
[951/1014] Compiling CryptoExtras ECToolbox.swift
<unknown>:0: warning: upcoming feature 'InferSendableFromCaptures' is already enabled as of Swift version 6
<unknown>:0: warning: upcoming feature 'GlobalActorIsolatedTypesUsability' is already enabled as of Swift version 6
<unknown>:0: warning: upcoming feature 'DisableOutwardActorInference' is already enabled as of Swift version 6
[952/1014] Compiling CryptoExtras HashToField.swift
<unknown>:0: warning: upcoming feature 'InferSendableFromCaptures' is already enabled as of Swift version 6
<unknown>:0: warning: upcoming feature 'GlobalActorIsolatedTypesUsability' is already enabled as of Swift version 6
<unknown>:0: warning: upcoming feature 'DisableOutwardActorInference' is already enabled as of Swift version 6
[953/1014] Compiling CryptoExtras KDF.swift
<unknown>:0: warning: upcoming feature 'InferSendableFromCaptures' is already enabled as of Swift version 6
<unknown>:0: warning: upcoming feature 'GlobalActorIsolatedTypesUsability' is already enabled as of Swift version 6
<unknown>:0: warning: upcoming feature 'DisableOutwardActorInference' is already enabled as of Swift version 6
[954/1014] Compiling CryptoExtras PBKDF2_boring.swift
<unknown>:0: warning: upcoming feature 'InferSendableFromCaptures' is already enabled as of Swift version 6
<unknown>:0: warning: upcoming feature 'GlobalActorIsolatedTypesUsability' is already enabled as of Swift version 6
<unknown>:0: warning: upcoming feature 'DisableOutwardActorInference' is already enabled as of Swift version 6
[955/1014] Compiling CryptoExtras PBKDF2_commoncrypto.swift
<unknown>:0: warning: upcoming feature 'InferSendableFromCaptures' is already enabled as of Swift version 6
<unknown>:0: warning: upcoming feature 'GlobalActorIsolatedTypesUsability' is already enabled as of Swift version 6
<unknown>:0: warning: upcoming feature 'DisableOutwardActorInference' is already enabled as of Swift version 6
[956/1022] Compiling CryptoASN1 RFC5480Algorithms.swift
<unknown>:0: warning: upcoming feature 'InferSendableFromCaptures' is already enabled as of Swift version 6
<unknown>:0: warning: upcoming feature 'GlobalActorIsolatedTypesUsability' is already enabled as of Swift version 6
<unknown>:0: warning: upcoming feature 'DisableOutwardActorInference' is already enabled as of Swift version 6
[957/1022] Compiling CryptoASN1 SubjectPublicKeyInfo.swift
<unknown>:0: warning: upcoming feature 'InferSendableFromCaptures' is already enabled as of Swift version 6
<unknown>:0: warning: upcoming feature 'GlobalActorIsolatedTypesUsability' is already enabled as of Swift version 6
<unknown>:0: warning: upcoming feature 'DisableOutwardActorInference' is already enabled as of Swift version 6
[958/1022] Compiling CryptoASN1 resource_bundle_accessor.swift
<unknown>:0: warning: upcoming feature 'InferSendableFromCaptures' is already enabled as of Swift version 6
<unknown>:0: warning: upcoming feature 'GlobalActorIsolatedTypesUsability' is already enabled as of Swift version 6
<unknown>:0: warning: upcoming feature 'DisableOutwardActorInference' is already enabled as of Swift version 6
error: emit-module command failed with exit code 1 (use -v to see invocation)
[959/1022] Emitting module CryptoExtras
<unknown>:0: warning: upcoming feature 'InferSendableFromCaptures' is already enabled as of Swift version 6
<unknown>:0: warning: upcoming feature 'GlobalActorIsolatedTypesUsability' is already enabled as of Swift version 6
<unknown>:0: warning: upcoming feature 'DisableOutwardActorInference' is already enabled as of Swift version 6
/host/spi-builder-workspace/.build/checkouts/swift-crypto/Sources/CryptoExtras/Util/ThreadSpecific/ThreadSpecific.swift:33:36: error: cannot find type 'ThreadOpsSystem' in scope
 31 |
 32 |     private class Key {
 33 |         private var underlyingKey: ThreadOpsSystem.ThreadSpecificKey
    |                                    `- error: cannot find type 'ThreadOpsSystem' in scope
 34 |
 35 |         internal init(destructor: @escaping ThreadOpsSystem.ThreadSpecificKeyDestructor) {
/host/spi-builder-workspace/.build/checkouts/swift-crypto/Sources/CryptoExtras/Util/ThreadSpecific/ThreadSpecific.swift:35:45: error: cannot find type 'ThreadOpsSystem' in scope
 33 |         private var underlyingKey: ThreadOpsSystem.ThreadSpecificKey
 34 |
 35 |         internal init(destructor: @escaping ThreadOpsSystem.ThreadSpecificKeyDestructor) {
    |                                             `- error: cannot find type 'ThreadOpsSystem' in scope
 36 |             self.underlyingKey = ThreadOpsSystem.allocateThreadSpecificValue(destructor: destructor)
 37 |         }
/host/spi-builder-workspace/.build/checkouts/swift-crypto/Sources/CryptoExtras/Util/ThreadSpecific/ThreadSpecific.swift:35:35: error: @escaping attribute only applies to function types
 33 |         private var underlyingKey: ThreadOpsSystem.ThreadSpecificKey
 34 |
 35 |         internal init(destructor: @escaping ThreadOpsSystem.ThreadSpecificKeyDestructor) {
    |                                   `- error: @escaping attribute only applies to function types
 36 |             self.underlyingKey = ThreadOpsSystem.allocateThreadSpecificValue(destructor: destructor)
 37 |         }
[960/1022] Compiling CryptoExtras Data+Extensions.swift
<unknown>:0: warning: upcoming feature 'InferSendableFromCaptures' is already enabled as of Swift version 6
<unknown>:0: warning: upcoming feature 'GlobalActorIsolatedTypesUsability' is already enabled as of Swift version 6
<unknown>:0: warning: upcoming feature 'DisableOutwardActorInference' is already enabled as of Swift version 6
[961/1022] Compiling CryptoExtras DigestType.swift
<unknown>:0: warning: upcoming feature 'InferSendableFromCaptures' is already enabled as of Swift version 6
<unknown>:0: warning: upcoming feature 'GlobalActorIsolatedTypesUsability' is already enabled as of Swift version 6
<unknown>:0: warning: upcoming feature 'DisableOutwardActorInference' is already enabled as of Swift version 6
[962/1022] Compiling CryptoExtras Error.swift
<unknown>:0: warning: upcoming feature 'InferSendableFromCaptures' is already enabled as of Swift version 6
<unknown>:0: warning: upcoming feature 'GlobalActorIsolatedTypesUsability' is already enabled as of Swift version 6
<unknown>:0: warning: upcoming feature 'DisableOutwardActorInference' is already enabled as of Swift version 6
[963/1022] Compiling CryptoExtras I2OSP.swift
<unknown>:0: warning: upcoming feature 'InferSendableFromCaptures' is already enabled as of Swift version 6
<unknown>:0: warning: upcoming feature 'GlobalActorIsolatedTypesUsability' is already enabled as of Swift version 6
<unknown>:0: warning: upcoming feature 'DisableOutwardActorInference' is already enabled as of Swift version 6
[964/1022] Compiling CryptoExtras IntegerEncoding.swift
<unknown>:0: warning: upcoming feature 'InferSendableFromCaptures' is already enabled as of Swift version 6
<unknown>:0: warning: upcoming feature 'GlobalActorIsolatedTypesUsability' is already enabled as of Swift version 6
<unknown>:0: warning: upcoming feature 'DisableOutwardActorInference' is already enabled as of Swift version 6
[965/1022] Compiling CryptoExtras PEMDocument.swift
<unknown>:0: warning: upcoming feature 'InferSendableFromCaptures' is already enabled as of Swift version 6
<unknown>:0: warning: upcoming feature 'GlobalActorIsolatedTypesUsability' is already enabled as of Swift version 6
<unknown>:0: warning: upcoming feature 'DisableOutwardActorInference' is already enabled as of Swift version 6
[966/1022] Compiling CryptoExtras PrettyBytes.swift
<unknown>:0: warning: upcoming feature 'InferSendableFromCaptures' is already enabled as of Swift version 6
<unknown>:0: warning: upcoming feature 'GlobalActorIsolatedTypesUsability' is already enabled as of Swift version 6
<unknown>:0: warning: upcoming feature 'DisableOutwardActorInference' is already enabled as of Swift version 6
[967/1022] Compiling CryptoExtras SubjectPublicKeyInfo.swift
<unknown>:0: warning: upcoming feature 'InferSendableFromCaptures' is already enabled as of Swift version 6
<unknown>:0: warning: upcoming feature 'GlobalActorIsolatedTypesUsability' is already enabled as of Swift version 6
<unknown>:0: warning: upcoming feature 'DisableOutwardActorInference' is already enabled as of Swift version 6
[968/1022] Compiling CryptoExtras ThreadOps.swift
<unknown>:0: warning: upcoming feature 'InferSendableFromCaptures' is already enabled as of Swift version 6
<unknown>:0: warning: upcoming feature 'GlobalActorIsolatedTypesUsability' is already enabled as of Swift version 6
<unknown>:0: warning: upcoming feature 'DisableOutwardActorInference' is already enabled as of Swift version 6
/host/spi-builder-workspace/.build/checkouts/swift-crypto/Sources/CryptoExtras/Util/ThreadSpecific/ThreadSpecific.swift:33:36: error: cannot find type 'ThreadOpsSystem' in scope
 31 |
 32 |     private class Key {
 33 |         private var underlyingKey: ThreadOpsSystem.ThreadSpecificKey
    |                                    `- error: cannot find type 'ThreadOpsSystem' in scope
 34 |
 35 |         internal init(destructor: @escaping ThreadOpsSystem.ThreadSpecificKeyDestructor) {
/host/spi-builder-workspace/.build/checkouts/swift-crypto/Sources/CryptoExtras/Util/ThreadSpecific/ThreadSpecific.swift:35:45: error: cannot find type 'ThreadOpsSystem' in scope
 33 |         private var underlyingKey: ThreadOpsSystem.ThreadSpecificKey
 34 |
 35 |         internal init(destructor: @escaping ThreadOpsSystem.ThreadSpecificKeyDestructor) {
    |                                             `- error: cannot find type 'ThreadOpsSystem' in scope
 36 |             self.underlyingKey = ThreadOpsSystem.allocateThreadSpecificValue(destructor: destructor)
 37 |         }
/host/spi-builder-workspace/.build/checkouts/swift-crypto/Sources/CryptoExtras/Util/ThreadSpecific/ThreadSpecific.swift:35:35: error: @escaping attribute only applies to function types
 33 |         private var underlyingKey: ThreadOpsSystem.ThreadSpecificKey
 34 |
 35 |         internal init(destructor: @escaping ThreadOpsSystem.ThreadSpecificKeyDestructor) {
    |                                   `- error: @escaping attribute only applies to function types
 36 |             self.underlyingKey = ThreadOpsSystem.allocateThreadSpecificValue(destructor: destructor)
 37 |         }
/host/spi-builder-workspace/.build/checkouts/swift-crypto/Sources/CryptoExtras/Util/ThreadSpecific/ThreadSpecific.swift:36:34: error: cannot find 'ThreadOpsSystem' in scope
 34 |
 35 |         internal init(destructor: @escaping ThreadOpsSystem.ThreadSpecificKeyDestructor) {
 36 |             self.underlyingKey = ThreadOpsSystem.allocateThreadSpecificValue(destructor: destructor)
    |                                  `- error: cannot find 'ThreadOpsSystem' in scope
 37 |         }
 38 |
/host/spi-builder-workspace/.build/checkouts/swift-crypto/Sources/CryptoExtras/Util/ThreadSpecific/ThreadSpecific.swift:40:13: error: cannot find 'ThreadOpsSystem' in scope
 38 |
 39 |         deinit {
 40 |             ThreadOpsSystem.deallocateThreadSpecificValue(self.underlyingKey)
    |             `- error: cannot find 'ThreadOpsSystem' in scope
 41 |         }
 42 |
/host/spi-builder-workspace/.build/checkouts/swift-crypto/Sources/CryptoExtras/Util/ThreadSpecific/ThreadSpecific.swift:44:13: error: cannot find 'ThreadOpsSystem' in scope
 42 |
 43 |         func get() -> UnsafeMutableRawPointer? {
 44 |             ThreadOpsSystem.getThreadSpecificValue(self.underlyingKey)
    |             `- error: cannot find 'ThreadOpsSystem' in scope
 45 |         }
 46 |
/host/spi-builder-workspace/.build/checkouts/swift-crypto/Sources/CryptoExtras/Util/ThreadSpecific/ThreadSpecific.swift:48:13: error: cannot find 'ThreadOpsSystem' in scope
 46 |
 47 |         func set(value: UnsafeMutableRawPointer?) {
 48 |             ThreadOpsSystem.setThreadSpecificValue(key: self.underlyingKey, value: value)
    |             `- error: cannot find 'ThreadOpsSystem' in scope
 49 |         }
 50 |     }
[969/1022] Compiling CryptoExtras ThreadPosix.swift
<unknown>:0: warning: upcoming feature 'InferSendableFromCaptures' is already enabled as of Swift version 6
<unknown>:0: warning: upcoming feature 'GlobalActorIsolatedTypesUsability' is already enabled as of Swift version 6
<unknown>:0: warning: upcoming feature 'DisableOutwardActorInference' is already enabled as of Swift version 6
/host/spi-builder-workspace/.build/checkouts/swift-crypto/Sources/CryptoExtras/Util/ThreadSpecific/ThreadSpecific.swift:33:36: error: cannot find type 'ThreadOpsSystem' in scope
 31 |
 32 |     private class Key {
 33 |         private var underlyingKey: ThreadOpsSystem.ThreadSpecificKey
    |                                    `- error: cannot find type 'ThreadOpsSystem' in scope
 34 |
 35 |         internal init(destructor: @escaping ThreadOpsSystem.ThreadSpecificKeyDestructor) {
/host/spi-builder-workspace/.build/checkouts/swift-crypto/Sources/CryptoExtras/Util/ThreadSpecific/ThreadSpecific.swift:35:45: error: cannot find type 'ThreadOpsSystem' in scope
 33 |         private var underlyingKey: ThreadOpsSystem.ThreadSpecificKey
 34 |
 35 |         internal init(destructor: @escaping ThreadOpsSystem.ThreadSpecificKeyDestructor) {
    |                                             `- error: cannot find type 'ThreadOpsSystem' in scope
 36 |             self.underlyingKey = ThreadOpsSystem.allocateThreadSpecificValue(destructor: destructor)
 37 |         }
/host/spi-builder-workspace/.build/checkouts/swift-crypto/Sources/CryptoExtras/Util/ThreadSpecific/ThreadSpecific.swift:35:35: error: @escaping attribute only applies to function types
 33 |         private var underlyingKey: ThreadOpsSystem.ThreadSpecificKey
 34 |
 35 |         internal init(destructor: @escaping ThreadOpsSystem.ThreadSpecificKeyDestructor) {
    |                                   `- error: @escaping attribute only applies to function types
 36 |             self.underlyingKey = ThreadOpsSystem.allocateThreadSpecificValue(destructor: destructor)
 37 |         }
/host/spi-builder-workspace/.build/checkouts/swift-crypto/Sources/CryptoExtras/Util/ThreadSpecific/ThreadSpecific.swift:36:34: error: cannot find 'ThreadOpsSystem' in scope
 34 |
 35 |         internal init(destructor: @escaping ThreadOpsSystem.ThreadSpecificKeyDestructor) {
 36 |             self.underlyingKey = ThreadOpsSystem.allocateThreadSpecificValue(destructor: destructor)
    |                                  `- error: cannot find 'ThreadOpsSystem' in scope
 37 |         }
 38 |
/host/spi-builder-workspace/.build/checkouts/swift-crypto/Sources/CryptoExtras/Util/ThreadSpecific/ThreadSpecific.swift:40:13: error: cannot find 'ThreadOpsSystem' in scope
 38 |
 39 |         deinit {
 40 |             ThreadOpsSystem.deallocateThreadSpecificValue(self.underlyingKey)
    |             `- error: cannot find 'ThreadOpsSystem' in scope
 41 |         }
 42 |
/host/spi-builder-workspace/.build/checkouts/swift-crypto/Sources/CryptoExtras/Util/ThreadSpecific/ThreadSpecific.swift:44:13: error: cannot find 'ThreadOpsSystem' in scope
 42 |
 43 |         func get() -> UnsafeMutableRawPointer? {
 44 |             ThreadOpsSystem.getThreadSpecificValue(self.underlyingKey)
    |             `- error: cannot find 'ThreadOpsSystem' in scope
 45 |         }
 46 |
/host/spi-builder-workspace/.build/checkouts/swift-crypto/Sources/CryptoExtras/Util/ThreadSpecific/ThreadSpecific.swift:48:13: error: cannot find 'ThreadOpsSystem' in scope
 46 |
 47 |         func set(value: UnsafeMutableRawPointer?) {
 48 |             ThreadOpsSystem.setThreadSpecificValue(key: self.underlyingKey, value: value)
    |             `- error: cannot find 'ThreadOpsSystem' in scope
 49 |         }
 50 |     }
[970/1022] Compiling CryptoExtras ThreadSpecific.swift
<unknown>:0: warning: upcoming feature 'InferSendableFromCaptures' is already enabled as of Swift version 6
<unknown>:0: warning: upcoming feature 'GlobalActorIsolatedTypesUsability' is already enabled as of Swift version 6
<unknown>:0: warning: upcoming feature 'DisableOutwardActorInference' is already enabled as of Swift version 6
/host/spi-builder-workspace/.build/checkouts/swift-crypto/Sources/CryptoExtras/Util/ThreadSpecific/ThreadSpecific.swift:33:36: error: cannot find type 'ThreadOpsSystem' in scope
 31 |
 32 |     private class Key {
 33 |         private var underlyingKey: ThreadOpsSystem.ThreadSpecificKey
    |                                    `- error: cannot find type 'ThreadOpsSystem' in scope
 34 |
 35 |         internal init(destructor: @escaping ThreadOpsSystem.ThreadSpecificKeyDestructor) {
/host/spi-builder-workspace/.build/checkouts/swift-crypto/Sources/CryptoExtras/Util/ThreadSpecific/ThreadSpecific.swift:35:45: error: cannot find type 'ThreadOpsSystem' in scope
 33 |         private var underlyingKey: ThreadOpsSystem.ThreadSpecificKey
 34 |
 35 |         internal init(destructor: @escaping ThreadOpsSystem.ThreadSpecificKeyDestructor) {
    |                                             `- error: cannot find type 'ThreadOpsSystem' in scope
 36 |             self.underlyingKey = ThreadOpsSystem.allocateThreadSpecificValue(destructor: destructor)
 37 |         }
/host/spi-builder-workspace/.build/checkouts/swift-crypto/Sources/CryptoExtras/Util/ThreadSpecific/ThreadSpecific.swift:35:35: error: @escaping attribute only applies to function types
 33 |         private var underlyingKey: ThreadOpsSystem.ThreadSpecificKey
 34 |
 35 |         internal init(destructor: @escaping ThreadOpsSystem.ThreadSpecificKeyDestructor) {
    |                                   `- error: @escaping attribute only applies to function types
 36 |             self.underlyingKey = ThreadOpsSystem.allocateThreadSpecificValue(destructor: destructor)
 37 |         }
/host/spi-builder-workspace/.build/checkouts/swift-crypto/Sources/CryptoExtras/Util/ThreadSpecific/ThreadSpecific.swift:36:34: error: cannot find 'ThreadOpsSystem' in scope
 34 |
 35 |         internal init(destructor: @escaping ThreadOpsSystem.ThreadSpecificKeyDestructor) {
 36 |             self.underlyingKey = ThreadOpsSystem.allocateThreadSpecificValue(destructor: destructor)
    |                                  `- error: cannot find 'ThreadOpsSystem' in scope
 37 |         }
 38 |
/host/spi-builder-workspace/.build/checkouts/swift-crypto/Sources/CryptoExtras/Util/ThreadSpecific/ThreadSpecific.swift:40:13: error: cannot find 'ThreadOpsSystem' in scope
 38 |
 39 |         deinit {
 40 |             ThreadOpsSystem.deallocateThreadSpecificValue(self.underlyingKey)
    |             `- error: cannot find 'ThreadOpsSystem' in scope
 41 |         }
 42 |
/host/spi-builder-workspace/.build/checkouts/swift-crypto/Sources/CryptoExtras/Util/ThreadSpecific/ThreadSpecific.swift:44:13: error: cannot find 'ThreadOpsSystem' in scope
 42 |
 43 |         func get() -> UnsafeMutableRawPointer? {
 44 |             ThreadOpsSystem.getThreadSpecificValue(self.underlyingKey)
    |             `- error: cannot find 'ThreadOpsSystem' in scope
 45 |         }
 46 |
/host/spi-builder-workspace/.build/checkouts/swift-crypto/Sources/CryptoExtras/Util/ThreadSpecific/ThreadSpecific.swift:48:13: error: cannot find 'ThreadOpsSystem' in scope
 46 |
 47 |         func set(value: UnsafeMutableRawPointer?) {
 48 |             ThreadOpsSystem.setThreadSpecificValue(key: self.underlyingKey, value: value)
    |             `- error: cannot find 'ThreadOpsSystem' in scope
 49 |         }
 50 |     }
[971/1022] Compiling CryptoExtras ThreadWindows.swift
<unknown>:0: warning: upcoming feature 'InferSendableFromCaptures' is already enabled as of Swift version 6
<unknown>:0: warning: upcoming feature 'GlobalActorIsolatedTypesUsability' is already enabled as of Swift version 6
<unknown>:0: warning: upcoming feature 'DisableOutwardActorInference' is already enabled as of Swift version 6
/host/spi-builder-workspace/.build/checkouts/swift-crypto/Sources/CryptoExtras/Util/ThreadSpecific/ThreadSpecific.swift:33:36: error: cannot find type 'ThreadOpsSystem' in scope
 31 |
 32 |     private class Key {
 33 |         private var underlyingKey: ThreadOpsSystem.ThreadSpecificKey
    |                                    `- error: cannot find type 'ThreadOpsSystem' in scope
 34 |
 35 |         internal init(destructor: @escaping ThreadOpsSystem.ThreadSpecificKeyDestructor) {
/host/spi-builder-workspace/.build/checkouts/swift-crypto/Sources/CryptoExtras/Util/ThreadSpecific/ThreadSpecific.swift:35:45: error: cannot find type 'ThreadOpsSystem' in scope
 33 |         private var underlyingKey: ThreadOpsSystem.ThreadSpecificKey
 34 |
 35 |         internal init(destructor: @escaping ThreadOpsSystem.ThreadSpecificKeyDestructor) {
    |                                             `- error: cannot find type 'ThreadOpsSystem' in scope
 36 |             self.underlyingKey = ThreadOpsSystem.allocateThreadSpecificValue(destructor: destructor)
 37 |         }
/host/spi-builder-workspace/.build/checkouts/swift-crypto/Sources/CryptoExtras/Util/ThreadSpecific/ThreadSpecific.swift:35:35: error: @escaping attribute only applies to function types
 33 |         private var underlyingKey: ThreadOpsSystem.ThreadSpecificKey
 34 |
 35 |         internal init(destructor: @escaping ThreadOpsSystem.ThreadSpecificKeyDestructor) {
    |                                   `- error: @escaping attribute only applies to function types
 36 |             self.underlyingKey = ThreadOpsSystem.allocateThreadSpecificValue(destructor: destructor)
 37 |         }
/host/spi-builder-workspace/.build/checkouts/swift-crypto/Sources/CryptoExtras/Util/ThreadSpecific/ThreadSpecific.swift:36:34: error: cannot find 'ThreadOpsSystem' in scope
 34 |
 35 |         internal init(destructor: @escaping ThreadOpsSystem.ThreadSpecificKeyDestructor) {
 36 |             self.underlyingKey = ThreadOpsSystem.allocateThreadSpecificValue(destructor: destructor)
    |                                  `- error: cannot find 'ThreadOpsSystem' in scope
 37 |         }
 38 |
/host/spi-builder-workspace/.build/checkouts/swift-crypto/Sources/CryptoExtras/Util/ThreadSpecific/ThreadSpecific.swift:40:13: error: cannot find 'ThreadOpsSystem' in scope
 38 |
 39 |         deinit {
 40 |             ThreadOpsSystem.deallocateThreadSpecificValue(self.underlyingKey)
    |             `- error: cannot find 'ThreadOpsSystem' in scope
 41 |         }
 42 |
/host/spi-builder-workspace/.build/checkouts/swift-crypto/Sources/CryptoExtras/Util/ThreadSpecific/ThreadSpecific.swift:44:13: error: cannot find 'ThreadOpsSystem' in scope
 42 |
 43 |         func get() -> UnsafeMutableRawPointer? {
 44 |             ThreadOpsSystem.getThreadSpecificValue(self.underlyingKey)
    |             `- error: cannot find 'ThreadOpsSystem' in scope
 45 |         }
 46 |
/host/spi-builder-workspace/.build/checkouts/swift-crypto/Sources/CryptoExtras/Util/ThreadSpecific/ThreadSpecific.swift:48:13: error: cannot find 'ThreadOpsSystem' in scope
 46 |
 47 |         func set(value: UnsafeMutableRawPointer?) {
 48 |             ThreadOpsSystem.setThreadSpecificValue(key: self.underlyingKey, value: value)
    |             `- error: cannot find 'ThreadOpsSystem' in scope
 49 |         }
 50 |     }
[972/1022] Compiling CryptoExtras DLEQ.swift
<unknown>:0: warning: upcoming feature 'InferSendableFromCaptures' is already enabled as of Swift version 6
<unknown>:0: warning: upcoming feature 'GlobalActorIsolatedTypesUsability' is already enabled as of Swift version 6
<unknown>:0: warning: upcoming feature 'DisableOutwardActorInference' is already enabled as of Swift version 6
/host/spi-builder-workspace/.build/checkouts/swift-crypto/Sources/CryptoExtras/Util/ThreadSpecific/ThreadSpecific.swift:33:36: error: cannot find type 'ThreadOpsSystem' in scope
 31 |
 32 |     private class Key {
 33 |         private var underlyingKey: ThreadOpsSystem.ThreadSpecificKey
    |                                    `- error: cannot find type 'ThreadOpsSystem' in scope
 34 |
 35 |         internal init(destructor: @escaping ThreadOpsSystem.ThreadSpecificKeyDestructor) {
/host/spi-builder-workspace/.build/checkouts/swift-crypto/Sources/CryptoExtras/Util/ThreadSpecific/ThreadSpecific.swift:35:45: error: cannot find type 'ThreadOpsSystem' in scope
 33 |         private var underlyingKey: ThreadOpsSystem.ThreadSpecificKey
 34 |
 35 |         internal init(destructor: @escaping ThreadOpsSystem.ThreadSpecificKeyDestructor) {
    |                                             `- error: cannot find type 'ThreadOpsSystem' in scope
 36 |             self.underlyingKey = ThreadOpsSystem.allocateThreadSpecificValue(destructor: destructor)
 37 |         }
/host/spi-builder-workspace/.build/checkouts/swift-crypto/Sources/CryptoExtras/Util/ThreadSpecific/ThreadSpecific.swift:35:35: error: @escaping attribute only applies to function types
 33 |         private var underlyingKey: ThreadOpsSystem.ThreadSpecificKey
 34 |
 35 |         internal init(destructor: @escaping ThreadOpsSystem.ThreadSpecificKeyDestructor) {
    |                                   `- error: @escaping attribute only applies to function types
 36 |             self.underlyingKey = ThreadOpsSystem.allocateThreadSpecificValue(destructor: destructor)
 37 |         }
/host/spi-builder-workspace/.build/checkouts/swift-crypto/Sources/CryptoExtras/Util/ThreadSpecific/ThreadSpecific.swift:36:34: error: cannot find 'ThreadOpsSystem' in scope
 34 |
 35 |         internal init(destructor: @escaping ThreadOpsSystem.ThreadSpecificKeyDestructor) {
 36 |             self.underlyingKey = ThreadOpsSystem.allocateThreadSpecificValue(destructor: destructor)
    |                                  `- error: cannot find 'ThreadOpsSystem' in scope
 37 |         }
 38 |
/host/spi-builder-workspace/.build/checkouts/swift-crypto/Sources/CryptoExtras/Util/ThreadSpecific/ThreadSpecific.swift:40:13: error: cannot find 'ThreadOpsSystem' in scope
 38 |
 39 |         deinit {
 40 |             ThreadOpsSystem.deallocateThreadSpecificValue(self.underlyingKey)
    |             `- error: cannot find 'ThreadOpsSystem' in scope
 41 |         }
 42 |
/host/spi-builder-workspace/.build/checkouts/swift-crypto/Sources/CryptoExtras/Util/ThreadSpecific/ThreadSpecific.swift:44:13: error: cannot find 'ThreadOpsSystem' in scope
 42 |
 43 |         func get() -> UnsafeMutableRawPointer? {
 44 |             ThreadOpsSystem.getThreadSpecificValue(self.underlyingKey)
    |             `- error: cannot find 'ThreadOpsSystem' in scope
 45 |         }
 46 |
/host/spi-builder-workspace/.build/checkouts/swift-crypto/Sources/CryptoExtras/Util/ThreadSpecific/ThreadSpecific.swift:48:13: error: cannot find 'ThreadOpsSystem' in scope
 46 |
 47 |         func set(value: UnsafeMutableRawPointer?) {
 48 |             ThreadOpsSystem.setThreadSpecificValue(key: self.underlyingKey, value: value)
    |             `- error: cannot find 'ThreadOpsSystem' in scope
 49 |         }
 50 |     }
[973/1022] Compiling CryptoExtras Prover.swift
<unknown>:0: warning: upcoming feature 'InferSendableFromCaptures' is already enabled as of Swift version 6
<unknown>:0: warning: upcoming feature 'GlobalActorIsolatedTypesUsability' is already enabled as of Swift version 6
<unknown>:0: warning: upcoming feature 'DisableOutwardActorInference' is already enabled as of Swift version 6
/host/spi-builder-workspace/.build/checkouts/swift-crypto/Sources/CryptoExtras/Util/ThreadSpecific/ThreadSpecific.swift:33:36: error: cannot find type 'ThreadOpsSystem' in scope
 31 |
 32 |     private class Key {
 33 |         private var underlyingKey: ThreadOpsSystem.ThreadSpecificKey
    |                                    `- error: cannot find type 'ThreadOpsSystem' in scope
 34 |
 35 |         internal init(destructor: @escaping ThreadOpsSystem.ThreadSpecificKeyDestructor) {
/host/spi-builder-workspace/.build/checkouts/swift-crypto/Sources/CryptoExtras/Util/ThreadSpecific/ThreadSpecific.swift:35:45: error: cannot find type 'ThreadOpsSystem' in scope
 33 |         private var underlyingKey: ThreadOpsSystem.ThreadSpecificKey
 34 |
 35 |         internal init(destructor: @escaping ThreadOpsSystem.ThreadSpecificKeyDestructor) {
    |                                             `- error: cannot find type 'ThreadOpsSystem' in scope
 36 |             self.underlyingKey = ThreadOpsSystem.allocateThreadSpecificValue(destructor: destructor)
 37 |         }
/host/spi-builder-workspace/.build/checkouts/swift-crypto/Sources/CryptoExtras/Util/ThreadSpecific/ThreadSpecific.swift:35:35: error: @escaping attribute only applies to function types
 33 |         private var underlyingKey: ThreadOpsSystem.ThreadSpecificKey
 34 |
 35 |         internal init(destructor: @escaping ThreadOpsSystem.ThreadSpecificKeyDestructor) {
    |                                   `- error: @escaping attribute only applies to function types
 36 |             self.underlyingKey = ThreadOpsSystem.allocateThreadSpecificValue(destructor: destructor)
 37 |         }
/host/spi-builder-workspace/.build/checkouts/swift-crypto/Sources/CryptoExtras/Util/ThreadSpecific/ThreadSpecific.swift:36:34: error: cannot find 'ThreadOpsSystem' in scope
 34 |
 35 |         internal init(destructor: @escaping ThreadOpsSystem.ThreadSpecificKeyDestructor) {
 36 |             self.underlyingKey = ThreadOpsSystem.allocateThreadSpecificValue(destructor: destructor)
    |                                  `- error: cannot find 'ThreadOpsSystem' in scope
 37 |         }
 38 |
/host/spi-builder-workspace/.build/checkouts/swift-crypto/Sources/CryptoExtras/Util/ThreadSpecific/ThreadSpecific.swift:40:13: error: cannot find 'ThreadOpsSystem' in scope
 38 |
 39 |         deinit {
 40 |             ThreadOpsSystem.deallocateThreadSpecificValue(self.underlyingKey)
    |             `- error: cannot find 'ThreadOpsSystem' in scope
 41 |         }
 42 |
/host/spi-builder-workspace/.build/checkouts/swift-crypto/Sources/CryptoExtras/Util/ThreadSpecific/ThreadSpecific.swift:44:13: error: cannot find 'ThreadOpsSystem' in scope
 42 |
 43 |         func get() -> UnsafeMutableRawPointer? {
 44 |             ThreadOpsSystem.getThreadSpecificValue(self.underlyingKey)
    |             `- error: cannot find 'ThreadOpsSystem' in scope
 45 |         }
 46 |
/host/spi-builder-workspace/.build/checkouts/swift-crypto/Sources/CryptoExtras/Util/ThreadSpecific/ThreadSpecific.swift:48:13: error: cannot find 'ThreadOpsSystem' in scope
 46 |
 47 |         func set(value: UnsafeMutableRawPointer?) {
 48 |             ThreadOpsSystem.setThreadSpecificValue(key: self.underlyingKey, value: value)
    |             `- error: cannot find 'ThreadOpsSystem' in scope
 49 |         }
 50 |     }
[974/1022] Compiling CryptoExtras Verifier.swift
<unknown>:0: warning: upcoming feature 'InferSendableFromCaptures' is already enabled as of Swift version 6
<unknown>:0: warning: upcoming feature 'GlobalActorIsolatedTypesUsability' is already enabled as of Swift version 6
<unknown>:0: warning: upcoming feature 'DisableOutwardActorInference' is already enabled as of Swift version 6
/host/spi-builder-workspace/.build/checkouts/swift-crypto/Sources/CryptoExtras/Util/ThreadSpecific/ThreadSpecific.swift:33:36: error: cannot find type 'ThreadOpsSystem' in scope
 31 |
 32 |     private class Key {
 33 |         private var underlyingKey: ThreadOpsSystem.ThreadSpecificKey
    |                                    `- error: cannot find type 'ThreadOpsSystem' in scope
 34 |
 35 |         internal init(destructor: @escaping ThreadOpsSystem.ThreadSpecificKeyDestructor) {
/host/spi-builder-workspace/.build/checkouts/swift-crypto/Sources/CryptoExtras/Util/ThreadSpecific/ThreadSpecific.swift:35:45: error: cannot find type 'ThreadOpsSystem' in scope
 33 |         private var underlyingKey: ThreadOpsSystem.ThreadSpecificKey
 34 |
 35 |         internal init(destructor: @escaping ThreadOpsSystem.ThreadSpecificKeyDestructor) {
    |                                             `- error: cannot find type 'ThreadOpsSystem' in scope
 36 |             self.underlyingKey = ThreadOpsSystem.allocateThreadSpecificValue(destructor: destructor)
 37 |         }
/host/spi-builder-workspace/.build/checkouts/swift-crypto/Sources/CryptoExtras/Util/ThreadSpecific/ThreadSpecific.swift:35:35: error: @escaping attribute only applies to function types
 33 |         private var underlyingKey: ThreadOpsSystem.ThreadSpecificKey
 34 |
 35 |         internal init(destructor: @escaping ThreadOpsSystem.ThreadSpecificKeyDestructor) {
    |                                   `- error: @escaping attribute only applies to function types
 36 |             self.underlyingKey = ThreadOpsSystem.allocateThreadSpecificValue(destructor: destructor)
 37 |         }
/host/spi-builder-workspace/.build/checkouts/swift-crypto/Sources/CryptoExtras/Util/ThreadSpecific/ThreadSpecific.swift:36:34: error: cannot find 'ThreadOpsSystem' in scope
 34 |
 35 |         internal init(destructor: @escaping ThreadOpsSystem.ThreadSpecificKeyDestructor) {
 36 |             self.underlyingKey = ThreadOpsSystem.allocateThreadSpecificValue(destructor: destructor)
    |                                  `- error: cannot find 'ThreadOpsSystem' in scope
 37 |         }
 38 |
/host/spi-builder-workspace/.build/checkouts/swift-crypto/Sources/CryptoExtras/Util/ThreadSpecific/ThreadSpecific.swift:40:13: error: cannot find 'ThreadOpsSystem' in scope
 38 |
 39 |         deinit {
 40 |             ThreadOpsSystem.deallocateThreadSpecificValue(self.underlyingKey)
    |             `- error: cannot find 'ThreadOpsSystem' in scope
 41 |         }
 42 |
/host/spi-builder-workspace/.build/checkouts/swift-crypto/Sources/CryptoExtras/Util/ThreadSpecific/ThreadSpecific.swift:44:13: error: cannot find 'ThreadOpsSystem' in scope
 42 |
 43 |         func get() -> UnsafeMutableRawPointer? {
 44 |             ThreadOpsSystem.getThreadSpecificValue(self.underlyingKey)
    |             `- error: cannot find 'ThreadOpsSystem' in scope
 45 |         }
 46 |
/host/spi-builder-workspace/.build/checkouts/swift-crypto/Sources/CryptoExtras/Util/ThreadSpecific/ThreadSpecific.swift:48:13: error: cannot find 'ThreadOpsSystem' in scope
 46 |
 47 |         func set(value: UnsafeMutableRawPointer?) {
 48 |             ThreadOpsSystem.setThreadSpecificValue(key: self.underlyingKey, value: value)
    |             `- error: cannot find 'ThreadOpsSystem' in scope
 49 |         }
 50 |     }
[975/1022] Compiling CryptoExtras ZKPToolbox.swift
<unknown>:0: warning: upcoming feature 'InferSendableFromCaptures' is already enabled as of Swift version 6
<unknown>:0: warning: upcoming feature 'GlobalActorIsolatedTypesUsability' is already enabled as of Swift version 6
<unknown>:0: warning: upcoming feature 'DisableOutwardActorInference' is already enabled as of Swift version 6
/host/spi-builder-workspace/.build/checkouts/swift-crypto/Sources/CryptoExtras/Util/ThreadSpecific/ThreadSpecific.swift:33:36: error: cannot find type 'ThreadOpsSystem' in scope
 31 |
 32 |     private class Key {
 33 |         private var underlyingKey: ThreadOpsSystem.ThreadSpecificKey
    |                                    `- error: cannot find type 'ThreadOpsSystem' in scope
 34 |
 35 |         internal init(destructor: @escaping ThreadOpsSystem.ThreadSpecificKeyDestructor) {
/host/spi-builder-workspace/.build/checkouts/swift-crypto/Sources/CryptoExtras/Util/ThreadSpecific/ThreadSpecific.swift:35:45: error: cannot find type 'ThreadOpsSystem' in scope
 33 |         private var underlyingKey: ThreadOpsSystem.ThreadSpecificKey
 34 |
 35 |         internal init(destructor: @escaping ThreadOpsSystem.ThreadSpecificKeyDestructor) {
    |                                             `- error: cannot find type 'ThreadOpsSystem' in scope
 36 |             self.underlyingKey = ThreadOpsSystem.allocateThreadSpecificValue(destructor: destructor)
 37 |         }
/host/spi-builder-workspace/.build/checkouts/swift-crypto/Sources/CryptoExtras/Util/ThreadSpecific/ThreadSpecific.swift:35:35: error: @escaping attribute only applies to function types
 33 |         private var underlyingKey: ThreadOpsSystem.ThreadSpecificKey
 34 |
 35 |         internal init(destructor: @escaping ThreadOpsSystem.ThreadSpecificKeyDestructor) {
    |                                   `- error: @escaping attribute only applies to function types
 36 |             self.underlyingKey = ThreadOpsSystem.allocateThreadSpecificValue(destructor: destructor)
 37 |         }
/host/spi-builder-workspace/.build/checkouts/swift-crypto/Sources/CryptoExtras/Util/ThreadSpecific/ThreadSpecific.swift:36:34: error: cannot find 'ThreadOpsSystem' in scope
 34 |
 35 |         internal init(destructor: @escaping ThreadOpsSystem.ThreadSpecificKeyDestructor) {
 36 |             self.underlyingKey = ThreadOpsSystem.allocateThreadSpecificValue(destructor: destructor)
    |                                  `- error: cannot find 'ThreadOpsSystem' in scope
 37 |         }
 38 |
/host/spi-builder-workspace/.build/checkouts/swift-crypto/Sources/CryptoExtras/Util/ThreadSpecific/ThreadSpecific.swift:40:13: error: cannot find 'ThreadOpsSystem' in scope
 38 |
 39 |         deinit {
 40 |             ThreadOpsSystem.deallocateThreadSpecificValue(self.underlyingKey)
    |             `- error: cannot find 'ThreadOpsSystem' in scope
 41 |         }
 42 |
/host/spi-builder-workspace/.build/checkouts/swift-crypto/Sources/CryptoExtras/Util/ThreadSpecific/ThreadSpecific.swift:44:13: error: cannot find 'ThreadOpsSystem' in scope
 42 |
 43 |         func get() -> UnsafeMutableRawPointer? {
 44 |             ThreadOpsSystem.getThreadSpecificValue(self.underlyingKey)
    |             `- error: cannot find 'ThreadOpsSystem' in scope
 45 |         }
 46 |
/host/spi-builder-workspace/.build/checkouts/swift-crypto/Sources/CryptoExtras/Util/ThreadSpecific/ThreadSpecific.swift:48:13: error: cannot find 'ThreadOpsSystem' in scope
 46 |
 47 |         func set(value: UnsafeMutableRawPointer?) {
 48 |             ThreadOpsSystem.setThreadSpecificValue(key: self.underlyingKey, value: value)
    |             `- error: cannot find 'ThreadOpsSystem' in scope
 49 |         }
 50 |     }
[976/1022] Compiling CryptoExtras AES_CBC.swift
<unknown>:0: warning: upcoming feature 'InferSendableFromCaptures' is already enabled as of Swift version 6
<unknown>:0: warning: upcoming feature 'GlobalActorIsolatedTypesUsability' is already enabled as of Swift version 6
<unknown>:0: warning: upcoming feature 'DisableOutwardActorInference' is already enabled as of Swift version 6
[977/1022] Compiling CryptoExtras AES_CFB.swift
<unknown>:0: warning: upcoming feature 'InferSendableFromCaptures' is already enabled as of Swift version 6
<unknown>:0: warning: upcoming feature 'GlobalActorIsolatedTypesUsability' is already enabled as of Swift version 6
<unknown>:0: warning: upcoming feature 'DisableOutwardActorInference' is already enabled as of Swift version 6
[978/1022] Compiling CryptoExtras AES_CTR.swift
<unknown>:0: warning: upcoming feature 'InferSendableFromCaptures' is already enabled as of Swift version 6
<unknown>:0: warning: upcoming feature 'GlobalActorIsolatedTypesUsability' is already enabled as of Swift version 6
<unknown>:0: warning: upcoming feature 'DisableOutwardActorInference' is already enabled as of Swift version 6
[979/1022] Compiling CryptoExtras AES_GCM_SIV.swift
<unknown>:0: warning: upcoming feature 'InferSendableFromCaptures' is already enabled as of Swift version 6
<unknown>:0: warning: upcoming feature 'GlobalActorIsolatedTypesUsability' is already enabled as of Swift version 6
<unknown>:0: warning: upcoming feature 'DisableOutwardActorInference' is already enabled as of Swift version 6
[980/1022] Compiling CryptoExtras Block Function.swift
<unknown>:0: warning: upcoming feature 'InferSendableFromCaptures' is already enabled as of Swift version 6
<unknown>:0: warning: upcoming feature 'GlobalActorIsolatedTypesUsability' is already enabled as of Swift version 6
<unknown>:0: warning: upcoming feature 'DisableOutwardActorInference' is already enabled as of Swift version 6
[981/1022] Compiling CryptoExtras AES_CBC_boring.swift
<unknown>:0: warning: upcoming feature 'InferSendableFromCaptures' is already enabled as of Swift version 6
<unknown>:0: warning: upcoming feature 'GlobalActorIsolatedTypesUsability' is already enabled as of Swift version 6
<unknown>:0: warning: upcoming feature 'DisableOutwardActorInference' is already enabled as of Swift version 6
[982/1022] Compiling CryptoExtras AES_CFB_boring.swift
<unknown>:0: warning: upcoming feature 'InferSendableFromCaptures' is already enabled as of Swift version 6
<unknown>:0: warning: upcoming feature 'GlobalActorIsolatedTypesUsability' is already enabled as of Swift version 6
<unknown>:0: warning: upcoming feature 'DisableOutwardActorInference' is already enabled as of Swift version 6
[983/1022] Compiling CryptoExtras AES_CTR_boring.swift
<unknown>:0: warning: upcoming feature 'InferSendableFromCaptures' is already enabled as of Swift version 6
<unknown>:0: warning: upcoming feature 'GlobalActorIsolatedTypesUsability' is already enabled as of Swift version 6
<unknown>:0: warning: upcoming feature 'DisableOutwardActorInference' is already enabled as of Swift version 6
[984/1022] Compiling CryptoExtras AES_GCM_SIV_boring.swift
<unknown>:0: warning: upcoming feature 'InferSendableFromCaptures' is already enabled as of Swift version 6
<unknown>:0: warning: upcoming feature 'GlobalActorIsolatedTypesUsability' is already enabled as of Swift version 6
<unknown>:0: warning: upcoming feature 'DisableOutwardActorInference' is already enabled as of Swift version 6
[985/1022] Compiling CryptoExtras PBKDF2.swift
<unknown>:0: warning: upcoming feature 'InferSendableFromCaptures' is already enabled as of Swift version 6
<unknown>:0: warning: upcoming feature 'GlobalActorIsolatedTypesUsability' is already enabled as of Swift version 6
<unknown>:0: warning: upcoming feature 'DisableOutwardActorInference' is already enabled as of Swift version 6
[986/1022] Compiling CryptoExtras Scrypt_boring.swift
<unknown>:0: warning: upcoming feature 'InferSendableFromCaptures' is already enabled as of Swift version 6
<unknown>:0: warning: upcoming feature 'GlobalActorIsolatedTypesUsability' is already enabled as of Swift version 6
<unknown>:0: warning: upcoming feature 'DisableOutwardActorInference' is already enabled as of Swift version 6
[987/1022] Compiling CryptoExtras Scrypt.swift
<unknown>:0: warning: upcoming feature 'InferSendableFromCaptures' is already enabled as of Swift version 6
<unknown>:0: warning: upcoming feature 'GlobalActorIsolatedTypesUsability' is already enabled as of Swift version 6
<unknown>:0: warning: upcoming feature 'DisableOutwardActorInference' is already enabled as of Swift version 6
[988/1022] Compiling CryptoExtras OPRF.swift
<unknown>:0: warning: upcoming feature 'InferSendableFromCaptures' is already enabled as of Swift version 6
<unknown>:0: warning: upcoming feature 'GlobalActorIsolatedTypesUsability' is already enabled as of Swift version 6
<unknown>:0: warning: upcoming feature 'DisableOutwardActorInference' is already enabled as of Swift version 6
[989/1022] Compiling CryptoExtras OPRFClient.swift
<unknown>:0: warning: upcoming feature 'InferSendableFromCaptures' is already enabled as of Swift version 6
<unknown>:0: warning: upcoming feature 'GlobalActorIsolatedTypesUsability' is already enabled as of Swift version 6
<unknown>:0: warning: upcoming feature 'DisableOutwardActorInference' is already enabled as of Swift version 6
[990/1022] Compiling CryptoExtras OPRFServer.swift
<unknown>:0: warning: upcoming feature 'InferSendableFromCaptures' is already enabled as of Swift version 6
<unknown>:0: warning: upcoming feature 'GlobalActorIsolatedTypesUsability' is already enabled as of Swift version 6
<unknown>:0: warning: upcoming feature 'DisableOutwardActorInference' is already enabled as of Swift version 6
[991/1022] Compiling CryptoExtras VOPRF+API.swift
<unknown>:0: warning: upcoming feature 'InferSendableFromCaptures' is already enabled as of Swift version 6
<unknown>:0: warning: upcoming feature 'GlobalActorIsolatedTypesUsability' is already enabled as of Swift version 6
<unknown>:0: warning: upcoming feature 'DisableOutwardActorInference' is already enabled as of Swift version 6
[992/1022] Compiling CryptoExtras VOPRFClient.swift
<unknown>:0: warning: upcoming feature 'InferSendableFromCaptures' is already enabled as of Swift version 6
<unknown>:0: warning: upcoming feature 'GlobalActorIsolatedTypesUsability' is already enabled as of Swift version 6
<unknown>:0: warning: upcoming feature 'DisableOutwardActorInference' is already enabled as of Swift version 6
[993/1022] Compiling CryptoExtras VOPRFServer.swift
<unknown>:0: warning: upcoming feature 'InferSendableFromCaptures' is already enabled as of Swift version 6
<unknown>:0: warning: upcoming feature 'GlobalActorIsolatedTypesUsability' is already enabled as of Swift version 6
<unknown>:0: warning: upcoming feature 'DisableOutwardActorInference' is already enabled as of Swift version 6
[994/1022] Compiling CryptoASN1 Extensions.swift
<unknown>:0: warning: upcoming feature 'InferSendableFromCaptures' is already enabled as of Swift version 6
<unknown>:0: warning: upcoming feature 'GlobalActorIsolatedTypesUsability' is already enabled as of Swift version 6
<unknown>:0: warning: upcoming feature 'DisableOutwardActorInference' is already enabled as of Swift version 6
[995/1022] Emitting module CryptoASN1
<unknown>:0: warning: upcoming feature 'InferSendableFromCaptures' is already enabled as of Swift version 6
<unknown>:0: warning: upcoming feature 'GlobalActorIsolatedTypesUsability' is already enabled as of Swift version 6
<unknown>:0: warning: upcoming feature 'DisableOutwardActorInference' is already enabled as of Swift version 6
[996/1022] Compiling CryptoASN1 PrivateKey.swift
<unknown>:0: warning: upcoming feature 'InferSendableFromCaptures' is already enabled as of Swift version 6
<unknown>:0: warning: upcoming feature 'GlobalActorIsolatedTypesUsability' is already enabled as of Swift version 6
<unknown>:0: warning: upcoming feature 'DisableOutwardActorInference' is already enabled as of Swift version 6
[998/1023] Compiling CryptoExtras ARCServer.swift
<unknown>:0: warning: upcoming feature 'InferSendableFromCaptures' is already enabled as of Swift version 6
<unknown>:0: warning: upcoming feature 'GlobalActorIsolatedTypesUsability' is already enabled as of Swift version 6
<unknown>:0: warning: upcoming feature 'DisableOutwardActorInference' is already enabled as of Swift version 6
[999/1023] Compiling CryptoExtras ChaCha20CTR_boring.swift
<unknown>:0: warning: upcoming feature 'InferSendableFromCaptures' is already enabled as of Swift version 6
<unknown>:0: warning: upcoming feature 'GlobalActorIsolatedTypesUsability' is already enabled as of Swift version 6
<unknown>:0: warning: upcoming feature 'DisableOutwardActorInference' is already enabled as of Swift version 6
[1000/1023] Compiling CryptoExtras ChaCha20CTR.swift
<unknown>:0: warning: upcoming feature 'InferSendableFromCaptures' is already enabled as of Swift version 6
<unknown>:0: warning: upcoming feature 'GlobalActorIsolatedTypesUsability' is already enabled as of Swift version 6
<unknown>:0: warning: upcoming feature 'DisableOutwardActorInference' is already enabled as of Swift version 6
[1001/1023] Compiling CryptoExtras BoringSSLSHA512256Context.swift
<unknown>:0: warning: upcoming feature 'InferSendableFromCaptures' is already enabled as of Swift version 6
<unknown>:0: warning: upcoming feature 'GlobalActorIsolatedTypesUsability' is already enabled as of Swift version 6
<unknown>:0: warning: upcoming feature 'DisableOutwardActorInference' is already enabled as of Swift version 6
[1002/1023] Compiling CryptoExtras BoringSSLSHA512256HashFunction.swift
<unknown>:0: warning: upcoming feature 'InferSendableFromCaptures' is already enabled as of Swift version 6
<unknown>:0: warning: upcoming feature 'GlobalActorIsolatedTypesUsability' is already enabled as of Swift version 6
<unknown>:0: warning: upcoming feature 'DisableOutwardActorInference' is already enabled as of Swift version 6
[1003/1023] Compiling CryptoExtras SHA512256.swift
<unknown>:0: warning: upcoming feature 'InferSendableFromCaptures' is already enabled as of Swift version 6
<unknown>:0: warning: upcoming feature 'GlobalActorIsolatedTypesUsability' is already enabled as of Swift version 6
<unknown>:0: warning: upcoming feature 'DisableOutwardActorInference' is already enabled as of Swift version 6
[1004/1023] Compiling CryptoExtras SHA512256Digest.swift
<unknown>:0: warning: upcoming feature 'InferSendableFromCaptures' is already enabled as of Swift version 6
<unknown>:0: warning: upcoming feature 'GlobalActorIsolatedTypesUsability' is already enabled as of Swift version 6
<unknown>:0: warning: upcoming feature 'DisableOutwardActorInference' is already enabled as of Swift version 6
[1005/1023] Compiling CryptoExtras Curve25519+PEM.swift
<unknown>:0: warning: upcoming feature 'InferSendableFromCaptures' is already enabled as of Swift version 6
<unknown>:0: warning: upcoming feature 'GlobalActorIsolatedTypesUsability' is already enabled as of Swift version 6
<unknown>:0: warning: upcoming feature 'DisableOutwardActorInference' is already enabled as of Swift version 6
[1006/1023] Compiling CryptoExtras ObjectIdentifier.swift
<unknown>:0: warning: upcoming feature 'InferSendableFromCaptures' is already enabled as of Swift version 6
<unknown>:0: warning: upcoming feature 'GlobalActorIsolatedTypesUsability' is already enabled as of Swift version 6
<unknown>:0: warning: upcoming feature 'DisableOutwardActorInference' is already enabled as of Swift version 6
[1007/1028] Compiling CryptoP256K resource_bundle_accessor.swift
<unknown>:0: warning: upcoming feature 'InferSendableFromCaptures' is already enabled as of Swift version 6
<unknown>:0: warning: upcoming feature 'GlobalActorIsolatedTypesUsability' is already enabled as of Swift version 6
<unknown>:0: warning: upcoming feature 'DisableOutwardActorInference' is already enabled as of Swift version 6
[1008/1028] Emitting module CryptoP256K
<unknown>:0: warning: upcoming feature 'InferSendableFromCaptures' is already enabled as of Swift version 6
<unknown>:0: warning: upcoming feature 'GlobalActorIsolatedTypesUsability' is already enabled as of Swift version 6
<unknown>:0: warning: upcoming feature 'DisableOutwardActorInference' is already enabled as of Swift version 6
[1009/1028] Compiling CryptoP256K P256K+ECDH.swift
<unknown>:0: warning: upcoming feature 'InferSendableFromCaptures' is already enabled as of Swift version 6
<unknown>:0: warning: upcoming feature 'GlobalActorIsolatedTypesUsability' is already enabled as of Swift version 6
<unknown>:0: warning: upcoming feature 'DisableOutwardActorInference' is already enabled as of Swift version 6
[1010/1028] Compiling CryptoP256K P256K+Signing.swift
<unknown>:0: warning: upcoming feature 'InferSendableFromCaptures' is already enabled as of Swift version 6
<unknown>:0: warning: upcoming feature 'GlobalActorIsolatedTypesUsability' is already enabled as of Swift version 6
<unknown>:0: warning: upcoming feature 'DisableOutwardActorInference' is already enabled as of Swift version 6
[1011/1028] Compiling CryptoP256K P256K+Backing.swift
<unknown>:0: warning: upcoming feature 'InferSendableFromCaptures' is already enabled as of Swift version 6
<unknown>:0: warning: upcoming feature 'GlobalActorIsolatedTypesUsability' is already enabled as of Swift version 6
<unknown>:0: warning: upcoming feature 'DisableOutwardActorInference' is already enabled as of Swift version 6
[1012/1029] Compiling CryptoExtras BoringSSLPassphraseCallbackManager.swift
<unknown>:0: warning: upcoming feature 'InferSendableFromCaptures' is already enabled as of Swift version 6
<unknown>:0: warning: upcoming feature 'GlobalActorIsolatedTypesUsability' is already enabled as of Swift version 6
<unknown>:0: warning: upcoming feature 'DisableOutwardActorInference' is already enabled as of Swift version 6
[1013/1029] Compiling CryptoExtras RSA+BlindSigning.swift
<unknown>:0: warning: upcoming feature 'InferSendableFromCaptures' is already enabled as of Swift version 6
<unknown>:0: warning: upcoming feature 'GlobalActorIsolatedTypesUsability' is already enabled as of Swift version 6
<unknown>:0: warning: upcoming feature 'DisableOutwardActorInference' is already enabled as of Swift version 6
[1014/1029] Compiling CryptoExtras RSA.swift
<unknown>:0: warning: upcoming feature 'InferSendableFromCaptures' is already enabled as of Swift version 6
<unknown>:0: warning: upcoming feature 'GlobalActorIsolatedTypesUsability' is already enabled as of Swift version 6
<unknown>:0: warning: upcoming feature 'DisableOutwardActorInference' is already enabled as of Swift version 6
[1015/1029] Compiling CryptoExtras RSA_boring.swift
<unknown>:0: warning: upcoming feature 'InferSendableFromCaptures' is already enabled as of Swift version 6
<unknown>:0: warning: upcoming feature 'GlobalActorIsolatedTypesUsability' is already enabled as of Swift version 6
<unknown>:0: warning: upcoming feature 'DisableOutwardActorInference' is already enabled as of Swift version 6
[1016/1029] Compiling CryptoExtras Reexport.swift
<unknown>:0: warning: upcoming feature 'InferSendableFromCaptures' is already enabled as of Swift version 6
<unknown>:0: warning: upcoming feature 'GlobalActorIsolatedTypesUsability' is already enabled as of Swift version 6
<unknown>:0: warning: upcoming feature 'DisableOutwardActorInference' is already enabled as of Swift version 6
[1017/1029] Compiling CryptoExtras Zeroization_boring.swift
<unknown>:0: warning: upcoming feature 'InferSendableFromCaptures' is already enabled as of Swift version 6
<unknown>:0: warning: upcoming feature 'GlobalActorIsolatedTypesUsability' is already enabled as of Swift version 6
<unknown>:0: warning: upcoming feature 'DisableOutwardActorInference' is already enabled as of Swift version 6
[1018/1029] Compiling CryptoExtras BoringSSLHelpers.swift
<unknown>:0: warning: upcoming feature 'InferSendableFromCaptures' is already enabled as of Swift version 6
<unknown>:0: warning: upcoming feature 'GlobalActorIsolatedTypesUsability' is already enabled as of Swift version 6
<unknown>:0: warning: upcoming feature 'DisableOutwardActorInference' is already enabled as of Swift version 6
[1019/1029] Compiling CryptoExtras CryptoKitErrors_boring.swift
<unknown>:0: warning: upcoming feature 'InferSendableFromCaptures' is already enabled as of Swift version 6
<unknown>:0: warning: upcoming feature 'GlobalActorIsolatedTypesUsability' is already enabled as of Swift version 6
<unknown>:0: warning: upcoming feature 'DisableOutwardActorInference' is already enabled as of Swift version 6
[1021/1029] Compiling CryptoExtras CMAC.swift
<unknown>:0: warning: upcoming feature 'InferSendableFromCaptures' is already enabled as of Swift version 6
<unknown>:0: warning: upcoming feature 'GlobalActorIsolatedTypesUsability' is already enabled as of Swift version 6
<unknown>:0: warning: upcoming feature 'DisableOutwardActorInference' is already enabled as of Swift version 6
[1022/1029] Compiling CryptoExtras ARC+API.swift
<unknown>:0: warning: upcoming feature 'InferSendableFromCaptures' is already enabled as of Swift version 6
<unknown>:0: warning: upcoming feature 'GlobalActorIsolatedTypesUsability' is already enabled as of Swift version 6
<unknown>:0: warning: upcoming feature 'DisableOutwardActorInference' is already enabled as of Swift version 6
[1023/1029] Compiling CryptoExtras ARC.swift
<unknown>:0: warning: upcoming feature 'InferSendableFromCaptures' is already enabled as of Swift version 6
<unknown>:0: warning: upcoming feature 'GlobalActorIsolatedTypesUsability' is already enabled as of Swift version 6
<unknown>:0: warning: upcoming feature 'DisableOutwardActorInference' is already enabled as of Swift version 6
[1024/1029] Compiling CryptoExtras ARCCredential.swift
<unknown>:0: warning: upcoming feature 'InferSendableFromCaptures' is already enabled as of Swift version 6
<unknown>:0: warning: upcoming feature 'GlobalActorIsolatedTypesUsability' is already enabled as of Swift version 6
<unknown>:0: warning: upcoming feature 'DisableOutwardActorInference' is already enabled as of Swift version 6
[1025/1029] Compiling CryptoExtras ARCEncoding.swift
<unknown>:0: warning: upcoming feature 'InferSendableFromCaptures' is already enabled as of Swift version 6
<unknown>:0: warning: upcoming feature 'GlobalActorIsolatedTypesUsability' is already enabled as of Swift version 6
<unknown>:0: warning: upcoming feature 'DisableOutwardActorInference' is already enabled as of Swift version 6
[1026/1029] Compiling CryptoExtras ARCPrecredential.swift
<unknown>:0: warning: upcoming feature 'InferSendableFromCaptures' is already enabled as of Swift version 6
<unknown>:0: warning: upcoming feature 'GlobalActorIsolatedTypesUsability' is already enabled as of Swift version 6
<unknown>:0: warning: upcoming feature 'DisableOutwardActorInference' is already enabled as of Swift version 6
[1027/1029] Compiling CryptoExtras ARCPresentation.swift
<unknown>:0: warning: upcoming feature 'InferSendableFromCaptures' is already enabled as of Swift version 6
<unknown>:0: warning: upcoming feature 'GlobalActorIsolatedTypesUsability' is already enabled as of Swift version 6
<unknown>:0: warning: upcoming feature 'DisableOutwardActorInference' is already enabled as of Swift version 6
[1028/1029] Compiling CryptoExtras ARCRequest.swift
<unknown>:0: warning: upcoming feature 'InferSendableFromCaptures' is already enabled as of Swift version 6
<unknown>:0: warning: upcoming feature 'GlobalActorIsolatedTypesUsability' is already enabled as of Swift version 6
<unknown>:0: warning: upcoming feature 'DisableOutwardActorInference' is already enabled as of Swift version 6
[1029/1029] Compiling CryptoExtras ARCResponse.swift
<unknown>:0: warning: upcoming feature 'InferSendableFromCaptures' is already enabled as of Swift version 6
<unknown>:0: warning: upcoming feature 'GlobalActorIsolatedTypesUsability' is already enabled as of Swift version 6
<unknown>:0: warning: upcoming feature 'DisableOutwardActorInference' is already enabled as of Swift version 6
Running build ...
bash -c docker run --pull=always --rm -v "checkouts-53886770-0":/host -w "$PWD" -e JAVA_HOME="/root/.sdkman/candidates/java/current" -e SPI_BUILD="1" -e SPI_PROCESSING="1" registry.gitlab.com/saguaro1/spi-images:wasm-6.1-latest swift build --swift-sdk wasm32-unknown-wasi 2>&1
wasm-6.1-latest: Pulling from saguaro1/spi-images
Digest: sha256:290f441d1f5b7bf0dbbe61e8b7514208804cdcb507d57b3c762463ad036298f7
Status: Image is up to date for registry.gitlab.com/saguaro1/spi-images:wasm-6.1-latest
[0/1] Planning build
Building for debugging...
[0/1] Write swift-version-24593BA9C3E375BF.txt
[2/44] Compiling CryptoBoringWrapper RandomBytes.swift
[3/44] Compiling SwiftASN1 GeneralizedTime.swift
[4/44] Compiling InternalCollectionsUtilities UnsafeRawBufferPointer+Extras.swift
[5/46] Compiling InternalCollectionsUtilities _SortedCollection.swift
[6/46] Compiling InternalCollectionsUtilities _UniqueCollection.swift
[7/46] Compiling SwiftASN1 ASN1BitString.swift
[8/46] Compiling SwiftASN1 ASN1Boolean.swift
[9/46] Compiling SwiftASN1 ASN1Identifier.swift
[10/46] Compiling SwiftASN1 ASN1Null.swift
[11/46] Compiling SwiftASN1 TimeUtilities.swift
[12/46] Compiling SwiftASN1 ObjectIdentifier.swift
[13/46] Compiling SwiftASN1 PEMDocument.swift
[14/46] Compiling SwiftASN1 ASN1Integer.swift
[15/46] Compiling SwiftASN1 ASN1.swift
[16/46] Compiling SwiftASN1 BER.swift
[17/46] Compiling SwiftASN1 ASN1Any.swift
[18/46] Compiling SwiftASN1 ASN1Strings.swift
[19/46] Compiling SwiftASN1 ArraySliceBigint.swift
[20/46] Compiling SwiftASN1 UTCTime.swift
[21/46] Compiling SwiftASN1 ASN1OctetString.swift
[22/46] Emitting module InternalCollectionsUtilities
[23/47] Compiling CryptoBoringWrapper FiniteFieldArithmeticContext.swift
[24/47] Compiling CryptoBoringWrapper EllipticCurvePoint.swift
[25/47] Emitting module CryptoBoringWrapper
[26/47] Compiling CryptoBoringWrapper EllipticCurve.swift
[27/47] Compiling CryptoBoringWrapper BoringSSLAEAD.swift
[28/47] Compiling CryptoBoringWrapper CryptoKitErrors_boring.swift
[29/47] Compiling CryptoBoringWrapper ArbitraryPrecisionInteger.swift
[37/156] Compiling HashTreeCollections _HashNode+Structural isSubset.swift
[38/156] Compiling HashTreeCollections _HashNode+Structural mapValues.swift
[39/156] Compiling HashTreeCollections _Hash.swift
[40/156] Compiling HashTreeCollections _HashLevel.swift
[41/172] Compiling HashTreeCollections _HashNode+Structural isDisjoint.swift
[42/172] Compiling HashTreeCollections _HashNode+Structural isEqualSet.swift
[43/172] Compiling HashTreeCollections _Bitmap.swift
[44/172] Compiling HashTreeCollections _Bucket.swift
[45/222] Compiling HashTreeCollections _HashNode+Primitive Removals.swift
[46/222] Compiling HashTreeCollections _HashNode+Primitive Replacement.swift
[47/222] Compiling HashTreeCollections _HashNode+Storage.swift
[51/226] Compiling HashTreeCollections _HashNode+Structural compactMapValues.swift
[52/226] Compiling HashTreeCollections _HashNode+Structural filter.swift
[53/231] Emitting module ContainersPreview
[54/248] Compiling BitCollections BitArray+ExpressibleByStringLiteral.swift
[55/248] Compiling BitCollections BitArray+Extras.swift
[56/248] Compiling BitCollections BitArray+Fill.swift
[60/249] Compiling HashTreeCollections _HashNode+Builder.swift
[61/249] Compiling HashTreeCollections _HashNode+Debugging.swift
[62/249] Compiling HashTreeCollections _HashNode+Initializers.swift
[63/249] Compiling HashTreeCollections _HashNode+Invariants.swift
[64/263] Compiling HashTreeCollections _HashNode+Subtree Insertions.swift
[65/263] Compiling HashTreeCollections _HashNode+Subtree Modify.swift
[66/263] Compiling HashTreeCollections _HashNode+Subtree Removals.swift
[67/263] Compiling HashTreeCollections _HashNode+UnsafeHandle.swift
[68/263] Compiling HashTreeCollections _HashNode.swift
[69/263] Compiling BitCollections BitArray+Testing.swift
[70/263] Compiling BitCollections BitArray._UnsafeHandle.swift
[71/263] Compiling BitCollections BitArray.swift
[72/263] Compiling BitCollections BitSet+BidirectionalCollection.swift
[73/263] Compiling BitCollections BitSet+Initializers.swift
[74/263] Compiling HashTreeCollections _HashNodeHeader.swift
[75/263] Compiling HashTreeCollections _HashSlot.swift
[76/263] Compiling HashTreeCollections _HashStack.swift
[77/263] Compiling HashTreeCollections _HashTreeIterator.swift
[78/263] Compiling HashTreeCollections _HashTreeStatistics.swift
[79/330] Compiling _RopeModule BigString+Chunk+RopeElement.swift
[80/330] Compiling _RopeModule BigString+Chunk+Splitting.swift
[81/330] Compiling _RopeModule BigString+Chunk+UTF16.swift
[82/330] Compiling _RopeModule BigString+Chunk+UTF8.swift
[83/330] Compiling _RopeModule BigString+Chunk+UnicodeScalar.swift
[84/378] Compiling HeapModule Heap+Invariants.swift
[85/401] Compiling HeapModule Heap+ExpressibleByArrayLiteral.swift
[86/418] Compiling HeapModule Heap+Descriptions.swift
[87/438] Compiling HeapModule _HeapNode.swift
[88/438] Compiling Crypto HPKE-KexKeyDerivation.swift
[89/438] Compiling Crypto HPKE-LabeledExtract.swift
[90/438] Compiling Crypto HPKE-Utils.swift
[91/438] Compiling Crypto DHKEM.swift
[92/439] Compiling Crypto ASN1Null.swift
[93/439] Compiling Crypto ASN1OctetString.swift
[94/439] Compiling Crypto ASN1Strings.swift
[95/439] Compiling Crypto ArraySliceBigint.swift
[96/439] Compiling Crypto GeneralizedTime.swift
[97/439] Compiling Crypto ObjectIdentifier.swift
[98/439] Compiling Crypto ECDSASignature.swift
[99/439] Compiling Crypto PEMDocument.swift
[100/439] Compiling Crypto PKCS8PrivateKey.swift
[101/439] Compiling Crypto SEC1PrivateKey.swift
[103/448] Emitting module HeapModule
[104/448] Compiling HeapModule Heap.swift
[105/448] Compiling HeapModule Heap+UnsafeHandle.swift
[107/449] Compiling Crypto EdDSA_boring.swift
[108/449] Compiling Crypto MLDSA_boring.swift
[109/449] Compiling Crypto MLDSA_wrapper.swift
[110/449] Compiling Crypto ECDSA.swift
[111/449] Compiling _RopeModule Rope+Join.swift
[112/449] Compiling _RopeModule Rope+MutatingForEach.swift
[113/449] Compiling _RopeModule Rope+Remove.swift
[114/449] Compiling _RopeModule Rope+RemoveSubrange.swift
[115/449] Compiling _RopeModule Rope+Split.swift
[116/449] Compiling _RopeModule Optional Utilities.swift
[117/500] Compiling DequeModule RigidDeque+Container.swift
[118/500] Compiling DequeModule RigidDeque+Descriptions.swift
[119/500] Compiling Crypto Insecure_HashFunctions.swift
[120/500] Compiling Crypto MLKEM_boring.swift
[121/500] Compiling Crypto MLKEM_wrapper.swift
[122/500] Compiling Crypto XWing_boring.swift
[123/500] Compiling Crypto KEM-Errors.swift
[124/500] Compiling Crypto KEM.swift
[125/500] Compiling Crypto MLKEM.swift
[126/500] Compiling Crypto XWing.swift
[127/500] Compiling Crypto HPKE-NIST-EC-KEMs.swift
[128/500] Compiling Crypto HPKE-KEM.swift
[129/500] Compiling Crypto HPKE-Errors.swift
[130/500] Compiling Crypto HPKE.swift
[131/500] Compiling Crypto HPKE-Context.swift
[132/500] Compiling Crypto HPKE-KeySchedule.swift
[133/500] Compiling Crypto HPKE-Modes.swift
[134/500] Compiling Crypto Insecure.swift
[135/507] Emitting module BitCollections
[136/514] Compiling DequeModule UniqueDeque+Container.swift
[137/514] Compiling DequeModule UniqueDeque+Deprecated.swift
[138/514] Compiling DequeModule UniqueDeque+Descriptions.swift
[139/514] Compiling DequeModule UniqueDeque+Equatable.swift
[140/514] Compiling DequeModule UniqueDeque+Experimental.swift
[141/514] Compiling DequeModule UniqueDeque+Hashable.swift
[142/514] Compiling DequeModule UniqueDeque+Initializers.swift
[143/514] Compiling DequeModule UniqueDeque+Insertions.swift
[144/514] Compiling DequeModule UniqueDeque+Prepend.swift
[145/514] Compiling DequeModule UniqueDeque+Removals.swift
[146/519] Compiling DequeModule RigidDeque+Removals.swift
[147/519] Compiling DequeModule RigidDeque+Replacements.swift
[148/519] Compiling DequeModule RigidDeque+Testing.swift
[149/519] Compiling DequeModule RigidDeque.swift
[150/519] Compiling DequeModule UniqueDeque+Append.swift
[151/519] Compiling DequeModule UniqueDeque+Consumption.swift
[152/519] Compiling DequeModule RigidDeque+Equatable.swift
[153/519] Compiling DequeModule RigidDeque+Experimental.swift
[154/519] Compiling DequeModule RigidDeque+Hashable.swift
[155/519] Compiling DequeModule RigidDeque+Initializers.swift
[156/519] Compiling DequeModule RigidDeque+Insertions.swift
[157/519] Compiling DequeModule RigidDeque+Prepend.swift
[158/519] Compiling DequeModule _DequeBuffer.swift
[159/519] Compiling DequeModule _DequeBufferHeader.swift
[160/519] Compiling DequeModule RigidDeque+Append.swift
[161/519] Compiling DequeModule RigidDeque+Consumption.swift
[164/519] Compiling DequeModule Deque+Codable.swift
[165/519] Compiling DequeModule Deque+Collection.swift
[166/519] Compiling DequeModule Deque+CustomReflectable.swift
[167/519] Compiling DequeModule Deque+Descriptions.swift
[168/519] Compiling DequeModule Deque+Equatable.swift
[169/519] Compiling DequeModule Deque+ExpressibleByArrayLiteral.swift
[170/519] Compiling DequeModule Deque+Extras.swift
[171/519] Compiling DequeModule Deque+Hashable.swift
[172/519] Emitting module SwiftASN1
[173/520] Compiling BitCollections BitSet.swift
[174/520] Compiling BitCollections Range+Utilities.swift
[175/520] Compiling BitCollections Slice+Utilities.swift
[176/520] Compiling BitCollections UInt+Tricks.swift
[177/520] Compiling BitCollections _Word.swift
[178/520] Compiling OrderedCollections OrderedSet+UnstableInternals.swift
[179/520] Compiling OrderedCollections OrderedSet.swift
[180/520] Compiling OrderedCollections _UnsafeBitset.swift
[181/520] Compiling Crypto ECDSASignature_boring.swift
[182/520] Compiling Crypto ECDSA_boring.swift
[183/520] Compiling DequeModule _UnsafeDequeSegments.swift
[192/520] Compiling BitCollections BitSet.Index.swift
[193/520] Compiling BitCollections BitSet._UnsafeHandle.swift
[196/520] Compiling DequeModule UniqueDeque+Replacements.swift
[197/520] Compiling DequeModule UniqueDeque.swift
[198/520] Compiling DequeModule _DequeSlot.swift
[199/520] Compiling DequeModule _UnsafeDequeHandle.swift
[234/520] Compiling HashTreeCollections TreeSet+SetAlgebra isEqualSet.swift
[235/520] Compiling HashTreeCollections TreeSet+SetAlgebra isStrictSubset.swift
[236/520] Compiling HashTreeCollections TreeSet+SetAlgebra isStrictSuperset.swift
[237/520] Compiling HashTreeCollections TreeSet+SetAlgebra isSubset.swift
[238/520] Compiling HashTreeCollections TreeSet+SetAlgebra isSuperset.swift
[239/520] Compiling HashTreeCollections TreeSet+SetAlgebra subtract.swift
[240/520] Compiling HashTreeCollections TreeSet+SetAlgebra subtracting.swift
[241/520] Compiling HashTreeCollections TreeSet+SetAlgebra symmetricDifference.swift
[242/520] Compiling HashTreeCollections TreeSet+SetAlgebra union.swift
[243/520] Compiling HashTreeCollections TreeSet.swift
[255/520] Compiling DequeModule Deque+Testing.swift
[256/520] Compiling DequeModule Deque._Storage.swift
[257/520] Compiling DequeModule Deque._UnsafeHandle.swift
[258/520] Compiling DequeModule Deque.swift
[408/532] Emitting module _RopeModule
[422/533] Emitting module OrderedCollections
[447/534] Emitting module Crypto
[448/534] Emitting module DequeModule
[489/535] Emitting module HashTreeCollections
[491/536] Compiling Crypto Signature.swift
[492/536] Compiling Crypto CryptoKitErrors_boring.swift
[493/536] Compiling Crypto Optional+withUnsafeBytes_boring.swift
[494/536] Compiling Crypto RNG_boring.swift
[495/536] Compiling Crypto SafeCompare_boring.swift
[496/536] Compiling Crypto Zeroization_boring.swift
[497/536] Compiling Crypto _CryptoModuleAnchor.swift
[498/536] Compiling Crypto PrettyBytes.swift
[499/536] Compiling Crypto SafeCompare.swift
[500/536] Compiling Crypto SecureBytes.swift
[501/536] Compiling Crypto Zeroization.swift
[502/542] Compiling Collections HashTreeCollections reexports.swift
[503/542] Compiling Collections OrderedCollections reexports.swift
[504/542] Compiling Collections HeapModule reexports.swift
[505/542] Compiling Collections DequeModule reexports.swift
[506/542] Emitting module Collections
[507/542] Compiling Collections BitCollections reexports.swift
[545/612] Compiling CryptoASN1 SubjectPublicKeyInfo.swift
[546/612] Compiling CryptoASN1 resource_bundle_accessor.swift
error: emit-module command failed with exit code 1 (use -v to see invocation)
[547/612] Emitting module CryptoExtras
/host/spi-builder-workspace/.build/checkouts/swift-crypto/Sources/CryptoExtras/Util/ThreadSpecific/ThreadSpecific.swift:33:36: error: cannot find type 'ThreadOpsSystem' in scope
 31 |
 32 |     private class Key {
 33 |         private var underlyingKey: ThreadOpsSystem.ThreadSpecificKey
    |                                    `- error: cannot find type 'ThreadOpsSystem' in scope
 34 |
 35 |         internal init(destructor: @escaping ThreadOpsSystem.ThreadSpecificKeyDestructor) {
/host/spi-builder-workspace/.build/checkouts/swift-crypto/Sources/CryptoExtras/Util/ThreadSpecific/ThreadSpecific.swift:35:45: error: cannot find type 'ThreadOpsSystem' in scope
 33 |         private var underlyingKey: ThreadOpsSystem.ThreadSpecificKey
 34 |
 35 |         internal init(destructor: @escaping ThreadOpsSystem.ThreadSpecificKeyDestructor) {
    |                                             `- error: cannot find type 'ThreadOpsSystem' in scope
 36 |             self.underlyingKey = ThreadOpsSystem.allocateThreadSpecificValue(destructor: destructor)
 37 |         }
/host/spi-builder-workspace/.build/checkouts/swift-crypto/Sources/CryptoExtras/Util/ThreadSpecific/ThreadSpecific.swift:35:35: error: @escaping attribute only applies to function types
 33 |         private var underlyingKey: ThreadOpsSystem.ThreadSpecificKey
 34 |
 35 |         internal init(destructor: @escaping ThreadOpsSystem.ThreadSpecificKeyDestructor) {
    |                                   `- error: @escaping attribute only applies to function types
 36 |             self.underlyingKey = ThreadOpsSystem.allocateThreadSpecificValue(destructor: destructor)
 37 |         }
[548/620] Compiling CryptoExtras ThreadOps.swift
/host/spi-builder-workspace/.build/checkouts/swift-crypto/Sources/CryptoExtras/Util/ThreadSpecific/ThreadSpecific.swift:33:36: error: cannot find type 'ThreadOpsSystem' in scope
 31 |
 32 |     private class Key {
 33 |         private var underlyingKey: ThreadOpsSystem.ThreadSpecificKey
    |                                    `- error: cannot find type 'ThreadOpsSystem' in scope
 34 |
 35 |         internal init(destructor: @escaping ThreadOpsSystem.ThreadSpecificKeyDestructor) {
/host/spi-builder-workspace/.build/checkouts/swift-crypto/Sources/CryptoExtras/Util/ThreadSpecific/ThreadSpecific.swift:35:45: error: cannot find type 'ThreadOpsSystem' in scope
 33 |         private var underlyingKey: ThreadOpsSystem.ThreadSpecificKey
 34 |
 35 |         internal init(destructor: @escaping ThreadOpsSystem.ThreadSpecificKeyDestructor) {
    |                                             `- error: cannot find type 'ThreadOpsSystem' in scope
 36 |             self.underlyingKey = ThreadOpsSystem.allocateThreadSpecificValue(destructor: destructor)
 37 |         }
/host/spi-builder-workspace/.build/checkouts/swift-crypto/Sources/CryptoExtras/Util/ThreadSpecific/ThreadSpecific.swift:35:35: error: @escaping attribute only applies to function types
 33 |         private var underlyingKey: ThreadOpsSystem.ThreadSpecificKey
 34 |
 35 |         internal init(destructor: @escaping ThreadOpsSystem.ThreadSpecificKeyDestructor) {
    |                                   `- error: @escaping attribute only applies to function types
 36 |             self.underlyingKey = ThreadOpsSystem.allocateThreadSpecificValue(destructor: destructor)
 37 |         }
/host/spi-builder-workspace/.build/checkouts/swift-crypto/Sources/CryptoExtras/Util/ThreadSpecific/ThreadSpecific.swift:36:34: error: cannot find 'ThreadOpsSystem' in scope
 34 |
 35 |         internal init(destructor: @escaping ThreadOpsSystem.ThreadSpecificKeyDestructor) {
 36 |             self.underlyingKey = ThreadOpsSystem.allocateThreadSpecificValue(destructor: destructor)
    |                                  `- error: cannot find 'ThreadOpsSystem' in scope
 37 |         }
 38 |
/host/spi-builder-workspace/.build/checkouts/swift-crypto/Sources/CryptoExtras/Util/ThreadSpecific/ThreadSpecific.swift:40:13: error: cannot find 'ThreadOpsSystem' in scope
 38 |
 39 |         deinit {
 40 |             ThreadOpsSystem.deallocateThreadSpecificValue(self.underlyingKey)
    |             `- error: cannot find 'ThreadOpsSystem' in scope
 41 |         }
 42 |
/host/spi-builder-workspace/.build/checkouts/swift-crypto/Sources/CryptoExtras/Util/ThreadSpecific/ThreadSpecific.swift:44:13: error: cannot find 'ThreadOpsSystem' in scope
 42 |
 43 |         func get() -> UnsafeMutableRawPointer? {
 44 |             ThreadOpsSystem.getThreadSpecificValue(self.underlyingKey)
    |             `- error: cannot find 'ThreadOpsSystem' in scope
 45 |         }
 46 |
/host/spi-builder-workspace/.build/checkouts/swift-crypto/Sources/CryptoExtras/Util/ThreadSpecific/ThreadSpecific.swift:48:13: error: cannot find 'ThreadOpsSystem' in scope
 46 |
 47 |         func set(value: UnsafeMutableRawPointer?) {
 48 |             ThreadOpsSystem.setThreadSpecificValue(key: self.underlyingKey, value: value)
    |             `- error: cannot find 'ThreadOpsSystem' in scope
 49 |         }
 50 |     }
[549/620] Compiling CryptoExtras ThreadPosix.swift
/host/spi-builder-workspace/.build/checkouts/swift-crypto/Sources/CryptoExtras/Util/ThreadSpecific/ThreadSpecific.swift:33:36: error: cannot find type 'ThreadOpsSystem' in scope
 31 |
 32 |     private class Key {
 33 |         private var underlyingKey: ThreadOpsSystem.ThreadSpecificKey
    |                                    `- error: cannot find type 'ThreadOpsSystem' in scope
 34 |
 35 |         internal init(destructor: @escaping ThreadOpsSystem.ThreadSpecificKeyDestructor) {
/host/spi-builder-workspace/.build/checkouts/swift-crypto/Sources/CryptoExtras/Util/ThreadSpecific/ThreadSpecific.swift:35:45: error: cannot find type 'ThreadOpsSystem' in scope
 33 |         private var underlyingKey: ThreadOpsSystem.ThreadSpecificKey
 34 |
 35 |         internal init(destructor: @escaping ThreadOpsSystem.ThreadSpecificKeyDestructor) {
    |                                             `- error: cannot find type 'ThreadOpsSystem' in scope
 36 |             self.underlyingKey = ThreadOpsSystem.allocateThreadSpecificValue(destructor: destructor)
 37 |         }
/host/spi-builder-workspace/.build/checkouts/swift-crypto/Sources/CryptoExtras/Util/ThreadSpecific/ThreadSpecific.swift:35:35: error: @escaping attribute only applies to function types
 33 |         private var underlyingKey: ThreadOpsSystem.ThreadSpecificKey
 34 |
 35 |         internal init(destructor: @escaping ThreadOpsSystem.ThreadSpecificKeyDestructor) {
    |                                   `- error: @escaping attribute only applies to function types
 36 |             self.underlyingKey = ThreadOpsSystem.allocateThreadSpecificValue(destructor: destructor)
 37 |         }
/host/spi-builder-workspace/.build/checkouts/swift-crypto/Sources/CryptoExtras/Util/ThreadSpecific/ThreadSpecific.swift:36:34: error: cannot find 'ThreadOpsSystem' in scope
 34 |
 35 |         internal init(destructor: @escaping ThreadOpsSystem.ThreadSpecificKeyDestructor) {
 36 |             self.underlyingKey = ThreadOpsSystem.allocateThreadSpecificValue(destructor: destructor)
    |                                  `- error: cannot find 'ThreadOpsSystem' in scope
 37 |         }
 38 |
/host/spi-builder-workspace/.build/checkouts/swift-crypto/Sources/CryptoExtras/Util/ThreadSpecific/ThreadSpecific.swift:40:13: error: cannot find 'ThreadOpsSystem' in scope
 38 |
 39 |         deinit {
 40 |             ThreadOpsSystem.deallocateThreadSpecificValue(self.underlyingKey)
    |             `- error: cannot find 'ThreadOpsSystem' in scope
 41 |         }
 42 |
/host/spi-builder-workspace/.build/checkouts/swift-crypto/Sources/CryptoExtras/Util/ThreadSpecific/ThreadSpecific.swift:44:13: error: cannot find 'ThreadOpsSystem' in scope
 42 |
 43 |         func get() -> UnsafeMutableRawPointer? {
 44 |             ThreadOpsSystem.getThreadSpecificValue(self.underlyingKey)
    |             `- error: cannot find 'ThreadOpsSystem' in scope
 45 |         }
 46 |
/host/spi-builder-workspace/.build/checkouts/swift-crypto/Sources/CryptoExtras/Util/ThreadSpecific/ThreadSpecific.swift:48:13: error: cannot find 'ThreadOpsSystem' in scope
 46 |
 47 |         func set(value: UnsafeMutableRawPointer?) {
 48 |             ThreadOpsSystem.setThreadSpecificValue(key: self.underlyingKey, value: value)
    |             `- error: cannot find 'ThreadOpsSystem' in scope
 49 |         }
 50 |     }
[550/620] Compiling CryptoExtras ThreadSpecific.swift
/host/spi-builder-workspace/.build/checkouts/swift-crypto/Sources/CryptoExtras/Util/ThreadSpecific/ThreadSpecific.swift:33:36: error: cannot find type 'ThreadOpsSystem' in scope
 31 |
 32 |     private class Key {
 33 |         private var underlyingKey: ThreadOpsSystem.ThreadSpecificKey
    |                                    `- error: cannot find type 'ThreadOpsSystem' in scope
 34 |
 35 |         internal init(destructor: @escaping ThreadOpsSystem.ThreadSpecificKeyDestructor) {
/host/spi-builder-workspace/.build/checkouts/swift-crypto/Sources/CryptoExtras/Util/ThreadSpecific/ThreadSpecific.swift:35:45: error: cannot find type 'ThreadOpsSystem' in scope
 33 |         private var underlyingKey: ThreadOpsSystem.ThreadSpecificKey
 34 |
 35 |         internal init(destructor: @escaping ThreadOpsSystem.ThreadSpecificKeyDestructor) {
    |                                             `- error: cannot find type 'ThreadOpsSystem' in scope
 36 |             self.underlyingKey = ThreadOpsSystem.allocateThreadSpecificValue(destructor: destructor)
 37 |         }
/host/spi-builder-workspace/.build/checkouts/swift-crypto/Sources/CryptoExtras/Util/ThreadSpecific/ThreadSpecific.swift:35:35: error: @escaping attribute only applies to function types
 33 |         private var underlyingKey: ThreadOpsSystem.ThreadSpecificKey
 34 |
 35 |         internal init(destructor: @escaping ThreadOpsSystem.ThreadSpecificKeyDestructor) {
    |                                   `- error: @escaping attribute only applies to function types
 36 |             self.underlyingKey = ThreadOpsSystem.allocateThreadSpecificValue(destructor: destructor)
 37 |         }
/host/spi-builder-workspace/.build/checkouts/swift-crypto/Sources/CryptoExtras/Util/ThreadSpecific/ThreadSpecific.swift:36:34: error: cannot find 'ThreadOpsSystem' in scope
 34 |
 35 |         internal init(destructor: @escaping ThreadOpsSystem.ThreadSpecificKeyDestructor) {
 36 |             self.underlyingKey = ThreadOpsSystem.allocateThreadSpecificValue(destructor: destructor)
    |                                  `- error: cannot find 'ThreadOpsSystem' in scope
 37 |         }
 38 |
/host/spi-builder-workspace/.build/checkouts/swift-crypto/Sources/CryptoExtras/Util/ThreadSpecific/ThreadSpecific.swift:40:13: error: cannot find 'ThreadOpsSystem' in scope
 38 |
 39 |         deinit {
 40 |             ThreadOpsSystem.deallocateThreadSpecificValue(self.underlyingKey)
    |             `- error: cannot find 'ThreadOpsSystem' in scope
 41 |         }
 42 |
/host/spi-builder-workspace/.build/checkouts/swift-crypto/Sources/CryptoExtras/Util/ThreadSpecific/ThreadSpecific.swift:44:13: error: cannot find 'ThreadOpsSystem' in scope
 42 |
 43 |         func get() -> UnsafeMutableRawPointer? {
 44 |             ThreadOpsSystem.getThreadSpecificValue(self.underlyingKey)
    |             `- error: cannot find 'ThreadOpsSystem' in scope
 45 |         }
 46 |
/host/spi-builder-workspace/.build/checkouts/swift-crypto/Sources/CryptoExtras/Util/ThreadSpecific/ThreadSpecific.swift:48:13: error: cannot find 'ThreadOpsSystem' in scope
 46 |
 47 |         func set(value: UnsafeMutableRawPointer?) {
 48 |             ThreadOpsSystem.setThreadSpecificValue(key: self.underlyingKey, value: value)
    |             `- error: cannot find 'ThreadOpsSystem' in scope
 49 |         }
 50 |     }
[551/620] Compiling CryptoExtras ThreadWindows.swift
/host/spi-builder-workspace/.build/checkouts/swift-crypto/Sources/CryptoExtras/Util/ThreadSpecific/ThreadSpecific.swift:33:36: error: cannot find type 'ThreadOpsSystem' in scope
 31 |
 32 |     private class Key {
 33 |         private var underlyingKey: ThreadOpsSystem.ThreadSpecificKey
    |                                    `- error: cannot find type 'ThreadOpsSystem' in scope
 34 |
 35 |         internal init(destructor: @escaping ThreadOpsSystem.ThreadSpecificKeyDestructor) {
/host/spi-builder-workspace/.build/checkouts/swift-crypto/Sources/CryptoExtras/Util/ThreadSpecific/ThreadSpecific.swift:35:45: error: cannot find type 'ThreadOpsSystem' in scope
 33 |         private var underlyingKey: ThreadOpsSystem.ThreadSpecificKey
 34 |
 35 |         internal init(destructor: @escaping ThreadOpsSystem.ThreadSpecificKeyDestructor) {
    |                                             `- error: cannot find type 'ThreadOpsSystem' in scope
 36 |             self.underlyingKey = ThreadOpsSystem.allocateThreadSpecificValue(destructor: destructor)
 37 |         }
/host/spi-builder-workspace/.build/checkouts/swift-crypto/Sources/CryptoExtras/Util/ThreadSpecific/ThreadSpecific.swift:35:35: error: @escaping attribute only applies to function types
 33 |         private var underlyingKey: ThreadOpsSystem.ThreadSpecificKey
 34 |
 35 |         internal init(destructor: @escaping ThreadOpsSystem.ThreadSpecificKeyDestructor) {
    |                                   `- error: @escaping attribute only applies to function types
 36 |             self.underlyingKey = ThreadOpsSystem.allocateThreadSpecificValue(destructor: destructor)
 37 |         }
/host/spi-builder-workspace/.build/checkouts/swift-crypto/Sources/CryptoExtras/Util/ThreadSpecific/ThreadSpecific.swift:36:34: error: cannot find 'ThreadOpsSystem' in scope
 34 |
 35 |         internal init(destructor: @escaping ThreadOpsSystem.ThreadSpecificKeyDestructor) {
 36 |             self.underlyingKey = ThreadOpsSystem.allocateThreadSpecificValue(destructor: destructor)
    |                                  `- error: cannot find 'ThreadOpsSystem' in scope
 37 |         }
 38 |
/host/spi-builder-workspace/.build/checkouts/swift-crypto/Sources/CryptoExtras/Util/ThreadSpecific/ThreadSpecific.swift:40:13: error: cannot find 'ThreadOpsSystem' in scope
 38 |
 39 |         deinit {
 40 |             ThreadOpsSystem.deallocateThreadSpecificValue(self.underlyingKey)
    |             `- error: cannot find 'ThreadOpsSystem' in scope
 41 |         }
 42 |
/host/spi-builder-workspace/.build/checkouts/swift-crypto/Sources/CryptoExtras/Util/ThreadSpecific/ThreadSpecific.swift:44:13: error: cannot find 'ThreadOpsSystem' in scope
 42 |
 43 |         func get() -> UnsafeMutableRawPointer? {
 44 |             ThreadOpsSystem.getThreadSpecificValue(self.underlyingKey)
    |             `- error: cannot find 'ThreadOpsSystem' in scope
 45 |         }
 46 |
/host/spi-builder-workspace/.build/checkouts/swift-crypto/Sources/CryptoExtras/Util/ThreadSpecific/ThreadSpecific.swift:48:13: error: cannot find 'ThreadOpsSystem' in scope
 46 |
 47 |         func set(value: UnsafeMutableRawPointer?) {
 48 |             ThreadOpsSystem.setThreadSpecificValue(key: self.underlyingKey, value: value)
    |             `- error: cannot find 'ThreadOpsSystem' in scope
 49 |         }
 50 |     }
[552/620] Compiling CryptoExtras DLEQ.swift
/host/spi-builder-workspace/.build/checkouts/swift-crypto/Sources/CryptoExtras/Util/ThreadSpecific/ThreadSpecific.swift:33:36: error: cannot find type 'ThreadOpsSystem' in scope
 31 |
 32 |     private class Key {
 33 |         private var underlyingKey: ThreadOpsSystem.ThreadSpecificKey
    |                                    `- error: cannot find type 'ThreadOpsSystem' in scope
 34 |
 35 |         internal init(destructor: @escaping ThreadOpsSystem.ThreadSpecificKeyDestructor) {
/host/spi-builder-workspace/.build/checkouts/swift-crypto/Sources/CryptoExtras/Util/ThreadSpecific/ThreadSpecific.swift:35:45: error: cannot find type 'ThreadOpsSystem' in scope
 33 |         private var underlyingKey: ThreadOpsSystem.ThreadSpecificKey
 34 |
 35 |         internal init(destructor: @escaping ThreadOpsSystem.ThreadSpecificKeyDestructor) {
    |                                             `- error: cannot find type 'ThreadOpsSystem' in scope
 36 |             self.underlyingKey = ThreadOpsSystem.allocateThreadSpecificValue(destructor: destructor)
 37 |         }
/host/spi-builder-workspace/.build/checkouts/swift-crypto/Sources/CryptoExtras/Util/ThreadSpecific/ThreadSpecific.swift:35:35: error: @escaping attribute only applies to function types
 33 |         private var underlyingKey: ThreadOpsSystem.ThreadSpecificKey
 34 |
 35 |         internal init(destructor: @escaping ThreadOpsSystem.ThreadSpecificKeyDestructor) {
    |                                   `- error: @escaping attribute only applies to function types
 36 |             self.underlyingKey = ThreadOpsSystem.allocateThreadSpecificValue(destructor: destructor)
 37 |         }
/host/spi-builder-workspace/.build/checkouts/swift-crypto/Sources/CryptoExtras/Util/ThreadSpecific/ThreadSpecific.swift:36:34: error: cannot find 'ThreadOpsSystem' in scope
 34 |
 35 |         internal init(destructor: @escaping ThreadOpsSystem.ThreadSpecificKeyDestructor) {
 36 |             self.underlyingKey = ThreadOpsSystem.allocateThreadSpecificValue(destructor: destructor)
    |                                  `- error: cannot find 'ThreadOpsSystem' in scope
 37 |         }
 38 |
/host/spi-builder-workspace/.build/checkouts/swift-crypto/Sources/CryptoExtras/Util/ThreadSpecific/ThreadSpecific.swift:40:13: error: cannot find 'ThreadOpsSystem' in scope
 38 |
 39 |         deinit {
 40 |             ThreadOpsSystem.deallocateThreadSpecificValue(self.underlyingKey)
    |             `- error: cannot find 'ThreadOpsSystem' in scope
 41 |         }
 42 |
/host/spi-builder-workspace/.build/checkouts/swift-crypto/Sources/CryptoExtras/Util/ThreadSpecific/ThreadSpecific.swift:44:13: error: cannot find 'ThreadOpsSystem' in scope
 42 |
 43 |         func get() -> UnsafeMutableRawPointer? {
 44 |             ThreadOpsSystem.getThreadSpecificValue(self.underlyingKey)
    |             `- error: cannot find 'ThreadOpsSystem' in scope
 45 |         }
 46 |
/host/spi-builder-workspace/.build/checkouts/swift-crypto/Sources/CryptoExtras/Util/ThreadSpecific/ThreadSpecific.swift:48:13: error: cannot find 'ThreadOpsSystem' in scope
 46 |
 47 |         func set(value: UnsafeMutableRawPointer?) {
 48 |             ThreadOpsSystem.setThreadSpecificValue(key: self.underlyingKey, value: value)
    |             `- error: cannot find 'ThreadOpsSystem' in scope
 49 |         }
 50 |     }
[553/620] Compiling CryptoExtras Prover.swift
/host/spi-builder-workspace/.build/checkouts/swift-crypto/Sources/CryptoExtras/Util/ThreadSpecific/ThreadSpecific.swift:33:36: error: cannot find type 'ThreadOpsSystem' in scope
 31 |
 32 |     private class Key {
 33 |         private var underlyingKey: ThreadOpsSystem.ThreadSpecificKey
    |                                    `- error: cannot find type 'ThreadOpsSystem' in scope
 34 |
 35 |         internal init(destructor: @escaping ThreadOpsSystem.ThreadSpecificKeyDestructor) {
/host/spi-builder-workspace/.build/checkouts/swift-crypto/Sources/CryptoExtras/Util/ThreadSpecific/ThreadSpecific.swift:35:45: error: cannot find type 'ThreadOpsSystem' in scope
 33 |         private var underlyingKey: ThreadOpsSystem.ThreadSpecificKey
 34 |
 35 |         internal init(destructor: @escaping ThreadOpsSystem.ThreadSpecificKeyDestructor) {
    |                                             `- error: cannot find type 'ThreadOpsSystem' in scope
 36 |             self.underlyingKey = ThreadOpsSystem.allocateThreadSpecificValue(destructor: destructor)
 37 |         }
/host/spi-builder-workspace/.build/checkouts/swift-crypto/Sources/CryptoExtras/Util/ThreadSpecific/ThreadSpecific.swift:35:35: error: @escaping attribute only applies to function types
 33 |         private var underlyingKey: ThreadOpsSystem.ThreadSpecificKey
 34 |
 35 |         internal init(destructor: @escaping ThreadOpsSystem.ThreadSpecificKeyDestructor) {
    |                                   `- error: @escaping attribute only applies to function types
 36 |             self.underlyingKey = ThreadOpsSystem.allocateThreadSpecificValue(destructor: destructor)
 37 |         }
/host/spi-builder-workspace/.build/checkouts/swift-crypto/Sources/CryptoExtras/Util/ThreadSpecific/ThreadSpecific.swift:36:34: error: cannot find 'ThreadOpsSystem' in scope
 34 |
 35 |         internal init(destructor: @escaping ThreadOpsSystem.ThreadSpecificKeyDestructor) {
 36 |             self.underlyingKey = ThreadOpsSystem.allocateThreadSpecificValue(destructor: destructor)
    |                                  `- error: cannot find 'ThreadOpsSystem' in scope
 37 |         }
 38 |
/host/spi-builder-workspace/.build/checkouts/swift-crypto/Sources/CryptoExtras/Util/ThreadSpecific/ThreadSpecific.swift:40:13: error: cannot find 'ThreadOpsSystem' in scope
 38 |
 39 |         deinit {
 40 |             ThreadOpsSystem.deallocateThreadSpecificValue(self.underlyingKey)
    |             `- error: cannot find 'ThreadOpsSystem' in scope
 41 |         }
 42 |
/host/spi-builder-workspace/.build/checkouts/swift-crypto/Sources/CryptoExtras/Util/ThreadSpecific/ThreadSpecific.swift:44:13: error: cannot find 'ThreadOpsSystem' in scope
 42 |
 43 |         func get() -> UnsafeMutableRawPointer? {
 44 |             ThreadOpsSystem.getThreadSpecificValue(self.underlyingKey)
    |             `- error: cannot find 'ThreadOpsSystem' in scope
 45 |         }
 46 |
/host/spi-builder-workspace/.build/checkouts/swift-crypto/Sources/CryptoExtras/Util/ThreadSpecific/ThreadSpecific.swift:48:13: error: cannot find 'ThreadOpsSystem' in scope
 46 |
 47 |         func set(value: UnsafeMutableRawPointer?) {
 48 |             ThreadOpsSystem.setThreadSpecificValue(key: self.underlyingKey, value: value)
    |             `- error: cannot find 'ThreadOpsSystem' in scope
 49 |         }
 50 |     }
[554/620] Compiling CryptoExtras Verifier.swift
/host/spi-builder-workspace/.build/checkouts/swift-crypto/Sources/CryptoExtras/Util/ThreadSpecific/ThreadSpecific.swift:33:36: error: cannot find type 'ThreadOpsSystem' in scope
 31 |
 32 |     private class Key {
 33 |         private var underlyingKey: ThreadOpsSystem.ThreadSpecificKey
    |                                    `- error: cannot find type 'ThreadOpsSystem' in scope
 34 |
 35 |         internal init(destructor: @escaping ThreadOpsSystem.ThreadSpecificKeyDestructor) {
/host/spi-builder-workspace/.build/checkouts/swift-crypto/Sources/CryptoExtras/Util/ThreadSpecific/ThreadSpecific.swift:35:45: error: cannot find type 'ThreadOpsSystem' in scope
 33 |         private var underlyingKey: ThreadOpsSystem.ThreadSpecificKey
 34 |
 35 |         internal init(destructor: @escaping ThreadOpsSystem.ThreadSpecificKeyDestructor) {
    |                                             `- error: cannot find type 'ThreadOpsSystem' in scope
 36 |             self.underlyingKey = ThreadOpsSystem.allocateThreadSpecificValue(destructor: destructor)
 37 |         }
/host/spi-builder-workspace/.build/checkouts/swift-crypto/Sources/CryptoExtras/Util/ThreadSpecific/ThreadSpecific.swift:35:35: error: @escaping attribute only applies to function types
 33 |         private var underlyingKey: ThreadOpsSystem.ThreadSpecificKey
 34 |
 35 |         internal init(destructor: @escaping ThreadOpsSystem.ThreadSpecificKeyDestructor) {
    |                                   `- error: @escaping attribute only applies to function types
 36 |             self.underlyingKey = ThreadOpsSystem.allocateThreadSpecificValue(destructor: destructor)
 37 |         }
/host/spi-builder-workspace/.build/checkouts/swift-crypto/Sources/CryptoExtras/Util/ThreadSpecific/ThreadSpecific.swift:36:34: error: cannot find 'ThreadOpsSystem' in scope
 34 |
 35 |         internal init(destructor: @escaping ThreadOpsSystem.ThreadSpecificKeyDestructor) {
 36 |             self.underlyingKey = ThreadOpsSystem.allocateThreadSpecificValue(destructor: destructor)
    |                                  `- error: cannot find 'ThreadOpsSystem' in scope
 37 |         }
 38 |
/host/spi-builder-workspace/.build/checkouts/swift-crypto/Sources/CryptoExtras/Util/ThreadSpecific/ThreadSpecific.swift:40:13: error: cannot find 'ThreadOpsSystem' in scope
 38 |
 39 |         deinit {
 40 |             ThreadOpsSystem.deallocateThreadSpecificValue(self.underlyingKey)
    |             `- error: cannot find 'ThreadOpsSystem' in scope
 41 |         }
 42 |
/host/spi-builder-workspace/.build/checkouts/swift-crypto/Sources/CryptoExtras/Util/ThreadSpecific/ThreadSpecific.swift:44:13: error: cannot find 'ThreadOpsSystem' in scope
 42 |
 43 |         func get() -> UnsafeMutableRawPointer? {
 44 |             ThreadOpsSystem.getThreadSpecificValue(self.underlyingKey)
    |             `- error: cannot find 'ThreadOpsSystem' in scope
 45 |         }
 46 |
/host/spi-builder-workspace/.build/checkouts/swift-crypto/Sources/CryptoExtras/Util/ThreadSpecific/ThreadSpecific.swift:48:13: error: cannot find 'ThreadOpsSystem' in scope
 46 |
 47 |         func set(value: UnsafeMutableRawPointer?) {
 48 |             ThreadOpsSystem.setThreadSpecificValue(key: self.underlyingKey, value: value)
    |             `- error: cannot find 'ThreadOpsSystem' in scope
 49 |         }
 50 |     }
[555/620] Compiling CryptoExtras ZKPToolbox.swift
/host/spi-builder-workspace/.build/checkouts/swift-crypto/Sources/CryptoExtras/Util/ThreadSpecific/ThreadSpecific.swift:33:36: error: cannot find type 'ThreadOpsSystem' in scope
 31 |
 32 |     private class Key {
 33 |         private var underlyingKey: ThreadOpsSystem.ThreadSpecificKey
    |                                    `- error: cannot find type 'ThreadOpsSystem' in scope
 34 |
 35 |         internal init(destructor: @escaping ThreadOpsSystem.ThreadSpecificKeyDestructor) {
/host/spi-builder-workspace/.build/checkouts/swift-crypto/Sources/CryptoExtras/Util/ThreadSpecific/ThreadSpecific.swift:35:45: error: cannot find type 'ThreadOpsSystem' in scope
 33 |         private var underlyingKey: ThreadOpsSystem.ThreadSpecificKey
 34 |
 35 |         internal init(destructor: @escaping ThreadOpsSystem.ThreadSpecificKeyDestructor) {
    |                                             `- error: cannot find type 'ThreadOpsSystem' in scope
 36 |             self.underlyingKey = ThreadOpsSystem.allocateThreadSpecificValue(destructor: destructor)
 37 |         }
/host/spi-builder-workspace/.build/checkouts/swift-crypto/Sources/CryptoExtras/Util/ThreadSpecific/ThreadSpecific.swift:35:35: error: @escaping attribute only applies to function types
 33 |         private var underlyingKey: ThreadOpsSystem.ThreadSpecificKey
 34 |
 35 |         internal init(destructor: @escaping ThreadOpsSystem.ThreadSpecificKeyDestructor) {
    |                                   `- error: @escaping attribute only applies to function types
 36 |             self.underlyingKey = ThreadOpsSystem.allocateThreadSpecificValue(destructor: destructor)
 37 |         }
/host/spi-builder-workspace/.build/checkouts/swift-crypto/Sources/CryptoExtras/Util/ThreadSpecific/ThreadSpecific.swift:36:34: error: cannot find 'ThreadOpsSystem' in scope
 34 |
 35 |         internal init(destructor: @escaping ThreadOpsSystem.ThreadSpecificKeyDestructor) {
 36 |             self.underlyingKey = ThreadOpsSystem.allocateThreadSpecificValue(destructor: destructor)
    |                                  `- error: cannot find 'ThreadOpsSystem' in scope
 37 |         }
 38 |
/host/spi-builder-workspace/.build/checkouts/swift-crypto/Sources/CryptoExtras/Util/ThreadSpecific/ThreadSpecific.swift:40:13: error: cannot find 'ThreadOpsSystem' in scope
 38 |
 39 |         deinit {
 40 |             ThreadOpsSystem.deallocateThreadSpecificValue(self.underlyingKey)
    |             `- error: cannot find 'ThreadOpsSystem' in scope
 41 |         }
 42 |
/host/spi-builder-workspace/.build/checkouts/swift-crypto/Sources/CryptoExtras/Util/ThreadSpecific/ThreadSpecific.swift:44:13: error: cannot find 'ThreadOpsSystem' in scope
 42 |
 43 |         func get() -> UnsafeMutableRawPointer? {
 44 |             ThreadOpsSystem.getThreadSpecificValue(self.underlyingKey)
    |             `- error: cannot find 'ThreadOpsSystem' in scope
 45 |         }
 46 |
/host/spi-builder-workspace/.build/checkouts/swift-crypto/Sources/CryptoExtras/Util/ThreadSpecific/ThreadSpecific.swift:48:13: error: cannot find 'ThreadOpsSystem' in scope
 46 |
 47 |         func set(value: UnsafeMutableRawPointer?) {
 48 |             ThreadOpsSystem.setThreadSpecificValue(key: self.underlyingKey, value: value)
    |             `- error: cannot find 'ThreadOpsSystem' in scope
 49 |         }
 50 |     }
[556/620] Compiling CryptoASN1 RFC5480Algorithms.swift
[557/620] Emitting module CryptoASN1
[558/620] Compiling CryptoASN1 PrivateKey.swift
[559/620] Compiling CryptoASN1 Extensions.swift
[561/626] Compiling CryptoExtras Data+Extensions.swift
[562/626] Compiling CryptoExtras DigestType.swift
[563/626] Compiling CryptoExtras Error.swift
[564/626] Compiling CryptoExtras I2OSP.swift
[565/626] Compiling CryptoExtras IntegerEncoding.swift
[566/626] Compiling CryptoExtras PEMDocument.swift
[567/626] Compiling CryptoExtras PrettyBytes.swift
[568/626] Compiling CryptoExtras SubjectPublicKeyInfo.swift
[569/626] Compiling CryptoExtras ARCServer.swift
[570/626] Compiling CryptoExtras ChaCha20CTR_boring.swift
[571/626] Compiling CryptoExtras ChaCha20CTR.swift
[572/626] Compiling CryptoExtras BoringSSLSHA512256Context.swift
[573/626] Compiling CryptoExtras BoringSSLSHA512256HashFunction.swift
[574/626] Compiling CryptoExtras SHA512256.swift
[575/626] Compiling CryptoExtras SHA512256Digest.swift
[576/626] Compiling CryptoExtras Curve25519+PEM.swift
[577/626] Compiling CryptoExtras ObjectIdentifier.swift
[578/626] Compiling CryptoExtras PKCS8DERRepresentation.swift
[579/626] Compiling CryptoExtras PKCS8PrivateKey.swift
[580/626] Compiling CryptoExtras RFC8410AlgorithmIdentifier.swift
[581/626] Compiling CryptoExtras ECToolbox_boring.swift
[582/626] Compiling CryptoExtras ECToolbox.swift
[583/626] Compiling CryptoExtras HashToField.swift
[584/626] Compiling CryptoExtras KDF.swift
[585/626] Compiling CryptoExtras PBKDF2_boring.swift
[586/626] Compiling CryptoExtras PBKDF2_commoncrypto.swift
[587/626] Compiling CryptoP256K resource_bundle_accessor.swift
[588/626] Compiling CryptoP256K P256K+ECDH.swift
[589/626] Compiling CryptoP256K P256K+Signing.swift
[590/626] Compiling CryptoP256K P256K+Backing.swift
[591/626] Emitting module CryptoP256K
[593/627] Compiling CryptoExtras PBKDF2.swift
[594/627] Compiling CryptoExtras Scrypt_boring.swift
[595/627] Compiling CryptoExtras Scrypt.swift
[596/627] Compiling CryptoExtras OPRF.swift
[597/627] Compiling CryptoExtras OPRFClient.swift
[598/627] Compiling CryptoExtras OPRFServer.swift
[599/627] Compiling CryptoExtras VOPRF+API.swift
[600/627] Compiling CryptoExtras VOPRFClient.swift
[601/627] Compiling CryptoExtras VOPRFServer.swift
[602/627] Compiling CryptoExtras BoringSSLPassphraseCallbackManager.swift
[603/627] Compiling CryptoExtras RSA+BlindSigning.swift
[604/627] Compiling CryptoExtras RSA.swift
[605/627] Compiling CryptoExtras RSA_boring.swift
[606/627] Compiling CryptoExtras Reexport.swift
[607/627] Compiling CryptoExtras Zeroization_boring.swift
[608/627] Compiling CryptoExtras BoringSSLHelpers.swift
[609/627] Compiling CryptoExtras CryptoKitErrors_boring.swift
[610/627] Compiling CryptoExtras AES_CBC.swift
[611/627] Compiling CryptoExtras AES_CFB.swift
[612/627] Compiling CryptoExtras AES_CTR.swift
[613/627] Compiling CryptoExtras AES_GCM_SIV.swift
[614/627] Compiling CryptoExtras Block Function.swift
[615/627] Compiling CryptoExtras AES_CBC_boring.swift
[616/627] Compiling CryptoExtras AES_CFB_boring.swift
[617/627] Compiling CryptoExtras AES_CTR_boring.swift
[618/627] Compiling CryptoExtras AES_GCM_SIV_boring.swift
[619/627] Compiling CryptoExtras CMAC.swift
[620/627] Compiling CryptoExtras ARC+API.swift
[621/627] Compiling CryptoExtras ARC.swift
[622/627] Compiling CryptoExtras ARCCredential.swift
[623/627] Compiling CryptoExtras ARCEncoding.swift
[624/627] Compiling CryptoExtras ARCPrecredential.swift
[625/627] Compiling CryptoExtras ARCPresentation.swift
[626/627] Compiling CryptoExtras ARCRequest.swift
[627/627] Compiling CryptoExtras ARCResponse.swift
BUILD FAILURE 6.1 wasm