Build Information
Failed to build Reader, reference master (b2db81), with Swift 6.4 for macOS (Xcode) using Xcode 27.0 on 16 Sep 2026 01:48:43 UTC.
Build Command
env DEVELOPER_DIR=/Applications/Xcode-27.0.0-Release.Candidate.app xcrun xcodebuild -IDEClonedSourcePackagesDirPathOverride=$PWD/.dependencies -skipMacroValidation -skipPackagePluginValidation -derivedDataPath $PWD/.derivedData build -scheme Reader-Package -destination platform=macOS,arch=arm64Build Log
========================================
RunAll
========================================
Builder version: 5.1.0
Interrupt handler set up.
========================================
Checkout
========================================
Clone URL: https://github.com/to4iki/Reader.git
Reference: master
Initialized empty Git repository in /Users/admin/builder/spi-builder-workspace/.git/
From https://github.com/to4iki/Reader
* branch master -> FETCH_HEAD
* [new branch] master -> origin/master
HEAD is now at b2db817 Merge pull request #5 from to4iki/git-hooks
Cloned https://github.com/to4iki/Reader.git
Revision (git rev-parse @):
b2db81756abc51df29238089d785272598ec7d82
SUCCESS checkout https://github.com/to4iki/Reader.git at master
========================================
Build
========================================
Selected platform: macosXcodebuild
Swift version: 6.4
Building package at path: $PWD
https://github.com/to4iki/Reader.git
Command line invocation:
/Applications/Xcode-27.0.0-Release.Candidate.app/Contents/Developer/usr/bin/xcodebuild -IDEClonedSourcePackagesDirPathOverride=/Users/admin/builder/spi-builder-workspace/.dependencies -resolvePackageDependencies
resolved source packages:
{
"dependencies" : [
{
"identity" : "swiftcheck",
"requirement" : {
"range" : [
{
"lower_bound" : "0.11.0",
"upper_bound" : "1.0.0"
}
]
},
"type" : "sourceControl",
"url" : "https://github.com/typelift/SwiftCheck.git"
},
{
"identity" : "komondor",
"requirement" : {
"range" : [
{
"lower_bound" : "1.0.1",
"upper_bound" : "2.0.0"
}
]
},
"type" : "sourceControl",
"url" : "https://github.com/orta/Komondor.git"
},
{
"identity" : "swiftformat",
"requirement" : {
"range" : [
{
"lower_bound" : "0.37.1",
"upper_bound" : "1.0.0"
}
]
},
"type" : "sourceControl",
"url" : "https://github.com/nicklockwood/SwiftFormat.git"
}
],
"manifest_display_name" : "Reader",
"name" : "Reader",
"path" : "/Users/admin/builder/spi-builder-workspace",
"platforms" : [
],
"products" : [
{
"name" : "Reader",
"targets" : [
"Reader"
],
"type" : {
"library" : [
"automatic"
]
}
}
],
"targets" : [
{
"c99name" : "ReaderTests",
"module_type" : "SwiftTarget",
"name" : "ReaderTests",
"path" : "Tests/ReaderTests",
"product_dependencies" : [
"SwiftCheck"
],
"sources" : [
"Reader+SwiftCheck.swift",
"ReaderTests.swift"
],
"target_dependencies" : [
"Reader"
],
"type" : "test"
},
{
"c99name" : "Reader",
"module_type" : "SwiftTarget",
"name" : "Reader",
"path" : "Sources/Reader",
"product_memberships" : [
"Reader"
],
"sources" : [
"Reader.swift"
],
"type" : "library"
}
],
"tools_version" : "4.2"
}
{
"project" : {
"configurations" : [
"Debug",
"Release"
],
"name" : "Reader",
"schemes" : [
"Reader",
"Reader-Package"
],
"targets" : [
"Reader",
"ReaderPackageDescription",
"ReaderPackageTests",
"ReaderTests",
"SwiftCheck",
"SwiftCheckPackageDescription"
]
}
}
Running build ...
env DEVELOPER_DIR=/Applications/Xcode-27.0.0-Release.Candidate.app xcrun xcodebuild -IDEClonedSourcePackagesDirPathOverride=$PWD/.dependencies -skipMacroValidation -skipPackagePluginValidation -derivedDataPath $PWD/.derivedData build -scheme Reader-Package -destination platform=macOS,arch=arm64
Command line invocation:
/Applications/Xcode-27.0.0-Release.Candidate.app/Contents/Developer/usr/bin/xcodebuild -IDEClonedSourcePackagesDirPathOverride=/Users/admin/builder/spi-builder-workspace/.dependencies -skipMacroValidation -skipPackagePluginValidation -derivedDataPath /Users/admin/builder/spi-builder-workspace/.derivedData build -scheme Reader-Package -destination platform=macOS,arch=arm64
ComputePackagePrebuildTargetDependencyGraph
Prepare packages
CreateBuildRequest
SendProjectDescription
CreateBuildOperation
ComputeTargetDependencyGraph
note: Building targets in dependency order
note: Target dependency graph (1 target)
Target 'Reader' in project 'Reader' (no dependencies)
GatherProvisioningInputs
CreateBuildDescription
ExecuteExternalTool /Applications/Xcode-27.0.0-Release.Candidate.app/Contents/Developer/Toolchains/XcodeDefault.xctoolchain/usr/bin/clang -v -E -dM -isysroot /Applications/Xcode-27.0.0-Release.Candidate.app/Contents/Developer/Platforms/MacOSX.platform/Developer/SDKs/MacOSX27.0.sdk -x c -c /dev/null
ExecuteExternalTool /Applications/Xcode-27.0.0-Release.Candidate.app/Contents/Developer/Toolchains/XcodeDefault.xctoolchain/usr/bin/swiftc --version
ExecuteExternalTool /Applications/Xcode-27.0.0-Release.Candidate.app/Contents/Developer/Toolchains/XcodeDefault.xctoolchain/usr/bin/ld -version_details
Build description signature: 4977ce3b23a40856ce6b258d2e965c9f
Build description path: /Users/admin/builder/spi-builder-workspace/.derivedData/Build/Intermediates.noindex/XCBuildData/4977ce3b23a40856ce6b258d2e965c9f.xcbuilddata
/Users/admin/builder/spi-builder-workspace/Reader.xcodeproj: error: The macOS deployment target 'MACOSX_DEPLOYMENT_TARGET' is set to 10.10, but the range of supported deployment target versions is 12.0 to 27.0.x. (in target 'Reader' from project 'Reader')
** BUILD FAILED **
The following build commands failed:
Building project Reader with scheme Reader-Package
(1 failure)
Command line invocation:
/Applications/Xcode-27.0.0-Release.Candidate.app/Contents/Developer/usr/bin/xcodebuild -IDEClonedSourcePackagesDirPathOverride=/Users/admin/builder/spi-builder-workspace/.dependencies -resolvePackageDependencies
resolved source packages:
{
"dependencies" : [
{
"identity" : "swiftcheck",
"requirement" : {
"range" : [
{
"lower_bound" : "0.11.0",
"upper_bound" : "1.0.0"
}
]
},
"type" : "sourceControl",
"url" : "https://github.com/typelift/SwiftCheck.git"
},
{
"identity" : "komondor",
"requirement" : {
"range" : [
{
"lower_bound" : "1.0.1",
"upper_bound" : "2.0.0"
}
]
},
"type" : "sourceControl",
"url" : "https://github.com/orta/Komondor.git"
},
{
"identity" : "swiftformat",
"requirement" : {
"range" : [
{
"lower_bound" : "0.37.1",
"upper_bound" : "1.0.0"
}
]
},
"type" : "sourceControl",
"url" : "https://github.com/nicklockwood/SwiftFormat.git"
}
],
"manifest_display_name" : "Reader",
"name" : "Reader",
"path" : "/Users/admin/builder/spi-builder-workspace",
"platforms" : [
],
"products" : [
{
"name" : "Reader",
"targets" : [
"Reader"
],
"type" : {
"library" : [
"automatic"
]
}
}
],
"targets" : [
{
"c99name" : "ReaderTests",
"module_type" : "SwiftTarget",
"name" : "ReaderTests",
"path" : "Tests/ReaderTests",
"product_dependencies" : [
"SwiftCheck"
],
"sources" : [
"Reader+SwiftCheck.swift",
"ReaderTests.swift"
],
"target_dependencies" : [
"Reader"
],
"type" : "test"
},
{
"c99name" : "Reader",
"module_type" : "SwiftTarget",
"name" : "Reader",
"path" : "Sources/Reader",
"product_memberships" : [
"Reader"
],
"sources" : [
"Reader.swift"
],
"type" : "library"
}
],
"tools_version" : "4.2"
}
{
"project" : {
"configurations" : [
"Debug",
"Release"
],
"name" : "Reader",
"schemes" : [
"Reader",
"Reader-Package"
],
"targets" : [
"Reader",
"ReaderPackageDescription",
"ReaderPackageTests",
"ReaderTests",
"SwiftCheck",
"SwiftCheckPackageDescription"
]
}
}
Running build ...
env DEVELOPER_DIR=/Applications/Xcode-27.0.0-Release.Candidate.app xcrun xcodebuild -IDEClonedSourcePackagesDirPathOverride=$PWD/.dependencies -skipMacroValidation -skipPackagePluginValidation -derivedDataPath $PWD/.derivedData build -scheme Reader-Package -destination platform=macOS,arch=arm64
Command line invocation:
/Applications/Xcode-27.0.0-Release.Candidate.app/Contents/Developer/usr/bin/xcodebuild -IDEClonedSourcePackagesDirPathOverride=/Users/admin/builder/spi-builder-workspace/.dependencies -skipMacroValidation -skipPackagePluginValidation -derivedDataPath /Users/admin/builder/spi-builder-workspace/.derivedData build -scheme Reader-Package -destination platform=macOS,arch=arm64
ComputePackagePrebuildTargetDependencyGraph
Prepare packages
CreateBuildRequest
SendProjectDescription
CreateBuildOperation
ComputeTargetDependencyGraph
note: Building targets in dependency order
note: Target dependency graph (1 target)
Target 'Reader' in project 'Reader' (no dependencies)
GatherProvisioningInputs
CreateBuildDescription
/Users/admin/builder/spi-builder-workspace/Reader.xcodeproj: error: The macOS deployment target 'MACOSX_DEPLOYMENT_TARGET' is set to 10.10, but the range of supported deployment target versions is 12.0 to 27.0.x. (in target 'Reader' from project 'Reader')
** BUILD FAILED **
The following build commands failed:
Building project Reader with scheme Reader-Package
(1 failure)
BUILD FAILURE 6.4 macosXcodebuild