Build Information
Failed to build MetalSprockets, reference 0.2.1 (5aa3cd), with Swift 6.2 for watchOS using Xcode 26.3 on 10 Oct 2026 07:41:05 UTC.
Build Command
env DEVELOPER_DIR=/Applications/Xcode-26.3.0.app xcrun xcodebuild -IDEClonedSourcePackagesDirPathOverride=$PWD/.dependencies -skipMacroValidation -skipPackagePluginValidation -derivedDataPath $PWD/.derivedData build -scheme MetalSprockets-Package -destination generic/platform=watchOSBuild Log
cd /Users/admin/builder/spi-builder-workspace/.swiftpm/xcode
SwiftCompile normal arm64 /Users/admin/builder/spi-builder-workspace/.dependencies/checkouts/swift-collections/Sources/OrderedCollections/OrderedSet/OrderedSet+Partial\ SetAlgebra\ formUnion.swift (in target 'OrderedCollections' from project 'swift-collections')
cd /Users/admin/builder/spi-builder-workspace/.swiftpm/xcode
SwiftCompile normal arm64 /Users/admin/builder/spi-builder-workspace/.dependencies/checkouts/swift-collections/Sources/OrderedCollections/OrderedSet/OrderedSet+Partial\ SetAlgebra\ intersection.swift (in target 'OrderedCollections' from project 'swift-collections')
cd /Users/admin/builder/spi-builder-workspace/.swiftpm/xcode
SwiftCompile normal arm64 /Users/admin/builder/spi-builder-workspace/.dependencies/checkouts/swift-collections/Sources/OrderedCollections/OrderedSet/OrderedSet+Partial\ SetAlgebra\ isDisjoint.swift (in target 'OrderedCollections' from project 'swift-collections')
cd /Users/admin/builder/spi-builder-workspace/.swiftpm/xcode
SwiftCompile normal arm64 /Users/admin/builder/spi-builder-workspace/.dependencies/checkouts/swift-collections/Sources/OrderedCollections/OrderedSet/OrderedSet+Partial\ SetAlgebra\ isEqualSet.swift (in target 'OrderedCollections' from project 'swift-collections')
cd /Users/admin/builder/spi-builder-workspace/.swiftpm/xcode
SwiftDriverJobDiscovery normal arm64 Compiling OrderedSet+SubSequence.swift, OrderedSet+Testing.swift, OrderedSet+UnorderedView.swift, OrderedSet+UnstableInternals.swift, OrderedSet.swift, _UnsafeBitset.swift (in target 'OrderedCollections' from project 'swift-collections')
SwiftCompile normal arm64 Compiling\ OrderedDictionary+Equatable.swift,\ OrderedDictionary+ExpressibleByDictionaryLiteral.swift,\ OrderedDictionary+Hashable.swift,\ OrderedDictionary+Initializers.swift,\ OrderedDictionary+Invariants.swift,\ OrderedDictionary+Move.swift,\ OrderedDictionary+Partial\ MutableCollection.swift /Users/admin/builder/spi-builder-workspace/.dependencies/checkouts/swift-collections/Sources/OrderedCollections/OrderedDictionary/OrderedDictionary+Equatable.swift /Users/admin/builder/spi-builder-workspace/.dependencies/checkouts/swift-collections/Sources/OrderedCollections/OrderedDictionary/OrderedDictionary+ExpressibleByDictionaryLiteral.swift /Users/admin/builder/spi-builder-workspace/.dependencies/checkouts/swift-collections/Sources/OrderedCollections/OrderedDictionary/OrderedDictionary+Hashable.swift /Users/admin/builder/spi-builder-workspace/.dependencies/checkouts/swift-collections/Sources/OrderedCollections/OrderedDictionary/OrderedDictionary+Initializers.swift /Users/admin/builder/spi-builder-workspace/.dependencies/checkouts/swift-collections/Sources/OrderedCollections/OrderedDictionary/OrderedDictionary+Invariants.swift /Users/admin/builder/spi-builder-workspace/.dependencies/checkouts/swift-collections/Sources/OrderedCollections/OrderedDictionary/OrderedDictionary+Move.swift /Users/admin/builder/spi-builder-workspace/.dependencies/checkouts/swift-collections/Sources/OrderedCollections/OrderedDictionary/OrderedDictionary+Partial\ MutableCollection.swift (in target 'OrderedCollections' from project 'swift-collections')
SwiftCompile normal arm64 /Users/admin/builder/spi-builder-workspace/.dependencies/checkouts/swift-collections/Sources/OrderedCollections/OrderedDictionary/OrderedDictionary+Equatable.swift (in target 'OrderedCollections' from project 'swift-collections')
cd /Users/admin/builder/spi-builder-workspace/.swiftpm/xcode
SwiftCompile normal arm64 /Users/admin/builder/spi-builder-workspace/.dependencies/checkouts/swift-collections/Sources/OrderedCollections/OrderedDictionary/OrderedDictionary+ExpressibleByDictionaryLiteral.swift (in target 'OrderedCollections' from project 'swift-collections')
cd /Users/admin/builder/spi-builder-workspace/.swiftpm/xcode
SwiftCompile normal arm64 /Users/admin/builder/spi-builder-workspace/.dependencies/checkouts/swift-collections/Sources/OrderedCollections/OrderedDictionary/OrderedDictionary+Hashable.swift (in target 'OrderedCollections' from project 'swift-collections')
cd /Users/admin/builder/spi-builder-workspace/.swiftpm/xcode
SwiftCompile normal arm64 /Users/admin/builder/spi-builder-workspace/.dependencies/checkouts/swift-collections/Sources/OrderedCollections/OrderedDictionary/OrderedDictionary+Initializers.swift (in target 'OrderedCollections' from project 'swift-collections')
cd /Users/admin/builder/spi-builder-workspace/.swiftpm/xcode
SwiftCompile normal arm64 /Users/admin/builder/spi-builder-workspace/.dependencies/checkouts/swift-collections/Sources/OrderedCollections/OrderedDictionary/OrderedDictionary+Invariants.swift (in target 'OrderedCollections' from project 'swift-collections')
cd /Users/admin/builder/spi-builder-workspace/.swiftpm/xcode
SwiftCompile normal arm64 /Users/admin/builder/spi-builder-workspace/.dependencies/checkouts/swift-collections/Sources/OrderedCollections/OrderedDictionary/OrderedDictionary+Move.swift (in target 'OrderedCollections' from project 'swift-collections')
cd /Users/admin/builder/spi-builder-workspace/.swiftpm/xcode
SwiftCompile normal arm64 /Users/admin/builder/spi-builder-workspace/.dependencies/checkouts/swift-collections/Sources/OrderedCollections/OrderedDictionary/OrderedDictionary+Partial\ MutableCollection.swift (in target 'OrderedCollections' from project 'swift-collections')
cd /Users/admin/builder/spi-builder-workspace/.swiftpm/xcode
SwiftDriverJobDiscovery normal arm64_32 Compiling OrderedSet+Initializers.swift, OrderedSet+Insertions.swift, OrderedSet+Invariants.swift, OrderedSet+Move.swift, OrderedSet+Partial MutableCollection.swift, OrderedSet+Partial RangeReplaceableCollection.swift (in target 'OrderedCollections' from project 'swift-collections')
SwiftCompile normal arm64_32 Compiling\ OrderedSet+SubSequence.swift,\ OrderedSet+Testing.swift,\ OrderedSet+UnorderedView.swift,\ OrderedSet+UnstableInternals.swift,\ OrderedSet.swift,\ _UnsafeBitset.swift /Users/admin/builder/spi-builder-workspace/.dependencies/checkouts/swift-collections/Sources/OrderedCollections/OrderedSet/OrderedSet+SubSequence.swift /Users/admin/builder/spi-builder-workspace/.dependencies/checkouts/swift-collections/Sources/OrderedCollections/OrderedSet/OrderedSet+Testing.swift /Users/admin/builder/spi-builder-workspace/.dependencies/checkouts/swift-collections/Sources/OrderedCollections/OrderedSet/OrderedSet+UnorderedView.swift /Users/admin/builder/spi-builder-workspace/.dependencies/checkouts/swift-collections/Sources/OrderedCollections/OrderedSet/OrderedSet+UnstableInternals.swift /Users/admin/builder/spi-builder-workspace/.dependencies/checkouts/swift-collections/Sources/OrderedCollections/OrderedSet/OrderedSet.swift /Users/admin/builder/spi-builder-workspace/.dependencies/checkouts/swift-collections/Sources/OrderedCollections/Utilities/_UnsafeBitset.swift (in target 'OrderedCollections' from project 'swift-collections')
SwiftCompile normal arm64_32 /Users/admin/builder/spi-builder-workspace/.dependencies/checkouts/swift-collections/Sources/OrderedCollections/OrderedSet/OrderedSet+SubSequence.swift (in target 'OrderedCollections' from project 'swift-collections')
cd /Users/admin/builder/spi-builder-workspace/.swiftpm/xcode
SwiftCompile normal arm64_32 /Users/admin/builder/spi-builder-workspace/.dependencies/checkouts/swift-collections/Sources/OrderedCollections/OrderedSet/OrderedSet+Testing.swift (in target 'OrderedCollections' from project 'swift-collections')
cd /Users/admin/builder/spi-builder-workspace/.swiftpm/xcode
SwiftCompile normal arm64_32 /Users/admin/builder/spi-builder-workspace/.dependencies/checkouts/swift-collections/Sources/OrderedCollections/OrderedSet/OrderedSet+UnorderedView.swift (in target 'OrderedCollections' from project 'swift-collections')
cd /Users/admin/builder/spi-builder-workspace/.swiftpm/xcode
SwiftCompile normal arm64_32 /Users/admin/builder/spi-builder-workspace/.dependencies/checkouts/swift-collections/Sources/OrderedCollections/OrderedSet/OrderedSet+UnstableInternals.swift (in target 'OrderedCollections' from project 'swift-collections')
cd /Users/admin/builder/spi-builder-workspace/.swiftpm/xcode
SwiftCompile normal arm64_32 /Users/admin/builder/spi-builder-workspace/.dependencies/checkouts/swift-collections/Sources/OrderedCollections/OrderedSet/OrderedSet.swift (in target 'OrderedCollections' from project 'swift-collections')
cd /Users/admin/builder/spi-builder-workspace/.swiftpm/xcode
SwiftCompile normal arm64_32 /Users/admin/builder/spi-builder-workspace/.dependencies/checkouts/swift-collections/Sources/OrderedCollections/Utilities/_UnsafeBitset.swift (in target 'OrderedCollections' from project 'swift-collections')
cd /Users/admin/builder/spi-builder-workspace/.swiftpm/xcode
SwiftDriverJobDiscovery normal arm64 Compiling _HashTable+Bucket.swift, _HashTable+BucketIterator.swift, _HashTable+Constants.swift, _HashTable+CustomStringConvertible.swift, _HashTable+Testing.swift, _HashTable+UnsafeHandle.swift, _HashTable.swift (in target 'OrderedCollections' from project 'swift-collections')
SwiftCompile normal arm64 Compiling\ OrderedSet+Partial\ SetAlgebra\ isStrictSubset.swift,\ OrderedSet+Partial\ SetAlgebra\ isStrictSuperset.swift,\ OrderedSet+Partial\ SetAlgebra\ isSubset.swift,\ OrderedSet+Partial\ SetAlgebra\ isSuperset.swift,\ OrderedSet+Partial\ SetAlgebra\ subtract.swift,\ OrderedSet+Partial\ SetAlgebra\ subtracting.swift /Users/admin/builder/spi-builder-workspace/.dependencies/checkouts/swift-collections/Sources/OrderedCollections/OrderedSet/OrderedSet+Partial\ SetAlgebra\ isStrictSubset.swift /Users/admin/builder/spi-builder-workspace/.dependencies/checkouts/swift-collections/Sources/OrderedCollections/OrderedSet/OrderedSet+Partial\ SetAlgebra\ isStrictSuperset.swift /Users/admin/builder/spi-builder-workspace/.dependencies/checkouts/swift-collections/Sources/OrderedCollections/OrderedSet/OrderedSet+Partial\ SetAlgebra\ isSubset.swift /Users/admin/builder/spi-builder-workspace/.dependencies/checkouts/swift-collections/Sources/OrderedCollections/OrderedSet/OrderedSet+Partial\ SetAlgebra\ isSuperset.swift /Users/admin/builder/spi-builder-workspace/.dependencies/checkouts/swift-collections/Sources/OrderedCollections/OrderedSet/OrderedSet+Partial\ SetAlgebra\ subtract.swift /Users/admin/builder/spi-builder-workspace/.dependencies/checkouts/swift-collections/Sources/OrderedCollections/OrderedSet/OrderedSet+Partial\ SetAlgebra\ subtracting.swift (in target 'OrderedCollections' from project 'swift-collections')
SwiftCompile normal arm64 /Users/admin/builder/spi-builder-workspace/.dependencies/checkouts/swift-collections/Sources/OrderedCollections/OrderedSet/OrderedSet+Partial\ SetAlgebra\ isStrictSubset.swift (in target 'OrderedCollections' from project 'swift-collections')
cd /Users/admin/builder/spi-builder-workspace/.swiftpm/xcode
SwiftCompile normal arm64 /Users/admin/builder/spi-builder-workspace/.dependencies/checkouts/swift-collections/Sources/OrderedCollections/OrderedSet/OrderedSet+Partial\ SetAlgebra\ isStrictSuperset.swift (in target 'OrderedCollections' from project 'swift-collections')
cd /Users/admin/builder/spi-builder-workspace/.swiftpm/xcode
SwiftCompile normal arm64 /Users/admin/builder/spi-builder-workspace/.dependencies/checkouts/swift-collections/Sources/OrderedCollections/OrderedSet/OrderedSet+Partial\ SetAlgebra\ isSubset.swift (in target 'OrderedCollections' from project 'swift-collections')
cd /Users/admin/builder/spi-builder-workspace/.swiftpm/xcode
SwiftCompile normal arm64 /Users/admin/builder/spi-builder-workspace/.dependencies/checkouts/swift-collections/Sources/OrderedCollections/OrderedSet/OrderedSet+Partial\ SetAlgebra\ isSuperset.swift (in target 'OrderedCollections' from project 'swift-collections')
cd /Users/admin/builder/spi-builder-workspace/.swiftpm/xcode
SwiftCompile normal arm64 /Users/admin/builder/spi-builder-workspace/.dependencies/checkouts/swift-collections/Sources/OrderedCollections/OrderedSet/OrderedSet+Partial\ SetAlgebra\ subtract.swift (in target 'OrderedCollections' from project 'swift-collections')
cd /Users/admin/builder/spi-builder-workspace/.swiftpm/xcode
SwiftCompile normal arm64 /Users/admin/builder/spi-builder-workspace/.dependencies/checkouts/swift-collections/Sources/OrderedCollections/OrderedSet/OrderedSet+Partial\ SetAlgebra\ subtracting.swift (in target 'OrderedCollections' from project 'swift-collections')
cd /Users/admin/builder/spi-builder-workspace/.swiftpm/xcode
SwiftDriverJobDiscovery normal arm64_32 Compiling OrderedSet+CustomReflectable.swift, OrderedSet+Descriptions.swift, OrderedSet+Diffing.swift, OrderedSet+Equatable.swift, OrderedSet+ExpressibleByArrayLiteral.swift, OrderedSet+Hashable.swift (in target 'OrderedCollections' from project 'swift-collections')
SwiftDriverJobDiscovery normal armv7k Compiling OrderedSet+Partial SetAlgebra formIntersection.swift, OrderedSet+Partial SetAlgebra formSymmetricDifference.swift, OrderedSet+Partial SetAlgebra formUnion.swift, OrderedSet+Partial SetAlgebra intersection.swift, OrderedSet+Partial SetAlgebra isDisjoint.swift, OrderedSet+Partial SetAlgebra isEqualSet.swift (in target 'OrderedCollections' from project 'swift-collections')
CpResource /Users/admin/builder/spi-builder-workspace/.derivedData/Build/Products/Debug-watchos/MetalSprockets_MetalSprocketsUIShaders.bundle/default.metallib /Users/admin/builder/spi-builder-workspace/.derivedData/Build/Intermediates.noindex/BuildToolPluginIntermediates/spi-builder-workspace.output/MetalSprocketsUIShaders/MetalCompilerPlugin/default.metallib (in target 'MetalSprockets_MetalSprocketsUIShaders' from project 'MetalSprockets')
cd /Users/admin/builder/spi-builder-workspace
builtin-copy -exclude .DS_Store -exclude CVS -exclude .svn -exclude .git -exclude .hg -resolve-src-symlinks /Users/admin/builder/spi-builder-workspace/.derivedData/Build/Intermediates.noindex/BuildToolPluginIntermediates/spi-builder-workspace.output/MetalSprocketsUIShaders/MetalCompilerPlugin/default.metallib /Users/admin/builder/spi-builder-workspace/.derivedData/Build/Products/Debug-watchos/MetalSprockets_MetalSprocketsUIShaders.bundle
SwiftDriver\ Compilation InternalCollectionsUtilities normal armv7k com.apple.xcode.tools.swift.compiler (in target 'InternalCollectionsUtilities' from project 'swift-collections')
cd /Users/admin/builder/spi-builder-workspace/.swiftpm/xcode
builtin-Swift-Compilation -- /Applications/Xcode-26.3.0.app/Contents/Developer/Toolchains/XcodeDefault.xctoolchain/usr/bin/swiftc -module-name InternalCollectionsUtilities -Onone -enforce-exclusivity\=checked @/Users/admin/builder/spi-builder-workspace/.derivedData/Build/Intermediates.noindex/swift-collections.build/Debug-watchos/InternalCollectionsUtilities.build/Objects-normal/armv7k/InternalCollectionsUtilities.SwiftFileList -DSWIFT_PACKAGE -DDEBUG -DSWIFT_MODULE_RESOURCE_BUNDLE_UNAVAILABLE -DCOLLECTIONS_RANDOMIZED_TESTING -DXcode -enable-experimental-feature AvailabilityMacro\=SwiftStdlib\ 5.0:\ macOS\ 10.14.4,\ iOS\ 12.2,\ watchOS\ 5.2,\ tvOS\ 12.2 -enable-experimental-feature AvailabilityMacro\=SwiftStdlib\ 5.1:\ macOS\ 10.15,\ iOS\ 13.0,\ watchOS\ 6.0,\ tvOS\ 13.0 -enable-experimental-feature AvailabilityMacro\=SwiftStdlib\ 5.6:\ macOS\ 12.3,\ iOS\ 15.4,\ watchOS\ 8.5,\ tvOS\ 15.4 -enable-experimental-feature AvailabilityMacro\=SwiftStdlib\ 5.7:\ macOS\ 13.0,\ iOS\ 16.0,\ watchOS\ 9.0,\ tvOS\ 16.0 -enable-experimental-feature AvailabilityMacro\=SwiftStdlib\ 5.8:\ macOS\ 13.3,\ iOS\ 16.4,\ watchOS\ 9.4,\ tvOS\ 16.4 -enable-experimental-feature AvailabilityMacro\=SwiftStdlib\ 5.9:\ macOS\ 14.0,\ iOS\ 17.0,\ watchOS\ 10.0,\ tvOS\ 17.0 -enable-experimental-feature AvailabilityMacro\=SwiftStdlib\ 5.10:\ macOS\ 14.4,\ iOS\ 17.4,\ watchOS\ 10.4,\ tvOS\ 17.4,\ visionOS\ 1.1 -enable-experimental-feature AvailabilityMacro\=SwiftStdlib\ 6.0:\ macOS\ 15.0,\ iOS\ 18.0,\ watchOS\ 11.0,\ tvOS\ 18.0,\ visionOS\ 2.0 -enable-experimental-feature AvailabilityMacro\=SwiftStdlib\ 6.1:\ macOS\ 15.4,\ iOS\ 18.4,\ watchOS\ 11.4,\ tvOS\ 18.4,\ visionOS\ 2.4 -enable-experimental-feature AvailabilityMacro\=SwiftStdlib\ 6.2:\ macOS\ 26.0,\ iOS\ 26.0,\ watchOS\ 26.0,\ tvOS\ 26.0,\ visionOS\ 26.0 -enable-experimental-feature AvailabilityMacro\=SwiftStdlib\ 6.3:\ macOS\ 26.4,\ iOS\ 26.4,\ watchOS\ 26.4,\ tvOS\ 26.4,\ visionOS\ 26.4 -enable-experimental-feature AvailabilityMacro\=SwiftStdlib\ 6.4:\ macOS\ 27.0,\ iOS\ 27.0,\ watchOS\ 27.0,\ tvOS\ 27.0,\ visionOS\ 27.0 -enable-experimental-feature AvailabilityMacro\=SwiftStdlib\ 6.5:\ macOS\ 9999,\ iOS\ 9999,\ watchOS\ 9999,\ tvOS\ 9999,\ visionOS\ 9999 -enable-upcoming-feature MemberImportVisibility -enable-experimental-feature BuiltinModule -enable-experimental-feature Lifetimes -enable-experimental-feature InoutLifetimeDependence -enable-experimental-feature AddressableParameters -enable-experimental-feature AddressableTypes -enable-experimental-feature SuppressedAssociatedTypesWithDefaults -enable-experimental-feature BorrowingSequence -plugin-path /Applications/Xcode-26.3.0.app/Contents/Developer/Toolchains/XcodeDefault.xctoolchain/usr/lib/swift/host/plugins/testing -enable-experimental-feature DebugDescriptionMacro -sdk /Applications/Xcode-26.3.0.app/Contents/Developer/Platforms/WatchOS.platform/Developer/SDKs/WatchOS26.2.sdk -target armv7k-apple-watchos5.0 -g -module-cache-path /Users/admin/builder/spi-builder-workspace/.derivedData/ModuleCache.noindex -Xfrontend -serialize-debugging-options -profile-coverage-mapping -profile-generate -enable-testing -suppress-warnings -index-store-path /Users/admin/builder/spi-builder-workspace/.derivedData/Index.noindex/DataStore -Xcc -D_LIBCPP_HARDENING_MODE\=_LIBCPP_HARDENING_MODE_DEBUG -swift-version 6 -I /Users/admin/builder/spi-builder-workspace/.derivedData/Build/Products/Debug-watchos -Isystem /Applications/Xcode-26.3.0.app/Contents/Developer/Platforms/WatchOS.platform/Developer/usr/lib -F /Users/admin/builder/spi-builder-workspace/.derivedData/Build/Products/Debug-watchos -F /Applications/Xcode-26.3.0.app/Contents/Developer/Platforms/WatchOS.platform/Developer/Library/Frameworks -F /Applications/Xcode-26.3.0.app/Contents/Developer/Platforms/WatchOS.platform/Developer/SDKs/WatchOS26.2.sdk/Developer/Library/Frameworks -c -j10 -enable-batch-mode -incremental -Xcc -ivfsstatcache -Xcc /Users/admin/builder/spi-builder-workspace/.derivedData/SDKStatCaches.noindex/watchos26.2-23S303-dc75598d0054f22ec865fa860f139d721753b489057de6bda919edfa1c59a62b.sdkstatcache -output-file-map /Users/admin/builder/spi-builder-workspace/.derivedData/Build/Intermediates.noindex/swift-collections.build/Debug-watchos/InternalCollectionsUtilities.build/Objects-normal/armv7k/InternalCollectionsUtilities-OutputFileMap.json -use-frontend-parseable-output -save-temps -no-color-diagnostics -explicit-module-build -module-cache-path /Users/admin/builder/spi-builder-workspace/.derivedData/Build/Intermediates.noindex/SwiftExplicitPrecompiledModules -clang-scanner-module-cache-path /Users/admin/builder/spi-builder-workspace/.derivedData/ModuleCache.noindex -sdk-module-cache-path /Users/admin/builder/spi-builder-workspace/.derivedData/ModuleCache.noindex -serialize-diagnostics -emit-dependencies -emit-module -emit-module-path /Users/admin/builder/spi-builder-workspace/.derivedData/Build/Intermediates.noindex/swift-collections.build/Debug-watchos/InternalCollectionsUtilities.build/Objects-normal/armv7k/InternalCollectionsUtilities.swiftmodule -user-module-version 1.7.2 -validate-clang-modules-once -clang-build-session-file /Users/admin/builder/spi-builder-workspace/.derivedData/ModuleCache.noindex/Session.modulevalidation -package-name swift_collections -Xcc -I/Users/admin/builder/spi-builder-workspace/.derivedData/Build/Intermediates.noindex/swift-collections.build/Debug-watchos/InternalCollectionsUtilities.build/swift-overrides.hmap -emit-const-values -Xfrontend -const-gather-protocols-file -Xfrontend /Users/admin/builder/spi-builder-workspace/.derivedData/Build/Intermediates.noindex/swift-collections.build/Debug-watchos/InternalCollectionsUtilities.build/Objects-normal/armv7k/InternalCollectionsUtilities_const_extract_protocols.json -Xcc -I/Users/admin/builder/spi-builder-workspace/.derivedData/Build/Products/Debug-watchos/include -Xcc -I/Users/admin/builder/spi-builder-workspace/.derivedData/Build/Intermediates.noindex/swift-collections.build/Debug-watchos/InternalCollectionsUtilities.build/DerivedSources-normal/armv7k -Xcc -I/Users/admin/builder/spi-builder-workspace/.derivedData/Build/Intermediates.noindex/swift-collections.build/Debug-watchos/InternalCollectionsUtilities.build/DerivedSources/armv7k -Xcc -I/Users/admin/builder/spi-builder-workspace/.derivedData/Build/Intermediates.noindex/swift-collections.build/Debug-watchos/InternalCollectionsUtilities.build/DerivedSources -Xcc -DSWIFT_PACKAGE -Xcc -DDEBUG\=1 -emit-objc-header -emit-objc-header-path /Users/admin/builder/spi-builder-workspace/.derivedData/Build/Intermediates.noindex/swift-collections.build/Debug-watchos/InternalCollectionsUtilities.build/Objects-normal/armv7k/InternalCollectionsUtilities-Swift.h -working-directory /Users/admin/builder/spi-builder-workspace/.swiftpm/xcode -experimental-emit-module-separately -disable-cmo
Ld /Users/admin/builder/spi-builder-workspace/.derivedData/Build/Intermediates.noindex/swift-collections.build/Debug-watchos/InternalCollectionsUtilities.build/Objects-normal/armv7k/Binary/InternalCollectionsUtilities.o normal armv7k (in target 'InternalCollectionsUtilities' from project 'swift-collections')
cd /Users/admin/builder/spi-builder-workspace/.dependencies/checkouts/swift-collections
/Applications/Xcode-26.3.0.app/Contents/Developer/Toolchains/XcodeDefault.xctoolchain/usr/bin/clang -Xlinker -reproducible -target armv7k-apple-watchos5.0 -r -isysroot /Applications/Xcode-26.3.0.app/Contents/Developer/Platforms/WatchOS.platform/Developer/SDKs/WatchOS26.2.sdk -O0 -w -L/Users/admin/builder/spi-builder-workspace/.derivedData/Build/Intermediates.noindex/EagerLinkingTBDs/Debug-watchos -L/Users/admin/builder/spi-builder-workspace/.derivedData/Build/Products/Debug-watchos -L/Applications/Xcode-26.3.0.app/Contents/Developer/Platforms/WatchOS.platform/Developer/usr/lib -F/Users/admin/builder/spi-builder-workspace/.derivedData/Build/Intermediates.noindex/EagerLinkingTBDs/Debug-watchos -F/Users/admin/builder/spi-builder-workspace/.derivedData/Build/Products/Debug-watchos -iframework /Applications/Xcode-26.3.0.app/Contents/Developer/Platforms/WatchOS.platform/Developer/Library/Frameworks -iframework /Applications/Xcode-26.3.0.app/Contents/Developer/Platforms/WatchOS.platform/Developer/SDKs/WatchOS26.2.sdk/Developer/Library/Frameworks -filelist /Users/admin/builder/spi-builder-workspace/.derivedData/Build/Intermediates.noindex/swift-collections.build/Debug-watchos/InternalCollectionsUtilities.build/Objects-normal/armv7k/InternalCollectionsUtilities.LinkFileList -nostdlib -Xlinker -object_path_lto -Xlinker /Users/admin/builder/spi-builder-workspace/.derivedData/Build/Intermediates.noindex/swift-collections.build/Debug-watchos/InternalCollectionsUtilities.build/Objects-normal/armv7k/InternalCollectionsUtilities_lto.o -rdynamic -Xlinker -no_deduplicate -Xlinker -debug_variant -Xlinker -dependency_info -Xlinker /Users/admin/builder/spi-builder-workspace/.derivedData/Build/Intermediates.noindex/swift-collections.build/Debug-watchos/InternalCollectionsUtilities.build/Objects-normal/armv7k/InternalCollectionsUtilities_dependency_info.dat -fobjc-link-runtime -L/Applications/Xcode-26.3.0.app/Contents/Developer/Toolchains/XcodeDefault.xctoolchain/usr/lib/swift/watchos -L/usr/lib/swift -Xlinker -add_ast_path -Xlinker /Users/admin/builder/spi-builder-workspace/.derivedData/Build/Intermediates.noindex/swift-collections.build/Debug-watchos/InternalCollectionsUtilities.build/Objects-normal/armv7k/InternalCollectionsUtilities.swiftmodule @/Users/admin/builder/spi-builder-workspace/.derivedData/Build/Intermediates.noindex/swift-collections.build/Debug-watchos/InternalCollectionsUtilities.build/Objects-normal/armv7k/InternalCollectionsUtilities-linker-args.resp -o /Users/admin/builder/spi-builder-workspace/.derivedData/Build/Intermediates.noindex/swift-collections.build/Debug-watchos/InternalCollectionsUtilities.build/Objects-normal/armv7k/Binary/InternalCollectionsUtilities.o
SwiftDriverJobDiscovery normal arm64_32 Compiling _Hashtable+Header.swift, OrderedDictionary+Codable.swift, OrderedDictionary+CustomReflectable.swift, OrderedDictionary+Deprecations.swift, OrderedDictionary+Descriptions.swift, OrderedDictionary+Elements.SubSequence.swift, OrderedDictionary+Elements.swift (in target 'OrderedCollections' from project 'swift-collections')
RegisterExecutionPolicyException /Users/admin/builder/spi-builder-workspace/.derivedData/Build/Products/Debug-watchos/MetalSprocketsShaders.o (in target 'MetalSprocketsShaders' from project 'MetalSprockets')
cd /Users/admin/builder/spi-builder-workspace
builtin-RegisterExecutionPolicyException /Users/admin/builder/spi-builder-workspace/.derivedData/Build/Products/Debug-watchos/MetalSprocketsShaders.o
SwiftDriverJobDiscovery normal arm64_32 Compiling OrderedDictionary+Equatable.swift, OrderedDictionary+ExpressibleByDictionaryLiteral.swift, OrderedDictionary+Hashable.swift, OrderedDictionary+Initializers.swift, OrderedDictionary+Invariants.swift, OrderedDictionary+Move.swift, OrderedDictionary+Partial MutableCollection.swift (in target 'OrderedCollections' from project 'swift-collections')
SwiftDriverJobDiscovery normal arm64 Compiling OrderedSet+Initializers.swift, OrderedSet+Insertions.swift, OrderedSet+Invariants.swift, OrderedSet+Move.swift, OrderedSet+Partial MutableCollection.swift, OrderedSet+Partial RangeReplaceableCollection.swift (in target 'OrderedCollections' from project 'swift-collections')
SwiftDriverJobDiscovery normal arm64 Compiling OrderedSet+Partial SetAlgebra formIntersection.swift, OrderedSet+Partial SetAlgebra formSymmetricDifference.swift, OrderedSet+Partial SetAlgebra formUnion.swift, OrderedSet+Partial SetAlgebra intersection.swift, OrderedSet+Partial SetAlgebra isDisjoint.swift, OrderedSet+Partial SetAlgebra isEqualSet.swift (in target 'OrderedCollections' from project 'swift-collections')
SwiftDriver MetalSupport normal arm64_32 com.apple.xcode.tools.swift.compiler (in target 'MetalSupport' from project 'MetalSupport')
cd /Users/admin/builder/spi-builder-workspace/.swiftpm/xcode
builtin-SwiftDriver -- /Applications/Xcode-26.3.0.app/Contents/Developer/Toolchains/XcodeDefault.xctoolchain/usr/bin/swiftc -module-name MetalSupport -Onone -enforce-exclusivity\=checked @/Users/admin/builder/spi-builder-workspace/.derivedData/Build/Intermediates.noindex/MetalSupport.build/Debug-watchos/MetalSupport.build/Objects-normal/arm64_32/MetalSupport.SwiftFileList -DSWIFT_PACKAGE -DDEBUG -DSWIFT_MODULE_RESOURCE_BUNDLE_UNAVAILABLE -DXcode -plugin-path /Applications/Xcode-26.3.0.app/Contents/Developer/Toolchains/XcodeDefault.xctoolchain/usr/lib/swift/host/plugins/testing -enable-experimental-feature DebugDescriptionMacro -sdk /Applications/Xcode-26.3.0.app/Contents/Developer/Platforms/WatchOS.platform/Developer/SDKs/WatchOS26.2.sdk -target arm64_32-apple-watchos11.0 -g -module-cache-path /Users/admin/builder/spi-builder-workspace/.derivedData/ModuleCache.noindex -Xfrontend -serialize-debugging-options -profile-coverage-mapping -profile-generate -enable-testing -suppress-warnings -index-store-path /Users/admin/builder/spi-builder-workspace/.derivedData/Index.noindex/DataStore -Xcc -D_LIBCPP_HARDENING_MODE\=_LIBCPP_HARDENING_MODE_DEBUG -swift-version 6 -I /Users/admin/builder/spi-builder-workspace/.derivedData/Build/Products/Debug-watchos -Isystem /Applications/Xcode-26.3.0.app/Contents/Developer/Platforms/WatchOS.platform/Developer/usr/lib -F /Users/admin/builder/spi-builder-workspace/.derivedData/Build/Products/Debug-watchos/PackageFrameworks -F /Users/admin/builder/spi-builder-workspace/.derivedData/Build/Products/Debug-watchos/PackageFrameworks -F /Users/admin/builder/spi-builder-workspace/.derivedData/Build/Products/Debug-watchos -F /Applications/Xcode-26.3.0.app/Contents/Developer/Platforms/WatchOS.platform/Developer/Library/Frameworks -F /Applications/Xcode-26.3.0.app/Contents/Developer/Platforms/WatchOS.platform/Developer/SDKs/WatchOS26.2.sdk/Developer/Library/Frameworks -c -j10 -enable-batch-mode -incremental -Xcc -ivfsstatcache -Xcc /Users/admin/builder/spi-builder-workspace/.derivedData/SDKStatCaches.noindex/watchos26.2-23S303-dc75598d0054f22ec865fa860f139d721753b489057de6bda919edfa1c59a62b.sdkstatcache -output-file-map /Users/admin/builder/spi-builder-workspace/.derivedData/Build/Intermediates.noindex/MetalSupport.build/Debug-watchos/MetalSupport.build/Objects-normal/arm64_32/MetalSupport-OutputFileMap.json -use-frontend-parseable-output -save-temps -no-color-diagnostics -explicit-module-build -module-cache-path /Users/admin/builder/spi-builder-workspace/.derivedData/Build/Intermediates.noindex/SwiftExplicitPrecompiledModules -clang-scanner-module-cache-path /Users/admin/builder/spi-builder-workspace/.derivedData/ModuleCache.noindex -sdk-module-cache-path /Users/admin/builder/spi-builder-workspace/.derivedData/ModuleCache.noindex -serialize-diagnostics -emit-dependencies -emit-module -emit-module-path /Users/admin/builder/spi-builder-workspace/.derivedData/Build/Intermediates.noindex/MetalSupport.build/Debug-watchos/MetalSupport.build/Objects-normal/arm64_32/MetalSupport.swiftmodule -user-module-version 1.0.6 -validate-clang-modules-once -clang-build-session-file /Users/admin/builder/spi-builder-workspace/.derivedData/ModuleCache.noindex/Session.modulevalidation -package-name metalsupport -Xcc -I/Users/admin/builder/spi-builder-workspace/.derivedData/Build/Intermediates.noindex/MetalSupport.build/Debug-watchos/MetalSupport.build/swift-overrides.hmap -emit-const-values -Xfrontend -const-gather-protocols-file -Xfrontend /Users/admin/builder/spi-builder-workspace/.derivedData/Build/Intermediates.noindex/MetalSupport.build/Debug-watchos/MetalSupport.build/Objects-normal/arm64_32/MetalSupport_const_extract_protocols.json -Xcc -I/Users/admin/builder/spi-builder-workspace/.derivedData/Build/Products/Debug-watchos/include -Xcc -I/Users/admin/builder/spi-builder-workspace/.derivedData/Build/Intermediates.noindex/MetalSupport.build/Debug-watchos/MetalSupport.build/DerivedSources-normal/arm64_32 -Xcc -I/Users/admin/builder/spi-builder-workspace/.derivedData/Build/Intermediates.noindex/MetalSupport.build/Debug-watchos/MetalSupport.build/DerivedSources/arm64_32 -Xcc -I/Users/admin/builder/spi-builder-workspace/.derivedData/Build/Intermediates.noindex/MetalSupport.build/Debug-watchos/MetalSupport.build/DerivedSources -Xcc -DSWIFT_PACKAGE -Xcc -DDEBUG\=1 -emit-objc-header -emit-objc-header-path /Users/admin/builder/spi-builder-workspace/.derivedData/Build/Intermediates.noindex/MetalSupport.build/Debug-watchos/MetalSupport.build/Objects-normal/arm64_32/MetalSupport-Swift.h -working-directory /Users/admin/builder/spi-builder-workspace/.swiftpm/xcode -experimental-emit-module-separately -disable-cmo
/Users/admin/builder/spi-builder-workspace/.dependencies/checkouts/MetalSupport/Sources/MetalSupport/DebugGroup.swift:1:8: error: Unable to find module dependency: 'Metal'
import Metal
^ (in target 'MetalSupport' from project 'MetalSupport')
/Users/admin/builder/spi-builder-workspace/.dependencies/checkouts/MetalSupport/Sources/MetalSupport/DebugGroup.swift:1:8: note: A dependency of main module 'MetalSupport'
import Metal
^ (in target 'MetalSupport' from project 'MetalSupport')
/Users/admin/builder/spi-builder-workspace/.dependencies/checkouts/MetalSupport/Sources/MetalSupport/DescriptorInits.swift:1:8: note: Also imported here
import Metal
^ (in target 'MetalSupport' from project 'MetalSupport')
/Users/admin/builder/spi-builder-workspace/.dependencies/checkouts/MetalSupport/Sources/MetalSupport/DrawHelpers.swift:1:8: note: Also imported here
import Metal
^ (in target 'MetalSupport' from project 'MetalSupport')
/Users/admin/builder/spi-builder-workspace/.dependencies/checkouts/MetalSupport/Sources/MetalSupport/Labeled.swift:1:8: note: Also imported here
import Metal
^ (in target 'MetalSupport' from project 'MetalSupport')
/Users/admin/builder/spi-builder-workspace/.dependencies/checkouts/MetalSupport/Sources/MetalSupport/MTLBuffer+Extensions.swift:2:8: note: Also imported here
import Metal
^ (in target 'MetalSupport' from project 'MetalSupport')
/Users/admin/builder/spi-builder-workspace/.dependencies/checkouts/MetalSupport/Sources/MetalSupport/MTLCommandBuffer+Extensions.swift:1:8: note: Also imported here
import Metal
^ (in target 'MetalSupport' from project 'MetalSupport')
/Users/admin/builder/spi-builder-workspace/.dependencies/checkouts/MetalSupport/Sources/MetalSupport/MTLCommandBufferDescriptor+Extensions.swift:1:8: note: Also imported here
import Metal
^ (in target 'MetalSupport' from project 'MetalSupport')
/Users/admin/builder/spi-builder-workspace/.dependencies/checkouts/MetalSupport/Sources/MetalSupport/MTLCommandQueue+Extensions.swift:1:8: note: Also imported here
import Metal
^ (in target 'MetalSupport' from project 'MetalSupport')
/Users/admin/builder/spi-builder-workspace/.dependencies/checkouts/MetalSupport/Sources/MetalSupport/MTLDevice+Capabilities.swift:1:8: note: Also imported here
import Metal
^ (in target 'MetalSupport' from project 'MetalSupport')
/Users/admin/builder/spi-builder-workspace/.dependencies/checkouts/MetalSupport/Sources/MetalSupport/MTLDevice+Extensions.swift:1:8: note: Also imported here
import Metal
^ (in target 'MetalSupport' from project 'MetalSupport')
/Users/admin/builder/spi-builder-workspace/.dependencies/checkouts/MetalSupport/Sources/MetalSupport/MTLFunction+Extensions.swift:1:8: note: Also imported here
import Metal
^ (in target 'MetalSupport' from project 'MetalSupport')
/Users/admin/builder/spi-builder-workspace/.dependencies/checkouts/MetalSupport/Sources/MetalSupport/MTLGeometry+Extensions.swift:2:8: note: Also imported here
import Metal
^ (in target 'MetalSupport' from project 'MetalSupport')
/Users/admin/builder/spi-builder-workspace/.dependencies/checkouts/MetalSupport/Sources/MetalSupport/MTLIndexType+Extensions.swift:1:8: note: Also imported here
import Metal
^ (in target 'MetalSupport' from project 'MetalSupport')
/Users/admin/builder/spi-builder-workspace/.dependencies/checkouts/MetalSupport/Sources/MetalSupport/MTLPixelFormat+Extensions.swift:1:8: note: Also imported here
import Metal
^ (in target 'MetalSupport' from project 'MetalSupport')
/Users/admin/builder/spi-builder-workspace/.dependencies/checkouts/MetalSupport/Sources/MetalSupport/MTLTexture+Extensions.swift:3:8: note: Also imported here
import Metal
^ (in target 'MetalSupport' from project 'MetalSupport')
/Users/admin/builder/spi-builder-workspace/.dependencies/checkouts/MetalSupport/Sources/MetalSupport/MTLVertexDescriptor+Extensions.swift:1:8: note: Also imported here
import Metal
^ (in target 'MetalSupport' from project 'MetalSupport')
/Users/admin/builder/spi-builder-workspace/.dependencies/checkouts/MetalSupport/Sources/MetalSupport/MTLVertexFormat+Extensions.swift:1:8: note: Also imported here
import Metal
^ (in target 'MetalSupport' from project 'MetalSupport')
/Users/admin/builder/spi-builder-workspace/.dependencies/checkouts/MetalSupport/Sources/MetalSupport/Metal+SwiftUI.swift:1:8: note: Also imported here
import Metal
^ (in target 'MetalSupport' from project 'MetalSupport')
/Users/admin/builder/spi-builder-workspace/.dependencies/checkouts/MetalSupport/Sources/MetalSupport/UnsafeBytes.swift:1:8: note: Also imported here
import Metal
^ (in target 'MetalSupport' from project 'MetalSupport')
/Users/admin/builder/spi-builder-workspace/.dependencies/checkouts/MetalSupport/Sources/MetalSupport/VertexDescriptor.swift:1:8: note: Also imported here
import Metal
^ (in target 'MetalSupport' from project 'MetalSupport')
/Users/admin/builder/spi-builder-workspace/.dependencies/checkouts/MetalSupport/Sources/MetalSupport/DrawHelpers.swift:2:8: error: Unable to find module dependency: 'MetalKit'
import MetalKit
^ (in target 'MetalSupport' from project 'MetalSupport')
/Users/admin/builder/spi-builder-workspace/.dependencies/checkouts/MetalSupport/Sources/MetalSupport/DrawHelpers.swift:2:8: note: A dependency of main module 'MetalSupport'
import MetalKit
^ (in target 'MetalSupport' from project 'MetalSupport')
/Users/admin/builder/spi-builder-workspace/.dependencies/checkouts/MetalSupport/Sources/MetalSupport/MTKMesh+Extensions.swift:1:8: note: Also imported here
import MetalKit
^ (in target 'MetalSupport' from project 'MetalSupport')
/Users/admin/builder/spi-builder-workspace/.dependencies/checkouts/MetalSupport/Sources/MetalSupport/MTLDevice+Extensions.swift:2:8: note: Also imported here
import MetalKit
^ (in target 'MetalSupport' from project 'MetalSupport')
/Users/admin/builder/spi-builder-workspace/.dependencies/checkouts/MetalSupport/Sources/MetalSupport/MTLVertexDescriptor+Extensions.swift:2:8: note: Also imported here
import MetalKit
^ (in target 'MetalSupport' from project 'MetalSupport')
/Users/admin/builder/spi-builder-workspace/.dependencies/checkouts/MetalSupport/Sources/MetalSupport/MTLVertexDescriptor+Extensions.swift:3:8: error: Unable to find module dependency: 'ModelIO'
import ModelIO
^ (in target 'MetalSupport' from project 'MetalSupport')
/Users/admin/builder/spi-builder-workspace/.dependencies/checkouts/MetalSupport/Sources/MetalSupport/MTLVertexDescriptor+Extensions.swift:3:8: note: A dependency of main module 'MetalSupport'
import ModelIO
^ (in target 'MetalSupport' from project 'MetalSupport')
/Users/admin/builder/spi-builder-workspace/.dependencies/checkouts/MetalSupport/Sources/MetalSupport/MTLVertexFormat+Extensions.swift:2:8: note: Also imported here
import ModelIO
^ (in target 'MetalSupport' from project 'MetalSupport')
SwiftDriver MetalSupport normal arm64 com.apple.xcode.tools.swift.compiler (in target 'MetalSupport' from project 'MetalSupport')
cd /Users/admin/builder/spi-builder-workspace/.swiftpm/xcode
builtin-SwiftDriver -- /Applications/Xcode-26.3.0.app/Contents/Developer/Toolchains/XcodeDefault.xctoolchain/usr/bin/swiftc -module-name MetalSupport -Onone -enforce-exclusivity\=checked @/Users/admin/builder/spi-builder-workspace/.derivedData/Build/Intermediates.noindex/MetalSupport.build/Debug-watchos/MetalSupport.build/Objects-normal/arm64/MetalSupport.SwiftFileList -DSWIFT_PACKAGE -DDEBUG -DSWIFT_MODULE_RESOURCE_BUNDLE_UNAVAILABLE -DXcode -plugin-path /Applications/Xcode-26.3.0.app/Contents/Developer/Toolchains/XcodeDefault.xctoolchain/usr/lib/swift/host/plugins/testing -enable-experimental-feature DebugDescriptionMacro -sdk /Applications/Xcode-26.3.0.app/Contents/Developer/Platforms/WatchOS.platform/Developer/SDKs/WatchOS26.2.sdk -target arm64-apple-watchos11.0 -g -module-cache-path /Users/admin/builder/spi-builder-workspace/.derivedData/ModuleCache.noindex -Xfrontend -serialize-debugging-options -profile-coverage-mapping -profile-generate -enable-testing -suppress-warnings -index-store-path /Users/admin/builder/spi-builder-workspace/.derivedData/Index.noindex/DataStore -Xcc -D_LIBCPP_HARDENING_MODE\=_LIBCPP_HARDENING_MODE_DEBUG -swift-version 6 -I /Users/admin/builder/spi-builder-workspace/.derivedData/Build/Products/Debug-watchos -Isystem /Applications/Xcode-26.3.0.app/Contents/Developer/Platforms/WatchOS.platform/Developer/usr/lib -F /Users/admin/builder/spi-builder-workspace/.derivedData/Build/Products/Debug-watchos/PackageFrameworks -F /Users/admin/builder/spi-builder-workspace/.derivedData/Build/Products/Debug-watchos/PackageFrameworks -F /Users/admin/builder/spi-builder-workspace/.derivedData/Build/Products/Debug-watchos -F /Applications/Xcode-26.3.0.app/Contents/Developer/Platforms/WatchOS.platform/Developer/Library/Frameworks -F /Applications/Xcode-26.3.0.app/Contents/Developer/Platforms/WatchOS.platform/Developer/SDKs/WatchOS26.2.sdk/Developer/Library/Frameworks -c -j10 -enable-batch-mode -incremental -Xcc -ivfsstatcache -Xcc /Users/admin/builder/spi-builder-workspace/.derivedData/SDKStatCaches.noindex/watchos26.2-23S303-dc75598d0054f22ec865fa860f139d721753b489057de6bda919edfa1c59a62b.sdkstatcache -output-file-map /Users/admin/builder/spi-builder-workspace/.derivedData/Build/Intermediates.noindex/MetalSupport.build/Debug-watchos/MetalSupport.build/Objects-normal/arm64/MetalSupport-OutputFileMap.json -use-frontend-parseable-output -save-temps -no-color-diagnostics -explicit-module-build -module-cache-path /Users/admin/builder/spi-builder-workspace/.derivedData/Build/Intermediates.noindex/SwiftExplicitPrecompiledModules -clang-scanner-module-cache-path /Users/admin/builder/spi-builder-workspace/.derivedData/ModuleCache.noindex -sdk-module-cache-path /Users/admin/builder/spi-builder-workspace/.derivedData/ModuleCache.noindex -serialize-diagnostics -emit-dependencies -emit-module -emit-module-path /Users/admin/builder/spi-builder-workspace/.derivedData/Build/Intermediates.noindex/MetalSupport.build/Debug-watchos/MetalSupport.build/Objects-normal/arm64/MetalSupport.swiftmodule -user-module-version 1.0.6 -validate-clang-modules-once -clang-build-session-file /Users/admin/builder/spi-builder-workspace/.derivedData/ModuleCache.noindex/Session.modulevalidation -package-name metalsupport -Xcc -I/Users/admin/builder/spi-builder-workspace/.derivedData/Build/Intermediates.noindex/MetalSupport.build/Debug-watchos/MetalSupport.build/swift-overrides.hmap -emit-const-values -Xfrontend -const-gather-protocols-file -Xfrontend /Users/admin/builder/spi-builder-workspace/.derivedData/Build/Intermediates.noindex/MetalSupport.build/Debug-watchos/MetalSupport.build/Objects-normal/arm64/MetalSupport_const_extract_protocols.json -Xcc -I/Users/admin/builder/spi-builder-workspace/.derivedData/Build/Products/Debug-watchos/include -Xcc -I/Users/admin/builder/spi-builder-workspace/.derivedData/Build/Intermediates.noindex/MetalSupport.build/Debug-watchos/MetalSupport.build/DerivedSources-normal/arm64 -Xcc -I/Users/admin/builder/spi-builder-workspace/.derivedData/Build/Intermediates.noindex/MetalSupport.build/Debug-watchos/MetalSupport.build/DerivedSources/arm64 -Xcc -I/Users/admin/builder/spi-builder-workspace/.derivedData/Build/Intermediates.noindex/MetalSupport.build/Debug-watchos/MetalSupport.build/DerivedSources -Xcc -DSWIFT_PACKAGE -Xcc -DDEBUG\=1 -emit-objc-header -emit-objc-header-path /Users/admin/builder/spi-builder-workspace/.derivedData/Build/Intermediates.noindex/MetalSupport.build/Debug-watchos/MetalSupport.build/Objects-normal/arm64/MetalSupport-Swift.h -working-directory /Users/admin/builder/spi-builder-workspace/.swiftpm/xcode -experimental-emit-module-separately -disable-cmo
/Users/admin/builder/spi-builder-workspace/.dependencies/checkouts/MetalSupport/Sources/MetalSupport/DebugGroup.swift:1:8: error: Unable to find module dependency: 'Metal'
import Metal
^ (in target 'MetalSupport' from project 'MetalSupport')
/Users/admin/builder/spi-builder-workspace/.dependencies/checkouts/MetalSupport/Sources/MetalSupport/DebugGroup.swift:1:8: note: A dependency of main module 'MetalSupport'
import Metal
^ (in target 'MetalSupport' from project 'MetalSupport')
/Users/admin/builder/spi-builder-workspace/.dependencies/checkouts/MetalSupport/Sources/MetalSupport/DescriptorInits.swift:1:8: note: Also imported here
import Metal
^ (in target 'MetalSupport' from project 'MetalSupport')
/Users/admin/builder/spi-builder-workspace/.dependencies/checkouts/MetalSupport/Sources/MetalSupport/DrawHelpers.swift:1:8: note: Also imported here
import Metal
^ (in target 'MetalSupport' from project 'MetalSupport')
/Users/admin/builder/spi-builder-workspace/.dependencies/checkouts/MetalSupport/Sources/MetalSupport/Labeled.swift:1:8: note: Also imported here
import Metal
^ (in target 'MetalSupport' from project 'MetalSupport')
/Users/admin/builder/spi-builder-workspace/.dependencies/checkouts/MetalSupport/Sources/MetalSupport/MTLBuffer+Extensions.swift:2:8: note: Also imported here
import Metal
^ (in target 'MetalSupport' from project 'MetalSupport')
/Users/admin/builder/spi-builder-workspace/.dependencies/checkouts/MetalSupport/Sources/MetalSupport/MTLCommandBuffer+Extensions.swift:1:8: note: Also imported here
import Metal
^ (in target 'MetalSupport' from project 'MetalSupport')
/Users/admin/builder/spi-builder-workspace/.dependencies/checkouts/MetalSupport/Sources/MetalSupport/MTLCommandBufferDescriptor+Extensions.swift:1:8: note: Also imported here
import Metal
^ (in target 'MetalSupport' from project 'MetalSupport')
/Users/admin/builder/spi-builder-workspace/.dependencies/checkouts/MetalSupport/Sources/MetalSupport/MTLCommandQueue+Extensions.swift:1:8: note: Also imported here
import Metal
^ (in target 'MetalSupport' from project 'MetalSupport')
/Users/admin/builder/spi-builder-workspace/.dependencies/checkouts/MetalSupport/Sources/MetalSupport/MTLDevice+Capabilities.swift:1:8: note: Also imported here
import Metal
^ (in target 'MetalSupport' from project 'MetalSupport')
/Users/admin/builder/spi-builder-workspace/.dependencies/checkouts/MetalSupport/Sources/MetalSupport/MTLDevice+Extensions.swift:1:8: note: Also imported here
import Metal
^ (in target 'MetalSupport' from project 'MetalSupport')
/Users/admin/builder/spi-builder-workspace/.dependencies/checkouts/MetalSupport/Sources/MetalSupport/MTLFunction+Extensions.swift:1:8: note: Also imported here
import Metal
^ (in target 'MetalSupport' from project 'MetalSupport')
/Users/admin/builder/spi-builder-workspace/.dependencies/checkouts/MetalSupport/Sources/MetalSupport/MTLGeometry+Extensions.swift:2:8: note: Also imported here
import Metal
^ (in target 'MetalSupport' from project 'MetalSupport')
/Users/admin/builder/spi-builder-workspace/.dependencies/checkouts/MetalSupport/Sources/MetalSupport/MTLIndexType+Extensions.swift:1:8: note: Also imported here
import Metal
^ (in target 'MetalSupport' from project 'MetalSupport')
/Users/admin/builder/spi-builder-workspace/.dependencies/checkouts/MetalSupport/Sources/MetalSupport/MTLPixelFormat+Extensions.swift:1:8: note: Also imported here
import Metal
^ (in target 'MetalSupport' from project 'MetalSupport')
/Users/admin/builder/spi-builder-workspace/.dependencies/checkouts/MetalSupport/Sources/MetalSupport/MTLTexture+Extensions.swift:3:8: note: Also imported here
import Metal
^ (in target 'MetalSupport' from project 'MetalSupport')
/Users/admin/builder/spi-builder-workspace/.dependencies/checkouts/MetalSupport/Sources/MetalSupport/MTLVertexDescriptor+Extensions.swift:1:8: note: Also imported here
import Metal
^ (in target 'MetalSupport' from project 'MetalSupport')
/Users/admin/builder/spi-builder-workspace/.dependencies/checkouts/MetalSupport/Sources/MetalSupport/MTLVertexFormat+Extensions.swift:1:8: note: Also imported here
import Metal
^ (in target 'MetalSupport' from project 'MetalSupport')
/Users/admin/builder/spi-builder-workspace/.dependencies/checkouts/MetalSupport/Sources/MetalSupport/Metal+SwiftUI.swift:1:8: note: Also imported here
import Metal
^ (in target 'MetalSupport' from project 'MetalSupport')
/Users/admin/builder/spi-builder-workspace/.dependencies/checkouts/MetalSupport/Sources/MetalSupport/UnsafeBytes.swift:1:8: note: Also imported here
import Metal
^ (in target 'MetalSupport' from project 'MetalSupport')
/Users/admin/builder/spi-builder-workspace/.dependencies/checkouts/MetalSupport/Sources/MetalSupport/VertexDescriptor.swift:1:8: note: Also imported here
import Metal
^ (in target 'MetalSupport' from project 'MetalSupport')
/Users/admin/builder/spi-builder-workspace/.dependencies/checkouts/MetalSupport/Sources/MetalSupport/DrawHelpers.swift:2:8: error: Unable to find module dependency: 'MetalKit'
import MetalKit
^ (in target 'MetalSupport' from project 'MetalSupport')
/Users/admin/builder/spi-builder-workspace/.dependencies/checkouts/MetalSupport/Sources/MetalSupport/DrawHelpers.swift:2:8: note: A dependency of main module 'MetalSupport'
import MetalKit
^ (in target 'MetalSupport' from project 'MetalSupport')
/Users/admin/builder/spi-builder-workspace/.dependencies/checkouts/MetalSupport/Sources/MetalSupport/MTKMesh+Extensions.swift:1:8: note: Also imported here
import MetalKit
^ (in target 'MetalSupport' from project 'MetalSupport')
/Users/admin/builder/spi-builder-workspace/.dependencies/checkouts/MetalSupport/Sources/MetalSupport/MTLDevice+Extensions.swift:2:8: note: Also imported here
import MetalKit
^ (in target 'MetalSupport' from project 'MetalSupport')
/Users/admin/builder/spi-builder-workspace/.dependencies/checkouts/MetalSupport/Sources/MetalSupport/MTLVertexDescriptor+Extensions.swift:2:8: note: Also imported here
import MetalKit
^ (in target 'MetalSupport' from project 'MetalSupport')
/Users/admin/builder/spi-builder-workspace/.dependencies/checkouts/MetalSupport/Sources/MetalSupport/MTLVertexDescriptor+Extensions.swift:3:8: error: Unable to find module dependency: 'ModelIO'
import ModelIO
^ (in target 'MetalSupport' from project 'MetalSupport')
/Users/admin/builder/spi-builder-workspace/.dependencies/checkouts/MetalSupport/Sources/MetalSupport/MTLVertexDescriptor+Extensions.swift:3:8: note: A dependency of main module 'MetalSupport'
import ModelIO
^ (in target 'MetalSupport' from project 'MetalSupport')
/Users/admin/builder/spi-builder-workspace/.dependencies/checkouts/MetalSupport/Sources/MetalSupport/MTLVertexFormat+Extensions.swift:2:8: note: Also imported here
import ModelIO
^ (in target 'MetalSupport' from project 'MetalSupport')
RegisterExecutionPolicyException /Users/admin/builder/spi-builder-workspace/.derivedData/Build/Products/Debug-watchos/MetalSprockets_MetalSprocketsUIShaders.bundle (in target 'MetalSprockets_MetalSprocketsUIShaders' from project 'MetalSprockets')
cd /Users/admin/builder/spi-builder-workspace
builtin-RegisterExecutionPolicyException /Users/admin/builder/spi-builder-workspace/.derivedData/Build/Products/Debug-watchos/MetalSprockets_MetalSprocketsUIShaders.bundle
CreateUniversalBinary /Users/admin/builder/spi-builder-workspace/.derivedData/Build/Products/Debug-watchos/InternalCollectionsUtilities.o normal arm64\ armv7k\ arm64_32 (in target 'InternalCollectionsUtilities' from project 'swift-collections')
cd /Users/admin/builder/spi-builder-workspace/.dependencies/checkouts/swift-collections
/Applications/Xcode-26.3.0.app/Contents/Developer/Toolchains/XcodeDefault.xctoolchain/usr/bin/lipo -create /Users/admin/builder/spi-builder-workspace/.derivedData/Build/Intermediates.noindex/swift-collections.build/Debug-watchos/InternalCollectionsUtilities.build/Objects-normal/arm64/Binary/InternalCollectionsUtilities.o /Users/admin/builder/spi-builder-workspace/.derivedData/Build/Intermediates.noindex/swift-collections.build/Debug-watchos/InternalCollectionsUtilities.build/Objects-normal/armv7k/Binary/InternalCollectionsUtilities.o /Users/admin/builder/spi-builder-workspace/.derivedData/Build/Intermediates.noindex/swift-collections.build/Debug-watchos/InternalCollectionsUtilities.build/Objects-normal/arm64_32/Binary/InternalCollectionsUtilities.o -output /Users/admin/builder/spi-builder-workspace/.derivedData/Build/Products/Debug-watchos/InternalCollectionsUtilities.o
Touch /Users/admin/builder/spi-builder-workspace/.derivedData/Build/Products/Debug-watchos/MetalSprockets_MetalSprocketsUIShaders.bundle (in target 'MetalSprockets_MetalSprocketsUIShaders' from project 'MetalSprockets')
cd /Users/admin/builder/spi-builder-workspace
/usr/bin/touch -c /Users/admin/builder/spi-builder-workspace/.derivedData/Build/Products/Debug-watchos/MetalSprockets_MetalSprocketsUIShaders.bundle
ExtractAppIntentsMetadata (in target 'InternalCollectionsUtilities' from project 'swift-collections')
cd /Users/admin/builder/spi-builder-workspace/.dependencies/checkouts/swift-collections
/Applications/Xcode-26.3.0.app/Contents/Developer/Toolchains/XcodeDefault.xctoolchain/usr/bin/appintentsmetadataprocessor --toolchain-dir /var/run/com.apple.security.cryptexd/mnt/com.apple.MobileAsset.MetalToolchain-v17.3.7003.10.lMqDTh/Metal.xctoolchain --module-name InternalCollectionsUtilities --sdk-root /Applications/Xcode-26.3.0.app/Contents/Developer/Platforms/WatchOS.platform/Developer/SDKs/WatchOS26.2.sdk --xcode-version 17C529 --platform-family watchOS --deployment-target 5.0 --bundle-identifier swift-collections.InternalCollectionsUtilities --output /Users/admin/builder/spi-builder-workspace/.derivedData/Build/Products/Debug-watchos/InternalCollectionsUtilities.appintents --target-triple arm64-apple-watchos5.0 --target-triple armv7k-apple-watchos5.0 --target-triple arm64_32-apple-watchos5.0 --binary-file /Users/admin/builder/spi-builder-workspace/.derivedData/Build/Products/Debug-watchos/InternalCollectionsUtilities.o --dependency-file /Users/admin/builder/spi-builder-workspace/.derivedData/Build/Intermediates.noindex/swift-collections.build/Debug-watchos/InternalCollectionsUtilities.build/Objects-normal/arm64/InternalCollectionsUtilities_dependency_info.dat --dependency-file /Users/admin/builder/spi-builder-workspace/.derivedData/Build/Intermediates.noindex/swift-collections.build/Debug-watchos/InternalCollectionsUtilities.build/Objects-normal/armv7k/InternalCollectionsUtilities_dependency_info.dat --dependency-file /Users/admin/builder/spi-builder-workspace/.derivedData/Build/Intermediates.noindex/swift-collections.build/Debug-watchos/InternalCollectionsUtilities.build/Objects-normal/arm64_32/InternalCollectionsUtilities_dependency_info.dat --stringsdata-file /Users/admin/builder/spi-builder-workspace/.derivedData/Build/Intermediates.noindex/swift-collections.build/Debug-watchos/InternalCollectionsUtilities.build/Objects-normal/arm64/ExtractedAppShortcutsMetadata.stringsdata --stringsdata-file /Users/admin/builder/spi-builder-workspace/.derivedData/Build/Intermediates.noindex/swift-collections.build/Debug-watchos/InternalCollectionsUtilities.build/Objects-normal/armv7k/ExtractedAppShortcutsMetadata.stringsdata --stringsdata-file /Users/admin/builder/spi-builder-workspace/.derivedData/Build/Intermediates.noindex/swift-collections.build/Debug-watchos/InternalCollectionsUtilities.build/Objects-normal/arm64_32/ExtractedAppShortcutsMetadata.stringsdata --source-file-list /Users/admin/builder/spi-builder-workspace/.derivedData/Build/Intermediates.noindex/swift-collections.build/Debug-watchos/InternalCollectionsUtilities.build/Objects-normal/arm64/InternalCollectionsUtilities.SwiftFileList --source-file-list /Users/admin/builder/spi-builder-workspace/.derivedData/Build/Intermediates.noindex/swift-collections.build/Debug-watchos/InternalCollectionsUtilities.build/Objects-normal/armv7k/InternalCollectionsUtilities.SwiftFileList --source-file-list /Users/admin/builder/spi-builder-workspace/.derivedData/Build/Intermediates.noindex/swift-collections.build/Debug-watchos/InternalCollectionsUtilities.build/Objects-normal/arm64_32/InternalCollectionsUtilities.SwiftFileList --metadata-file-list /Users/admin/builder/spi-builder-workspace/.derivedData/Build/Intermediates.noindex/swift-collections.build/Debug-watchos/InternalCollectionsUtilities.build/InternalCollectionsUtilities.DependencyMetadataFileList --static-metadata-file-list /Users/admin/builder/spi-builder-workspace/.derivedData/Build/Intermediates.noindex/swift-collections.build/Debug-watchos/InternalCollectionsUtilities.build/InternalCollectionsUtilities.DependencyStaticMetadataFileList --swift-const-vals-list /Users/admin/builder/spi-builder-workspace/.derivedData/Build/Intermediates.noindex/swift-collections.build/Debug-watchos/InternalCollectionsUtilities.build/Objects-normal/arm64/InternalCollectionsUtilities.SwiftConstValuesFileList --swift-const-vals-list /Users/admin/builder/spi-builder-workspace/.derivedData/Build/Intermediates.noindex/swift-collections.build/Debug-watchos/InternalCollectionsUtilities.build/Objects-normal/armv7k/InternalCollectionsUtilities.SwiftConstValuesFileList --swift-const-vals-list /Users/admin/builder/spi-builder-workspace/.derivedData/Build/Intermediates.noindex/swift-collections.build/Debug-watchos/InternalCollectionsUtilities.build/Objects-normal/arm64_32/InternalCollectionsUtilities.SwiftConstValuesFileList --force --compile-time-extraction --deployment-aware-processing --validate-assistant-intents --no-app-shortcuts-localization
2026-10-10 03:40:37.294 appintentsmetadataprocessor[1866:10112] Starting appintentsmetadataprocessor export
2026-10-10 03:40:37.437 appintentsmetadataprocessor[1866:10112] Extracted no relevant App Intents symbols, skipping writing output
Ld /Users/admin/builder/spi-builder-workspace/.derivedData/Build/Intermediates.noindex/MetalSprockets.build/Debug-watchos/MetalSprocketsUIShaders.build/Objects-normal/arm64_32/Binary/MetalSprocketsUIShaders.o normal arm64_32 (in target 'MetalSprocketsUIShaders' from project 'MetalSprockets')
cd /Users/admin/builder/spi-builder-workspace
/Applications/Xcode-26.3.0.app/Contents/Developer/Toolchains/XcodeDefault.xctoolchain/usr/bin/clang++ -Xlinker -reproducible -target arm64_32-apple-watchos26.0 -r -isysroot /Applications/Xcode-26.3.0.app/Contents/Developer/Platforms/WatchOS.platform/Developer/SDKs/WatchOS26.2.sdk -O0 -L/Users/admin/builder/spi-builder-workspace/.derivedData/Build/Intermediates.noindex/EagerLinkingTBDs/Debug-watchos -L/Users/admin/builder/spi-builder-workspace/.derivedData/Build/Products/Debug-watchos -L/Applications/Xcode-26.3.0.app/Contents/Developer/Platforms/WatchOS.platform/Developer/usr/lib -F/Users/admin/builder/spi-builder-workspace/.derivedData/Build/Intermediates.noindex/EagerLinkingTBDs/Debug-watchos -F/Users/admin/builder/spi-builder-workspace/.derivedData/Build/Products/Debug-watchos -iframework /Applications/Xcode-26.3.0.app/Contents/Developer/Platforms/WatchOS.platform/Developer/Library/Frameworks -iframework /Applications/Xcode-26.3.0.app/Contents/Developer/Platforms/WatchOS.platform/Developer/SDKs/WatchOS26.2.sdk/Developer/Library/Frameworks -filelist /Users/admin/builder/spi-builder-workspace/.derivedData/Build/Intermediates.noindex/MetalSprockets.build/Debug-watchos/MetalSprocketsUIShaders.build/Objects-normal/arm64_32/MetalSprocketsUIShaders.LinkFileList -nostdlib -Xlinker -object_path_lto -Xlinker /Users/admin/builder/spi-builder-workspace/.derivedData/Build/Intermediates.noindex/MetalSprockets.build/Debug-watchos/MetalSprocketsUIShaders.build/Objects-normal/arm64_32/MetalSprocketsUIShaders_lto.o -rdynamic -Xlinker -no_deduplicate -Xlinker -debug_variant -Xlinker -dependency_info -Xlinker /Users/admin/builder/spi-builder-workspace/.derivedData/Build/Intermediates.noindex/MetalSprockets.build/Debug-watchos/MetalSprocketsUIShaders.build/Objects-normal/arm64_32/MetalSprocketsUIShaders_dependency_info.dat -fobjc-arc -fobjc-link-runtime -o /Users/admin/builder/spi-builder-workspace/.derivedData/Build/Intermediates.noindex/MetalSprockets.build/Debug-watchos/MetalSprocketsUIShaders.build/Objects-normal/arm64_32/Binary/MetalSprocketsUIShaders.o
Ld /Users/admin/builder/spi-builder-workspace/.derivedData/Build/Intermediates.noindex/MetalSprockets.build/Debug-watchos/MetalSprocketsUIShaders.build/Objects-normal/arm64/Binary/MetalSprocketsUIShaders.o normal arm64 (in target 'MetalSprocketsUIShaders' from project 'MetalSprockets')
cd /Users/admin/builder/spi-builder-workspace
/Applications/Xcode-26.3.0.app/Contents/Developer/Toolchains/XcodeDefault.xctoolchain/usr/bin/clang++ -Xlinker -reproducible -target arm64-apple-watchos26.0 -r -isysroot /Applications/Xcode-26.3.0.app/Contents/Developer/Platforms/WatchOS.platform/Developer/SDKs/WatchOS26.2.sdk -O0 -L/Users/admin/builder/spi-builder-workspace/.derivedData/Build/Intermediates.noindex/EagerLinkingTBDs/Debug-watchos -L/Users/admin/builder/spi-builder-workspace/.derivedData/Build/Products/Debug-watchos -L/Applications/Xcode-26.3.0.app/Contents/Developer/Platforms/WatchOS.platform/Developer/usr/lib -F/Users/admin/builder/spi-builder-workspace/.derivedData/Build/Intermediates.noindex/EagerLinkingTBDs/Debug-watchos -F/Users/admin/builder/spi-builder-workspace/.derivedData/Build/Products/Debug-watchos -iframework /Applications/Xcode-26.3.0.app/Contents/Developer/Platforms/WatchOS.platform/Developer/Library/Frameworks -iframework /Applications/Xcode-26.3.0.app/Contents/Developer/Platforms/WatchOS.platform/Developer/SDKs/WatchOS26.2.sdk/Developer/Library/Frameworks -filelist /Users/admin/builder/spi-builder-workspace/.derivedData/Build/Intermediates.noindex/MetalSprockets.build/Debug-watchos/MetalSprocketsUIShaders.build/Objects-normal/arm64/MetalSprocketsUIShaders.LinkFileList -nostdlib -Xlinker -object_path_lto -Xlinker /Users/admin/builder/spi-builder-workspace/.derivedData/Build/Intermediates.noindex/MetalSprockets.build/Debug-watchos/MetalSprocketsUIShaders.build/Objects-normal/arm64/MetalSprocketsUIShaders_lto.o -rdynamic -Xlinker -no_deduplicate -Xlinker -debug_variant -Xlinker -dependency_info -Xlinker /Users/admin/builder/spi-builder-workspace/.derivedData/Build/Intermediates.noindex/MetalSprockets.build/Debug-watchos/MetalSprocketsUIShaders.build/Objects-normal/arm64/MetalSprocketsUIShaders_dependency_info.dat -fobjc-arc -fobjc-link-runtime -o /Users/admin/builder/spi-builder-workspace/.derivedData/Build/Intermediates.noindex/MetalSprockets.build/Debug-watchos/MetalSprocketsUIShaders.build/Objects-normal/arm64/Binary/MetalSprocketsUIShaders.o
SwiftDriverJobDiscovery normal armv7k Compiling OrderedSet+Initializers.swift, OrderedSet+Insertions.swift, OrderedSet+Invariants.swift, OrderedSet+Move.swift, OrderedSet+Partial MutableCollection.swift, OrderedSet+Partial RangeReplaceableCollection.swift (in target 'OrderedCollections' from project 'swift-collections')
SwiftDriver\ Compilation OrderedCollections normal armv7k com.apple.xcode.tools.swift.compiler (in target 'OrderedCollections' from project 'swift-collections')
cd /Users/admin/builder/spi-builder-workspace/.swiftpm/xcode
builtin-Swift-Compilation -- /Applications/Xcode-26.3.0.app/Contents/Developer/Toolchains/XcodeDefault.xctoolchain/usr/bin/swiftc -module-name OrderedCollections -Onone -enforce-exclusivity\=checked @/Users/admin/builder/spi-builder-workspace/.derivedData/Build/Intermediates.noindex/swift-collections.build/Debug-watchos/OrderedCollections.build/Objects-normal/armv7k/OrderedCollections.SwiftFileList -DSWIFT_PACKAGE -DDEBUG -DSWIFT_MODULE_RESOURCE_BUNDLE_UNAVAILABLE -DCOLLECTIONS_RANDOMIZED_TESTING -DXcode -enable-experimental-feature AvailabilityMacro\=SwiftStdlib\ 5.0:\ macOS\ 10.14.4,\ iOS\ 12.2,\ watchOS\ 5.2,\ tvOS\ 12.2 -enable-experimental-feature AvailabilityMacro\=SwiftStdlib\ 5.1:\ macOS\ 10.15,\ iOS\ 13.0,\ watchOS\ 6.0,\ tvOS\ 13.0 -enable-experimental-feature AvailabilityMacro\=SwiftStdlib\ 5.6:\ macOS\ 12.3,\ iOS\ 15.4,\ watchOS\ 8.5,\ tvOS\ 15.4 -enable-experimental-feature AvailabilityMacro\=SwiftStdlib\ 5.7:\ macOS\ 13.0,\ iOS\ 16.0,\ watchOS\ 9.0,\ tvOS\ 16.0 -enable-experimental-feature AvailabilityMacro\=SwiftStdlib\ 5.8:\ macOS\ 13.3,\ iOS\ 16.4,\ watchOS\ 9.4,\ tvOS\ 16.4 -enable-experimental-feature AvailabilityMacro\=SwiftStdlib\ 5.9:\ macOS\ 14.0,\ iOS\ 17.0,\ watchOS\ 10.0,\ tvOS\ 17.0 -enable-experimental-feature AvailabilityMacro\=SwiftStdlib\ 5.10:\ macOS\ 14.4,\ iOS\ 17.4,\ watchOS\ 10.4,\ tvOS\ 17.4,\ visionOS\ 1.1 -enable-experimental-feature AvailabilityMacro\=SwiftStdlib\ 6.0:\ macOS\ 15.0,\ iOS\ 18.0,\ watchOS\ 11.0,\ tvOS\ 18.0,\ visionOS\ 2.0 -enable-experimental-feature AvailabilityMacro\=SwiftStdlib\ 6.1:\ macOS\ 15.4,\ iOS\ 18.4,\ watchOS\ 11.4,\ tvOS\ 18.4,\ visionOS\ 2.4 -enable-experimental-feature AvailabilityMacro\=SwiftStdlib\ 6.2:\ macOS\ 26.0,\ iOS\ 26.0,\ watchOS\ 26.0,\ tvOS\ 26.0,\ visionOS\ 26.0 -enable-experimental-feature AvailabilityMacro\=SwiftStdlib\ 6.3:\ macOS\ 26.4,\ iOS\ 26.4,\ watchOS\ 26.4,\ tvOS\ 26.4,\ visionOS\ 26.4 -enable-experimental-feature AvailabilityMacro\=SwiftStdlib\ 6.4:\ macOS\ 27.0,\ iOS\ 27.0,\ watchOS\ 27.0,\ tvOS\ 27.0,\ visionOS\ 27.0 -enable-experimental-feature AvailabilityMacro\=SwiftStdlib\ 6.5:\ macOS\ 9999,\ iOS\ 9999,\ watchOS\ 9999,\ tvOS\ 9999,\ visionOS\ 9999 -enable-upcoming-feature MemberImportVisibility -enable-experimental-feature BuiltinModule -enable-experimental-feature Lifetimes -enable-experimental-feature InoutLifetimeDependence -enable-experimental-feature AddressableParameters -enable-experimental-feature AddressableTypes -enable-experimental-feature SuppressedAssociatedTypesWithDefaults -enable-experimental-feature BorrowingSequence -plugin-path /Applications/Xcode-26.3.0.app/Contents/Developer/Toolchains/XcodeDefault.xctoolchain/usr/lib/swift/host/plugins/testing -enable-experimental-feature DebugDescriptionMacro -sdk /Applications/Xcode-26.3.0.app/Contents/Developer/Platforms/WatchOS.platform/Developer/SDKs/WatchOS26.2.sdk -target armv7k-apple-watchos5.0 -g -module-cache-path /Users/admin/builder/spi-builder-workspace/.derivedData/ModuleCache.noindex -Xfrontend -serialize-debugging-options -profile-coverage-mapping -profile-generate -enable-testing -suppress-warnings -index-store-path /Users/admin/builder/spi-builder-workspace/.derivedData/Index.noindex/DataStore -Xcc -D_LIBCPP_HARDENING_MODE\=_LIBCPP_HARDENING_MODE_DEBUG -swift-version 6 -I /Users/admin/builder/spi-builder-workspace/.derivedData/Build/Products/Debug-watchos -Isystem /Applications/Xcode-26.3.0.app/Contents/Developer/Platforms/WatchOS.platform/Developer/usr/lib -F /Users/admin/builder/spi-builder-workspace/.derivedData/Build/Products/Debug-watchos/PackageFrameworks -F /Users/admin/builder/spi-builder-workspace/.derivedData/Build/Products/Debug-watchos -F /Applications/Xcode-26.3.0.app/Contents/Developer/Platforms/WatchOS.platform/Developer/Library/Frameworks -F /Applications/Xcode-26.3.0.app/Contents/Developer/Platforms/WatchOS.platform/Developer/SDKs/WatchOS26.2.sdk/Developer/Library/Frameworks -c -j10 -enable-batch-mode -incremental -Xcc -ivfsstatcache -Xcc /Users/admin/builder/spi-builder-workspace/.derivedData/SDKStatCaches.noindex/watchos26.2-23S303-dc75598d0054f22ec865fa860f139d721753b489057de6bda919edfa1c59a62b.sdkstatcache -output-file-map /Users/admin/builder/spi-builder-workspace/.derivedData/Build/Intermediates.noindex/swift-collections.build/Debug-watchos/OrderedCollections.build/Objects-normal/armv7k/OrderedCollections-OutputFileMap.json -use-frontend-parseable-output -save-temps -no-color-diagnostics -explicit-module-build -module-cache-path /Users/admin/builder/spi-builder-workspace/.derivedData/Build/Intermediates.noindex/SwiftExplicitPrecompiledModules -clang-scanner-module-cache-path /Users/admin/builder/spi-builder-workspace/.derivedData/ModuleCache.noindex -sdk-module-cache-path /Users/admin/builder/spi-builder-workspace/.derivedData/ModuleCache.noindex -serialize-diagnostics -emit-dependencies -emit-module -emit-module-path /Users/admin/builder/spi-builder-workspace/.derivedData/Build/Intermediates.noindex/swift-collections.build/Debug-watchos/OrderedCollections.build/Objects-normal/armv7k/OrderedCollections.swiftmodule -user-module-version 1.7.2 -validate-clang-modules-once -clang-build-session-file /Users/admin/builder/spi-builder-workspace/.derivedData/ModuleCache.noindex/Session.modulevalidation -package-name swift_collections -Xcc -I/Users/admin/builder/spi-builder-workspace/.derivedData/Build/Intermediates.noindex/swift-collections.build/Debug-watchos/OrderedCollections.build/swift-overrides.hmap -emit-const-values -Xfrontend -const-gather-protocols-file -Xfrontend /Users/admin/builder/spi-builder-workspace/.derivedData/Build/Intermediates.noindex/swift-collections.build/Debug-watchos/OrderedCollections.build/Objects-normal/armv7k/OrderedCollections_const_extract_protocols.json -Xcc -I/Users/admin/builder/spi-builder-workspace/.derivedData/Build/Products/Debug-watchos/include -Xcc -I/Users/admin/builder/spi-builder-workspace/.derivedData/Build/Intermediates.noindex/swift-collections.build/Debug-watchos/OrderedCollections.build/DerivedSources-normal/armv7k -Xcc -I/Users/admin/builder/spi-builder-workspace/.derivedData/Build/Intermediates.noindex/swift-collections.build/Debug-watchos/OrderedCollections.build/DerivedSources/armv7k -Xcc -I/Users/admin/builder/spi-builder-workspace/.derivedData/Build/Intermediates.noindex/swift-collections.build/Debug-watchos/OrderedCollections.build/DerivedSources -Xcc -DSWIFT_PACKAGE -Xcc -DDEBUG\=1 -emit-objc-header -emit-objc-header-path /Users/admin/builder/spi-builder-workspace/.derivedData/Build/Intermediates.noindex/swift-collections.build/Debug-watchos/OrderedCollections.build/Objects-normal/armv7k/OrderedCollections-Swift.h -working-directory /Users/admin/builder/spi-builder-workspace/.swiftpm/xcode -experimental-emit-module-separately -disable-cmo
CreateUniversalBinary /Users/admin/builder/spi-builder-workspace/.derivedData/Build/Products/Debug-watchos/MetalSprocketsUIShaders.o normal arm64\ arm64_32 (in target 'MetalSprocketsUIShaders' from project 'MetalSprockets')
cd /Users/admin/builder/spi-builder-workspace
/Applications/Xcode-26.3.0.app/Contents/Developer/Toolchains/XcodeDefault.xctoolchain/usr/bin/lipo -create /Users/admin/builder/spi-builder-workspace/.derivedData/Build/Intermediates.noindex/MetalSprockets.build/Debug-watchos/MetalSprocketsUIShaders.build/Objects-normal/arm64/Binary/MetalSprocketsUIShaders.o /Users/admin/builder/spi-builder-workspace/.derivedData/Build/Intermediates.noindex/MetalSprockets.build/Debug-watchos/MetalSprocketsUIShaders.build/Objects-normal/arm64_32/Binary/MetalSprocketsUIShaders.o -output /Users/admin/builder/spi-builder-workspace/.derivedData/Build/Products/Debug-watchos/MetalSprocketsUIShaders.o
RegisterExecutionPolicyException /Users/admin/builder/spi-builder-workspace/.derivedData/Build/Products/Debug-watchos/MetalSprocketsUIShaders.o (in target 'MetalSprocketsUIShaders' from project 'MetalSprockets')
cd /Users/admin/builder/spi-builder-workspace
builtin-RegisterExecutionPolicyException /Users/admin/builder/spi-builder-workspace/.derivedData/Build/Products/Debug-watchos/MetalSprocketsUIShaders.o
SwiftDriverJobDiscovery normal arm64 Compiling OrderedDictionary+Equatable.swift, OrderedDictionary+ExpressibleByDictionaryLiteral.swift, OrderedDictionary+Hashable.swift, OrderedDictionary+Initializers.swift, OrderedDictionary+Invariants.swift, OrderedDictionary+Move.swift, OrderedDictionary+Partial MutableCollection.swift (in target 'OrderedCollections' from project 'swift-collections')
SwiftExplicitDependencyGeneratePcm arm64 /Users/admin/builder/spi-builder-workspace/.derivedData/ModuleCache.noindex/MachO-EM8HY1PUVS7TC135RWCZLU0MN.pcm
SwiftExplicitDependencyGeneratePcm arm64 /Users/admin/builder/spi-builder-workspace/.derivedData/ModuleCache.noindex/launch-CR3H05U9B1QNACA57LBODSPIN.pcm
SwiftDriverJobDiscovery normal arm64 Compiling OrderedSet+Partial SetAlgebra isStrictSubset.swift, OrderedSet+Partial SetAlgebra isStrictSuperset.swift, OrderedSet+Partial SetAlgebra isSubset.swift, OrderedSet+Partial SetAlgebra isSuperset.swift, OrderedSet+Partial SetAlgebra subtract.swift, OrderedSet+Partial SetAlgebra subtracting.swift (in target 'OrderedCollections' from project 'swift-collections')
SwiftDriver\ Compilation OrderedCollections normal arm64 com.apple.xcode.tools.swift.compiler (in target 'OrderedCollections' from project 'swift-collections')
cd /Users/admin/builder/spi-builder-workspace/.swiftpm/xcode
builtin-Swift-Compilation -- /Applications/Xcode-26.3.0.app/Contents/Developer/Toolchains/XcodeDefault.xctoolchain/usr/bin/swiftc -module-name OrderedCollections -Onone -enforce-exclusivity\=checked @/Users/admin/builder/spi-builder-workspace/.derivedData/Build/Intermediates.noindex/swift-collections.build/Debug-watchos/OrderedCollections.build/Objects-normal/arm64/OrderedCollections.SwiftFileList -DSWIFT_PACKAGE -DDEBUG -DSWIFT_MODULE_RESOURCE_BUNDLE_UNAVAILABLE -DCOLLECTIONS_RANDOMIZED_TESTING -DXcode -enable-experimental-feature AvailabilityMacro\=SwiftStdlib\ 5.0:\ macOS\ 10.14.4,\ iOS\ 12.2,\ watchOS\ 5.2,\ tvOS\ 12.2 -enable-experimental-feature AvailabilityMacro\=SwiftStdlib\ 5.1:\ macOS\ 10.15,\ iOS\ 13.0,\ watchOS\ 6.0,\ tvOS\ 13.0 -enable-experimental-feature AvailabilityMacro\=SwiftStdlib\ 5.6:\ macOS\ 12.3,\ iOS\ 15.4,\ watchOS\ 8.5,\ tvOS\ 15.4 -enable-experimental-feature AvailabilityMacro\=SwiftStdlib\ 5.7:\ macOS\ 13.0,\ iOS\ 16.0,\ watchOS\ 9.0,\ tvOS\ 16.0 -enable-experimental-feature AvailabilityMacro\=SwiftStdlib\ 5.8:\ macOS\ 13.3,\ iOS\ 16.4,\ watchOS\ 9.4,\ tvOS\ 16.4 -enable-experimental-feature AvailabilityMacro\=SwiftStdlib\ 5.9:\ macOS\ 14.0,\ iOS\ 17.0,\ watchOS\ 10.0,\ tvOS\ 17.0 -enable-experimental-feature AvailabilityMacro\=SwiftStdlib\ 5.10:\ macOS\ 14.4,\ iOS\ 17.4,\ watchOS\ 10.4,\ tvOS\ 17.4,\ visionOS\ 1.1 -enable-experimental-feature AvailabilityMacro\=SwiftStdlib\ 6.0:\ macOS\ 15.0,\ iOS\ 18.0,\ watchOS\ 11.0,\ tvOS\ 18.0,\ visionOS\ 2.0 -enable-experimental-feature AvailabilityMacro\=SwiftStdlib\ 6.1:\ macOS\ 15.4,\ iOS\ 18.4,\ watchOS\ 11.4,\ tvOS\ 18.4,\ visionOS\ 2.4 -enable-experimental-feature AvailabilityMacro\=SwiftStdlib\ 6.2:\ macOS\ 26.0,\ iOS\ 26.0,\ watchOS\ 26.0,\ tvOS\ 26.0,\ visionOS\ 26.0 -enable-experimental-feature AvailabilityMacro\=SwiftStdlib\ 6.3:\ macOS\ 26.4,\ iOS\ 26.4,\ watchOS\ 26.4,\ tvOS\ 26.4,\ visionOS\ 26.4 -enable-experimental-feature AvailabilityMacro\=SwiftStdlib\ 6.4:\ macOS\ 27.0,\ iOS\ 27.0,\ watchOS\ 27.0,\ tvOS\ 27.0,\ visionOS\ 27.0 -enable-experimental-feature AvailabilityMacro\=SwiftStdlib\ 6.5:\ macOS\ 9999,\ iOS\ 9999,\ watchOS\ 9999,\ tvOS\ 9999,\ visionOS\ 9999 -enable-upcoming-feature MemberImportVisibility -enable-experimental-feature BuiltinModule -enable-experimental-feature Lifetimes -enable-experimental-feature InoutLifetimeDependence -enable-experimental-feature AddressableParameters -enable-experimental-feature AddressableTypes -enable-experimental-feature SuppressedAssociatedTypesWithDefaults -enable-experimental-feature BorrowingSequence -plugin-path /Applications/Xcode-26.3.0.app/Contents/Developer/Toolchains/XcodeDefault.xctoolchain/usr/lib/swift/host/plugins/testing -enable-experimental-feature DebugDescriptionMacro -sdk /Applications/Xcode-26.3.0.app/Contents/Developer/Platforms/WatchOS.platform/Developer/SDKs/WatchOS26.2.sdk -target arm64-apple-watchos5.0 -g -module-cache-path /Users/admin/builder/spi-builder-workspace/.derivedData/ModuleCache.noindex -Xfrontend -serialize-debugging-options -profile-coverage-mapping -profile-generate -enable-testing -suppress-warnings -index-store-path /Users/admin/builder/spi-builder-workspace/.derivedData/Index.noindex/DataStore -Xcc -D_LIBCPP_HARDENING_MODE\=_LIBCPP_HARDENING_MODE_DEBUG -swift-version 6 -I /Users/admin/builder/spi-builder-workspace/.derivedData/Build/Products/Debug-watchos -Isystem /Applications/Xcode-26.3.0.app/Contents/Developer/Platforms/WatchOS.platform/Developer/usr/lib -F /Users/admin/builder/spi-builder-workspace/.derivedData/Build/Products/Debug-watchos/PackageFrameworks -F /Users/admin/builder/spi-builder-workspace/.derivedData/Build/Products/Debug-watchos -F /Applications/Xcode-26.3.0.app/Contents/Developer/Platforms/WatchOS.platform/Developer/Library/Frameworks -F /Applications/Xcode-26.3.0.app/Contents/Developer/Platforms/WatchOS.platform/Developer/SDKs/WatchOS26.2.sdk/Developer/Library/Frameworks -c -j10 -enable-batch-mode -incremental -Xcc -ivfsstatcache -Xcc /Users/admin/builder/spi-builder-workspace/.derivedData/SDKStatCaches.noindex/watchos26.2-23S303-dc75598d0054f22ec865fa860f139d721753b489057de6bda919edfa1c59a62b.sdkstatcache -output-file-map /Users/admin/builder/spi-builder-workspace/.derivedData/Build/Intermediates.noindex/swift-collections.build/Debug-watchos/OrderedCollections.build/Objects-normal/arm64/OrderedCollections-OutputFileMap.json -use-frontend-parseable-output -save-temps -no-color-diagnostics -explicit-module-build -module-cache-path /Users/admin/builder/spi-builder-workspace/.derivedData/Build/Intermediates.noindex/SwiftExplicitPrecompiledModules -clang-scanner-module-cache-path /Users/admin/builder/spi-builder-workspace/.derivedData/ModuleCache.noindex -sdk-module-cache-path /Users/admin/builder/spi-builder-workspace/.derivedData/ModuleCache.noindex -serialize-diagnostics -emit-dependencies -emit-module -emit-module-path /Users/admin/builder/spi-builder-workspace/.derivedData/Build/Intermediates.noindex/swift-collections.build/Debug-watchos/OrderedCollections.build/Objects-normal/arm64/OrderedCollections.swiftmodule -user-module-version 1.7.2 -validate-clang-modules-once -clang-build-session-file /Users/admin/builder/spi-builder-workspace/.derivedData/ModuleCache.noindex/Session.modulevalidation -package-name swift_collections -Xcc -I/Users/admin/builder/spi-builder-workspace/.derivedData/Build/Intermediates.noindex/swift-collections.build/Debug-watchos/OrderedCollections.build/swift-overrides.hmap -emit-const-values -Xfrontend -const-gather-protocols-file -Xfrontend /Users/admin/builder/spi-builder-workspace/.derivedData/Build/Intermediates.noindex/swift-collections.build/Debug-watchos/OrderedCollections.build/Objects-normal/arm64/OrderedCollections_const_extract_protocols.json -Xcc -I/Users/admin/builder/spi-builder-workspace/.derivedData/Build/Products/Debug-watchos/include -Xcc -I/Users/admin/builder/spi-builder-workspace/.derivedData/Build/Intermediates.noindex/swift-collections.build/Debug-watchos/OrderedCollections.build/DerivedSources-normal/arm64 -Xcc -I/Users/admin/builder/spi-builder-workspace/.derivedData/Build/Intermediates.noindex/swift-collections.build/Debug-watchos/OrderedCollections.build/DerivedSources/arm64 -Xcc -I/Users/admin/builder/spi-builder-workspace/.derivedData/Build/Intermediates.noindex/swift-collections.build/Debug-watchos/OrderedCollections.build/DerivedSources -Xcc -DSWIFT_PACKAGE -Xcc -DDEBUG\=1 -emit-objc-header -emit-objc-header-path /Users/admin/builder/spi-builder-workspace/.derivedData/Build/Intermediates.noindex/swift-collections.build/Debug-watchos/OrderedCollections.build/Objects-normal/arm64/OrderedCollections-Swift.h -working-directory /Users/admin/builder/spi-builder-workspace/.swiftpm/xcode -experimental-emit-module-separately -disable-cmo
SwiftExplicitDependencyGeneratePcm arm64 /Users/admin/builder/spi-builder-workspace/.derivedData/ModuleCache.noindex/ObjectiveC-3WAQ3YG6LWVXJ4QVAR72PEADB.pcm
SwiftExplicitDependencyGeneratePcm arm64 /Users/admin/builder/spi-builder-workspace/.derivedData/ModuleCache.noindex/os_object-44PWSP370F74U0FYBPH7IDZ7R.pcm
SwiftExplicitDependencyGeneratePcm arm64 /Users/admin/builder/spi-builder-workspace/.derivedData/ModuleCache.noindex/os_workgroup-FX4D7S84CXEE8UQA4C57U510.pcm
SwiftExplicitDependencyGeneratePcm arm64 /Users/admin/builder/spi-builder-workspace/.derivedData/ModuleCache.noindex/Dispatch-BSL2636TG1T3T9DF6VKMVQFPW.pcm
SwiftDriverJobDiscovery normal arm64_32 Compiling OrderedSet+SubSequence.swift, OrderedSet+Testing.swift, OrderedSet+UnorderedView.swift, OrderedSet+UnstableInternals.swift, OrderedSet.swift, _UnsafeBitset.swift (in target 'OrderedCollections' from project 'swift-collections')
SwiftDriver\ Compilation OrderedCollections normal arm64_32 com.apple.xcode.tools.swift.compiler (in target 'OrderedCollections' from project 'swift-collections')
cd /Users/admin/builder/spi-builder-workspace/.swiftpm/xcode
builtin-Swift-Compilation -- /Applications/Xcode-26.3.0.app/Contents/Developer/Toolchains/XcodeDefault.xctoolchain/usr/bin/swiftc -module-name OrderedCollections -Onone -enforce-exclusivity\=checked @/Users/admin/builder/spi-builder-workspace/.derivedData/Build/Intermediates.noindex/swift-collections.build/Debug-watchos/OrderedCollections.build/Objects-normal/arm64_32/OrderedCollections.SwiftFileList -DSWIFT_PACKAGE -DDEBUG -DSWIFT_MODULE_RESOURCE_BUNDLE_UNAVAILABLE -DCOLLECTIONS_RANDOMIZED_TESTING -DXcode -enable-experimental-feature AvailabilityMacro\=SwiftStdlib\ 5.0:\ macOS\ 10.14.4,\ iOS\ 12.2,\ watchOS\ 5.2,\ tvOS\ 12.2 -enable-experimental-feature AvailabilityMacro\=SwiftStdlib\ 5.1:\ macOS\ 10.15,\ iOS\ 13.0,\ watchOS\ 6.0,\ tvOS\ 13.0 -enable-experimental-feature AvailabilityMacro\=SwiftStdlib\ 5.6:\ macOS\ 12.3,\ iOS\ 15.4,\ watchOS\ 8.5,\ tvOS\ 15.4 -enable-experimental-feature AvailabilityMacro\=SwiftStdlib\ 5.7:\ macOS\ 13.0,\ iOS\ 16.0,\ watchOS\ 9.0,\ tvOS\ 16.0 -enable-experimental-feature AvailabilityMacro\=SwiftStdlib\ 5.8:\ macOS\ 13.3,\ iOS\ 16.4,\ watchOS\ 9.4,\ tvOS\ 16.4 -enable-experimental-feature AvailabilityMacro\=SwiftStdlib\ 5.9:\ macOS\ 14.0,\ iOS\ 17.0,\ watchOS\ 10.0,\ tvOS\ 17.0 -enable-experimental-feature AvailabilityMacro\=SwiftStdlib\ 5.10:\ macOS\ 14.4,\ iOS\ 17.4,\ watchOS\ 10.4,\ tvOS\ 17.4,\ visionOS\ 1.1 -enable-experimental-feature AvailabilityMacro\=SwiftStdlib\ 6.0:\ macOS\ 15.0,\ iOS\ 18.0,\ watchOS\ 11.0,\ tvOS\ 18.0,\ visionOS\ 2.0 -enable-experimental-feature AvailabilityMacro\=SwiftStdlib\ 6.1:\ macOS\ 15.4,\ iOS\ 18.4,\ watchOS\ 11.4,\ tvOS\ 18.4,\ visionOS\ 2.4 -enable-experimental-feature AvailabilityMacro\=SwiftStdlib\ 6.2:\ macOS\ 26.0,\ iOS\ 26.0,\ watchOS\ 26.0,\ tvOS\ 26.0,\ visionOS\ 26.0 -enable-experimental-feature AvailabilityMacro\=SwiftStdlib\ 6.3:\ macOS\ 26.4,\ iOS\ 26.4,\ watchOS\ 26.4,\ tvOS\ 26.4,\ visionOS\ 26.4 -enable-experimental-feature AvailabilityMacro\=SwiftStdlib\ 6.4:\ macOS\ 27.0,\ iOS\ 27.0,\ watchOS\ 27.0,\ tvOS\ 27.0,\ visionOS\ 27.0 -enable-experimental-feature AvailabilityMacro\=SwiftStdlib\ 6.5:\ macOS\ 9999,\ iOS\ 9999,\ watchOS\ 9999,\ tvOS\ 9999,\ visionOS\ 9999 -enable-upcoming-feature MemberImportVisibility -enable-experimental-feature BuiltinModule -enable-experimental-feature Lifetimes -enable-experimental-feature InoutLifetimeDependence -enable-experimental-feature AddressableParameters -enable-experimental-feature AddressableTypes -enable-experimental-feature SuppressedAssociatedTypesWithDefaults -enable-experimental-feature BorrowingSequence -plugin-path /Applications/Xcode-26.3.0.app/Contents/Developer/Toolchains/XcodeDefault.xctoolchain/usr/lib/swift/host/plugins/testing -enable-experimental-feature DebugDescriptionMacro -sdk /Applications/Xcode-26.3.0.app/Contents/Developer/Platforms/WatchOS.platform/Developer/SDKs/WatchOS26.2.sdk -target arm64_32-apple-watchos5.0 -g -module-cache-path /Users/admin/builder/spi-builder-workspace/.derivedData/ModuleCache.noindex -Xfrontend -serialize-debugging-options -profile-coverage-mapping -profile-generate -enable-testing -suppress-warnings -index-store-path /Users/admin/builder/spi-builder-workspace/.derivedData/Index.noindex/DataStore -Xcc -D_LIBCPP_HARDENING_MODE\=_LIBCPP_HARDENING_MODE_DEBUG -swift-version 6 -I /Users/admin/builder/spi-builder-workspace/.derivedData/Build/Products/Debug-watchos -Isystem /Applications/Xcode-26.3.0.app/Contents/Developer/Platforms/WatchOS.platform/Developer/usr/lib -F /Users/admin/builder/spi-builder-workspace/.derivedData/Build/Products/Debug-watchos/PackageFrameworks -F /Users/admin/builder/spi-builder-workspace/.derivedData/Build/Products/Debug-watchos -F /Applications/Xcode-26.3.0.app/Contents/Developer/Platforms/WatchOS.platform/Developer/Library/Frameworks -F /Applications/Xcode-26.3.0.app/Contents/Developer/Platforms/WatchOS.platform/Developer/SDKs/WatchOS26.2.sdk/Developer/Library/Frameworks -c -j10 -enable-batch-mode -incremental -Xcc -ivfsstatcache -Xcc /Users/admin/builder/spi-builder-workspace/.derivedData/SDKStatCaches.noindex/watchos26.2-23S303-dc75598d0054f22ec865fa860f139d721753b489057de6bda919edfa1c59a62b.sdkstatcache -output-file-map /Users/admin/builder/spi-builder-workspace/.derivedData/Build/Intermediates.noindex/swift-collections.build/Debug-watchos/OrderedCollections.build/Objects-normal/arm64_32/OrderedCollections-OutputFileMap.json -use-frontend-parseable-output -save-temps -no-color-diagnostics -explicit-module-build -module-cache-path /Users/admin/builder/spi-builder-workspace/.derivedData/Build/Intermediates.noindex/SwiftExplicitPrecompiledModules -clang-scanner-module-cache-path /Users/admin/builder/spi-builder-workspace/.derivedData/ModuleCache.noindex -sdk-module-cache-path /Users/admin/builder/spi-builder-workspace/.derivedData/ModuleCache.noindex -serialize-diagnostics -emit-dependencies -emit-module -emit-module-path /Users/admin/builder/spi-builder-workspace/.derivedData/Build/Intermediates.noindex/swift-collections.build/Debug-watchos/OrderedCollections.build/Objects-normal/arm64_32/OrderedCollections.swiftmodule -user-module-version 1.7.2 -validate-clang-modules-once -clang-build-session-file /Users/admin/builder/spi-builder-workspace/.derivedData/ModuleCache.noindex/Session.modulevalidation -package-name swift_collections -Xcc -I/Users/admin/builder/spi-builder-workspace/.derivedData/Build/Intermediates.noindex/swift-collections.build/Debug-watchos/OrderedCollections.build/swift-overrides.hmap -emit-const-values -Xfrontend -const-gather-protocols-file -Xfrontend /Users/admin/builder/spi-builder-workspace/.derivedData/Build/Intermediates.noindex/swift-collections.build/Debug-watchos/OrderedCollections.build/Objects-normal/arm64_32/OrderedCollections_const_extract_protocols.json -Xcc -I/Users/admin/builder/spi-builder-workspace/.derivedData/Build/Products/Debug-watchos/include -Xcc -I/Users/admin/builder/spi-builder-workspace/.derivedData/Build/Intermediates.noindex/swift-collections.build/Debug-watchos/OrderedCollections.build/DerivedSources-normal/arm64_32 -Xcc -I/Users/admin/builder/spi-builder-workspace/.derivedData/Build/Intermediates.noindex/swift-collections.build/Debug-watchos/OrderedCollections.build/DerivedSources/arm64_32 -Xcc -I/Users/admin/builder/spi-builder-workspace/.derivedData/Build/Intermediates.noindex/swift-collections.build/Debug-watchos/OrderedCollections.build/DerivedSources -Xcc -DSWIFT_PACKAGE -Xcc -DDEBUG\=1 -emit-objc-header -emit-objc-header-path /Users/admin/builder/spi-builder-workspace/.derivedData/Build/Intermediates.noindex/swift-collections.build/Debug-watchos/OrderedCollections.build/Objects-normal/arm64_32/OrderedCollections-Swift.h -working-directory /Users/admin/builder/spi-builder-workspace/.swiftpm/xcode -experimental-emit-module-separately -disable-cmo
SwiftExplicitDependencyGeneratePcm arm64 /Users/admin/builder/spi-builder-workspace/.derivedData/ModuleCache.noindex/XPC-W4G62O3580XJ378BGCHMATTR.pcm
SwiftExplicitDependencyGeneratePcm arm64 /Users/admin/builder/spi-builder-workspace/.derivedData/ModuleCache.noindex/os-132FGO8D9LIVRWSV4VHEPC9PO.pcm
SwiftEmitModule normal arm64 Emitting\ module\ for\ MetalSprocketsMacros (in target 'MetalSprocketsMacros' from project 'MetalSprockets')
EmitSwiftModule normal arm64 (in target 'MetalSprocketsMacros' from project 'MetalSprockets')
cd /Users/admin/builder/spi-builder-workspace/.swiftpm/xcode
SwiftCompile normal arm64 Compiling\ UVEntryMacro.swift /Users/admin/builder/spi-builder-workspace/Sources/MetalSprocketsMacros/UVEntryMacro.swift (in target 'MetalSprocketsMacros' from project 'MetalSprockets')
SwiftCompile normal arm64 /Users/admin/builder/spi-builder-workspace/Sources/MetalSprocketsMacros/UVEntryMacro.swift (in target 'MetalSprocketsMacros' from project 'MetalSprockets')
cd /Users/admin/builder/spi-builder-workspace/.swiftpm/xcode
SwiftCompile normal arm64 Compiling\ MetalSprocketsMacros.swift /Users/admin/builder/spi-builder-workspace/Sources/MetalSprocketsMacros/MetalSprocketsMacros.swift (in target 'MetalSprocketsMacros' from project 'MetalSprockets')
SwiftCompile normal arm64 /Users/admin/builder/spi-builder-workspace/Sources/MetalSprocketsMacros/MetalSprocketsMacros.swift (in target 'MetalSprocketsMacros' from project 'MetalSprockets')
cd /Users/admin/builder/spi-builder-workspace/.swiftpm/xcode
SwiftDriverJobDiscovery normal arm64 Emitting module for MetalSprocketsMacros (in target 'MetalSprocketsMacros' from project 'MetalSprockets')
SwiftDriver\ Compilation\ Requirements MetalSprocketsMacros normal arm64 com.apple.xcode.tools.swift.compiler (in target 'MetalSprocketsMacros' from project 'MetalSprockets')
cd /Users/admin/builder/spi-builder-workspace/.swiftpm/xcode
builtin-Swift-Compilation-Requirements -- /Applications/Xcode-26.3.0.app/Contents/Developer/Toolchains/XcodeDefault.xctoolchain/usr/bin/swiftc -module-name MetalSprocketsMacros -Onone -enforce-exclusivity\=checked @/Users/admin/builder/spi-builder-workspace/.derivedData/Build/Intermediates.noindex/MetalSprockets.build/Debug/MetalSprocketsMacros.build/Objects-normal/arm64/MetalSprocketsMacros.SwiftFileList -DSWIFT_PACKAGE -DDEBUG -DXcode -I/Users/admin/builder/spi-builder-workspace/.dependencies/prebuilts/swift-syntax/602.0.0/swiftlang-6.2.4.1.4-MacroSupport-macos_aarch64/Modules -I/Users/admin/builder/spi-builder-workspace/.dependencies/checkouts/swift-syntax/Sources/_SwiftLibraryPluginProviderCShims/include -I/Users/admin/builder/spi-builder-workspace/.dependencies/checkouts/swift-syntax/Sources/_SwiftSyntaxCShims/include -plugin-path /Applications/Xcode-26.3.0.app/Contents/Developer/Toolchains/XcodeDefault.xctoolchain/usr/lib/swift/host/plugins/testing -enable-experimental-feature DebugDescriptionMacro -sdk /Applications/Xcode-26.3.0.app/Contents/Developer/Platforms/MacOSX.platform/Developer/SDKs/MacOSX26.2.sdk -target arm64-apple-macos26.0 -g -module-cache-path /Users/admin/builder/spi-builder-workspace/.derivedData/ModuleCache.noindex -Xfrontend -serialize-debugging-options -profile-coverage-mapping -profile-generate -enable-testing -index-store-path /Users/admin/builder/spi-builder-workspace/.derivedData/Index.noindex/DataStore -Xcc -D_LIBCPP_HARDENING_MODE\=_LIBCPP_HARDENING_MODE_DEBUG -swift-version 6 -I /Users/admin/builder/spi-builder-workspace/.derivedData/Build/Products/Debug -Isystem /Applications/Xcode-26.3.0.app/Contents/Developer/Platforms/MacOSX.platform/Developer/usr/lib -F /Users/admin/builder/spi-builder-workspace/.derivedData/Build/Products/Debug -F /Applications/Xcode-26.3.0.app/Contents/Developer/Platforms/MacOSX.platform/Developer/Library/Frameworks -c -j10 -enable-batch-mode -incremental -Xcc -ivfsstatcache -Xcc /Users/admin/builder/spi-builder-workspace/.derivedData/SDKStatCaches.noindex/macosx26.2-25C58-dc75598d0054f22ec865fa860f139d726b10091eae1b9012e514a50b0de53ce7.sdkstatcache -output-file-map /Users/admin/builder/spi-builder-workspace/.derivedData/Build/Intermediates.noindex/MetalSprockets.build/Debug/MetalSprocketsMacros.build/Objects-normal/arm64/MetalSprocketsMacros-OutputFileMap.json -use-frontend-parseable-output -save-temps -no-color-diagnostics -explicit-module-build -module-cache-path /Users/admin/builder/spi-builder-workspace/.derivedData/Build/Intermediates.noindex/SwiftExplicitPrecompiledModules -clang-scanner-module-cache-path /Users/admin/builder/spi-builder-workspace/.derivedData/ModuleCache.noindex -sdk-module-cache-path /Users/admin/builder/spi-builder-workspace/.derivedData/ModuleCache.noindex -serialize-diagnostics -emit-dependencies -emit-module -emit-module-path /Users/admin/builder/spi-builder-workspace/.derivedData/Build/Intermediates.noindex/MetalSprockets.build/Debug/MetalSprocketsMacros.build/Objects-normal/arm64/MetalSprocketsMacros.swiftmodule -validate-clang-modules-once -clang-build-session-file /Users/admin/builder/spi-builder-workspace/.derivedData/ModuleCache.noindex/Session.modulevalidation -package-name spi_builder_workspace -emit-const-values -Xfrontend -const-gather-protocols-file -Xfrontend /Users/admin/builder/spi-builder-workspace/.derivedData/Build/Intermediates.noindex/MetalSprockets.build/Debug/MetalSprocketsMacros.build/Objects-normal/arm64/MetalSprocketsMacros_const_extract_protocols.json -Xcc -I/Users/admin/builder/spi-builder-workspace/.derivedData/Build/Products/Debug/include -Xcc -I/Users/admin/builder/spi-builder-workspace/.derivedData/Build/Intermediates.noindex/MetalSprockets.build/Debug/MetalSprocketsMacros.build/DerivedSources-normal/arm64 -Xcc -I/Users/admin/builder/spi-builder-workspace/.derivedData/Build/Intermediates.noindex/MetalSprockets.build/Debug/MetalSprocketsMacros.build/DerivedSources/arm64 -Xcc -I/Users/admin/builder/spi-builder-workspace/.derivedData/Build/Intermediates.noindex/MetalSprockets.build/Debug/MetalSprocketsMacros.build/DerivedSources -Xcc -DSWIFT_PACKAGE -Xcc -DDEBUG\=1 -working-directory /Users/admin/builder/spi-builder-workspace/.swiftpm/xcode -experimental-emit-module-separately -disable-cmo
Copy /Users/admin/builder/spi-builder-workspace/.derivedData/Build/Products/Debug/MetalSprocketsMacros.swiftmodule/arm64-apple-macos.swiftdoc /Users/admin/builder/spi-builder-workspace/.derivedData/Build/Intermediates.noindex/MetalSprockets.build/Debug/MetalSprocketsMacros.build/Objects-normal/arm64/MetalSprocketsMacros.swiftdoc (in target 'MetalSprocketsMacros' from project 'MetalSprockets')
cd /Users/admin/builder/spi-builder-workspace
builtin-copy -exclude .DS_Store -exclude CVS -exclude .svn -exclude .git -exclude .hg -resolve-src-symlinks -rename /Users/admin/builder/spi-builder-workspace/.derivedData/Build/Intermediates.noindex/MetalSprockets.build/Debug/MetalSprocketsMacros.build/Objects-normal/arm64/MetalSprocketsMacros.swiftdoc /Users/admin/builder/spi-builder-workspace/.derivedData/Build/Products/Debug/MetalSprocketsMacros.swiftmodule/arm64-apple-macos.swiftdoc
Copy /Users/admin/builder/spi-builder-workspace/.derivedData/Build/Products/Debug/MetalSprocketsMacros.swiftmodule/arm64-apple-macos.abi.json /Users/admin/builder/spi-builder-workspace/.derivedData/Build/Intermediates.noindex/MetalSprockets.build/Debug/MetalSprocketsMacros.build/Objects-normal/arm64/MetalSprocketsMacros.abi.json (in target 'MetalSprocketsMacros' from project 'MetalSprockets')
cd /Users/admin/builder/spi-builder-workspace
builtin-copy -exclude .DS_Store -exclude CVS -exclude .svn -exclude .git -exclude .hg -resolve-src-symlinks -rename /Users/admin/builder/spi-builder-workspace/.derivedData/Build/Intermediates.noindex/MetalSprockets.build/Debug/MetalSprocketsMacros.build/Objects-normal/arm64/MetalSprocketsMacros.abi.json /Users/admin/builder/spi-builder-workspace/.derivedData/Build/Products/Debug/MetalSprocketsMacros.swiftmodule/arm64-apple-macos.abi.json
Copy /Users/admin/builder/spi-builder-workspace/.derivedData/Build/Products/Debug/MetalSprocketsMacros.swiftmodule/arm64-apple-macos.swiftmodule /Users/admin/builder/spi-builder-workspace/.derivedData/Build/Intermediates.noindex/MetalSprockets.build/Debug/MetalSprocketsMacros.build/Objects-normal/arm64/MetalSprocketsMacros.swiftmodule (in target 'MetalSprocketsMacros' from project 'MetalSprockets')
cd /Users/admin/builder/spi-builder-workspace
builtin-copy -exclude .DS_Store -exclude CVS -exclude .svn -exclude .git -exclude .hg -resolve-src-symlinks -rename /Users/admin/builder/spi-builder-workspace/.derivedData/Build/Intermediates.noindex/MetalSprockets.build/Debug/MetalSprocketsMacros.build/Objects-normal/arm64/MetalSprocketsMacros.swiftmodule /Users/admin/builder/spi-builder-workspace/.derivedData/Build/Products/Debug/MetalSprocketsMacros.swiftmodule/arm64-apple-macos.swiftmodule
Copy /Users/admin/builder/spi-builder-workspace/.derivedData/Build/Products/Debug/MetalSprocketsMacros.swiftmodule/Project/arm64-apple-macos.swiftsourceinfo /Users/admin/builder/spi-builder-workspace/.derivedData/Build/Intermediates.noindex/MetalSprockets.build/Debug/MetalSprocketsMacros.build/Objects-normal/arm64/MetalSprocketsMacros.swiftsourceinfo (in target 'MetalSprocketsMacros' from project 'MetalSprockets')
cd /Users/admin/builder/spi-builder-workspace
builtin-copy -exclude .DS_Store -exclude CVS -exclude .svn -exclude .git -exclude .hg -resolve-src-symlinks -rename /Users/admin/builder/spi-builder-workspace/.derivedData/Build/Intermediates.noindex/MetalSprockets.build/Debug/MetalSprocketsMacros.build/Objects-normal/arm64/MetalSprocketsMacros.swiftsourceinfo /Users/admin/builder/spi-builder-workspace/.derivedData/Build/Products/Debug/MetalSprocketsMacros.swiftmodule/Project/arm64-apple-macos.swiftsourceinfo
RegisterExecutionPolicyException /Users/admin/builder/spi-builder-workspace/.derivedData/Build/Products/Debug-watchos/InternalCollectionsUtilities.o (in target 'InternalCollectionsUtilities' from project 'swift-collections')
cd /Users/admin/builder/spi-builder-workspace/.dependencies/checkouts/swift-collections
builtin-RegisterExecutionPolicyException /Users/admin/builder/spi-builder-workspace/.derivedData/Build/Products/Debug-watchos/InternalCollectionsUtilities.o
Ld /Users/admin/builder/spi-builder-workspace/.derivedData/Build/Intermediates.noindex/swift-collections.build/Debug-watchos/OrderedCollections.build/Objects-normal/armv7k/Binary/OrderedCollections.o normal armv7k (in target 'OrderedCollections' from project 'swift-collections')
cd /Users/admin/builder/spi-builder-workspace/.dependencies/checkouts/swift-collections
/Applications/Xcode-26.3.0.app/Contents/Developer/Toolchains/XcodeDefault.xctoolchain/usr/bin/clang -Xlinker -reproducible -target armv7k-apple-watchos5.0 -r -isysroot /Applications/Xcode-26.3.0.app/Contents/Developer/Platforms/WatchOS.platform/Developer/SDKs/WatchOS26.2.sdk -O0 -w -L/Users/admin/builder/spi-builder-workspace/.derivedData/Build/Intermediates.noindex/EagerLinkingTBDs/Debug-watchos -L/Users/admin/builder/spi-builder-workspace/.derivedData/Build/Products/Debug-watchos -L/Applications/Xcode-26.3.0.app/Contents/Developer/Platforms/WatchOS.platform/Developer/usr/lib -F/Users/admin/builder/spi-builder-workspace/.derivedData/Build/Intermediates.noindex/EagerLinkingTBDs/Debug-watchos -F/Users/admin/builder/spi-builder-workspace/.derivedData/Build/Products/Debug-watchos/PackageFrameworks -F/Users/admin/builder/spi-builder-workspace/.derivedData/Build/Products/Debug-watchos -iframework /Applications/Xcode-26.3.0.app/Contents/Developer/Platforms/WatchOS.platform/Developer/Library/Frameworks -iframework /Applications/Xcode-26.3.0.app/Contents/Developer/Platforms/WatchOS.platform/Developer/SDKs/WatchOS26.2.sdk/Developer/Library/Frameworks -filelist /Users/admin/builder/spi-builder-workspace/.derivedData/Build/Intermediates.noindex/swift-collections.build/Debug-watchos/OrderedCollections.build/Objects-normal/armv7k/OrderedCollections.LinkFileList -nostdlib -Xlinker -object_path_lto -Xlinker /Users/admin/builder/spi-builder-workspace/.derivedData/Build/Intermediates.noindex/swift-collections.build/Debug-watchos/OrderedCollections.build/Objects-normal/armv7k/OrderedCollections_lto.o -rdynamic -Xlinker -no_deduplicate -Xlinker -debug_variant -Xlinker -dependency_info -Xlinker /Users/admin/builder/spi-builder-workspace/.derivedData/Build/Intermediates.noindex/swift-collections.build/Debug-watchos/OrderedCollections.build/Objects-normal/armv7k/OrderedCollections_dependency_info.dat -fobjc-link-runtime -L/Applications/Xcode-26.3.0.app/Contents/Developer/Toolchains/XcodeDefault.xctoolchain/usr/lib/swift/watchos -L/usr/lib/swift -Xlinker -add_ast_path -Xlinker /Users/admin/builder/spi-builder-workspace/.derivedData/Build/Intermediates.noindex/swift-collections.build/Debug-watchos/OrderedCollections.build/Objects-normal/armv7k/OrderedCollections.swiftmodule @/Users/admin/builder/spi-builder-workspace/.derivedData/Build/Intermediates.noindex/swift-collections.build/Debug-watchos/OrderedCollections.build/Objects-normal/armv7k/OrderedCollections-linker-args.resp -o /Users/admin/builder/spi-builder-workspace/.derivedData/Build/Intermediates.noindex/swift-collections.build/Debug-watchos/OrderedCollections.build/Objects-normal/armv7k/Binary/OrderedCollections.o
Ld /Users/admin/builder/spi-builder-workspace/.derivedData/Build/Intermediates.noindex/swift-collections.build/Debug-watchos/OrderedCollections.build/Objects-normal/arm64_32/Binary/OrderedCollections.o normal arm64_32 (in target 'OrderedCollections' from project 'swift-collections')
cd /Users/admin/builder/spi-builder-workspace/.dependencies/checkouts/swift-collections
/Applications/Xcode-26.3.0.app/Contents/Developer/Toolchains/XcodeDefault.xctoolchain/usr/bin/clang -Xlinker -reproducible -target arm64_32-apple-watchos5.0 -r -isysroot /Applications/Xcode-26.3.0.app/Contents/Developer/Platforms/WatchOS.platform/Developer/SDKs/WatchOS26.2.sdk -O0 -w -L/Users/admin/builder/spi-builder-workspace/.derivedData/Build/Intermediates.noindex/EagerLinkingTBDs/Debug-watchos -L/Users/admin/builder/spi-builder-workspace/.derivedData/Build/Products/Debug-watchos -L/Applications/Xcode-26.3.0.app/Contents/Developer/Platforms/WatchOS.platform/Developer/usr/lib -F/Users/admin/builder/spi-builder-workspace/.derivedData/Build/Intermediates.noindex/EagerLinkingTBDs/Debug-watchos -F/Users/admin/builder/spi-builder-workspace/.derivedData/Build/Products/Debug-watchos/PackageFrameworks -F/Users/admin/builder/spi-builder-workspace/.derivedData/Build/Products/Debug-watchos -iframework /Applications/Xcode-26.3.0.app/Contents/Developer/Platforms/WatchOS.platform/Developer/Library/Frameworks -iframework /Applications/Xcode-26.3.0.app/Contents/Developer/Platforms/WatchOS.platform/Developer/SDKs/WatchOS26.2.sdk/Developer/Library/Frameworks -filelist /Users/admin/builder/spi-builder-workspace/.derivedData/Build/Intermediates.noindex/swift-collections.build/Debug-watchos/OrderedCollections.build/Objects-normal/arm64_32/OrderedCollections.LinkFileList -nostdlib -Xlinker -object_path_lto -Xlinker /Users/admin/builder/spi-builder-workspace/.derivedData/Build/Intermediates.noindex/swift-collections.build/Debug-watchos/OrderedCollections.build/Objects-normal/arm64_32/OrderedCollections_lto.o -rdynamic -Xlinker -no_deduplicate -Xlinker -debug_variant -Xlinker -dependency_info -Xlinker /Users/admin/builder/spi-builder-workspace/.derivedData/Build/Intermediates.noindex/swift-collections.build/Debug-watchos/OrderedCollections.build/Objects-normal/arm64_32/OrderedCollections_dependency_info.dat -fobjc-link-runtime -L/Applications/Xcode-26.3.0.app/Contents/Developer/Toolchains/XcodeDefault.xctoolchain/usr/lib/swift/watchos -L/usr/lib/swift -Xlinker -add_ast_path -Xlinker /Users/admin/builder/spi-builder-workspace/.derivedData/Build/Intermediates.noindex/swift-collections.build/Debug-watchos/OrderedCollections.build/Objects-normal/arm64_32/OrderedCollections.swiftmodule @/Users/admin/builder/spi-builder-workspace/.derivedData/Build/Intermediates.noindex/swift-collections.build/Debug-watchos/OrderedCollections.build/Objects-normal/arm64_32/OrderedCollections-linker-args.resp -o /Users/admin/builder/spi-builder-workspace/.derivedData/Build/Intermediates.noindex/swift-collections.build/Debug-watchos/OrderedCollections.build/Objects-normal/arm64_32/Binary/OrderedCollections.o
Ld /Users/admin/builder/spi-builder-workspace/.derivedData/Build/Intermediates.noindex/swift-collections.build/Debug-watchos/OrderedCollections.build/Objects-normal/arm64/Binary/OrderedCollections.o normal arm64 (in target 'OrderedCollections' from project 'swift-collections')
cd /Users/admin/builder/spi-builder-workspace/.dependencies/checkouts/swift-collections
/Applications/Xcode-26.3.0.app/Contents/Developer/Toolchains/XcodeDefault.xctoolchain/usr/bin/clang -Xlinker -reproducible -target arm64-apple-watchos5.0 -r -isysroot /Applications/Xcode-26.3.0.app/Contents/Developer/Platforms/WatchOS.platform/Developer/SDKs/WatchOS26.2.sdk -O0 -w -L/Users/admin/builder/spi-builder-workspace/.derivedData/Build/Intermediates.noindex/EagerLinkingTBDs/Debug-watchos -L/Users/admin/builder/spi-builder-workspace/.derivedData/Build/Products/Debug-watchos -L/Applications/Xcode-26.3.0.app/Contents/Developer/Platforms/WatchOS.platform/Developer/usr/lib -F/Users/admin/builder/spi-builder-workspace/.derivedData/Build/Intermediates.noindex/EagerLinkingTBDs/Debug-watchos -F/Users/admin/builder/spi-builder-workspace/.derivedData/Build/Products/Debug-watchos/PackageFrameworks -F/Users/admin/builder/spi-builder-workspace/.derivedData/Build/Products/Debug-watchos -iframework /Applications/Xcode-26.3.0.app/Contents/Developer/Platforms/WatchOS.platform/Developer/Library/Frameworks -iframework /Applications/Xcode-26.3.0.app/Contents/Developer/Platforms/WatchOS.platform/Developer/SDKs/WatchOS26.2.sdk/Developer/Library/Frameworks -filelist /Users/admin/builder/spi-builder-workspace/.derivedData/Build/Intermediates.noindex/swift-collections.build/Debug-watchos/OrderedCollections.build/Objects-normal/arm64/OrderedCollections.LinkFileList -nostdlib -Xlinker -object_path_lto -Xlinker /Users/admin/builder/spi-builder-workspace/.derivedData/Build/Intermediates.noindex/swift-collections.build/Debug-watchos/OrderedCollections.build/Objects-normal/arm64/OrderedCollections_lto.o -rdynamic -Xlinker -no_deduplicate -Xlinker -debug_variant -Xlinker -dependency_info -Xlinker /Users/admin/builder/spi-builder-workspace/.derivedData/Build/Intermediates.noindex/swift-collections.build/Debug-watchos/OrderedCollections.build/Objects-normal/arm64/OrderedCollections_dependency_info.dat -fobjc-link-runtime -L/Applications/Xcode-26.3.0.app/Contents/Developer/Toolchains/XcodeDefault.xctoolchain/usr/lib/swift/watchos -L/usr/lib/swift -Xlinker -add_ast_path -Xlinker /Users/admin/builder/spi-builder-workspace/.derivedData/Build/Intermediates.noindex/swift-collections.build/Debug-watchos/OrderedCollections.build/Objects-normal/arm64/OrderedCollections.swiftmodule @/Users/admin/builder/spi-builder-workspace/.derivedData/Build/Intermediates.noindex/swift-collections.build/Debug-watchos/OrderedCollections.build/Objects-normal/arm64/OrderedCollections-linker-args.resp -o /Users/admin/builder/spi-builder-workspace/.derivedData/Build/Intermediates.noindex/swift-collections.build/Debug-watchos/OrderedCollections.build/Objects-normal/arm64/Binary/OrderedCollections.o
CreateUniversalBinary /Users/admin/builder/spi-builder-workspace/.derivedData/Build/Products/Debug-watchos/OrderedCollections.o normal arm64\ armv7k\ arm64_32 (in target 'OrderedCollections' from project 'swift-collections')
cd /Users/admin/builder/spi-builder-workspace/.dependencies/checkouts/swift-collections
/Applications/Xcode-26.3.0.app/Contents/Developer/Toolchains/XcodeDefault.xctoolchain/usr/bin/lipo -create /Users/admin/builder/spi-builder-workspace/.derivedData/Build/Intermediates.noindex/swift-collections.build/Debug-watchos/OrderedCollections.build/Objects-normal/arm64/Binary/OrderedCollections.o /Users/admin/builder/spi-builder-workspace/.derivedData/Build/Intermediates.noindex/swift-collections.build/Debug-watchos/OrderedCollections.build/Objects-normal/armv7k/Binary/OrderedCollections.o /Users/admin/builder/spi-builder-workspace/.derivedData/Build/Intermediates.noindex/swift-collections.build/Debug-watchos/OrderedCollections.build/Objects-normal/arm64_32/Binary/OrderedCollections.o -output /Users/admin/builder/spi-builder-workspace/.derivedData/Build/Products/Debug-watchos/OrderedCollections.o
2026-10-10 03:40:18.372 xcodebuild[1396:7662] [MT] IDERunDestination: Supported platforms for the buildables in the current scheme is empty.
/Users/admin/builder/spi-builder-workspace/.dependencies/checkouts/MetalSupport/Sources/MetalSupport/DebugGroup.swift:1:8: error: Unable to find module dependency: 'Metal'
import Metal
^
/Users/admin/builder/spi-builder-workspace/.dependencies/checkouts/MetalSupport/Sources/MetalSupport/DebugGroup.swift:1:8: note: a dependency of main module 'MetalSupport'
import Metal
^
/Users/admin/builder/spi-builder-workspace/.dependencies/checkouts/MetalSupport/Sources/MetalSupport/DescriptorInits.swift:1:8: note: also imported here
import Metal
^
/Users/admin/builder/spi-builder-workspace/.dependencies/checkouts/MetalSupport/Sources/MetalSupport/DrawHelpers.swift:1:8: note: also imported here
import Metal
^
/Users/admin/builder/spi-builder-workspace/.dependencies/checkouts/MetalSupport/Sources/MetalSupport/Labeled.swift:1:8: note: also imported here
import Metal
^
/Users/admin/builder/spi-builder-workspace/.dependencies/checkouts/MetalSupport/Sources/MetalSupport/MTLBuffer+Extensions.swift:2:8: note: also imported here
import Metal
^
/Users/admin/builder/spi-builder-workspace/.dependencies/checkouts/MetalSupport/Sources/MetalSupport/MTLCommandBuffer+Extensions.swift:1:8: note: also imported here
import Metal
^
/Users/admin/builder/spi-builder-workspace/.dependencies/checkouts/MetalSupport/Sources/MetalSupport/MTLCommandBufferDescriptor+Extensions.swift:1:8: note: also imported here
import Metal
^
/Users/admin/builder/spi-builder-workspace/.dependencies/checkouts/MetalSupport/Sources/MetalSupport/MTLCommandQueue+Extensions.swift:1:8: note: also imported here
import Metal
^
/Users/admin/builder/spi-builder-workspace/.dependencies/checkouts/MetalSupport/Sources/MetalSupport/MTLDevice+Capabilities.swift:1:8: note: also imported here
import Metal
^
/Users/admin/builder/spi-builder-workspace/.dependencies/checkouts/MetalSupport/Sources/MetalSupport/MTLDevice+Extensions.swift:1:8: note: also imported here
import Metal
^
/Users/admin/builder/spi-builder-workspace/.dependencies/checkouts/MetalSupport/Sources/MetalSupport/MTLFunction+Extensions.swift:1:8: note: also imported here
import Metal
^
/Users/admin/builder/spi-builder-workspace/.dependencies/checkouts/MetalSupport/Sources/MetalSupport/MTLGeometry+Extensions.swift:2:8: note: also imported here
import Metal
^
/Users/admin/builder/spi-builder-workspace/.dependencies/checkouts/MetalSupport/Sources/MetalSupport/MTLIndexType+Extensions.swift:1:8: note: also imported here
import Metal
^
/Users/admin/builder/spi-builder-workspace/.dependencies/checkouts/MetalSupport/Sources/MetalSupport/MTLPixelFormat+Extensions.swift:1:8: note: also imported here
import Metal
^
/Users/admin/builder/spi-builder-workspace/.dependencies/checkouts/MetalSupport/Sources/MetalSupport/MTLTexture+Extensions.swift:3:8: note: also imported here
import Metal
^
/Users/admin/builder/spi-builder-workspace/.dependencies/checkouts/MetalSupport/Sources/MetalSupport/MTLVertexDescriptor+Extensions.swift:1:8: note: also imported here
import Metal
^
/Users/admin/builder/spi-builder-workspace/.dependencies/checkouts/MetalSupport/Sources/MetalSupport/MTLVertexFormat+Extensions.swift:1:8: note: also imported here
import Metal
^
/Users/admin/builder/spi-builder-workspace/.dependencies/checkouts/MetalSupport/Sources/MetalSupport/Metal+SwiftUI.swift:1:8: note: also imported here
import Metal
^
/Users/admin/builder/spi-builder-workspace/.dependencies/checkouts/MetalSupport/Sources/MetalSupport/UnsafeBytes.swift:1:8: note: also imported here
import Metal
^
/Users/admin/builder/spi-builder-workspace/.dependencies/checkouts/MetalSupport/Sources/MetalSupport/VertexDescriptor.swift:1:8: note: also imported here
import Metal
^
/Users/admin/builder/spi-builder-workspace/.dependencies/checkouts/MetalSupport/Sources/MetalSupport/DrawHelpers.swift:2:8: error: Unable to find module dependency: 'MetalKit'
import MetalKit
^
/Users/admin/builder/spi-builder-workspace/.dependencies/checkouts/MetalSupport/Sources/MetalSupport/DrawHelpers.swift:2:8: note: a dependency of main module 'MetalSupport'
import MetalKit
^
/Users/admin/builder/spi-builder-workspace/.dependencies/checkouts/MetalSupport/Sources/MetalSupport/MTKMesh+Extensions.swift:1:8: note: also imported here
import MetalKit
^
/Users/admin/builder/spi-builder-workspace/.dependencies/checkouts/MetalSupport/Sources/MetalSupport/MTLDevice+Extensions.swift:2:8: note: also imported here
import MetalKit
^
/Users/admin/builder/spi-builder-workspace/.dependencies/checkouts/MetalSupport/Sources/MetalSupport/MTLVertexDescriptor+Extensions.swift:2:8: note: also imported here
import MetalKit
^
/Users/admin/builder/spi-builder-workspace/.dependencies/checkouts/MetalSupport/Sources/MetalSupport/MTLVertexDescriptor+Extensions.swift:3:8: error: Unable to find module dependency: 'ModelIO'
import ModelIO
^
/Users/admin/builder/spi-builder-workspace/.dependencies/checkouts/MetalSupport/Sources/MetalSupport/MTLVertexDescriptor+Extensions.swift:3:8: note: a dependency of main module 'MetalSupport'
import ModelIO
^
/Users/admin/builder/spi-builder-workspace/.dependencies/checkouts/MetalSupport/Sources/MetalSupport/MTLVertexFormat+Extensions.swift:2:8: note: also imported here
import ModelIO
^
/Users/admin/builder/spi-builder-workspace/.dependencies/checkouts/MetalSupport/Sources/MetalSupport/DebugGroup.swift:1:8: error: Unable to find module dependency: 'Metal'
import Metal
^
/Users/admin/builder/spi-builder-workspace/.dependencies/checkouts/MetalSupport/Sources/MetalSupport/DebugGroup.swift:1:8: note: a dependency of main module 'MetalSupport'
import Metal
^
/Users/admin/builder/spi-builder-workspace/.dependencies/checkouts/MetalSupport/Sources/MetalSupport/DescriptorInits.swift:1:8: note: also imported here
import Metal
^
/Users/admin/builder/spi-builder-workspace/.dependencies/checkouts/MetalSupport/Sources/MetalSupport/DrawHelpers.swift:1:8: note: also imported here
import Metal
^
/Users/admin/builder/spi-builder-workspace/.dependencies/checkouts/MetalSupport/Sources/MetalSupport/Labeled.swift:1:8: note: also imported here
import Metal
^
/Users/admin/builder/spi-builder-workspace/.dependencies/checkouts/MetalSupport/Sources/MetalSupport/MTLBuffer+Extensions.swift:2:8: note: also imported here
import Metal
^
/Users/admin/builder/spi-builder-workspace/.dependencies/checkouts/MetalSupport/Sources/MetalSupport/MTLCommandBuffer+Extensions.swift:1:8: note: also imported here
import Metal
^
/Users/admin/builder/spi-builder-workspace/.dependencies/checkouts/MetalSupport/Sources/MetalSupport/MTLCommandBufferDescriptor+Extensions.swift:1:8: note: also imported here
import Metal
^
/Users/admin/builder/spi-builder-workspace/.dependencies/checkouts/MetalSupport/Sources/MetalSupport/MTLCommandQueue+Extensions.swift:1:8: note: also imported here
import Metal
^
/Users/admin/builder/spi-builder-workspace/.dependencies/checkouts/MetalSupport/Sources/MetalSupport/MTLDevice+Capabilities.swift:1:8: note: also imported here
import Metal
^
/Users/admin/builder/spi-builder-workspace/.dependencies/checkouts/MetalSupport/Sources/MetalSupport/MTLDevice+Extensions.swift:1:8: note: also imported here
import Metal
^
/Users/admin/builder/spi-builder-workspace/.dependencies/checkouts/MetalSupport/Sources/MetalSupport/MTLFunction+Extensions.swift:1:8: note: also imported here
import Metal
^
/Users/admin/builder/spi-builder-workspace/.dependencies/checkouts/MetalSupport/Sources/MetalSupport/MTLGeometry+Extensions.swift:2:8: note: also imported here
import Metal
^
/Users/admin/builder/spi-builder-workspace/.dependencies/checkouts/MetalSupport/Sources/MetalSupport/MTLIndexType+Extensions.swift:1:8: note: also imported here
import Metal
^
/Users/admin/builder/spi-builder-workspace/.dependencies/checkouts/MetalSupport/Sources/MetalSupport/MTLPixelFormat+Extensions.swift:1:8: note: also imported here
import Metal
^
/Users/admin/builder/spi-builder-workspace/.dependencies/checkouts/MetalSupport/Sources/MetalSupport/MTLTexture+Extensions.swift:3:8: note: also imported here
import Metal
^
/Users/admin/builder/spi-builder-workspace/.dependencies/checkouts/MetalSupport/Sources/MetalSupport/MTLVertexDescriptor+Extensions.swift:1:8: note: also imported here
import Metal
^
/Users/admin/builder/spi-builder-workspace/.dependencies/checkouts/MetalSupport/Sources/MetalSupport/MTLVertexFormat+Extensions.swift:1:8: note: also imported here
import Metal
^
/Users/admin/builder/spi-builder-workspace/.dependencies/checkouts/MetalSupport/Sources/MetalSupport/Metal+SwiftUI.swift:1:8: note: also imported here
import Metal
^
/Users/admin/builder/spi-builder-workspace/.dependencies/checkouts/MetalSupport/Sources/MetalSupport/UnsafeBytes.swift:1:8: note: also imported here
import Metal
^
/Users/admin/builder/spi-builder-workspace/.dependencies/checkouts/MetalSupport/Sources/MetalSupport/VertexDescriptor.swift:1:8: note: also imported here
import Metal
^
/Users/admin/builder/spi-builder-workspace/.dependencies/checkouts/MetalSupport/Sources/MetalSupport/DrawHelpers.swift:2:8: error: Unable to find module dependency: 'MetalKit'
import MetalKit
^
/Users/admin/builder/spi-builder-workspace/.dependencies/checkouts/MetalSupport/Sources/MetalSupport/DrawHelpers.swift:2:8: note: a dependency of main module 'MetalSupport'
import MetalKit
^
/Users/admin/builder/spi-builder-workspace/.dependencies/checkouts/MetalSupport/Sources/MetalSupport/MTKMesh+Extensions.swift:1:8: note: also imported here
import MetalKit
^
/Users/admin/builder/spi-builder-workspace/.dependencies/checkouts/MetalSupport/Sources/MetalSupport/MTLDevice+Extensions.swift:2:8: note: also imported here
import MetalKit
^
/Users/admin/builder/spi-builder-workspace/.dependencies/checkouts/MetalSupport/Sources/MetalSupport/MTLVertexDescriptor+Extensions.swift:2:8: note: also imported here
import MetalKit
^
/Users/admin/builder/spi-builder-workspace/.dependencies/checkouts/MetalSupport/Sources/MetalSupport/MTLVertexDescriptor+Extensions.swift:3:8: error: Unable to find module dependency: 'ModelIO'
import ModelIO
^
/Users/admin/builder/spi-builder-workspace/.dependencies/checkouts/MetalSupport/Sources/MetalSupport/MTLVertexDescriptor+Extensions.swift:3:8: note: a dependency of main module 'MetalSupport'
import ModelIO
^
/Users/admin/builder/spi-builder-workspace/.dependencies/checkouts/MetalSupport/Sources/MetalSupport/MTLVertexFormat+Extensions.swift:2:8: note: also imported here
import ModelIO
^
** BUILD FAILED **
The following build commands failed:
SwiftDriver MetalSupport normal arm64_32 com.apple.xcode.tools.swift.compiler (in target 'MetalSupport' from project 'MetalSupport')
SwiftDriver MetalSupport normal arm64 com.apple.xcode.tools.swift.compiler (in target 'MetalSupport' from project 'MetalSupport')
Building workspace spi-builder-workspace with scheme MetalSprockets-Package
(3 failures)
Command line invocation:
/Applications/Xcode-26.3.0.app/Contents/Developer/usr/bin/xcodebuild -IDEClonedSourcePackagesDirPathOverride=/Users/admin/builder/spi-builder-workspace/.dependencies -resolvePackageDependencies
Resolve Package Graph
Resolved source packages:
swift-numerics: https://github.com/apple/swift-numerics.git @ 1.1.1
ViewInspector: https://github.com/nalexn/ViewInspector @ 0.10.5
GeometryLite3D: https://github.com/schwa/GeometryLite3D @ 0.1.1
swift-collections: https://github.com/apple/swift-collections.git @ 1.7.2
GoldenImage: https://github.com/schwa/GoldenImage @ 0.1.5 (3701668)
MetalSupport: https://github.com/schwa/MetalSupport @ 1.0.6
MetalCompilerPlugin: https://github.com/schwa/MetalCompilerPlugin @ 0.4.1
swift-syntax: https://github.com/swiftlang/swift-syntax.git @ 602.0.0
MetalSprockets: /Users/admin/builder/spi-builder-workspace
SymbolKit: https://github.com/swiftlang/swift-docc-symbolkit @ 1.0.0
SwiftDocCPlugin: https://github.com/swiftlang/swift-docc-plugin @ 1.5.0
swift-argument-parser: https://github.com/apple/swift-argument-parser @ 1.8.2
resolved source packages: swift-numerics, ViewInspector, GeometryLite3D, swift-collections, GoldenImage, MetalSupport, MetalCompilerPlugin, swift-syntax, MetalSprockets, SymbolKit, SwiftDocCPlugin, swift-argument-parser
2026-10-10 03:40:45.869 xcodebuild[1890:10364] [MT] IDERunDestination: Supported platforms for the buildables in the current scheme is empty.
{
"dependencies" : [
{
"identity" : "swift-syntax",
"requirement" : {
"range" : [
{
"lower_bound" : "602.0.0",
"upper_bound" : "603.0.0"
}
]
},
"type" : "sourceControl",
"url" : "https://github.com/swiftlang/swift-syntax.git"
},
{
"identity" : "metalcompilerplugin",
"requirement" : {
"range" : [
{
"lower_bound" : "0.2.0",
"upper_bound" : "1.0.0"
}
]
},
"type" : "sourceControl",
"url" : "https://github.com/schwa/MetalCompilerPlugin"
},
{
"identity" : "metalsupport",
"requirement" : {
"range" : [
{
"lower_bound" : "1.0.5",
"upper_bound" : "2.0.0"
}
]
},
"type" : "sourceControl",
"url" : "https://github.com/schwa/MetalSupport"
},
{
"identity" : "geometrylite3d",
"requirement" : {
"range" : [
{
"lower_bound" : "0.1.0",
"upper_bound" : "1.0.0"
}
]
},
"type" : "sourceControl",
"url" : "https://github.com/schwa/GeometryLite3D"
},
{
"identity" : "goldenimage",
"requirement" : {
"branch" : [
"0.1.5"
]
},
"type" : "sourceControl",
"url" : "https://github.com/schwa/GoldenImage"
},
{
"identity" : "swift-docc-plugin",
"requirement" : {
"range" : [
{
"lower_bound" : "1.1.0",
"upper_bound" : "2.0.0"
}
]
},
"type" : "sourceControl",
"url" : "https://github.com/swiftlang/swift-docc-plugin"
},
{
"identity" : "viewinspector",
"requirement" : {
"range" : [
{
"lower_bound" : "0.10.0",
"upper_bound" : "1.0.0"
}
]
},
"type" : "sourceControl",
"url" : "https://github.com/nalexn/ViewInspector"
}
],
"manifest_display_name" : "MetalSprockets",
"name" : "MetalSprockets",
"path" : "/Users/admin/builder/spi-builder-workspace",
"platforms" : [
{
"name" : "ios",
"version" : "26.0"
},
{
"name" : "macos",
"version" : "26.0"
},
{
"name" : "visionos",
"version" : "26.0"
}
],
"products" : [
{
"name" : "MetalSprockets",
"targets" : [
"MetalSprockets"
],
"type" : {
"library" : [
"automatic"
]
}
},
{
"name" : "MetalSprocketsUI",
"targets" : [
"MetalSprocketsUI"
],
"type" : {
"library" : [
"automatic"
]
}
},
{
"name" : "MetalSprocketsUIShaders",
"targets" : [
"MetalSprocketsUIShaders"
],
"type" : {
"library" : [
"automatic"
]
}
},
{
"name" : "MetalSprocketsShaders",
"targets" : [
"MetalSprocketsShaders"
],
"type" : {
"library" : [
"automatic"
]
}
},
{
"name" : "MetalSprocketsSupport",
"targets" : [
"MetalSprocketsSupport"
],
"type" : {
"library" : [
"automatic"
]
}
},
{
"name" : "MetalSprocketsMacros",
"targets" : [
"MetalSprocketsMacros"
],
"type" : {
"macro" : null
}
}
],
"swift_languages_versions" : [
"6"
],
"targets" : [
{
"c99name" : "MetalSprocketsUIShaders",
"module_type" : "ClangTarget",
"name" : "MetalSprocketsUIShaders",
"path" : "Sources/MetalSprocketsUIShaders",
"product_dependencies" : [
"MetalCompilerPlugin"
],
"product_memberships" : [
"MetalSprocketsUI",
"MetalSprocketsUIShaders"
],
"sources" : [
"MetalSprocketsUIShaders.mm"
],
"type" : "library"
},
{
"c99name" : "MetalSprocketsUI",
"module_type" : "SwiftTarget",
"name" : "MetalSprocketsUI",
"path" : "Sources/MetalSprocketsUI",
"product_dependencies" : [
"MetalSupport"
],
"product_memberships" : [
"MetalSprocketsUI"
],
"sources" : [
"FrameTiming.swift",
"FrameTimingView.swift",
"Logging.swift",
"MTKView+Environment.swift",
"OverlayBadgeModifier.swift",
"Parameter+SwiftUI.swift",
"PlatformAdaptorView.swift",
"RenderView.swift",
"RenderViewSupport.swift",
"ShaderLibrary+MetalSprocketsUI.swift",
"VisionOS/ImmersiveRenderContent.swift",
"VisionOS/ImmersiveRenderPass.swift",
"VisionOS/ImmersiveRuntime.swift",
"VisionOS/Support.swift",
"YCbCrBillboard.swift",
"YCbCrBillboardRenderPass.swift",
"iOS/ARKitSessionModifier.swift"
],
"target_dependencies" : [
"MetalSprockets",
"MetalSprocketsSupport",
"MetalSprocketsUIShaders"
],
"type" : "library"
},
{
"c99name" : "MetalSprocketsTests",
"module_type" : "SwiftTarget",
"name" : "MetalSprocketsTests",
"path" : "Tests/MetalSprocketsTests",
"product_dependencies" : [
"MetalSupport",
"SwiftSyntaxMacrosTestSupport",
"SwiftCompilerPlugin",
"GeometryLite3D",
"GoldenImage",
"ViewInspector"
],
"resources" : [
{
"path" : "/Users/admin/builder/spi-builder-workspace/Tests/MetalSprocketsTests/Fixtures",
"rule" : {
"copy" : {
}
}
},
{
"path" : "/Users/admin/builder/spi-builder-workspace/Tests/MetalSprocketsTests/Golden Images",
"rule" : {
"copy" : {
}
}
}
],
"sources" : [
"AnyBodylessElementTests.swift",
"ArgumentBindingTests.swift",
"ArgumentTablePoolTests.swift",
"BarrierTests.swift",
"BindingTests.swift",
"CaptureModifierTests.swift",
"CommandBufferCompletionTests.swift",
"CommandBufferSchedulingTests.swift",
"ComputeCommandTests.swift",
"ComputePassTests.swift",
"ConditionalContentTests.swift",
"CoreContractTests.swift",
"DebugGroupTests.swift",
"DepthBiasTests.swift",
"DepthStencilKeyTests.swift",
"DiagnosticsTests.swift",
"DynamicPropertyTests.swift",
"EasyWins2Tests.swift",
"EasyWins3Tests.swift",
"EasyWinsTests.swift",
"ElementBuilderTests.swift",
"ElementDumpTests.swift",
"EncodingTests.swift",
"EnvironmentModifierTests.swift",
"EnvironmentPropagationTests.swift",
"EnvironmentTests.swift",
"EnvironmentValuesDebugTests.swift",
"FrameRendererTests.swift",
"FrameTimingTrackerTests.swift",
"FrameTimingViewTests.swift",
"FunctionConstantsBuildTests.swift",
"FunctionConstantsPortTests.swift",
"FunctionConstantsTests.swift",
"FunctionTableTests.swift",
"FunctionTypesTests.swift",
"GPUCountersTests.swift",
"GPUTimestampSamplingTests.swift",
"GoldenPipelineTests.swift",
"GoldenRenderingTests.swift",
"HeadlessRootTests.swift",
"LabeledPipelineTests.swift",
"LoggingElementTests.swift",
"LoggingGateTests.swift",
"MPSInteropTests.swift",
"MSAAEffectivenessTests.swift",
"MSAAModifierEdgeTests.swift",
"MSAAModifierTests.swift",
"MSAATests.swift",
"MTKViewEnvironmentTests.swift",
"MacroTests.swift",
"MeshPipelineTests.swift",
"MeshRenderPipelineTests.swift",
"Metal4BaselineTests.swift",
"Metal4IntegratedProofTests.swift",
"Metal4SDKProbeTests.swift",
"Metal4ShaderProbeTests.swift",
"MetalContextTests.swift",
"MetalFXSpatialTests.swift",
"MetalFXTemporalTests.swift",
"MetalLoggingEnvironmentTests.swift",
"MetalSprocketsErrorTests.swift",
"MissingEnvironmentNameTests.swift",
"ModifierContentReconciliationTests.swift",
"NeedsSetupTests.swift",
"NodeTests.swift",
"ObservableElementEqualityTests.swift",
"ObservableObjectTests.swift",
"ObservationTests.swift",
"OffscreenClearDepthTests.swift",
"OffscreenVideoRendererTests.swift",
"OnChangeTests.swift",
"OnDisappearTests.swift",
"OptionalWorkloadTests.swift",
"ParameterBindingTests.swift",
"ParameterCollapseTests.swift",
"ParametersTests.swift",
"PipelineCacheTests.swift",
"PlatformAdaptorViewTests.swift",
"PresentationTests.swift",
"ReconciliationCostTests.swift",
"ReflectionTests.swift",
"RenderAttachmentFormatsTests.swift",
"RenderPipelineCacheTests.swift",
"RenderPipelineDescriptorTransformerTests.swift",
"RenderStateTests.swift",
"RenderTests.swift",
"RenderViewHostingTests.swift",
"RenderViewSupportTests.swift",
"RenderViewViewModelTests.swift",
"ResidencyTests.swift",
"ResourceCollectionTests.swift",
"RunnerTests.swift",
"ScratchStorageTests.swift",
"SelectiveRebuildTests.swift",
"SetupWorkloadElementTests.swift",
"ShaderDeviceTests.swift",
"ShaderFunctionTests.swift",
"ShaderLibraryLoaderTests.swift",
"ShaderLibraryMoreTests.swift",
"ShaderLibraryTests.swift",
"ShaderLibraryTypeMismatchTests.swift",
"ShaderLoaderGPUFreeTests.swift",
"ShaderParametersTests.swift",
"ShaderProvenancePublicTests.swift",
"ShadersTests.swift",
"SnapshotterTests.swift",
"StateBoxLifetimeTests.swift",
"StateTests.swift",
"StructuralIdentifierTests.swift",
"SubmissionCompletionTests.swift",
"SubmissionTests.swift",
"SubtreeExtentTests.swift",
"Support/Golden.swift",
"Support/RequiresMetal4.swift",
"Support/Support.swift",
"Support/TestOffscreenRenderer.swift",
"SupportTests.swift",
"SystemEnvironmentTests.swift",
"SystemProcessTests.swift",
"SystemRenderTests.swift",
"SystemSnapshotMoreTests.swift",
"SystemSnapshotTests.swift",
"SystemTests.swift",
"TextureUsageTests.swift",
"TreeReconcilerTests.swift",
"UVEnvironmentValuesTests.swift",
"UberTest.swift",
"UseResourceTests.swift",
"VideoExportTests.swift",
"ViewInspectorTests.swift",
"VisibleFunctionTableTests.swift",
"WorkloadEnabledTests.swift",
"WorkloadErrorUnwindTests.swift",
"YCbCrBillboardRenderPassTests.swift",
"YCbCrBillboardTests.swift"
],
"target_dependencies" : [
"MetalSprockets",
"MetalSprocketsUI",
"MetalSprocketsSupport"
],
"type" : "test"
},
{
"c99name" : "MetalSprocketsSupport",
"module_type" : "SwiftTarget",
"name" : "MetalSprocketsSupport",
"path" : "Sources/MetalSprocketsSupport",
"product_dependencies" : [
"MetalSupport"
],
"product_memberships" : [
"MetalSprockets",
"MetalSprocketsUI",
"MetalSprocketsSupport"
],
"sources" : [
"BaseSupport.swift",
"CommandBufferLogging.swift",
"Error.swift",
"Logging.swift",
"MetalSprocketsSupportMacros.swift",
"ProcessInfo+Extensions.swift",
"SystemEnvironment.swift"
],
"target_dependencies" : [
"MetalSprocketsMacros"
],
"type" : "library"
},
{
"c99name" : "MetalSprocketsShaders",
"module_type" : "ClangTarget",
"name" : "MetalSprocketsShaders",
"path" : "Sources/MetalSprocketsShaders",
"product_memberships" : [
"MetalSprocketsShaders"
],
"sources" : [
"MetalSprocketsShaders.m"
],
"type" : "library"
},
{
"c99name" : "MetalSprocketsMacros",
"module_type" : "SwiftTarget",
"name" : "MetalSprocketsMacros",
"path" : "Sources/MetalSprocketsMacros",
"product_dependencies" : [
"SwiftSyntaxMacros",
"SwiftCompilerPlugin"
],
"product_memberships" : [
"MetalSprockets",
"MetalSprocketsUI",
"MetalSprocketsSupport",
"MetalSprocketsMacros"
],
"sources" : [
"MetalSprocketsMacros.swift",
"UVEntryMacro.swift"
],
"type" : "macro"
},
{
"c99name" : "MetalSprockets",
"module_type" : "SwiftTarget",
"name" : "MetalSprockets",
"path" : "Sources/MetalSprockets",
"product_dependencies" : [
"MetalSupport"
],
"product_memberships" : [
"MetalSprockets",
"MetalSprocketsUI"
],
"sources" : [
"Core/AnyBodylessElement.swift",
"Core/AnyElement.swift",
"Core/Binding.swift",
"Core/BodylessContentElement.swift",
"Core/BodylessElement.swift",
"Core/ConditionalContent.swift",
"Core/DynamicProperty.swift",
"Core/Element+Dump.swift",
"Core/Element+Extensions.swift",
"Core/Element+SystemExtensions.swift",
"Core/Element.swift",
"Core/ElementBuilder.swift",
"Core/ElementTypeIdentifier.swift",
"Core/EmptyElement.swift",
"Core/EnvironmentReader.swift",
"Core/EnvironmentValues.swift",
"Core/EnvironmentWritingModifier.swift",
"Core/ForEach.swift",
"Core/Group.swift",
"Core/IdentifiedElement.swift",
"Core/LoggingElement.swift",
"Core/Node.swift",
"Core/NodeElementCache.swift",
"Core/ObservedObject.swift",
"Core/OnChange.swift",
"Core/OnDisappearModifier.swift",
"Core/Optional+Element.swift",
"Core/Snapshotter.swift",
"Core/State.swift",
"Core/StateBox.swift",
"Core/StructuralIdentifier.swift",
"Core/System+Dump.swift",
"Core/System+Process.swift",
"Core/System+Snapshot.swift",
"Core/System+Support.swift",
"Core/System.swift",
"Core/SystemSnapshot.swift",
"Core/TraversalContext.swift",
"Core/TreeReconciler.swift",
"Core/TupleElement.swift",
"Core/WorkloadEnabledModifier.swift",
"Metal/ArgumentTablePool.swift",
"Metal/BarrierElements.swift",
"Metal/CaptureModifier.swift",
"Metal/CommandResources.swift",
"Metal/ComputeDispatch.swift",
"Metal/ComputePass.swift",
"Metal/CoreElements.swift",
"Metal/DebugGroupModifier.swift",
"Metal/DepthBiasModifier.swift",
"Metal/DepthStencilKey.swift",
"Metal/Diagnostics.swift",
"Metal/Draw.swift",
"Metal/FunctionConstants.swift",
"Metal/FunctionTables.swift",
"Metal/FunctionTypes.swift",
"Metal/GPUCounters.swift",
"Metal/GPUTimestampSampling.swift",
"Metal/IndexedDraw.swift",
"Metal/MSAAModifier.swift",
"Metal/MeshRenderPipeline.swift",
"Metal/MetalContext.swift",
"Metal/MetalFXSpatial.swift",
"Metal/MetalFXSynchronization.swift",
"Metal/MetalFXTemporal.swift",
"Metal/ParameterSet.swift",
"Metal/Parameters.swift",
"Metal/PassEncoders.swift",
"Metal/PipelineCache.swift",
"Metal/Presentation.swift",
"Metal/Recording.swift",
"Metal/RecordingScope.swift",
"Metal/Reflection.swift",
"Metal/RenderAttachmentFormats.swift",
"Metal/RenderPass.swift",
"Metal/RenderPassDescriptorModifier.swift",
"Metal/RenderPipeline.swift",
"Metal/RenderPipelineDescriptorTransformer.swift",
"Metal/ResidencyConfiguration.swift",
"Metal/ResidencyTracker.swift",
"Metal/ResourceCollection.swift",
"Metal/ResultDelivery.swift",
"Metal/ScratchArena.swift",
"Metal/SetupModifier.swift",
"Metal/ShaderCache.swift",
"Metal/ShaderDeviceCheck.swift",
"Metal/ShaderFunction.swift",
"Metal/ShaderLibrary.swift",
"Metal/ShaderLoader.swift",
"Metal/ShaderNamespace.swift",
"Metal/ShaderStore.swift",
"Metal/Shaders.swift",
"Metal/Submission.swift",
"Metal/SubmissionCallbacks.swift",
"Metal/SubmissionCompletion.swift",
"Metal/SubmissionResult.swift",
"Metal/UVEnvironmentValues+Implementation.swift",
"Metal/VertexShader+Extensions.swift",
"Metal/VisibleFunctionTableModifier.swift",
"Metal/WorkloadModifier.swift",
"Roots/Element+Run.swift",
"Roots/FrameRenderer.swift",
"Roots/FrameRunner.swift",
"Roots/OffscreenRenderer.swift",
"Roots/OffscreenVideoRenderer.swift",
"Roots/Runner.swift",
"Roots/VideoFrameWriter.swift",
"Support/Box.swift",
"Support/Logging.swift",
"Support/Support.swift",
"Support/WeakBox.swift",
"Support/isEqual.swift"
],
"target_dependencies" : [
"MetalSprocketsSupport"
],
"type" : "library"
}
],
"tools_version" : "6.2"
}
{
"workspace" : {
"name" : "spi-builder-workspace",
"schemes" : [
"MetalSprockets",
"MetalSprockets-Package",
"MetalSprocketsShaders",
"MetalSprocketsSupport",
"MetalSprocketsUI",
"MetalSprocketsUIShaders"
]
}
}
2026-10-10 03:40:54.807 xcodebuild[1990:10930] [MT] IDERunDestination: Supported platforms for the buildables in the current scheme is empty.
Running build ...
env DEVELOPER_DIR=/Applications/Xcode-26.3.0.app xcrun xcodebuild -IDEClonedSourcePackagesDirPathOverride=$PWD/.dependencies -skipMacroValidation -skipPackagePluginValidation -derivedDataPath $PWD/.derivedData build -scheme MetalSprockets-Package -destination generic/platform=watchOS
Command line invocation:
/Applications/Xcode-26.3.0.app/Contents/Developer/usr/bin/xcodebuild -IDEClonedSourcePackagesDirPathOverride=/Users/admin/builder/spi-builder-workspace/.dependencies -skipMacroValidation -skipPackagePluginValidation -derivedDataPath /Users/admin/builder/spi-builder-workspace/.derivedData build -scheme MetalSprockets-Package -destination generic/platform=watchOS
Resolve Package Graph
Resolved source packages:
MetalCompilerPlugin: https://github.com/schwa/MetalCompilerPlugin @ 0.4.1
SymbolKit: https://github.com/swiftlang/swift-docc-symbolkit @ 1.0.0
SwiftDocCPlugin: https://github.com/swiftlang/swift-docc-plugin @ 1.5.0
MetalSprockets: /Users/admin/builder/spi-builder-workspace
GeometryLite3D: https://github.com/schwa/GeometryLite3D @ 0.1.1
swift-collections: https://github.com/apple/swift-collections.git @ 1.7.2
swift-numerics: https://github.com/apple/swift-numerics.git @ 1.1.1
swift-syntax: https://github.com/swiftlang/swift-syntax.git @ 602.0.0
swift-argument-parser: https://github.com/apple/swift-argument-parser @ 1.8.2
ViewInspector: https://github.com/nalexn/ViewInspector @ 0.10.5
MetalSupport: https://github.com/schwa/MetalSupport @ 1.0.6
GoldenImage: https://github.com/schwa/GoldenImage @ 0.1.5 (3701668)
ComputePackagePrebuildTargetDependencyGraph
Prepare packages
Compile plug-in “MetalCompilerPlugin” in package “metalcompilerplugin”
[debug]: Compiling plugin to executable at /Users/admin/builder/spi-builder-workspace/.derivedData/Build/Products/PluginExecutables/MetalCompilerPlugin
[debug]: Using compiler /Applications/Xcode-26.3.0.app/Contents/Developer/Toolchains/XcodeDefault.xctoolchain/usr/bin/swiftc
[debug]: Plugin compilation output directory '/Users/admin/builder/spi-builder-workspace/.derivedData/Build/Products/PluginExecutables'
[debug]: Computed hash of plugin compilation inputs: 9d9d0de3713c25bc60b5ecca9eebb87776a8be2559ed818474afd0f940b4b194
Apply build tool plug-in “MetalCompilerPlugin” to target “MetalSprocketsUIShaders” in package “spi-builder-workspace”
Using configuration from 'metal-compiler-plugin.json'🔨 Current working directory: /Users/admin/builder/spi-builder-workspace🔨 Input environment:🔨 DEVELOPER_DIR: /Applications/Xcode-26.3.0.app/Contents/Developer🔨 GIT_DEPTH: 1🔨 JAVA_HOME: /Users/admin/.sdkman/candidates/java/current🔨 MANPATH: /Library/Developer/CommandLineTools/SDKs/MacOSX.sdk/usr/share/man:/Applications/Xcode-26.3.0.app/Contents/Developer/Platforms/MacOSX.platform/usr/share/man:/Applications/Xcode-26.3.0.app/Contents/Developer/usr/share/man:/Applications/Xcode-26.3.0.app/Contents/Developer/Toolchains/XcodeDefault.xctoolchain/usr/share/man:🔨 PATH: /Applications/Xcode-26.3.0.app/Contents/Developer/usr/bin:/opt/homebrew/bin:/opt/homebrew/sbin:/usr/local/bin:/System/Cryptexes/App/usr/bin:/usr/bin:/bin:/usr/sbin:/sbin:/var/run/com.apple.security.cryptexd/codex.system/bootstrap/usr/local/bin:/var/run/com.apple.security.cryptexd/codex.system/bootstrap/usr/bin:/var/run/com.apple.security.cryptexd/codex.system/bootstrap/usr/appleinternal/bin:/opt/pkg/env/active/bin:/opt/pmk/env/global/bin:/Library/Apple/usr/bin🔨 PWD: /Users/admin/builder🔨 SHELL: /bin/zsh🔨 SPI_BUILD: 1🔨 SPI_BUILDER: 1🔨 SPI_PROCESSING: 1🔨 TMPDIR: /var/folders/xq/y_g06wb113726d38xsyx71_h0000gn/T/🔨 UsePerConfigurationBuildLocations: YES🔨 __CF_USER_TEXT_ENCODING: 0x1F5:0x0:0x0🔨 Using xcrun to find metal compiler🔨 Debug flags: -gline-tables-only -frecord-sources🔨 Release flags: 🔨 Planning-time isDebug (CLI fallback): true🔨 Metal logging enabled🔨 Cache directory: /Users/admin/builder/spi-builder-workspace/.derivedData/Build/Intermediates.noindex/BuildToolPluginIntermediates/spi-builder-workspace.output/MetalSprocketsUIShaders/MetalCompilerPlugin/cache🔨 Including dependency include path(s)🔨 Found 0 dependency include path(s)🔨 Adding 1 custom include path(s)🔨 -I /Users/admin/builder/spi-builder-workspace/Sources/MetalSprocketsUIShaders/include🔨 Compiling 1 input file(s)🔨 Input files: /Users/admin/builder/spi-builder-workspace/Sources/MetalSprocketsUIShaders/Metal/YCbCrBillboard.metal🔨 Output: default.metallib🔨 Custom TMPDIR: /private/tmp🔨 Build command environment:🔨 TMPDIR: /private/tmp🔨 Wrapper script:
mode=debug
if [ -n "$CONFIGURATION_BUILD_DIR" ]; then mode="$CONFIGURATION"; fi
case "$mode" in
Debug|debug) set -- '-gline-tables-only' '-frecord-sources' ;;
*) set -- ;;
esac
exec '/usr/bin/xcrun' 'metal' "$@" '-fmetal-enable-logging' '-fmodules-cache-path=/Users/admin/builder/spi-builder-workspace/.derivedData/Build/Intermediates.noindex/BuildToolPluginIntermediates/spi-builder-workspace.output/MetalSprocketsUIShaders/MetalCompilerPlugin/cache' '-I' '/Users/admin/builder/spi-builder-workspace/Sources/MetalSprocketsUIShaders/include' '/Users/admin/builder/spi-builder-workspace/Sources/MetalSprocketsUIShaders/Metal/YCbCrBillboard.metal' '-o' '/Users/admin/builder/spi-builder-workspace/.derivedData/Build/Intermediates.noindex/BuildToolPluginIntermediates/spi-builder-workspace.output/MetalSprocketsUIShaders/MetalCompilerPlugin/default.metallib' '-DMETAL'
Process build tool plug-in results
package: <IDESwiftPackageCore.IDESwiftPackage:0xab9ab8000 path:'/Users/admin/builder/spi-builder-workspace'>
target: MetalSprocketsUIShaders
prebuildCommandOutputPaths: []
buildCommands: [SwiftPM.SPMCustomBuildCommand(displayName: Optional("metal"), executable: "/bin/sh", arguments: ["-c", "mode=debug\nif [ -n \"$CONFIGURATION_BUILD_DIR\" ]; then mode=\"$CONFIGURATION\"; fi\ncase \"$mode\" in\n Debug|debug) set -- \'-gline-tables-only\' \'-frecord-sources\' ;;\n *) set -- ;;\nesac\nexec \'/usr/bin/xcrun\' \'metal\' \"$@\" \'-fmetal-enable-logging\' \'-fmodules-cache-path=/Users/admin/builder/spi-builder-workspace/.derivedData/Build/Intermediates.noindex/BuildToolPluginIntermediates/spi-builder-workspace.output/MetalSprocketsUIShaders/MetalCompilerPlugin/cache\' \'-I\' \'/Users/admin/builder/spi-builder-workspace/Sources/MetalSprocketsUIShaders/include\' \'/Users/admin/builder/spi-builder-workspace/Sources/MetalSprocketsUIShaders/Metal/YCbCrBillboard.metal\' \'-o\' \'/Users/admin/builder/spi-builder-workspace/.derivedData/Build/Intermediates.noindex/BuildToolPluginIntermediates/spi-builder-workspace.output/MetalSprocketsUIShaders/MetalCompilerPlugin/default.metallib\' \'-DMETAL\'"], environment: ["TMPDIR": "/private/tmp"], workingDir: nil, inputPaths: [SwiftPM.SPMAbsolutePath(absolutePath: <AbsolutePath:"/Users/admin/builder/spi-builder-workspace/Sources/MetalSprocketsUIShaders/Metal/YCbCrBillboard.metal">)], outputPaths: ["/Users/admin/builder/spi-builder-workspace/.derivedData/Build/Intermediates.noindex/BuildToolPluginIntermediates/spi-builder-workspace.output/MetalSprocketsUIShaders/MetalCompilerPlugin/default.metallib"], sandboxProfile: Optional(SwiftPM.SPMSandboxProfile(strictness: Basics.Sandbox.Strictness.writableTemporaryDirectory, writableDirectories: [<AbsolutePath:"/Users/admin/builder/spi-builder-workspace/.derivedData/Build/Intermediates.noindex/BuildToolPluginIntermediates/spi-builder-workspace.output/MetalSprocketsUIShaders/MetalCompilerPlugin">], readOnlyDirectories: [<AbsolutePath:"/Users/admin/builder/spi-builder-workspace">])))]
allDerivedOutputPaths: [SwiftPM.SPMAbsolutePath(absolutePath: <AbsolutePath:"/Users/admin/builder/spi-builder-workspace/.derivedData/Build/Intermediates.noindex/BuildToolPluginIntermediates/spi-builder-workspace.output/MetalSprocketsUIShaders/MetalCompilerPlugin/default.metallib">)]
CreateBuildRequest
SendProjectDescription
CreateBuildOperation
ComputeTargetDependencyGraph
note: Building targets in dependency order
note: Target dependency graph (19 targets)
Target 'MetalSprocketsUIShaders' in project 'MetalSprockets'
➜ Explicit dependency on target 'MetalSprocketsUIShaders' in project 'MetalSprockets'
➜ Explicit dependency on target 'MetalCompilerPlugin' in project 'MetalCompilerPlugin'
Target 'MetalSprocketsUI' in project 'MetalSprockets'
➜ Explicit dependency on target 'MetalSprocketsUI' in project 'MetalSprockets'
➜ Explicit dependency on target 'MetalSprocketsMacros' in project 'MetalSprockets'
➜ Explicit dependency on target 'MetalSprocketsSupport' in project 'MetalSprockets'
➜ Explicit dependency on target 'MetalSprockets' in project 'MetalSprockets'
➜ Explicit dependency on target 'MetalCompilerPlugin' in project 'MetalCompilerPlugin'
➜ Explicit dependency on target 'MetalSprocketsUIShaders' in project 'MetalSprockets'
➜ Explicit dependency on target 'MetalSupport' in project 'MetalSupport'
Target 'MetalSprocketsUI' in project 'MetalSprockets'
➜ Explicit dependency on target 'MetalSprocketsMacros' in project 'MetalSprockets'
➜ Explicit dependency on target 'MetalSprocketsSupport' in project 'MetalSprockets'
➜ Explicit dependency on target 'MetalSprockets' in project 'MetalSprockets'
➜ Explicit dependency on target 'MetalCompilerPlugin' in project 'MetalCompilerPlugin'
➜ Explicit dependency on target 'MetalSprocketsUIShaders' in project 'MetalSprockets'
➜ Explicit dependency on target 'MetalSupport' in project 'MetalSupport'
Target 'MetalSprocketsUIShaders' in project 'MetalSprockets'
➜ Explicit dependency on target 'MetalSprockets_MetalSprocketsUIShaders' in project 'MetalSprockets'
➜ Explicit dependency on target 'MetalCompilerPlugin' in project 'MetalCompilerPlugin'
Target 'MetalSprockets_MetalSprocketsUIShaders' in project 'MetalSprockets'
➜ Explicit dependency on target 'MetalCompilerPlugin' in project 'MetalCompilerPlugin'
Target 'MetalCompilerPlugin' in project 'MetalCompilerPlugin'
➜ Explicit dependency on target 'MetalCompilerPlugin' in project 'MetalCompilerPlugin'
Target 'MetalCompilerPlugin' in project 'MetalCompilerPlugin' (no dependencies)
Target 'MetalSprocketsSupport' in project 'MetalSprockets'
➜ Explicit dependency on target 'MetalSprocketsSupport' in project 'MetalSprockets'
➜ Explicit dependency on target 'MetalSprocketsMacros' in project 'MetalSprockets'
➜ Explicit dependency on target 'MetalSupport' in project 'MetalSupport'
Target 'MetalSprocketsShaders' in project 'MetalSprockets'
➜ Explicit dependency on target 'MetalSprocketsShaders' in project 'MetalSprockets'
Target 'MetalSprocketsShaders' in project 'MetalSprockets' (no dependencies)
Target 'MetalSprockets' in project 'MetalSprockets'
➜ Explicit dependency on target 'MetalSprockets' in project 'MetalSprockets'
➜ Explicit dependency on target 'MetalSprocketsMacros' in project 'MetalSprockets'
➜ Explicit dependency on target 'MetalSprocketsSupport' in project 'MetalSprockets'
➜ Explicit dependency on target 'MetalSupport' in project 'MetalSupport'
Target 'MetalSprockets' in project 'MetalSprockets'
➜ Explicit dependency on target 'MetalSprocketsMacros' in project 'MetalSprockets'
➜ Explicit dependency on target 'MetalSprocketsSupport' in project 'MetalSprockets'
➜ Explicit dependency on target 'MetalSupport' in project 'MetalSupport'
Target 'MetalSprocketsSupport' in project 'MetalSprockets'
➜ Explicit dependency on target 'MetalSprocketsMacros' in project 'MetalSprockets'
➜ Explicit dependency on target 'MetalSupport' in project 'MetalSupport'
Target 'MetalSupport' in project 'MetalSupport'
➜ Explicit dependency on target 'MetalSupport' in project 'MetalSupport'
➜ Explicit dependency on target 'OrderedCollections' in project 'swift-collections'
Target 'MetalSupport' in project 'MetalSupport'
➜ Explicit dependency on target 'OrderedCollections' in project 'swift-collections'
Target 'OrderedCollections' in project 'swift-collections'
➜ Explicit dependency on target 'OrderedCollections' in project 'swift-collections'
➜ Explicit dependency on target 'InternalCollectionsUtilities' in project 'swift-collections'
Target 'OrderedCollections' in project 'swift-collections'
➜ Explicit dependency on target 'InternalCollectionsUtilities' in project 'swift-collections'
Target 'InternalCollectionsUtilities' in project 'swift-collections' (no dependencies)
Target 'MetalSprocketsMacros' in project 'MetalSprockets' (no dependencies)
GatherProvisioningInputs
CreateBuildDescription
ClangStatCache /Applications/Xcode-26.3.0.app/Contents/Developer/Toolchains/XcodeDefault.xctoolchain/usr/bin/clang-stat-cache /Applications/Xcode-26.3.0.app/Contents/Developer/Platforms/MacOSX.platform/Developer/SDKs/MacOSX26.2.sdk /Users/admin/builder/spi-builder-workspace/.derivedData/SDKStatCaches.noindex/macosx26.2-25C58-dc75598d0054f22ec865fa860f139d726b10091eae1b9012e514a50b0de53ce7.sdkstatcache
cd /Users/admin/builder/spi-builder-workspace/.swiftpm/xcode
/Applications/Xcode-26.3.0.app/Contents/Developer/Toolchains/XcodeDefault.xctoolchain/usr/bin/clang-stat-cache /Applications/Xcode-26.3.0.app/Contents/Developer/Platforms/MacOSX.platform/Developer/SDKs/MacOSX26.2.sdk -o /Users/admin/builder/spi-builder-workspace/.derivedData/SDKStatCaches.noindex/macosx26.2-25C58-dc75598d0054f22ec865fa860f139d726b10091eae1b9012e514a50b0de53ce7.sdkstatcache
ClangStatCache /Applications/Xcode-26.3.0.app/Contents/Developer/Toolchains/XcodeDefault.xctoolchain/usr/bin/clang-stat-cache /Applications/Xcode-26.3.0.app/Contents/Developer/Platforms/WatchOS.platform/Developer/SDKs/WatchOS26.2.sdk /Users/admin/builder/spi-builder-workspace/.derivedData/SDKStatCaches.noindex/watchos26.2-23S303-dc75598d0054f22ec865fa860f139d721753b489057de6bda919edfa1c59a62b.sdkstatcache
cd /Users/admin/builder/spi-builder-workspace/.swiftpm/xcode
/Applications/Xcode-26.3.0.app/Contents/Developer/Toolchains/XcodeDefault.xctoolchain/usr/bin/clang-stat-cache /Applications/Xcode-26.3.0.app/Contents/Developer/Platforms/WatchOS.platform/Developer/SDKs/WatchOS26.2.sdk -o /Users/admin/builder/spi-builder-workspace/.derivedData/SDKStatCaches.noindex/watchos26.2-23S303-dc75598d0054f22ec865fa860f139d721753b489057de6bda919edfa1c59a62b.sdkstatcache
CreateUniversalBinary /Users/admin/builder/spi-builder-workspace/.derivedData/Build/Products/Debug-watchos/OrderedCollections.o normal arm64\ armv7k\ arm64_32 (in target 'OrderedCollections' from project 'swift-collections')
cd /Users/admin/builder/spi-builder-workspace/.dependencies/checkouts/swift-collections
/Applications/Xcode-26.3.0.app/Contents/Developer/Toolchains/XcodeDefault.xctoolchain/usr/bin/lipo -create /Users/admin/builder/spi-builder-workspace/.derivedData/Build/Intermediates.noindex/swift-collections.build/Debug-watchos/OrderedCollections.build/Objects-normal/arm64/Binary/OrderedCollections.o /Users/admin/builder/spi-builder-workspace/.derivedData/Build/Intermediates.noindex/swift-collections.build/Debug-watchos/OrderedCollections.build/Objects-normal/armv7k/Binary/OrderedCollections.o /Users/admin/builder/spi-builder-workspace/.derivedData/Build/Intermediates.noindex/swift-collections.build/Debug-watchos/OrderedCollections.build/Objects-normal/arm64_32/Binary/OrderedCollections.o -output /Users/admin/builder/spi-builder-workspace/.derivedData/Build/Products/Debug-watchos/OrderedCollections.o
SwiftDriver MetalSupport normal arm64_32 com.apple.xcode.tools.swift.compiler (in target 'MetalSupport' from project 'MetalSupport')
cd /Users/admin/builder/spi-builder-workspace/.swiftpm/xcode
builtin-SwiftDriver -- /Applications/Xcode-26.3.0.app/Contents/Developer/Toolchains/XcodeDefault.xctoolchain/usr/bin/swiftc -module-name MetalSupport -Onone -enforce-exclusivity\=checked @/Users/admin/builder/spi-builder-workspace/.derivedData/Build/Intermediates.noindex/MetalSupport.build/Debug-watchos/MetalSupport.build/Objects-normal/arm64_32/MetalSupport.SwiftFileList -DSWIFT_PACKAGE -DDEBUG -DSWIFT_MODULE_RESOURCE_BUNDLE_UNAVAILABLE -DXcode -plugin-path /Applications/Xcode-26.3.0.app/Contents/Developer/Toolchains/XcodeDefault.xctoolchain/usr/lib/swift/host/plugins/testing -enable-experimental-feature DebugDescriptionMacro -sdk /Applications/Xcode-26.3.0.app/Contents/Developer/Platforms/WatchOS.platform/Developer/SDKs/WatchOS26.2.sdk -target arm64_32-apple-watchos11.0 -g -module-cache-path /Users/admin/builder/spi-builder-workspace/.derivedData/ModuleCache.noindex -Xfrontend -serialize-debugging-options -profile-coverage-mapping -profile-generate -enable-testing -suppress-warnings -index-store-path /Users/admin/builder/spi-builder-workspace/.derivedData/Index.noindex/DataStore -Xcc -D_LIBCPP_HARDENING_MODE\=_LIBCPP_HARDENING_MODE_DEBUG -swift-version 6 -I /Users/admin/builder/spi-builder-workspace/.derivedData/Build/Products/Debug-watchos -Isystem /Applications/Xcode-26.3.0.app/Contents/Developer/Platforms/WatchOS.platform/Developer/usr/lib -F /Users/admin/builder/spi-builder-workspace/.derivedData/Build/Products/Debug-watchos/PackageFrameworks -F /Users/admin/builder/spi-builder-workspace/.derivedData/Build/Products/Debug-watchos/PackageFrameworks -F /Users/admin/builder/spi-builder-workspace/.derivedData/Build/Products/Debug-watchos -F /Applications/Xcode-26.3.0.app/Contents/Developer/Platforms/WatchOS.platform/Developer/Library/Frameworks -F /Applications/Xcode-26.3.0.app/Contents/Developer/Platforms/WatchOS.platform/Developer/SDKs/WatchOS26.2.sdk/Developer/Library/Frameworks -c -j10 -enable-batch-mode -incremental -Xcc -ivfsstatcache -Xcc /Users/admin/builder/spi-builder-workspace/.derivedData/SDKStatCaches.noindex/watchos26.2-23S303-dc75598d0054f22ec865fa860f139d721753b489057de6bda919edfa1c59a62b.sdkstatcache -output-file-map /Users/admin/builder/spi-builder-workspace/.derivedData/Build/Intermediates.noindex/MetalSupport.build/Debug-watchos/MetalSupport.build/Objects-normal/arm64_32/MetalSupport-OutputFileMap.json -use-frontend-parseable-output -save-temps -no-color-diagnostics -explicit-module-build -module-cache-path /Users/admin/builder/spi-builder-workspace/.derivedData/Build/Intermediates.noindex/SwiftExplicitPrecompiledModules -clang-scanner-module-cache-path /Users/admin/builder/spi-builder-workspace/.derivedData/ModuleCache.noindex -sdk-module-cache-path /Users/admin/builder/spi-builder-workspace/.derivedData/ModuleCache.noindex -serialize-diagnostics -emit-dependencies -emit-module -emit-module-path /Users/admin/builder/spi-builder-workspace/.derivedData/Build/Intermediates.noindex/MetalSupport.build/Debug-watchos/MetalSupport.build/Objects-normal/arm64_32/MetalSupport.swiftmodule -user-module-version 1.0.6 -validate-clang-modules-once -clang-build-session-file /Users/admin/builder/spi-builder-workspace/.derivedData/ModuleCache.noindex/Session.modulevalidation -package-name metalsupport -Xcc -I/Users/admin/builder/spi-builder-workspace/.derivedData/Build/Intermediates.noindex/MetalSupport.build/Debug-watchos/MetalSupport.build/swift-overrides.hmap -emit-const-values -Xfrontend -const-gather-protocols-file -Xfrontend /Users/admin/builder/spi-builder-workspace/.derivedData/Build/Intermediates.noindex/MetalSupport.build/Debug-watchos/MetalSupport.build/Objects-normal/arm64_32/MetalSupport_const_extract_protocols.json -Xcc -I/Users/admin/builder/spi-builder-workspace/.derivedData/Build/Products/Debug-watchos/include -Xcc -I/Users/admin/builder/spi-builder-workspace/.derivedData/Build/Intermediates.noindex/MetalSupport.build/Debug-watchos/MetalSupport.build/DerivedSources-normal/arm64_32 -Xcc -I/Users/admin/builder/spi-builder-workspace/.derivedData/Build/Intermediates.noindex/MetalSupport.build/Debug-watchos/MetalSupport.build/DerivedSources/arm64_32 -Xcc -I/Users/admin/builder/spi-builder-workspace/.derivedData/Build/Intermediates.noindex/MetalSupport.build/Debug-watchos/MetalSupport.build/DerivedSources -Xcc -DSWIFT_PACKAGE -Xcc -DDEBUG\=1 -emit-objc-header -emit-objc-header-path /Users/admin/builder/spi-builder-workspace/.derivedData/Build/Intermediates.noindex/MetalSupport.build/Debug-watchos/MetalSupport.build/Objects-normal/arm64_32/MetalSupport-Swift.h -working-directory /Users/admin/builder/spi-builder-workspace/.swiftpm/xcode -experimental-emit-module-separately -disable-cmo
/Users/admin/builder/spi-builder-workspace/.dependencies/checkouts/MetalSupport/Sources/MetalSupport/DebugGroup.swift:1:8: error: Unable to find module dependency: 'Metal'
import Metal
^ (in target 'MetalSupport' from project 'MetalSupport')
/Users/admin/builder/spi-builder-workspace/.dependencies/checkouts/MetalSupport/Sources/MetalSupport/DebugGroup.swift:1:8: note: A dependency of main module 'MetalSupport'
import Metal
^ (in target 'MetalSupport' from project 'MetalSupport')
/Users/admin/builder/spi-builder-workspace/.dependencies/checkouts/MetalSupport/Sources/MetalSupport/DescriptorInits.swift:1:8: note: Also imported here
import Metal
^ (in target 'MetalSupport' from project 'MetalSupport')
/Users/admin/builder/spi-builder-workspace/.dependencies/checkouts/MetalSupport/Sources/MetalSupport/DrawHelpers.swift:1:8: note: Also imported here
import Metal
^ (in target 'MetalSupport' from project 'MetalSupport')
/Users/admin/builder/spi-builder-workspace/.dependencies/checkouts/MetalSupport/Sources/MetalSupport/Labeled.swift:1:8: note: Also imported here
import Metal
^ (in target 'MetalSupport' from project 'MetalSupport')
/Users/admin/builder/spi-builder-workspace/.dependencies/checkouts/MetalSupport/Sources/MetalSupport/MTLBuffer+Extensions.swift:2:8: note: Also imported here
import Metal
^ (in target 'MetalSupport' from project 'MetalSupport')
/Users/admin/builder/spi-builder-workspace/.dependencies/checkouts/MetalSupport/Sources/MetalSupport/MTLCommandBuffer+Extensions.swift:1:8: note: Also imported here
import Metal
^ (in target 'MetalSupport' from project 'MetalSupport')
/Users/admin/builder/spi-builder-workspace/.dependencies/checkouts/MetalSupport/Sources/MetalSupport/MTLCommandBufferDescriptor+Extensions.swift:1:8: note: Also imported here
import Metal
^ (in target 'MetalSupport' from project 'MetalSupport')
/Users/admin/builder/spi-builder-workspace/.dependencies/checkouts/MetalSupport/Sources/MetalSupport/MTLCommandQueue+Extensions.swift:1:8: note: Also imported here
import Metal
^ (in target 'MetalSupport' from project 'MetalSupport')
/Users/admin/builder/spi-builder-workspace/.dependencies/checkouts/MetalSupport/Sources/MetalSupport/MTLDevice+Capabilities.swift:1:8: note: Also imported here
import Metal
^ (in target 'MetalSupport' from project 'MetalSupport')
/Users/admin/builder/spi-builder-workspace/.dependencies/checkouts/MetalSupport/Sources/MetalSupport/MTLDevice+Extensions.swift:1:8: note: Also imported here
import Metal
^ (in target 'MetalSupport' from project 'MetalSupport')
/Users/admin/builder/spi-builder-workspace/.dependencies/checkouts/MetalSupport/Sources/MetalSupport/MTLFunction+Extensions.swift:1:8: note: Also imported here
import Metal
^ (in target 'MetalSupport' from project 'MetalSupport')
/Users/admin/builder/spi-builder-workspace/.dependencies/checkouts/MetalSupport/Sources/MetalSupport/MTLGeometry+Extensions.swift:2:8: note: Also imported here
import Metal
^ (in target 'MetalSupport' from project 'MetalSupport')
/Users/admin/builder/spi-builder-workspace/.dependencies/checkouts/MetalSupport/Sources/MetalSupport/MTLIndexType+Extensions.swift:1:8: note: Also imported here
import Metal
^ (in target 'MetalSupport' from project 'MetalSupport')
/Users/admin/builder/spi-builder-workspace/.dependencies/checkouts/MetalSupport/Sources/MetalSupport/MTLPixelFormat+Extensions.swift:1:8: note: Also imported here
import Metal
^ (in target 'MetalSupport' from project 'MetalSupport')
/Users/admin/builder/spi-builder-workspace/.dependencies/checkouts/MetalSupport/Sources/MetalSupport/MTLTexture+Extensions.swift:3:8: note: Also imported here
import Metal
^ (in target 'MetalSupport' from project 'MetalSupport')
/Users/admin/builder/spi-builder-workspace/.dependencies/checkouts/MetalSupport/Sources/MetalSupport/MTLVertexDescriptor+Extensions.swift:1:8: note: Also imported here
import Metal
^ (in target 'MetalSupport' from project 'MetalSupport')
/Users/admin/builder/spi-builder-workspace/.dependencies/checkouts/MetalSupport/Sources/MetalSupport/MTLVertexFormat+Extensions.swift:1:8: note: Also imported here
import Metal
^ (in target 'MetalSupport' from project 'MetalSupport')
/Users/admin/builder/spi-builder-workspace/.dependencies/checkouts/MetalSupport/Sources/MetalSupport/Metal+SwiftUI.swift:1:8: note: Also imported here
import Metal
^ (in target 'MetalSupport' from project 'MetalSupport')
/Users/admin/builder/spi-builder-workspace/.dependencies/checkouts/MetalSupport/Sources/MetalSupport/UnsafeBytes.swift:1:8: note: Also imported here
import Metal
^ (in target 'MetalSupport' from project 'MetalSupport')
/Users/admin/builder/spi-builder-workspace/.dependencies/checkouts/MetalSupport/Sources/MetalSupport/VertexDescriptor.swift:1:8: note: Also imported here
import Metal
^ (in target 'MetalSupport' from project 'MetalSupport')
/Users/admin/builder/spi-builder-workspace/.dependencies/checkouts/MetalSupport/Sources/MetalSupport/DrawHelpers.swift:2:8: error: Unable to find module dependency: 'MetalKit'
import MetalKit
^ (in target 'MetalSupport' from project 'MetalSupport')
/Users/admin/builder/spi-builder-workspace/.dependencies/checkouts/MetalSupport/Sources/MetalSupport/DrawHelpers.swift:2:8: note: A dependency of main module 'MetalSupport'
import MetalKit
^ (in target 'MetalSupport' from project 'MetalSupport')
/Users/admin/builder/spi-builder-workspace/.dependencies/checkouts/MetalSupport/Sources/MetalSupport/MTKMesh+Extensions.swift:1:8: note: Also imported here
import MetalKit
^ (in target 'MetalSupport' from project 'MetalSupport')
/Users/admin/builder/spi-builder-workspace/.dependencies/checkouts/MetalSupport/Sources/MetalSupport/MTLDevice+Extensions.swift:2:8: note: Also imported here
import MetalKit
^ (in target 'MetalSupport' from project 'MetalSupport')
/Users/admin/builder/spi-builder-workspace/.dependencies/checkouts/MetalSupport/Sources/MetalSupport/MTLVertexDescriptor+Extensions.swift:2:8: note: Also imported here
import MetalKit
^ (in target 'MetalSupport' from project 'MetalSupport')
/Users/admin/builder/spi-builder-workspace/.dependencies/checkouts/MetalSupport/Sources/MetalSupport/MTLVertexDescriptor+Extensions.swift:3:8: error: Unable to find module dependency: 'ModelIO'
import ModelIO
^ (in target 'MetalSupport' from project 'MetalSupport')
/Users/admin/builder/spi-builder-workspace/.dependencies/checkouts/MetalSupport/Sources/MetalSupport/MTLVertexDescriptor+Extensions.swift:3:8: note: A dependency of main module 'MetalSupport'
import ModelIO
^ (in target 'MetalSupport' from project 'MetalSupport')
/Users/admin/builder/spi-builder-workspace/.dependencies/checkouts/MetalSupport/Sources/MetalSupport/MTLVertexFormat+Extensions.swift:2:8: note: Also imported here
import ModelIO
^ (in target 'MetalSupport' from project 'MetalSupport')
SwiftDriver MetalSupport normal arm64 com.apple.xcode.tools.swift.compiler (in target 'MetalSupport' from project 'MetalSupport')
cd /Users/admin/builder/spi-builder-workspace/.swiftpm/xcode
builtin-SwiftDriver -- /Applications/Xcode-26.3.0.app/Contents/Developer/Toolchains/XcodeDefault.xctoolchain/usr/bin/swiftc -module-name MetalSupport -Onone -enforce-exclusivity\=checked @/Users/admin/builder/spi-builder-workspace/.derivedData/Build/Intermediates.noindex/MetalSupport.build/Debug-watchos/MetalSupport.build/Objects-normal/arm64/MetalSupport.SwiftFileList -DSWIFT_PACKAGE -DDEBUG -DSWIFT_MODULE_RESOURCE_BUNDLE_UNAVAILABLE -DXcode -plugin-path /Applications/Xcode-26.3.0.app/Contents/Developer/Toolchains/XcodeDefault.xctoolchain/usr/lib/swift/host/plugins/testing -enable-experimental-feature DebugDescriptionMacro -sdk /Applications/Xcode-26.3.0.app/Contents/Developer/Platforms/WatchOS.platform/Developer/SDKs/WatchOS26.2.sdk -target arm64-apple-watchos11.0 -g -module-cache-path /Users/admin/builder/spi-builder-workspace/.derivedData/ModuleCache.noindex -Xfrontend -serialize-debugging-options -profile-coverage-mapping -profile-generate -enable-testing -suppress-warnings -index-store-path /Users/admin/builder/spi-builder-workspace/.derivedData/Index.noindex/DataStore -Xcc -D_LIBCPP_HARDENING_MODE\=_LIBCPP_HARDENING_MODE_DEBUG -swift-version 6 -I /Users/admin/builder/spi-builder-workspace/.derivedData/Build/Products/Debug-watchos -Isystem /Applications/Xcode-26.3.0.app/Contents/Developer/Platforms/WatchOS.platform/Developer/usr/lib -F /Users/admin/builder/spi-builder-workspace/.derivedData/Build/Products/Debug-watchos/PackageFrameworks -F /Users/admin/builder/spi-builder-workspace/.derivedData/Build/Products/Debug-watchos/PackageFrameworks -F /Users/admin/builder/spi-builder-workspace/.derivedData/Build/Products/Debug-watchos -F /Applications/Xcode-26.3.0.app/Contents/Developer/Platforms/WatchOS.platform/Developer/Library/Frameworks -F /Applications/Xcode-26.3.0.app/Contents/Developer/Platforms/WatchOS.platform/Developer/SDKs/WatchOS26.2.sdk/Developer/Library/Frameworks -c -j10 -enable-batch-mode -incremental -Xcc -ivfsstatcache -Xcc /Users/admin/builder/spi-builder-workspace/.derivedData/SDKStatCaches.noindex/watchos26.2-23S303-dc75598d0054f22ec865fa860f139d721753b489057de6bda919edfa1c59a62b.sdkstatcache -output-file-map /Users/admin/builder/spi-builder-workspace/.derivedData/Build/Intermediates.noindex/MetalSupport.build/Debug-watchos/MetalSupport.build/Objects-normal/arm64/MetalSupport-OutputFileMap.json -use-frontend-parseable-output -save-temps -no-color-diagnostics -explicit-module-build -module-cache-path /Users/admin/builder/spi-builder-workspace/.derivedData/Build/Intermediates.noindex/SwiftExplicitPrecompiledModules -clang-scanner-module-cache-path /Users/admin/builder/spi-builder-workspace/.derivedData/ModuleCache.noindex -sdk-module-cache-path /Users/admin/builder/spi-builder-workspace/.derivedData/ModuleCache.noindex -serialize-diagnostics -emit-dependencies -emit-module -emit-module-path /Users/admin/builder/spi-builder-workspace/.derivedData/Build/Intermediates.noindex/MetalSupport.build/Debug-watchos/MetalSupport.build/Objects-normal/arm64/MetalSupport.swiftmodule -user-module-version 1.0.6 -validate-clang-modules-once -clang-build-session-file /Users/admin/builder/spi-builder-workspace/.derivedData/ModuleCache.noindex/Session.modulevalidation -package-name metalsupport -Xcc -I/Users/admin/builder/spi-builder-workspace/.derivedData/Build/Intermediates.noindex/MetalSupport.build/Debug-watchos/MetalSupport.build/swift-overrides.hmap -emit-const-values -Xfrontend -const-gather-protocols-file -Xfrontend /Users/admin/builder/spi-builder-workspace/.derivedData/Build/Intermediates.noindex/MetalSupport.build/Debug-watchos/MetalSupport.build/Objects-normal/arm64/MetalSupport_const_extract_protocols.json -Xcc -I/Users/admin/builder/spi-builder-workspace/.derivedData/Build/Products/Debug-watchos/include -Xcc -I/Users/admin/builder/spi-builder-workspace/.derivedData/Build/Intermediates.noindex/MetalSupport.build/Debug-watchos/MetalSupport.build/DerivedSources-normal/arm64 -Xcc -I/Users/admin/builder/spi-builder-workspace/.derivedData/Build/Intermediates.noindex/MetalSupport.build/Debug-watchos/MetalSupport.build/DerivedSources/arm64 -Xcc -I/Users/admin/builder/spi-builder-workspace/.derivedData/Build/Intermediates.noindex/MetalSupport.build/Debug-watchos/MetalSupport.build/DerivedSources -Xcc -DSWIFT_PACKAGE -Xcc -DDEBUG\=1 -emit-objc-header -emit-objc-header-path /Users/admin/builder/spi-builder-workspace/.derivedData/Build/Intermediates.noindex/MetalSupport.build/Debug-watchos/MetalSupport.build/Objects-normal/arm64/MetalSupport-Swift.h -working-directory /Users/admin/builder/spi-builder-workspace/.swiftpm/xcode -experimental-emit-module-separately -disable-cmo
/Users/admin/builder/spi-builder-workspace/.dependencies/checkouts/MetalSupport/Sources/MetalSupport/DebugGroup.swift:1:8: error: Unable to find module dependency: 'Metal'
import Metal
^ (in target 'MetalSupport' from project 'MetalSupport')
/Users/admin/builder/spi-builder-workspace/.dependencies/checkouts/MetalSupport/Sources/MetalSupport/DebugGroup.swift:1:8: note: A dependency of main module 'MetalSupport'
import Metal
^ (in target 'MetalSupport' from project 'MetalSupport')
/Users/admin/builder/spi-builder-workspace/.dependencies/checkouts/MetalSupport/Sources/MetalSupport/DescriptorInits.swift:1:8: note: Also imported here
import Metal
^ (in target 'MetalSupport' from project 'MetalSupport')
/Users/admin/builder/spi-builder-workspace/.dependencies/checkouts/MetalSupport/Sources/MetalSupport/DrawHelpers.swift:1:8: note: Also imported here
import Metal
^ (in target 'MetalSupport' from project 'MetalSupport')
/Users/admin/builder/spi-builder-workspace/.dependencies/checkouts/MetalSupport/Sources/MetalSupport/Labeled.swift:1:8: note: Also imported here
import Metal
^ (in target 'MetalSupport' from project 'MetalSupport')
/Users/admin/builder/spi-builder-workspace/.dependencies/checkouts/MetalSupport/Sources/MetalSupport/MTLBuffer+Extensions.swift:2:8: note: Also imported here
import Metal
^ (in target 'MetalSupport' from project 'MetalSupport')
/Users/admin/builder/spi-builder-workspace/.dependencies/checkouts/MetalSupport/Sources/MetalSupport/MTLCommandBuffer+Extensions.swift:1:8: note: Also imported here
import Metal
^ (in target 'MetalSupport' from project 'MetalSupport')
/Users/admin/builder/spi-builder-workspace/.dependencies/checkouts/MetalSupport/Sources/MetalSupport/MTLCommandBufferDescriptor+Extensions.swift:1:8: note: Also imported here
import Metal
^ (in target 'MetalSupport' from project 'MetalSupport')
/Users/admin/builder/spi-builder-workspace/.dependencies/checkouts/MetalSupport/Sources/MetalSupport/MTLCommandQueue+Extensions.swift:1:8: note: Also imported here
import Metal
^ (in target 'MetalSupport' from project 'MetalSupport')
/Users/admin/builder/spi-builder-workspace/.dependencies/checkouts/MetalSupport/Sources/MetalSupport/MTLDevice+Capabilities.swift:1:8: note: Also imported here
import Metal
^ (in target 'MetalSupport' from project 'MetalSupport')
/Users/admin/builder/spi-builder-workspace/.dependencies/checkouts/MetalSupport/Sources/MetalSupport/MTLDevice+Extensions.swift:1:8: note: Also imported here
import Metal
^ (in target 'MetalSupport' from project 'MetalSupport')
/Users/admin/builder/spi-builder-workspace/.dependencies/checkouts/MetalSupport/Sources/MetalSupport/MTLFunction+Extensions.swift:1:8: note: Also imported here
import Metal
^ (in target 'MetalSupport' from project 'MetalSupport')
/Users/admin/builder/spi-builder-workspace/.dependencies/checkouts/MetalSupport/Sources/MetalSupport/MTLGeometry+Extensions.swift:2:8: note: Also imported here
import Metal
^ (in target 'MetalSupport' from project 'MetalSupport')
/Users/admin/builder/spi-builder-workspace/.dependencies/checkouts/MetalSupport/Sources/MetalSupport/MTLIndexType+Extensions.swift:1:8: note: Also imported here
import Metal
^ (in target 'MetalSupport' from project 'MetalSupport')
/Users/admin/builder/spi-builder-workspace/.dependencies/checkouts/MetalSupport/Sources/MetalSupport/MTLPixelFormat+Extensions.swift:1:8: note: Also imported here
import Metal
^ (in target 'MetalSupport' from project 'MetalSupport')
/Users/admin/builder/spi-builder-workspace/.dependencies/checkouts/MetalSupport/Sources/MetalSupport/MTLTexture+Extensions.swift:3:8: note: Also imported here
import Metal
^ (in target 'MetalSupport' from project 'MetalSupport')
/Users/admin/builder/spi-builder-workspace/.dependencies/checkouts/MetalSupport/Sources/MetalSupport/MTLVertexDescriptor+Extensions.swift:1:8: note: Also imported here
import Metal
^ (in target 'MetalSupport' from project 'MetalSupport')
/Users/admin/builder/spi-builder-workspace/.dependencies/checkouts/MetalSupport/Sources/MetalSupport/MTLVertexFormat+Extensions.swift:1:8: note: Also imported here
import Metal
^ (in target 'MetalSupport' from project 'MetalSupport')
/Users/admin/builder/spi-builder-workspace/.dependencies/checkouts/MetalSupport/Sources/MetalSupport/Metal+SwiftUI.swift:1:8: note: Also imported here
import Metal
^ (in target 'MetalSupport' from project 'MetalSupport')
/Users/admin/builder/spi-builder-workspace/.dependencies/checkouts/MetalSupport/Sources/MetalSupport/UnsafeBytes.swift:1:8: note: Also imported here
import Metal
^ (in target 'MetalSupport' from project 'MetalSupport')
/Users/admin/builder/spi-builder-workspace/.dependencies/checkouts/MetalSupport/Sources/MetalSupport/VertexDescriptor.swift:1:8: note: Also imported here
import Metal
^ (in target 'MetalSupport' from project 'MetalSupport')
/Users/admin/builder/spi-builder-workspace/.dependencies/checkouts/MetalSupport/Sources/MetalSupport/DrawHelpers.swift:2:8: error: Unable to find module dependency: 'MetalKit'
import MetalKit
^ (in target 'MetalSupport' from project 'MetalSupport')
/Users/admin/builder/spi-builder-workspace/.dependencies/checkouts/MetalSupport/Sources/MetalSupport/DrawHelpers.swift:2:8: note: A dependency of main module 'MetalSupport'
import MetalKit
^ (in target 'MetalSupport' from project 'MetalSupport')
/Users/admin/builder/spi-builder-workspace/.dependencies/checkouts/MetalSupport/Sources/MetalSupport/MTKMesh+Extensions.swift:1:8: note: Also imported here
import MetalKit
^ (in target 'MetalSupport' from project 'MetalSupport')
/Users/admin/builder/spi-builder-workspace/.dependencies/checkouts/MetalSupport/Sources/MetalSupport/MTLDevice+Extensions.swift:2:8: note: Also imported here
import MetalKit
^ (in target 'MetalSupport' from project 'MetalSupport')
/Users/admin/builder/spi-builder-workspace/.dependencies/checkouts/MetalSupport/Sources/MetalSupport/MTLVertexDescriptor+Extensions.swift:2:8: note: Also imported here
import MetalKit
^ (in target 'MetalSupport' from project 'MetalSupport')
/Users/admin/builder/spi-builder-workspace/.dependencies/checkouts/MetalSupport/Sources/MetalSupport/MTLVertexDescriptor+Extensions.swift:3:8: error: Unable to find module dependency: 'ModelIO'
import ModelIO
^ (in target 'MetalSupport' from project 'MetalSupport')
/Users/admin/builder/spi-builder-workspace/.dependencies/checkouts/MetalSupport/Sources/MetalSupport/MTLVertexDescriptor+Extensions.swift:3:8: note: A dependency of main module 'MetalSupport'
import ModelIO
^ (in target 'MetalSupport' from project 'MetalSupport')
/Users/admin/builder/spi-builder-workspace/.dependencies/checkouts/MetalSupport/Sources/MetalSupport/MTLVertexFormat+Extensions.swift:2:8: note: Also imported here
import ModelIO
^ (in target 'MetalSupport' from project 'MetalSupport')
SwiftDriver MetalSprocketsMacros normal arm64 com.apple.xcode.tools.swift.compiler (in target 'MetalSprocketsMacros' from project 'MetalSprockets')
cd /Users/admin/builder/spi-builder-workspace/.swiftpm/xcode
builtin-SwiftDriver -- /Applications/Xcode-26.3.0.app/Contents/Developer/Toolchains/XcodeDefault.xctoolchain/usr/bin/swiftc -module-name MetalSprocketsMacros -Onone -enforce-exclusivity\=checked @/Users/admin/builder/spi-builder-workspace/.derivedData/Build/Intermediates.noindex/MetalSprockets.build/Debug/MetalSprocketsMacros.build/Objects-normal/arm64/MetalSprocketsMacros.SwiftFileList -DSWIFT_PACKAGE -DDEBUG -DXcode -I/Users/admin/builder/spi-builder-workspace/.dependencies/prebuilts/swift-syntax/602.0.0/swiftlang-6.2.4.1.4-MacroSupport-macos_aarch64/Modules -I/Users/admin/builder/spi-builder-workspace/.dependencies/checkouts/swift-syntax/Sources/_SwiftLibraryPluginProviderCShims/include -I/Users/admin/builder/spi-builder-workspace/.dependencies/checkouts/swift-syntax/Sources/_SwiftSyntaxCShims/include -plugin-path /Applications/Xcode-26.3.0.app/Contents/Developer/Toolchains/XcodeDefault.xctoolchain/usr/lib/swift/host/plugins/testing -enable-experimental-feature DebugDescriptionMacro -sdk /Applications/Xcode-26.3.0.app/Contents/Developer/Platforms/MacOSX.platform/Developer/SDKs/MacOSX26.2.sdk -target arm64-apple-macos26.0 -g -module-cache-path /Users/admin/builder/spi-builder-workspace/.derivedData/ModuleCache.noindex -Xfrontend -serialize-debugging-options -profile-coverage-mapping -profile-generate -enable-testing -index-store-path /Users/admin/builder/spi-builder-workspace/.derivedData/Index.noindex/DataStore -Xcc -D_LIBCPP_HARDENING_MODE\=_LIBCPP_HARDENING_MODE_DEBUG -swift-version 6 -I /Users/admin/builder/spi-builder-workspace/.derivedData/Build/Products/Debug -Isystem /Applications/Xcode-26.3.0.app/Contents/Developer/Platforms/MacOSX.platform/Developer/usr/lib -F /Users/admin/builder/spi-builder-workspace/.derivedData/Build/Products/Debug -F /Applications/Xcode-26.3.0.app/Contents/Developer/Platforms/MacOSX.platform/Developer/Library/Frameworks -c -j10 -enable-batch-mode -incremental -Xcc -ivfsstatcache -Xcc /Users/admin/builder/spi-builder-workspace/.derivedData/SDKStatCaches.noindex/macosx26.2-25C58-dc75598d0054f22ec865fa860f139d726b10091eae1b9012e514a50b0de53ce7.sdkstatcache -output-file-map /Users/admin/builder/spi-builder-workspace/.derivedData/Build/Intermediates.noindex/MetalSprockets.build/Debug/MetalSprocketsMacros.build/Objects-normal/arm64/MetalSprocketsMacros-OutputFileMap.json -use-frontend-parseable-output -save-temps -no-color-diagnostics -explicit-module-build -module-cache-path /Users/admin/builder/spi-builder-workspace/.derivedData/Build/Intermediates.noindex/SwiftExplicitPrecompiledModules -clang-scanner-module-cache-path /Users/admin/builder/spi-builder-workspace/.derivedData/ModuleCache.noindex -sdk-module-cache-path /Users/admin/builder/spi-builder-workspace/.derivedData/ModuleCache.noindex -serialize-diagnostics -emit-dependencies -emit-module -emit-module-path /Users/admin/builder/spi-builder-workspace/.derivedData/Build/Intermediates.noindex/MetalSprockets.build/Debug/MetalSprocketsMacros.build/Objects-normal/arm64/MetalSprocketsMacros.swiftmodule -validate-clang-modules-once -clang-build-session-file /Users/admin/builder/spi-builder-workspace/.derivedData/ModuleCache.noindex/Session.modulevalidation -package-name spi_builder_workspace -emit-const-values -Xfrontend -const-gather-protocols-file -Xfrontend /Users/admin/builder/spi-builder-workspace/.derivedData/Build/Intermediates.noindex/MetalSprockets.build/Debug/MetalSprocketsMacros.build/Objects-normal/arm64/MetalSprocketsMacros_const_extract_protocols.json -Xcc -I/Users/admin/builder/spi-builder-workspace/.derivedData/Build/Products/Debug/include -Xcc -I/Users/admin/builder/spi-builder-workspace/.derivedData/Build/Intermediates.noindex/MetalSprockets.build/Debug/MetalSprocketsMacros.build/DerivedSources-normal/arm64 -Xcc -I/Users/admin/builder/spi-builder-workspace/.derivedData/Build/Intermediates.noindex/MetalSprockets.build/Debug/MetalSprocketsMacros.build/DerivedSources/arm64 -Xcc -I/Users/admin/builder/spi-builder-workspace/.derivedData/Build/Intermediates.noindex/MetalSprockets.build/Debug/MetalSprocketsMacros.build/DerivedSources -Xcc -DSWIFT_PACKAGE -Xcc -DDEBUG\=1 -working-directory /Users/admin/builder/spi-builder-workspace/.swiftpm/xcode -experimental-emit-module-separately -disable-cmo
ExtractAppIntentsMetadata (in target 'OrderedCollections' from project 'swift-collections')
cd /Users/admin/builder/spi-builder-workspace/.dependencies/checkouts/swift-collections
/Applications/Xcode-26.3.0.app/Contents/Developer/Toolchains/XcodeDefault.xctoolchain/usr/bin/appintentsmetadataprocessor --toolchain-dir /var/run/com.apple.security.cryptexd/mnt/com.apple.MobileAsset.MetalToolchain-v17.3.7003.10.lMqDTh/Metal.xctoolchain --module-name OrderedCollections --sdk-root /Applications/Xcode-26.3.0.app/Contents/Developer/Platforms/WatchOS.platform/Developer/SDKs/WatchOS26.2.sdk --xcode-version 17C529 --platform-family watchOS --deployment-target 5.0 --bundle-identifier swift-collections.OrderedCollections --output /Users/admin/builder/spi-builder-workspace/.derivedData/Build/Products/Debug-watchos/OrderedCollections.appintents --target-triple arm64-apple-watchos5.0 --target-triple armv7k-apple-watchos5.0 --target-triple arm64_32-apple-watchos5.0 --binary-file /Users/admin/builder/spi-builder-workspace/.derivedData/Build/Products/Debug-watchos/OrderedCollections.o --dependency-file /Users/admin/builder/spi-builder-workspace/.derivedData/Build/Intermediates.noindex/swift-collections.build/Debug-watchos/OrderedCollections.build/Objects-normal/arm64/OrderedCollections_dependency_info.dat --dependency-file /Users/admin/builder/spi-builder-workspace/.derivedData/Build/Intermediates.noindex/swift-collections.build/Debug-watchos/OrderedCollections.build/Objects-normal/armv7k/OrderedCollections_dependency_info.dat --dependency-file /Users/admin/builder/spi-builder-workspace/.derivedData/Build/Intermediates.noindex/swift-collections.build/Debug-watchos/OrderedCollections.build/Objects-normal/arm64_32/OrderedCollections_dependency_info.dat --stringsdata-file /Users/admin/builder/spi-builder-workspace/.derivedData/Build/Intermediates.noindex/swift-collections.build/Debug-watchos/OrderedCollections.build/Objects-normal/arm64/ExtractedAppShortcutsMetadata.stringsdata --stringsdata-file /Users/admin/builder/spi-builder-workspace/.derivedData/Build/Intermediates.noindex/swift-collections.build/Debug-watchos/OrderedCollections.build/Objects-normal/armv7k/ExtractedAppShortcutsMetadata.stringsdata --stringsdata-file /Users/admin/builder/spi-builder-workspace/.derivedData/Build/Intermediates.noindex/swift-collections.build/Debug-watchos/OrderedCollections.build/Objects-normal/arm64_32/ExtractedAppShortcutsMetadata.stringsdata --source-file-list /Users/admin/builder/spi-builder-workspace/.derivedData/Build/Intermediates.noindex/swift-collections.build/Debug-watchos/OrderedCollections.build/Objects-normal/arm64/OrderedCollections.SwiftFileList --source-file-list /Users/admin/builder/spi-builder-workspace/.derivedData/Build/Intermediates.noindex/swift-collections.build/Debug-watchos/OrderedCollections.build/Objects-normal/armv7k/OrderedCollections.SwiftFileList --source-file-list /Users/admin/builder/spi-builder-workspace/.derivedData/Build/Intermediates.noindex/swift-collections.build/Debug-watchos/OrderedCollections.build/Objects-normal/arm64_32/OrderedCollections.SwiftFileList --metadata-file-list /Users/admin/builder/spi-builder-workspace/.derivedData/Build/Intermediates.noindex/swift-collections.build/Debug-watchos/OrderedCollections.build/OrderedCollections.DependencyMetadataFileList --static-metadata-file-list /Users/admin/builder/spi-builder-workspace/.derivedData/Build/Intermediates.noindex/swift-collections.build/Debug-watchos/OrderedCollections.build/OrderedCollections.DependencyStaticMetadataFileList --swift-const-vals-list /Users/admin/builder/spi-builder-workspace/.derivedData/Build/Intermediates.noindex/swift-collections.build/Debug-watchos/OrderedCollections.build/Objects-normal/arm64/OrderedCollections.SwiftConstValuesFileList --swift-const-vals-list /Users/admin/builder/spi-builder-workspace/.derivedData/Build/Intermediates.noindex/swift-collections.build/Debug-watchos/OrderedCollections.build/Objects-normal/armv7k/OrderedCollections.SwiftConstValuesFileList --swift-const-vals-list /Users/admin/builder/spi-builder-workspace/.derivedData/Build/Intermediates.noindex/swift-collections.build/Debug-watchos/OrderedCollections.build/Objects-normal/arm64_32/OrderedCollections.SwiftConstValuesFileList --force --compile-time-extraction --deployment-aware-processing --validate-assistant-intents --no-app-shortcuts-localization
2026-10-10 03:41:04.597 appintentsmetadataprocessor[2183:12046] Starting appintentsmetadataprocessor export
2026-10-10 03:41:04.855 appintentsmetadataprocessor[2183:12046] Extracted no relevant App Intents symbols, skipping writing output
SwiftCompile normal arm64 Compiling\ MetalSprocketsMacros.swift /Users/admin/builder/spi-builder-workspace/Sources/MetalSprocketsMacros/MetalSprocketsMacros.swift (in target 'MetalSprocketsMacros' from project 'MetalSprockets')
SwiftCompile normal arm64 /Users/admin/builder/spi-builder-workspace/Sources/MetalSprocketsMacros/MetalSprocketsMacros.swift (in target 'MetalSprocketsMacros' from project 'MetalSprockets')
cd /Users/admin/builder/spi-builder-workspace/.swiftpm/xcode
SwiftEmitModule normal arm64 Emitting\ module\ for\ MetalSprocketsMacros (in target 'MetalSprocketsMacros' from project 'MetalSprockets')
EmitSwiftModule normal arm64 (in target 'MetalSprocketsMacros' from project 'MetalSprockets')
cd /Users/admin/builder/spi-builder-workspace/.swiftpm/xcode
SwiftCompile normal arm64 Compiling\ UVEntryMacro.swift /Users/admin/builder/spi-builder-workspace/Sources/MetalSprocketsMacros/UVEntryMacro.swift (in target 'MetalSprocketsMacros' from project 'MetalSprockets')
SwiftCompile normal arm64 /Users/admin/builder/spi-builder-workspace/Sources/MetalSprocketsMacros/UVEntryMacro.swift (in target 'MetalSprocketsMacros' from project 'MetalSprockets')
cd /Users/admin/builder/spi-builder-workspace/.swiftpm/xcode
RegisterExecutionPolicyException /Users/admin/builder/spi-builder-workspace/.derivedData/Build/Products/Debug-watchos/OrderedCollections.o (in target 'OrderedCollections' from project 'swift-collections')
cd /Users/admin/builder/spi-builder-workspace/.dependencies/checkouts/swift-collections
builtin-RegisterExecutionPolicyException /Users/admin/builder/spi-builder-workspace/.derivedData/Build/Products/Debug-watchos/OrderedCollections.o
2026-10-10 03:41:03.292 xcodebuild[2084:11467] [MT] IDERunDestination: Supported platforms for the buildables in the current scheme is empty.
/Users/admin/builder/spi-builder-workspace/.dependencies/checkouts/MetalSupport/Sources/MetalSupport/DebugGroup.swift:1:8: error: Unable to find module dependency: 'Metal'
import Metal
^
/Users/admin/builder/spi-builder-workspace/.dependencies/checkouts/MetalSupport/Sources/MetalSupport/DebugGroup.swift:1:8: note: a dependency of main module 'MetalSupport'
import Metal
^
/Users/admin/builder/spi-builder-workspace/.dependencies/checkouts/MetalSupport/Sources/MetalSupport/DescriptorInits.swift:1:8: note: also imported here
import Metal
^
/Users/admin/builder/spi-builder-workspace/.dependencies/checkouts/MetalSupport/Sources/MetalSupport/DrawHelpers.swift:1:8: note: also imported here
import Metal
^
/Users/admin/builder/spi-builder-workspace/.dependencies/checkouts/MetalSupport/Sources/MetalSupport/Labeled.swift:1:8: note: also imported here
import Metal
^
/Users/admin/builder/spi-builder-workspace/.dependencies/checkouts/MetalSupport/Sources/MetalSupport/MTLBuffer+Extensions.swift:2:8: note: also imported here
import Metal
^
/Users/admin/builder/spi-builder-workspace/.dependencies/checkouts/MetalSupport/Sources/MetalSupport/MTLCommandBuffer+Extensions.swift:1:8: note: also imported here
import Metal
^
/Users/admin/builder/spi-builder-workspace/.dependencies/checkouts/MetalSupport/Sources/MetalSupport/MTLCommandBufferDescriptor+Extensions.swift:1:8: note: also imported here
import Metal
^
/Users/admin/builder/spi-builder-workspace/.dependencies/checkouts/MetalSupport/Sources/MetalSupport/MTLCommandQueue+Extensions.swift:1:8: note: also imported here
import Metal
^
/Users/admin/builder/spi-builder-workspace/.dependencies/checkouts/MetalSupport/Sources/MetalSupport/MTLDevice+Capabilities.swift:1:8: note: also imported here
import Metal
^
/Users/admin/builder/spi-builder-workspace/.dependencies/checkouts/MetalSupport/Sources/MetalSupport/MTLDevice+Extensions.swift:1:8: note: also imported here
import Metal
^
/Users/admin/builder/spi-builder-workspace/.dependencies/checkouts/MetalSupport/Sources/MetalSupport/MTLFunction+Extensions.swift:1:8: note: also imported here
import Metal
^
/Users/admin/builder/spi-builder-workspace/.dependencies/checkouts/MetalSupport/Sources/MetalSupport/MTLGeometry+Extensions.swift:2:8: note: also imported here
import Metal
^
/Users/admin/builder/spi-builder-workspace/.dependencies/checkouts/MetalSupport/Sources/MetalSupport/MTLIndexType+Extensions.swift:1:8: note: also imported here
import Metal
^
/Users/admin/builder/spi-builder-workspace/.dependencies/checkouts/MetalSupport/Sources/MetalSupport/MTLPixelFormat+Extensions.swift:1:8: note: also imported here
import Metal
^
/Users/admin/builder/spi-builder-workspace/.dependencies/checkouts/MetalSupport/Sources/MetalSupport/MTLTexture+Extensions.swift:3:8: note: also imported here
import Metal
^
/Users/admin/builder/spi-builder-workspace/.dependencies/checkouts/MetalSupport/Sources/MetalSupport/MTLVertexDescriptor+Extensions.swift:1:8: note: also imported here
import Metal
^
/Users/admin/builder/spi-builder-workspace/.dependencies/checkouts/MetalSupport/Sources/MetalSupport/MTLVertexFormat+Extensions.swift:1:8: note: also imported here
import Metal
^
/Users/admin/builder/spi-builder-workspace/.dependencies/checkouts/MetalSupport/Sources/MetalSupport/Metal+SwiftUI.swift:1:8: note: also imported here
import Metal
^
/Users/admin/builder/spi-builder-workspace/.dependencies/checkouts/MetalSupport/Sources/MetalSupport/UnsafeBytes.swift:1:8: note: also imported here
import Metal
^
/Users/admin/builder/spi-builder-workspace/.dependencies/checkouts/MetalSupport/Sources/MetalSupport/VertexDescriptor.swift:1:8: note: also imported here
import Metal
^
/Users/admin/builder/spi-builder-workspace/.dependencies/checkouts/MetalSupport/Sources/MetalSupport/DrawHelpers.swift:2:8: error: Unable to find module dependency: 'MetalKit'
import MetalKit
^
/Users/admin/builder/spi-builder-workspace/.dependencies/checkouts/MetalSupport/Sources/MetalSupport/DrawHelpers.swift:2:8: note: a dependency of main module 'MetalSupport'
import MetalKit
^
/Users/admin/builder/spi-builder-workspace/.dependencies/checkouts/MetalSupport/Sources/MetalSupport/MTKMesh+Extensions.swift:1:8: note: also imported here
import MetalKit
^
/Users/admin/builder/spi-builder-workspace/.dependencies/checkouts/MetalSupport/Sources/MetalSupport/MTLDevice+Extensions.swift:2:8: note: also imported here
import MetalKit
^
/Users/admin/builder/spi-builder-workspace/.dependencies/checkouts/MetalSupport/Sources/MetalSupport/MTLVertexDescriptor+Extensions.swift:2:8: note: also imported here
import MetalKit
^
/Users/admin/builder/spi-builder-workspace/.dependencies/checkouts/MetalSupport/Sources/MetalSupport/MTLVertexDescriptor+Extensions.swift:3:8: error: Unable to find module dependency: 'ModelIO'
import ModelIO
^
/Users/admin/builder/spi-builder-workspace/.dependencies/checkouts/MetalSupport/Sources/MetalSupport/MTLVertexDescriptor+Extensions.swift:3:8: note: a dependency of main module 'MetalSupport'
import ModelIO
^
/Users/admin/builder/spi-builder-workspace/.dependencies/checkouts/MetalSupport/Sources/MetalSupport/MTLVertexFormat+Extensions.swift:2:8: note: also imported here
import ModelIO
^
/Users/admin/builder/spi-builder-workspace/.dependencies/checkouts/MetalSupport/Sources/MetalSupport/DebugGroup.swift:1:8: error: Unable to find module dependency: 'Metal'
import Metal
^
/Users/admin/builder/spi-builder-workspace/.dependencies/checkouts/MetalSupport/Sources/MetalSupport/DebugGroup.swift:1:8: note: a dependency of main module 'MetalSupport'
import Metal
^
/Users/admin/builder/spi-builder-workspace/.dependencies/checkouts/MetalSupport/Sources/MetalSupport/DescriptorInits.swift:1:8: note: also imported here
import Metal
^
/Users/admin/builder/spi-builder-workspace/.dependencies/checkouts/MetalSupport/Sources/MetalSupport/DrawHelpers.swift:1:8: note: also imported here
import Metal
^
/Users/admin/builder/spi-builder-workspace/.dependencies/checkouts/MetalSupport/Sources/MetalSupport/Labeled.swift:1:8: note: also imported here
import Metal
^
/Users/admin/builder/spi-builder-workspace/.dependencies/checkouts/MetalSupport/Sources/MetalSupport/MTLBuffer+Extensions.swift:2:8: note: also imported here
import Metal
^
/Users/admin/builder/spi-builder-workspace/.dependencies/checkouts/MetalSupport/Sources/MetalSupport/MTLCommandBuffer+Extensions.swift:1:8: note: also imported here
import Metal
^
/Users/admin/builder/spi-builder-workspace/.dependencies/checkouts/MetalSupport/Sources/MetalSupport/MTLCommandBufferDescriptor+Extensions.swift:1:8: note: also imported here
import Metal
^
/Users/admin/builder/spi-builder-workspace/.dependencies/checkouts/MetalSupport/Sources/MetalSupport/MTLCommandQueue+Extensions.swift:1:8: note: also imported here
import Metal
^
/Users/admin/builder/spi-builder-workspace/.dependencies/checkouts/MetalSupport/Sources/MetalSupport/MTLDevice+Capabilities.swift:1:8: note: also imported here
import Metal
^
/Users/admin/builder/spi-builder-workspace/.dependencies/checkouts/MetalSupport/Sources/MetalSupport/MTLDevice+Extensions.swift:1:8: note: also imported here
import Metal
^
/Users/admin/builder/spi-builder-workspace/.dependencies/checkouts/MetalSupport/Sources/MetalSupport/MTLFunction+Extensions.swift:1:8: note: also imported here
import Metal
^
/Users/admin/builder/spi-builder-workspace/.dependencies/checkouts/MetalSupport/Sources/MetalSupport/MTLGeometry+Extensions.swift:2:8: note: also imported here
import Metal
^
/Users/admin/builder/spi-builder-workspace/.dependencies/checkouts/MetalSupport/Sources/MetalSupport/MTLIndexType+Extensions.swift:1:8: note: also imported here
import Metal
^
/Users/admin/builder/spi-builder-workspace/.dependencies/checkouts/MetalSupport/Sources/MetalSupport/MTLPixelFormat+Extensions.swift:1:8: note: also imported here
import Metal
^
/Users/admin/builder/spi-builder-workspace/.dependencies/checkouts/MetalSupport/Sources/MetalSupport/MTLTexture+Extensions.swift:3:8: note: also imported here
import Metal
^
/Users/admin/builder/spi-builder-workspace/.dependencies/checkouts/MetalSupport/Sources/MetalSupport/MTLVertexDescriptor+Extensions.swift:1:8: note: also imported here
import Metal
^
/Users/admin/builder/spi-builder-workspace/.dependencies/checkouts/MetalSupport/Sources/MetalSupport/MTLVertexFormat+Extensions.swift:1:8: note: also imported here
import Metal
^
/Users/admin/builder/spi-builder-workspace/.dependencies/checkouts/MetalSupport/Sources/MetalSupport/Metal+SwiftUI.swift:1:8: note: also imported here
import Metal
^
/Users/admin/builder/spi-builder-workspace/.dependencies/checkouts/MetalSupport/Sources/MetalSupport/UnsafeBytes.swift:1:8: note: also imported here
import Metal
^
/Users/admin/builder/spi-builder-workspace/.dependencies/checkouts/MetalSupport/Sources/MetalSupport/VertexDescriptor.swift:1:8: note: also imported here
import Metal
^
/Users/admin/builder/spi-builder-workspace/.dependencies/checkouts/MetalSupport/Sources/MetalSupport/DrawHelpers.swift:2:8: error: Unable to find module dependency: 'MetalKit'
import MetalKit
^
/Users/admin/builder/spi-builder-workspace/.dependencies/checkouts/MetalSupport/Sources/MetalSupport/DrawHelpers.swift:2:8: note: a dependency of main module 'MetalSupport'
import MetalKit
^
/Users/admin/builder/spi-builder-workspace/.dependencies/checkouts/MetalSupport/Sources/MetalSupport/MTKMesh+Extensions.swift:1:8: note: also imported here
import MetalKit
^
/Users/admin/builder/spi-builder-workspace/.dependencies/checkouts/MetalSupport/Sources/MetalSupport/MTLDevice+Extensions.swift:2:8: note: also imported here
import MetalKit
^
/Users/admin/builder/spi-builder-workspace/.dependencies/checkouts/MetalSupport/Sources/MetalSupport/MTLVertexDescriptor+Extensions.swift:2:8: note: also imported here
import MetalKit
^
/Users/admin/builder/spi-builder-workspace/.dependencies/checkouts/MetalSupport/Sources/MetalSupport/MTLVertexDescriptor+Extensions.swift:3:8: error: Unable to find module dependency: 'ModelIO'
import ModelIO
^
/Users/admin/builder/spi-builder-workspace/.dependencies/checkouts/MetalSupport/Sources/MetalSupport/MTLVertexDescriptor+Extensions.swift:3:8: note: a dependency of main module 'MetalSupport'
import ModelIO
^
/Users/admin/builder/spi-builder-workspace/.dependencies/checkouts/MetalSupport/Sources/MetalSupport/MTLVertexFormat+Extensions.swift:2:8: note: also imported here
import ModelIO
^
** BUILD FAILED **
The following build commands failed:
SwiftDriver MetalSupport normal arm64_32 com.apple.xcode.tools.swift.compiler (in target 'MetalSupport' from project 'MetalSupport')
SwiftDriver MetalSupport normal arm64 com.apple.xcode.tools.swift.compiler (in target 'MetalSupport' from project 'MetalSupport')
Building workspace spi-builder-workspace with scheme MetalSprockets-Package
(3 failures)
BUILD FAILURE 6.2 watchOS