The Swift Package Index logo.Swift Package Index

Build Information

Failed to build KTViewModelBuilder, reference main (221b79), with Swift 6.4 for Android on 23 Sep 2026 10:12:48 UTC.

Build Command

bash -c docker run --pull=always --rm -v "checkouts-53886769-0":/host -w "$PWD" -e JAVA_HOME="/root/.sdkman/candidates/java/current" -e SPI_BUILD="1" -e SPI_PROCESSING="1" registry.gitlab.com/saguaro1/spi-images:android-6.4-latest swift build --swift-sdk aarch64-unknown-linux-android28 2>&1

Build Log

========================================
RunAll
========================================
Builder version: 5.1.0
Interrupt handler set up.
========================================
Checkout
========================================
Clone URL: https://github.com/frankois944/KTViewModelBuilder.git
Reference: main
Initialized empty Git repository in /host/spi-builder-workspace/.git/
hint: Using 'master' as the name for the initial branch. This default branch name
hint: is subject to change. To configure the initial branch name to use in all
hint: of your new repositories, which will suppress this warning, call:
hint:
hint: 	git config --global init.defaultBranch <name>
hint:
hint: Names commonly chosen instead of 'master' are 'main', 'trunk' and
hint: 'development'. The just-created branch can be renamed via this command:
hint:
hint: 	git branch -m <name>
From https://github.com/frankois944/KTViewModelBuilder
 * branch            main       -> FETCH_HEAD
 * [new branch]      main       -> origin/main
HEAD is now at 221b79a update deps
Cloned https://github.com/frankois944/KTViewModelBuilder.git
Revision (git rev-parse @):
221b79a30a51d29586d77727800255d7ac723d1b
SUCCESS checkout https://github.com/frankois944/KTViewModelBuilder.git at main
========================================
Build
========================================
Selected platform:         android
Swift version:             6.4
Building package at path:  $PWD
https://github.com/frankois944/KTViewModelBuilder.git
Running build ...
bash -c docker run --pull=always --rm -v "checkouts-53886769-0":/host -w "$PWD" -e JAVA_HOME="/root/.sdkman/candidates/java/current" -e SPI_BUILD="1" -e SPI_PROCESSING="1" registry.gitlab.com/saguaro1/spi-images:android-6.4-latest swift build --swift-sdk aarch64-unknown-linux-android28 2>&1
android-6.4-latest: Pulling from saguaro1/spi-images
Digest: sha256:abadcff584c273feba50641b454858d377ba30b35ea7287a94f45ebd8afd0ea0
Status: Image is up to date for registry.gitlab.com/saguaro1/spi-images:android-6.4-latest
Fetching https://github.com/swiftlang/swift-syntax.git
[1/80014] Fetching swift-syntax
Fetched https://github.com/swiftlang/swift-syntax.git (2.91s)
Computing version for https://github.com/swiftlang/swift-syntax.git
Computed https://github.com/swiftlang/swift-syntax.git at 600.0.1 (4.09s)
Creating working copy for https://github.com/swiftlang/swift-syntax.git
Working copy of https://github.com/swiftlang/swift-syntax.git resolved at 600.0.1
Building for debugging...
[Computing dependencies]
[Constructing description]
[Pre-planning 1 / 562]
[Planning deferred tasks]
[31 / 231] SwiftSyntaxMacroExpansion
[137 / 240] SwiftSyntax600
[144 / 250] SwiftSyntax
[145 / 251] SwiftSyntax600
[148 / 251] SwiftSyntax600
[154 / 253]
[156 / 253] SwiftSyntax
[169 / 280] SwiftParser
[172 / 280] SwiftDiagnostics
[178 / 280] SwiftBasicFormat
[182 / 280] SwiftParser
[184 / 280] SwiftParser
[186 / 280] SwiftParser
[190 / 280] SwiftParser
[192 / 280] SwiftParser
[193 / 280] SwiftDiagnostics
[195 / 280] SwiftDiagnostics
[196 / 280] SwiftDiagnostics
[197 / 280] SwiftDiagnostics
[198 / 280] SwiftDiagnostics
[199 / 280] SwiftOperators
[201 / 280] SwiftParserDiagnostics
[203 / 280] SwiftDiagnostics
[210 / 292] SwiftParserDiagnostics
[211 / 292] SwiftParserDiagnostics
[213 / 293] SwiftParserDiagnostics
[214 / 293] SwiftParserDiagnostics
[216 / 293] SwiftParserDiagnostics
[220 / 293] SwiftParserDiagnostics
[227 / 303] SwiftOperators
[228 / 303] SwiftOperators
[231 / 303] SwiftOperators
[239 / 303] SwiftOperators
[240 / 304]
[242 / 313] SwiftSyntaxBuilder
[243 / 313] SwiftSyntaxBuilder
[244 / 314] SwiftSyntaxBuilder
[246 / 315] SwiftParserDiagnostics
[246 / 315] SwiftSyntaxBuilder
[253 / 315] SwiftSyntaxBuilder
[258 / 315]
[264 / 325] SwiftSyntaxMacros
[268 / 325] SwiftSyntaxMacros
[279 / 335] SwiftSyntaxMacroExpansion
[281 / 336] SwiftSyntaxMacros
[282 / 336] SwiftSyntaxMacros
[284 / 336] SwiftSyntaxMacroExpansion
[291 / 337] SwiftCompilerPluginMessageHandling
[293 / 346] SwiftCompilerPluginMessageHandling
[297 / 347] SwiftSyntaxBuilder
[306 / 347] SwiftCompilerPluginMessageHandling
[310 / 350] SwiftCompilerPlugin
[317 / 351] SwiftCompilerPluginMessageHandling
[319 / 352] SwiftCompilerPluginMessageHandling
[321 / 353] SwiftSyntax
[324 / 354] SwiftSyntax
[332 / 354] SwiftSyntaxMacroExpansion
[339 / 355] KTViewModelBuilderMacros
error: SwiftCompile normal x86_64 /host/spi-builder-workspace/Sources/KTViewModelBuilderMacros/KTViewModelBindingBuilderMacro.swift failed with a nonzero exit code. Command line:     cd /host
    builtin-SwiftPerFileCompile KTViewModelBindingBuilderMacro.swift
/host/spi-builder-workspace/Sources/KTViewModelBuilderMacros/KTViewModelBindingBuilderMacro.swift:68:57: error: value of type 'String' has no member 'replacingOccurrences'
 66 |                         .as(KeyPathPropertyComponentSyntax.self)?.declName.baseName.text
 67 |                 case 1: // type
 68 |                     type = value.expression.description.replacingOccurrences(of: ".self", with: "")
    |                                                         `- error: value of type 'String' has no member 'replacingOccurrences'
 69 |                     if type?.hasSuffix("?") == true {
 70 |                         isOptional = true
/host/spi-builder-workspace/Sources/KTViewModelBuilderMacros/KTViewModelBindingBuilderMacro.swift:71:38: error: value of type 'String' has no member 'replacingOccurrences'
 69 |                     if type?.hasSuffix("?") == true {
 70 |                         isOptional = true
 71 |                         type = type?.replacingOccurrences(of: "?", with: "")
    |                                      `- error: value of type 'String' has no member 'replacingOccurrences'
 72 |                     }
 73 |                 case 2: // bidirectional
Failed frontend command:
/root/.local/share/swiftly/toolchains/6.4.x-snapshot-2026-09-04/usr/bin/swift-frontend -frontend -c -primary-file /host/spi-builder-workspace/Sources/KTViewModelBuilderMacros/KTViewModelBindingBuilderMacro.swift /host/spi-builder-workspace/Sources/KTViewModelBuilderMacros/KTViewModelBuilderMacro.swift -emit-dependencies-path /host/spi-builder-workspace/.build/out/Intermediates.noindex/KTViewModelBuilder.build/Debug-linux-x86_64/KTViewModelBuilderMacros-t.build/Objects-normal/x86_64/KTViewModelBindingBuilderMacro.d -emit-const-values-path /host/spi-builder-workspace/.build/out/Intermediates.noindex/KTViewModelBuilder.build/Debug-linux-x86_64/KTViewModelBuilderMacros-t.build/Objects-normal/x86_64/KTViewModelBindingBuilderMacro.swiftconstvalues -emit-reference-dependencies-path /host/spi-builder-workspace/.build/out/Intermediates.noindex/KTViewModelBuilder.build/Debug-linux-x86_64/KTViewModelBuilderMacros-t.build/Objects-normal/x86_64/KTViewModelBindingBuilderMacro.swiftdeps -serialize-diagnostics-path /host/spi-builder-workspace/.build/out/Intermediates.noindex/KTViewModelBuilder.build/Debug-linux-x86_64/KTViewModelBuilderMacros-t.build/Objects-normal/x86_64/KTViewModelBindingBuilderMacro.dia -target x86_64-unknown-linux-gnu -disable-objc-interop -I /host/spi-builder-workspace/.build/out/Products/Debug-linux-x86_64 -module-cache-path /host/spi-builder-workspace/.build/out/ModuleCache.noindex -color-diagnostics -Xcc -fcolor-diagnostics -enable-testing -g -debug-info-format\=dwarf -dwarf-version\=4 -swift-version 6 -Onone -D SWIFT_PACKAGE -D DEBUG -D Xcode -serialize-debugging-options -enable-experimental-feature DebugDescriptionMacro -empty-abi-descriptor -external-plugin-path /root/.local/share/swiftly/toolchains/6.4.x-snapshot-2026-09-04/usr/lib/swift/host/plugins/testing\#/root/.local/share/swiftly/toolchains/6.4.x-snapshot-2026-09-04/usr/bin/swift-plugin-server -validate-clang-modules-once -clang-build-session-file /host/spi-builder-workspace/.build/out/ModuleCache.noindex/Session.modulevalidation -Xcc -working-directory -Xcc /host -enable-anonymous-context-mangled-names -file-compilation-dir /host -Xcc -fmodule-map-file\=/host/spi-builder-workspace/.build/checkouts/swift-syntax/Sources/_SwiftSyntaxCShims/include/module.modulemap -Xcc -fno-omit-frame-pointer -Xcc -D_LIBCPP_HARDENING_MODE\=_LIBCPP_HARDENING_MODE_DEBUG -Xcc -fmodules-prune-interval\=86400 -Xcc -fmodules-prune-after\=345600 -Xcc -I/host/spi-builder-workspace/.build/checkouts/swift-syntax/Sources/_SwiftSyntaxCShims/include -Xcc -I/host/spi-builder-workspace/.build/out/Products/Debug-linux-x86_64/include -Xcc -I/host/spi-builder-workspace/.build/out/Intermediates.noindex/KTViewModelBuilder.build/Debug-linux-x86_64/KTViewModelBuilderMacros-t.build/DerivedSources-normal/x86_64 -Xcc -I/host/spi-builder-workspace/.build/out/Intermediates.noindex/KTViewModelBuilder.build/Debug-linux-x86_64/KTViewModelBuilderMacros-t.build/DerivedSources/x86_64 -Xcc -I/host/spi-builder-workspace/.build/out/Intermediates.noindex/KTViewModelBuilder.build/Debug-linux-x86_64/KTViewModelBuilderMacros-t.build/DerivedSources -Xcc -DSWIFT_PACKAGE -Xcc -DDEBUG\=1 -no-auto-bridging-header-chaining -module-name KTViewModelBuilderMacros -package-name spi_builder_workspace -const-gather-protocols-file /host/spi-builder-workspace/.build/out/Intermediates.noindex/KTViewModelBuilder.build/Debug-linux-x86_64/KTViewModelBuilderMacros-t.build/Objects-normal/x86_64/KTViewModelBuilderMacros_const_extract_protocols.json -in-process-plugin-server-path /root/.local/share/swiftly/toolchains/6.4.x-snapshot-2026-09-04/usr/lib/swift/host/libSwiftInProcPluginServer.so -plugin-path /root/.local/share/swiftly/toolchains/6.4.x-snapshot-2026-09-04/usr/lib/swift/host/plugins -plugin-path /root/.local/share/swiftly/toolchains/6.4.x-snapshot-2026-09-04/usr/local/lib/swift/host/plugins -parse-as-library -o /host/spi-builder-workspace/.build/out/Intermediates.noindex/KTViewModelBuilder.build/Debug-linux-x86_64/KTViewModelBuilderMacros-t.build/Objects-normal/x86_64/KTViewModelBindingBuilderMacro.o -index-unit-output-path /KTViewModelBuilder.build/Debug-linux-x86_64/KTViewModelBuilderMacros-t.build/Objects-normal/x86_64/KTViewModelBindingBuilderMacro.o -index-store-path /host/spi-builder-workspace/.build/out -index-system-modules
error: Build failed
BUILD FAILURE 6.4 android