Build Information
Failed to build AppRemoteConfig, reference main (3bcdd5), with Swift 6.2 for Linux on 25 Jun 2026 20:17:30 UTC.
Build Command
bash -c docker run --pull=always --rm -v "checkouts-53886770-0":/host -w "$PWD" -e JAVA_HOME="/root/.sdkman/candidates/java/current" -e SPI_BUILD="1" -e SPI_PROCESSING="1" registry.gitlab.com/saguaro1/spi-images:basic-6.2-latest swift build --triple x86_64-unknown-linux-gnu 2>&1Build Log
========================================
RunAll
========================================
Builder version: 0e64495ecc1688c3b3e031a5ef1348b5c05091ae
Interrupt handler set up.
========================================
Checkout
========================================
Clone URL: https://github.com/egeniq/app-remote-config.git
Reference: main
Initialized empty Git repository in /host/spi-builder-workspace/.git/
hint: Using 'master' as the name for the initial branch. This default branch name
hint: is subject to change. To configure the initial branch name to use in all
hint: of your new repositories, which will suppress this warning, call:
hint:
hint: git config --global init.defaultBranch <name>
hint:
hint: Names commonly chosen instead of 'master' are 'main', 'trunk' and
hint: 'development'. The just-created branch can be renamed via this command:
hint:
hint: git branch -m <name>
From https://github.com/egeniq/app-remote-config
* branch main -> FETCH_HEAD
* [new branch] main -> origin/main
HEAD is now at 3bcdd58 release.sh: set version in care.swift before building
Cloned https://github.com/egeniq/app-remote-config.git
Revision (git rev-parse @):
3bcdd58a6461ea1f0b7f5c2ab885bdd4fd8fd4b8
SPI manifest file found: $PWD/.spi.yml
SUCCESS checkout https://github.com/egeniq/app-remote-config.git at main
========================================
Build
========================================
Selected platform: linux
Swift version: 6.2
Building package at path: $PWD
https://github.com/egeniq/app-remote-config.git
Running build ...
bash -c docker run --pull=always --rm -v "checkouts-53886770-0":/host -w "$PWD" -e JAVA_HOME="/root/.sdkman/candidates/java/current" -e SPI_BUILD="1" -e SPI_PROCESSING="1" registry.gitlab.com/saguaro1/spi-images:basic-6.2-latest swift build --triple x86_64-unknown-linux-gnu 2>&1
basic-6.2-latest: Pulling from saguaro1/spi-images
Digest: sha256:146297aca0eb7f3e338453cbf4c0aa72424647d7d0d3f35fda2f7ef7698dd3aa
Status: Image is up to date for registry.gitlab.com/saguaro1/spi-images:basic-6.2-latest
Fetching https://github.com/swiftlang/swift-syntax
Fetching https://github.com/pointfreeco/swift-dependencies
Fetching https://github.com/jpsim/Yams.git
Fetching https://github.com/apple/swift-log.git
Fetching https://github.com/pointfreeco/xctest-dynamic-overlay
Fetching https://github.com/pointfreeco/swift-macro-testing
[1/7158] Fetching swift-dependencies
[3008/14756] Fetching swift-dependencies, swift-log
[4011/15717] Fetching swift-dependencies, swift-log, swift-macro-testing
[11008/27554] Fetching swift-dependencies, swift-log, swift-macro-testing, yams
[11313/33438] Fetching swift-dependencies, swift-log, swift-macro-testing, yams, xctest-dynamic-overlay
Fetched https://github.com/pointfreeco/swift-macro-testing from cache (0.69s)
Fetched https://github.com/apple/swift-log.git from cache (0.69s)
Fetched https://github.com/pointfreeco/swift-dependencies from cache (0.69s)
Fetching https://github.com/apple/swift-crypto.git
Fetched https://github.com/pointfreeco/xctest-dynamic-overlay from cache (0.69s)
Fetching https://github.com/apple/swift-argument-parser
[6037/11837] Fetching yams
[8879/87581] Fetching yams, swift-syntax
[21260/105530] Fetching yams, swift-syntax, swift-argument-parser
[54026/123291] Fetching yams, swift-syntax, swift-argument-parser, swift-crypto
Fetched https://github.com/apple/swift-argument-parser from cache (0.65s)
[41331/105342] Fetching yams, swift-syntax, swift-crypto
Fetched https://github.com/apple/swift-crypto.git from cache (1.37s)
Fetched https://github.com/jpsim/Yams.git from cache (2.90s)
Fetched https://github.com/swiftlang/swift-syntax from cache (2.91s)
Computing version for https://github.com/pointfreeco/swift-macro-testing
Computed https://github.com/pointfreeco/swift-macro-testing at 0.6.5 (3.07s)
Fetching https://github.com/pointfreeco/swift-snapshot-testing
[1/16173] Fetching swift-snapshot-testing
Fetched https://github.com/pointfreeco/swift-snapshot-testing from cache (2.20s)
Computing version for https://github.com/jpsim/Yams.git
Computed https://github.com/jpsim/Yams.git at 5.4.0 (3.07s)
Computing version for https://github.com/swiftlang/swift-syntax
Computed https://github.com/swiftlang/swift-syntax at 601.0.1 (0.24s)
Computing version for https://github.com/pointfreeco/swift-snapshot-testing
Computed https://github.com/pointfreeco/swift-snapshot-testing at 1.19.2 (0.13s)
Fetching https://github.com/pointfreeco/swift-custom-dump
[1/5609] Fetching swift-custom-dump
Fetched https://github.com/pointfreeco/swift-custom-dump from cache (0.50s)
Computing version for https://github.com/pointfreeco/swift-custom-dump
Computed https://github.com/pointfreeco/swift-custom-dump at 1.6.1 (0.65s)
Computing version for https://github.com/pointfreeco/xctest-dynamic-overlay
Computed https://github.com/pointfreeco/xctest-dynamic-overlay at 1.10.1 (0.14s)
Computing version for https://github.com/apple/swift-argument-parser
Computed https://github.com/apple/swift-argument-parser at 1.8.2 (0.14s)
Computing version for https://github.com/apple/swift-log.git
Computed https://github.com/apple/swift-log.git at 1.14.0 (0.14s)
Computing version for https://github.com/pointfreeco/swift-dependencies
Computed https://github.com/pointfreeco/swift-dependencies at 1.14.1 (0.16s)
Fetching https://github.com/pointfreeco/swift-clocks
Fetching https://github.com/pointfreeco/combine-schedulers
Fetching https://github.com/pointfreeco/swift-concurrency-extras
[1/1039] Fetching swift-concurrency-extras
[1040/3693] Fetching swift-concurrency-extras, combine-schedulers
[3694/5109] Fetching swift-concurrency-extras, combine-schedulers, swift-clocks
Fetched https://github.com/pointfreeco/swift-concurrency-extras from cache (0.44s)
Fetched https://github.com/pointfreeco/combine-schedulers from cache (0.44s)
[43/1416] Fetching swift-clocks
Fetched https://github.com/pointfreeco/swift-clocks from cache (0.49s)
Computing version for https://github.com/pointfreeco/swift-clocks
Computed https://github.com/pointfreeco/swift-clocks at 1.1.0 (0.64s)
Computing version for https://github.com/pointfreeco/combine-schedulers
Computed https://github.com/pointfreeco/combine-schedulers at 1.2.0 (0.15s)
Fetching https://github.com/OpenCombine/OpenCombine.git
[1/8284] Fetching opencombine
Fetched https://github.com/OpenCombine/OpenCombine.git from cache (0.73s)
Computing version for https://github.com/OpenCombine/OpenCombine.git
Computed https://github.com/OpenCombine/OpenCombine.git at 0.14.0 (0.92s)
Computing version for https://github.com/pointfreeco/swift-concurrency-extras
Computed https://github.com/pointfreeco/swift-concurrency-extras at 1.4.0 (0.14s)
Computing version for https://github.com/apple/swift-crypto.git
Computed https://github.com/apple/swift-crypto.git at 3.15.1 (0.40s)
Fetching https://github.com/apple/swift-asn1.git
[1/1905] Fetching swift-asn1
Fetched https://github.com/apple/swift-asn1.git from cache (0.81s)
Computing version for https://github.com/apple/swift-asn1.git
Computed https://github.com/apple/swift-asn1.git at 1.7.1 (0.99s)
Creating working copy for https://github.com/pointfreeco/swift-snapshot-testing
Working copy of https://github.com/pointfreeco/swift-snapshot-testing resolved at 1.19.2
Creating working copy for https://github.com/pointfreeco/swift-custom-dump
Working copy of https://github.com/pointfreeco/swift-custom-dump resolved at 1.6.1
Creating working copy for https://github.com/apple/swift-crypto.git
Working copy of https://github.com/apple/swift-crypto.git resolved at 3.15.1
Creating working copy for https://github.com/pointfreeco/swift-dependencies
Working copy of https://github.com/pointfreeco/swift-dependencies resolved at 1.14.1
Creating working copy for https://github.com/apple/swift-log.git
Working copy of https://github.com/apple/swift-log.git resolved at 1.14.0
Creating working copy for https://github.com/pointfreeco/swift-concurrency-extras
Working copy of https://github.com/pointfreeco/swift-concurrency-extras resolved at 1.4.0
Creating working copy for https://github.com/OpenCombine/OpenCombine.git
Working copy of https://github.com/OpenCombine/OpenCombine.git resolved at 0.14.0
Creating working copy for https://github.com/pointfreeco/xctest-dynamic-overlay
Working copy of https://github.com/pointfreeco/xctest-dynamic-overlay resolved at 1.10.1
Creating working copy for https://github.com/apple/swift-asn1.git
Working copy of https://github.com/apple/swift-asn1.git resolved at 1.7.1
Creating working copy for https://github.com/pointfreeco/swift-clocks
Working copy of https://github.com/pointfreeco/swift-clocks resolved at 1.1.0
Creating working copy for https://github.com/pointfreeco/combine-schedulers
Working copy of https://github.com/pointfreeco/combine-schedulers resolved at 1.2.0
Creating working copy for https://github.com/jpsim/Yams.git
Working copy of https://github.com/jpsim/Yams.git resolved at 5.4.0
Creating working copy for https://github.com/pointfreeco/swift-macro-testing
Working copy of https://github.com/pointfreeco/swift-macro-testing resolved at 0.6.5
Creating working copy for https://github.com/swiftlang/swift-syntax
Working copy of https://github.com/swiftlang/swift-syntax resolved at 601.0.1
Creating working copy for https://github.com/apple/swift-argument-parser
Working copy of https://github.com/apple/swift-argument-parser resolved at 1.8.2
Downloading package prebuilt https://download.swift.org/prebuilts/swift-syntax/601.0.1/swift-6.2.4-RELEASE-MacroSupport-ubuntu_jammy_x86_64.tar.gz
Downloaded https://download.swift.org/prebuilts/swift-syntax/601.0.1/swift-6.2.4-RELEASE-MacroSupport-ubuntu_jammy_x86_64.tar.gz (0.31s)
[1/1] Compiling plugin GenerateManual
[2/2] Compiling plugin GenerateDoccReference
Building for debugging...
[2/794] Write sources
[30/794] Compiling aesni-x86_64-apple.S
[31/794] Compiling aesni-x86-linux.S
[32/794] Compiling aesni-gcm-x86_64-linux.S
[33/794] Compiling aesni-x86-apple.S
[34/794] Compiling aesni-x86_64-linux.S
[35/794] Compiling armv8-mont-linux.S
[36/794] Compiling writer.c
[37/794] Write swift-version-24593BA9C3E375BF.txt
[38/794] Compiling reader.c
[39/794] Compiling parser.c
[40/811] Compiling api.c
[41/858] Compiling emitter.c
[42/858] Compiling scanner.c
[43/880] Compiling COpenCombineHelpers COpenCombineHelpers.cpp
[45/900] Compiling CCryptoBoringSSLShims shims.c
[47/992] Emitting module IssueReporting
[49/996] Compiling OpenCombine Codable.swift
[50/996] Compiling OpenCombine CombineIdentifier.swift
[52/998] Compiling Yams YamlError.swift
[53/998] Compiling Yams YamlTagProviding.swift
[54/998] Compiling IssueReporting WithIssueContext.swift
[55/998] Compiling OpenCombine FilterProducer.swift
[56/998] Compiling OpenCombine Locking.swift
[57/998] Compiling OpenCombine PartialCompletion.swift
[60/998] Compiling OpenCombine AnySubscriber.swift
[61/998] Compiling OpenCombine Cancellable.swift
[63/998] Compiling Logging Logger+Attributes.swift
[69/999] Compiling OpenCombine Just.swift
[70/999] Compiling OpenCombine Optional.Publisher.swift
[71/999] Compiling OpenCombine Publishers.AllSatisfy.swift
[72/999] Compiling OpenCombine Publishers.AssertNoFailure.swift
[73/999] Compiling OpenCombine Publishers.Autoconnect.swift
[74/999] Compiling OpenCombine Publishers.Breakpoint.swift
[75/999] Compiling OpenCombine Publishers.Buffer.swift
[76/999] Compiling OpenCombine Publishers.Collect.swift
[77/999] Compiling OpenCombine Publishers.CollectByCount.swift
[78/999] Compiling OpenCombine Publishers.CompactMap.swift
[79/999] Compiling OpenCombine Publishers.Comparison.swift
[80/999] Compiling OpenCombine Publishers.Concatenate.swift
[81/999] Compiling OpenCombine Publishers.Contains.swift
[82/1011] Compiling OpenCombine Utils.swift
[83/1011] Compiling OpenCombine Violations.swift
[84/1011] Compiling OpenCombine ImmediateScheduler.swift
[85/1011] Compiling OpenCombine ObservableObject.swift
[86/1011] Compiling OpenCombine PassthroughSubject.swift
[87/1011] Compiling OpenCombine Published.swift
[88/1011] Compiling OpenCombine Publisher+Subscribe.swift
[89/1011] Compiling OpenCombine Deferred.swift
[90/1011] Compiling OpenCombine Empty.swift
[91/1011] Compiling OpenCombine Fail.swift
[92/1011] Compiling OpenCombine GENERATED-Publishers.Catch.swift
[93/1011] Compiling OpenCombine GENERATED-Publishers.Encode.swift
[94/1011] Compiling OpenCombine GENERATED-Publishers.MapKeyPath.swift
[95/1011] Emitting module OpenCombine
[96/1011] Compiling OpenCombine AnyCancellable.swift
[97/1011] Compiling OpenCombine AnyPublisher.swift
[105/1011] Compiling OpenCombine CurrentValueSubject.swift
[106/1011] Compiling OpenCombine CustomCombineIdentifierConvertible.swift
[107/1011] Compiling OpenCombine Future.swift
[108/1011] Compiling OpenCombine GENERATED-RootProtocols.swift
[109/1011] Compiling OpenCombine ConduitBase.swift
[110/1011] Compiling OpenCombine ConduitList.swift
[111/1011] Compiling OpenCombine DebugHook.swift
[115/1011] Compiling OpenCombine PublishedSubject.swift
[116/1011] Compiling OpenCombine PublishedSubscriber.swift
[117/1011] Compiling OpenCombine ReduceProducer.swift
[118/1011] Compiling OpenCombine SubjectSubscriber.swift
[119/1011] Compiling OpenCombine SubscriberTap.swift
[120/1011] Compiling OpenCombine SubscriptionStatus.swift
[121/1011] Compiling OpenCombine SubscriptionTap.swift
[122/1011] Compiling Logging LoggingSystem.swift
[123/1011] Compiling OpenCombine Publishers.Count.swift
[124/1011] Compiling OpenCombine Publishers.Debounce.swift
[125/1011] Compiling OpenCombine Publishers.Delay.swift
[126/1011] Compiling OpenCombine Publishers.Drop.swift
[127/1011] Compiling OpenCombine Publishers.DropUntilOutput.swift
[128/1011] Compiling OpenCombine Publishers.DropWhile.swift
[129/1011] Compiling OpenCombine Publishers.Filter.swift
[130/1011] Compiling OpenCombine Publishers.First.swift
[131/1011] Compiling OpenCombine Publishers.FlatMap.swift
[132/1011] Compiling OpenCombine Publishers.HandleEvents.swift
[133/1011] Compiling OpenCombine Publishers.IgnoreOutput.swift
[134/1011] Compiling OpenCombine Publishers.Last.swift
[135/1011] Compiling OpenCombine Publishers.MakeConnectable.swift
[136/1011] Compiling Logging LoggingSystem.swift
[139/1012] Compiling OpenCombine Publishers.Map.swift
[140/1012] Compiling OpenCombine Publishers.MapError.swift
[141/1012] Compiling OpenCombine Publishers.MeasureInterval.swift
[142/1012] Compiling OpenCombine Publishers.Multicast.swift
[143/1012] Compiling OpenCombine Publishers.Output.swift
[144/1012] Compiling OpenCombine Publishers.PrefixUntilOutput.swift
[145/1012] Compiling OpenCombine Publishers.PrefixWhile.swift
[146/1012] Compiling OpenCombine Publishers.Print.swift
[147/1012] Compiling OpenCombine Publishers.ReceiveOn.swift
[148/1012] Compiling OpenCombine Publishers.Reduce.swift
[149/1012] Compiling OpenCombine Publishers.RemoveDuplicates.swift
[150/1012] Compiling OpenCombine Publishers.ReplaceEmpty.swift
[151/1012] Compiling OpenCombine Publishers.ReplaceError.swift
[152/1012] Compiling OpenCombine Publishers.Retry.swift
[153/1012] Compiling OpenCombine Publishers.Scan.swift
[154/1012] Compiling OpenCombine Publishers.Sequence.swift
[155/1012] Compiling OpenCombine Publishers.SetFailureType.swift
[156/1012] Compiling OpenCombine Publishers.Share.swift
[157/1012] Compiling OpenCombine Publishers.SubscribeOn.swift
[158/1012] Compiling OpenCombine Publishers.SwitchToLatest.swift
[159/1012] Compiling OpenCombine Publishers.Throttle.swift
[160/1012] Compiling OpenCombine Publishers.Timeout.swift
[161/1012] Compiling OpenCombine Publishers.Zip.swift
[162/1012] Compiling OpenCombine Publishers.swift
[163/1012] Compiling OpenCombine Record.swift
[164/1012] Compiling OpenCombine Result.Publisher.swift
[165/1012] Compiling Logging Logger+With.swift
[166/1012] Compiling Logging Logger+Attributes.swift
[167/1012] Compiling Logging Logger+With.swift
[168/1012] Compiling Logging Logger.swift
[172/1012] Compiling Logging MetadataProvider.swift
[175/1012] Emitting module Logging
[179/1105] Compiling OpenCombine AnyCancellable.swift
[180/1105] Compiling OpenCombine AnyPublisher.swift
[181/1105] Compiling ConcurrencyExtras MainSerialExecutor.swift
[182/1106] Compiling OpenCombine ConduitList.swift
[183/1106] Compiling OpenCombine DebugHook.swift
[184/1106] Compiling OpenCombine FilterProducer.swift
[185/1106] Compiling OpenCombine GENERATED-RootProtocols.swift
[186/1106] Compiling OpenCombine ConduitBase.swift
[188/1106] Compiling OpenCombine CurrentValueSubject.swift
[189/1106] Compiling OpenCombine CustomCombineIdentifierConvertible.swift
[192/1106] Compiling OpenCombine Future.swift
[193/1106] Compiling OpenCombine PublishedSubject.swift
[194/1106] Compiling OpenCombine PublishedSubscriber.swift
[195/1106] Compiling ConcurrencyExtras Result.swift
[196/1106] Compiling ConcurrencyExtras MainSerialExecutor.swift
[197/1107] Compiling OpenCombine AnySubscriber.swift
[198/1107] Compiling OpenCombine Cancellable.swift
[199/1107] Compiling OpenCombine Codable.swift
[200/1107] Compiling OpenCombine CombineIdentifier.swift
[201/1107] Emitting module Logging
[202/1107] Compiling Logging MetadataProvider.swift
[203/1108] Emitting module ConcurrencyExtras
[209/1108] Compiling ConcurrencyExtras Task.swift
[213/1108] Compiling ConcurrencyExtras Result.swift
[214/1108] Compiling ConcurrencyExtras Task.swift
[215/1108] Compiling OpenCombine ConcurrencyHelpers.swift
[216/1108] Compiling OpenCombine Future+Concurrency.swift
[217/1108] Compiling OpenCombine GENERATED-Publisher+Concurrency.swift
[230/1108] Compiling ConcurrencyExtras LockIsolated.swift
[249/1110] Emitting module Yams
[253/1110] Compiling ConcurrencyExtras UncheckedSendable.swift
[256/1111] Compiling ConcurrencyExtras LockIsolated.swift
[257/1112] Compiling OpenCombine Result.swift
[258/1112] Compiling OpenCombine Scheduler.swift
[259/1112] Compiling OpenCombine Subject+Void.swift
[260/1112] Compiling OpenCombine Subscriber+Void.swift
[261/1112] Compiling OpenCombine Subscribers.Assign.swift
[262/1112] Compiling OpenCombine Subscribers.Completion.swift
[263/1112] Compiling OpenCombine Subscribers.Demand.swift
[264/1112] Compiling OpenCombine Subscribers.Sink.swift
[265/1112] Compiling OpenCombine Subscribers.swift
[266/1112] Compiling OpenCombine Subscription.swift
[267/1112] Compiling OpenCombine Subscriptions.swift
[268/1112] Compiling OpenCombine _Introspection.swift
[272/1113] Wrapping AST for Logging for debugging
[274/1113] Compiling ConcurrencyExtras UncheckedSendable.swift
[274/1126] Compiling fiat_p256_adx_sqr.S
[276/1128] Compiling CCryptoBoringSSLShims shims.c
[278/1128] Compiling XCTestDynamicOverlay Exports.swift
[278/1128] Wrapping AST for Yams for debugging
[279/1128] Compiling fiat_p256_adx_mul.S
[281/1128] Compiling Clocks Timer.swift
[281/1129] Compiling fiat_curve25519_adx_square.S
[283/1144] Compiling XCTestDynamicOverlay Exports.swift
[283/1144] Compiling fiat_curve25519_adx_mul.S
[285/1150] Compiling Clocks SwiftUI.swift
[285/1150] Compiling md5-x86_64-linux.S
[287/1150] Compiling Clocks Lock.swift
[288/1150] Compiling Clocks SwiftUI.swift
[289/1150] Compiling Clocks Timer.swift
[289/1151] Compiling md5-x86_64-apple.S
[291/1151] Compiling Clocks Lock.swift
[292/1151] Compiling Clocks _AsyncTimerSequence.swift
[293/1151] Emitting module XCTestDynamicOverlay
[293/1151] Compiling md5-586-linux.S
[295/1151] Emitting module Clocks
[296/1151] Compiling Clocks AnyClock.swift
[297/1151] Compiling Clocks ImmediateClock.swift
[297/1151] Compiling md5-586-apple.S
[299/1151] Compiling Clocks TestClock.swift
[300/1151] Compiling Clocks UnimplementedClock.swift
[301/1152] Emitting module Clocks
[303/1152] Compiling Clocks AnyClock.swift
[304/1152] Compiling Clocks ImmediateClock.swift
[305/1152] Compiling Clocks _AsyncTimerSequence.swift
[310/1152] Compiling OpenCombine Locking.swift
[311/1152] Compiling OpenCombine PartialCompletion.swift
[314/1152] Compiling OpenCombine ReduceProducer.swift
[315/1152] Compiling OpenCombine SubjectSubscriber.swift
[316/1152] Compiling OpenCombine SubscriberTap.swift
[317/1152] Compiling OpenCombine SubscriptionStatus.swift
[318/1152] Compiling OpenCombine SubscriptionTap.swift
[319/1163] Compiling XCTestDynamicOverlay Deprecations.swift
[320/1163] Compiling Clocks UnimplementedClock.swift
[320/1165] Compiling chacha20_poly1305_x86_64-linux.S
[321/1165] Compiling err_data.cc
[323/1165] Compiling chacha20_poly1305_x86_64-apple.S
[324/1165] Compiling chacha20_poly1305_armv8-win.S
[326/1165] Emitting module XCTestDynamicOverlay
[327/1165] Compiling XCTestDynamicOverlay Deprecations.swift
[328/1165] Compiling Clocks TestClock.swift
[328/1167] Compiling chacha20_poly1305_armv8-linux.S
[328/1167] Compiling chacha20_poly1305_armv8-apple.S
[330/1167] Compiling chacha-x86_64-linux.S
[333/1167] Compiling chacha-x86-apple.S
[334/1167] Compiling chacha-x86-linux.S
[335/1167] Compiling chacha-x86_64-apple.S
[336/1167] Compiling chacha-armv8-linux.S
[336/1167] Compiling chacha-armv8-win.S
[338/1167] Compiling chacha-armv8-apple.S
[339/1167] Compiling chacha-armv4-linux.S
[340/1167] Compiling aes128gcmsiv-x86_64-apple.S
[341/1167] Compiling aes128gcmsiv-x86_64-linux.S
[342/1167] Compiling x86_64-mont5-apple.S
[343/1167] Compiling x86_64-mont5-linux.S
[344/1167] Compiling x86_64-mont-linux.S
[345/1167] Compiling x86-mont-linux.S
[346/1167] Compiling x86_64-mont-apple.S
[347/1167] Compiling x86-mont-apple.S
[348/1167] Compiling vpaes-x86_64-linux.S
[349/1167] Compiling vpaes-x86-apple.S
[350/1167] Compiling vpaes-x86_64-apple.S
[351/1167] Compiling vpaes-x86-linux.S
[352/1167] Compiling vpaes-armv8-win.S
[353/1167] Compiling vpaes-armv8-linux.S
[354/1167] Compiling vpaes-armv7-linux.S
[355/1167] Compiling vpaes-armv8-apple.S
[356/1167] Compiling sha512-x86_64-apple.S
[357/1167] Compiling sha512-x86_64-linux.S
[358/1167] Compiling sha512-armv8-win.S
[360/1167] Compiling OpenCombineFoundation Locking.swift
[361/1167] Compiling OpenCombineFoundation Portability.swift
[362/1167] Compiling OpenCombineFoundation Utils.swift
[363/1167] Compiling OpenCombineFoundation Violations.swift
[364/1167] Compiling OpenCombineFoundation JSONEncoder.swift
[365/1167] Compiling OpenCombineFoundation NotificationCenter.swift
[372/1167] Compiling sha512-armv8-linux.S
[373/1167] Compiling sha512-armv8-apple.S
[374/1167] Compiling sha512-armv4-linux.S
[375/1167] Compiling sha512-586-apple.S
[376/1167] Compiling sha512-586-linux.S
[378/1167] Emitting module OpenCombine
[378/1167] Compiling sha256-armv8-win.S
[379/1167] Compiling sha256-x86_64-apple.S
[380/1167] Compiling sha256-armv8-linux.S
[381/1167] Compiling sha256-x86_64-linux.S
[383/1167] Emitting module OpenCombineDispatch
[383/1167] Compiling sha256-armv8-apple.S
[385/1167] Compiling OpenCombineDispatch DispatchQueue+Scheduler.swift
[385/1167] Compiling sha256-armv4-linux.S
[386/1168] Compiling sha256-586-linux.S
[387/1168] Compiling sha256-586-apple.S
[388/1168] Compiling sha1-x86_64-apple.S
[389/1168] Compiling sha1-x86_64-linux.S
[390/1168] Compiling sha1-armv8-win.S
[392/1168] Compiling sha1-armv8-linux.S
[393/1168] Compiling sha1-armv8-apple.S
[394/1168] Compiling sha1-armv4-large-linux.S
[395/1168] Compiling sha1-586-linux.S
[396/1168] Compiling rsaz-avx2-apple.S
[397/1168] Compiling sha1-586-apple.S
[398/1168] Compiling rsaz-avx2-linux.S
[399/1168] Compiling rdrand-x86_64-linux.S
[400/1168] Compiling rdrand-x86_64-apple.S
[401/1168] Compiling p256_beeu-x86_64-asm-linux.S
[402/1168] Compiling p256_beeu-armv8-asm-win.S
[403/1168] Compiling p256_beeu-x86_64-asm-apple.S
[404/1168] Compiling p256_beeu-armv8-asm-linux.S
[405/1168] Compiling p256_beeu-armv8-asm-apple.S
[406/1168] Compiling p256-x86_64-asm-apple.S
[407/1168] Compiling p256-x86_64-asm-linux.S
[408/1168] Compiling p256-armv8-asm-win.S
[409/1168] Compiling p256-armv8-asm-apple.S
[410/1168] Compiling p256-armv8-asm-linux.S
[411/1168] Compiling ghashv8-armv8-win.S
[412/1168] Compiling ghashv8-armv8-apple.S
[413/1168] Compiling ghashv8-armv8-linux.S
[414/1168] Compiling ghash-x86_64-apple.S
[415/1168] Compiling ghashv8-armv7-linux.S
[416/1168] Compiling ghash-x86_64-linux.S
[417/1168] Compiling ghash-x86-linux.S
[418/1168] Compiling ghash-ssse3-x86_64-apple.S
[419/1168] Compiling ghash-x86-apple.S
[420/1168] Compiling ghash-ssse3-x86-linux.S
[421/1168] Compiling ghash-ssse3-x86_64-linux.S
[422/1168] Compiling ghash-ssse3-x86-apple.S
[423/1168] Compiling ghash-neon-armv8-linux.S
[424/1168] Compiling ghash-neon-armv8-win.S
[425/1168] Compiling ghash-neon-armv8-apple.S
[426/1168] Compiling co-586-linux.S
[427/1168] Compiling co-586-apple.S
[428/1168] Compiling ghash-armv4-linux.S
[429/1168] Compiling bn-armv8-win.S
[430/1168] Compiling bsaes-armv7-linux.S
[431/1168] Compiling bn-armv8-linux.S
[432/1168] Compiling bn-armv8-apple.S
[433/1168] Compiling bn-586-apple.S
[435/1168] Compiling OpenCombine Publishers.Map.swift
[436/1168] Compiling OpenCombine Publishers.MapError.swift
[437/1168] Compiling OpenCombine Publishers.MeasureInterval.swift
[438/1168] Compiling OpenCombine Publishers.Multicast.swift
[439/1168] Compiling OpenCombine Publishers.Output.swift
[440/1168] Compiling OpenCombine Publishers.PrefixUntilOutput.swift
[441/1168] Compiling OpenCombine Publishers.PrefixWhile.swift
[442/1168] Compiling OpenCombine Publishers.Print.swift
[443/1168] Compiling OpenCombine Publishers.ReceiveOn.swift
[444/1168] Compiling OpenCombine Publishers.Reduce.swift
[445/1168] Compiling OpenCombine Publishers.RemoveDuplicates.swift
[446/1168] Compiling OpenCombine Publishers.ReplaceEmpty.swift
[447/1168] Compiling OpenCombine Publishers.ReplaceError.swift
[447/1168] Compiling bn-586-linux.S
[448/1168] Compiling armv8-mont-win.S
[449/1168] Compiling armv8-mont-apple.S
[450/1168] Compiling aesv8-gcm-armv8-apple.S
[451/1168] Compiling aesv8-gcm-armv8-linux.S
[452/1168] Compiling armv4-mont-linux.S
[453/1168] Compiling aesv8-gcm-armv8-win.S
[454/1168] Compiling aesv8-armv8-win.S
[455/1168] Compiling aesv8-armv8-linux.S
[456/1168] Compiling aesni-gcm-x86_64-apple.S
[457/1168] Compiling aesv8-armv8-apple.S
[458/1168] Compiling aesv8-armv7-linux.S
[459/1168] Compiling aes-gcm-avx512-x86_64-linux.S
[460/1168] Compiling aes-gcm-avx512-x86_64-apple.S
[461/1168] Compiling aes-gcm-avx2-x86_64-linux.S
[462/1168] Compiling aes-gcm-avx2-x86_64-apple.S
[464/1168] Compiling OpenCombine Utils.swift
[465/1168] Compiling OpenCombine Violations.swift
[466/1168] Compiling OpenCombine ImmediateScheduler.swift
[467/1168] Compiling OpenCombine ObservableObject.swift
[468/1168] Compiling OpenCombine PassthroughSubject.swift
[469/1168] Compiling OpenCombine Published.swift
[470/1168] Compiling OpenCombine Publisher+Subscribe.swift
[471/1168] Compiling OpenCombine Deferred.swift
[472/1168] Compiling OpenCombine Empty.swift
[473/1168] Compiling OpenCombine Fail.swift
[474/1168] Compiling OpenCombine GENERATED-Publishers.Catch.swift
[475/1168] Compiling OpenCombine GENERATED-Publishers.Encode.swift
[476/1168] Compiling OpenCombine GENERATED-Publishers.MapKeyPath.swift
[477/1168] Compiling OpenCombine Publishers.Count.swift
[478/1168] Compiling OpenCombine Publishers.Debounce.swift
[479/1168] Compiling OpenCombine Publishers.Delay.swift
[480/1168] Compiling OpenCombine Publishers.Drop.swift
[481/1168] Compiling OpenCombine Publishers.DropUntilOutput.swift
[482/1168] Compiling OpenCombine Publishers.DropWhile.swift
[483/1168] Compiling OpenCombine Publishers.Filter.swift
[484/1168] Compiling OpenCombine Publishers.First.swift
[485/1168] Compiling OpenCombine Publishers.FlatMap.swift
[486/1168] Compiling OpenCombine Publishers.HandleEvents.swift
[487/1168] Compiling OpenCombine Publishers.IgnoreOutput.swift
[488/1168] Compiling OpenCombine Publishers.Last.swift
[489/1168] Compiling OpenCombine Publishers.MakeConnectable.swift
[490/1168] Compiling OpenCombine Just.swift
[491/1168] Compiling OpenCombine Optional.Publisher.swift
[492/1168] Compiling OpenCombine Publishers.AllSatisfy.swift
[493/1168] Compiling OpenCombine Publishers.AssertNoFailure.swift
[494/1168] Compiling OpenCombine Publishers.Autoconnect.swift
[495/1168] Compiling OpenCombine Publishers.Breakpoint.swift
[496/1168] Compiling OpenCombine Publishers.Buffer.swift
[497/1168] Compiling OpenCombine Publishers.Collect.swift
[498/1168] Compiling OpenCombine Publishers.CollectByCount.swift
[499/1168] Compiling OpenCombine Publishers.CompactMap.swift
[500/1168] Compiling OpenCombine Publishers.Comparison.swift
[501/1168] Compiling OpenCombine Publishers.Concatenate.swift
[502/1168] Compiling OpenCombine Publishers.Contains.swift
[503/1168] Compiling OpenCombine Result.swift
[504/1168] Compiling OpenCombine Scheduler.swift
[505/1168] Compiling OpenCombine Subject+Void.swift
[506/1168] Compiling OpenCombine Subscriber+Void.swift
[507/1168] Compiling OpenCombine Subscribers.Assign.swift
[508/1168] Compiling OpenCombine Subscribers.Completion.swift
[509/1168] Compiling OpenCombine Subscribers.Demand.swift
[510/1168] Compiling OpenCombine Subscribers.Sink.swift
[511/1168] Compiling OpenCombine Subscribers.swift
[512/1168] Compiling OpenCombine Subscription.swift
[513/1168] Compiling OpenCombine Subscriptions.swift
[514/1168] Compiling OpenCombine _Introspection.swift
[514/1168] Compiling xwing.cc
[515/1168] Compiling x_x509.cc
[516/1168] Compiling x_sig.cc
[517/1168] Compiling x_x509a.cc
[519/1168] Compiling OpenCombineFoundation Timer+Publisher.swift
[521/1169] Compiling x_req.cc
[522/1169] Compiling x_spki.cc
[524/1169] Compiling OpenCombineFoundation RunLoop+Scheduler.swift
[525/1169] Compiling OpenCombineFoundation PropertyListEncoder.swift
[526/1169] Emitting module OpenCombineFoundation
[527/1169] Compiling OpenCombine Publishers.Retry.swift
[528/1169] Compiling OpenCombine Publishers.Scan.swift
[529/1169] Compiling OpenCombine Publishers.Sequence.swift
[530/1169] Compiling OpenCombine Publishers.SetFailureType.swift
[531/1169] Compiling OpenCombine Publishers.Share.swift
[532/1169] Compiling OpenCombine Publishers.SubscribeOn.swift
[533/1169] Compiling OpenCombine Publishers.SwitchToLatest.swift
[534/1169] Compiling OpenCombine Publishers.Throttle.swift
[535/1169] Compiling OpenCombine Publishers.Timeout.swift
[536/1169] Compiling OpenCombine Publishers.Zip.swift
[537/1169] Compiling OpenCombine Publishers.swift
[538/1169] Compiling OpenCombine Record.swift
[539/1169] Compiling OpenCombine Result.Publisher.swift
[540/1169] Compiling OpenCombineFoundation OperationQueue+Scheduler.swift
[545/1170] Compiling OpenCombineFoundation URLSession.swift
[547/1171] Compiling x_pubkey.cc
[549/1186] Emitting module OpenCombineShim
[550/1186] Compiling OpenCombineShim OpenCombineShim.swift
[550/1186] Compiling x_crl.cc
[553/1187] Compiling OpenCombineFoundation Locking.swift
[554/1187] Compiling OpenCombineFoundation Portability.swift
[555/1187] Compiling OpenCombineFoundation Utils.swift
[556/1187] Compiling OpenCombineFoundation Violations.swift
[556/1188] Compiling x_exten.cc
[557/1188] Compiling x_all.cc
[558/1201] Compiling x_name.cc
[560/1201] Emitting module OpenCombineFoundation
[561/1201] Compiling OpenCombineFoundation Timer+Publisher.swift
[561/1201] Compiling x_attrib.cc
[563/1201] Compiling OpenCombineFoundation PropertyListEncoder.swift
[564/1201] Compiling OpenCombineFoundation RunLoop+Scheduler.swift
[565/1201] Compiling OpenCombineFoundation URLSession.swift
[566/1201] Compiling CombineSchedulers Lock.swift
[567/1201] Compiling CombineSchedulers NSRecursiveLock.swift
[568/1201] Compiling OpenCombineFoundation OperationQueue+Scheduler.swift
[570/1202] Compiling OpenCombineDispatch DispatchQueue+Scheduler.swift
[571/1202] Emitting module OpenCombineDispatch
[575/1204] Compiling CombineSchedulers UIKit.swift
[575/1204] Compiling x_algor.cc
[577/1204] Compiling CombineSchedulers UIScheduler.swift
[577/1204] Compiling x509rset.cc
[579/1206] Compiling CombineSchedulers ImmediateScheduler.swift
[580/1206] Compiling CombineSchedulers Deprecations.swift
[580/1206] Compiling x509spki.cc
[582/1206] Compiling OpenCombineShim OpenCombineShim.swift
[582/1206] Compiling x509name.cc
[584/1206] Emitting module OpenCombineShim
[586/1207] Compiling CombineSchedulers UnimplementedScheduler.swift
[586/1207] Compiling x509cset.cc
[588/1220] Compiling CombineSchedulers UIKit.swift
[589/1221] Compiling CombineSchedulers AnyScheduler.swift
[590/1221] Compiling CombineSchedulers Concurrency.swift
[591/1221] Emitting module CombineSchedulers
[592/1221] Compiling CombineSchedulers ImmediateScheduler.swift
[593/1221] Compiling CombineSchedulers Deprecations.swift
[594/1221] Compiling CombineSchedulers Lock.swift
[595/1221] Compiling CombineSchedulers NSRecursiveLock.swift
[596/1222] Compiling x509_vpm.cc
[598/1222] Compiling CombineSchedulers UIScheduler.swift
[600/1222] Compiling x509_vfy.cc
[602/1222] Emitting module CombineSchedulers
[605/1222] Compiling CombineSchedulers UnimplementedScheduler.swift
[605/1231] Compiling x509_v3.cc
[606/1247] Compiling x509_txt.cc
[608/1247] Compiling Dependencies Exports.swift
[609/1247] Compiling Dependencies SendableKeyPath.swift
[610/1247] Compiling Dependencies TypeName.swift
[610/1250] Compiling x509_trs.cc
[611/1250] Compiling x509_set.cc
[613/1250] Compiling Dependencies DependencyKey.swift
[614/1250] Compiling Dependencies DependencyValues.swift
[615/1250] Compiling Dependencies TimeZone.swift
[616/1250] Compiling Dependencies URLSession.swift
[617/1250] Compiling Dependencies Assert.swift
[618/1250] Compiling Dependencies Calendar.swift
[620/1251] Emitting module Dependencies
[620/1251] Compiling x509_req.cc
[622/1276] Compiling Dependencies WithRandomNumberGenerator.swift
[623/1276] Compiling Dependencies AppEntryPoint.swift
[624/1276] Compiling Dependencies Deprecations.swift
[625/1276] Compiling Dependencies Date.swift
[626/1276] Compiling Dependencies FireAndForget.swift
[627/1276] Compiling Dependencies Locale.swift
[628/1276] Compiling Dependencies MainQueue.swift
[629/1276] Compiling Dependencies MainRunLoop.swift
[630/1276] Compiling Dependencies NotificationCenter.swift
[631/1276] Compiling Dependencies OpenURL.swift
[632/1276] Compiling Dependencies Assert.swift
[633/1276] Compiling Dependencies Calendar.swift
[634/1276] Compiling Dependencies Clocks.swift
[635/1276] Compiling Dependencies Context.swift
[636/1276] Compiling Dependencies TimeZone.swift
[637/1276] Compiling Dependencies URLSession.swift
[638/1276] Compiling Dependencies UUID.swift
[639/1276] Compiling Dependencies Exports.swift
[640/1276] Compiling Dependencies SendableKeyPath.swift
[641/1276] Compiling Dependencies TypeName.swift
[642/1279] Compiling Dependencies PreviewTrait.swift
[643/1279] Compiling Dependencies TestTrait.swift
[644/1279] Compiling Dependencies WithDependencies.swift
[644/1279] Compiling x509_obj.cc
[645/1279] Compiling x509_lu.cc
[646/1279] Compiling x509_def.cc
[647/1279] Compiling x509_d2.cc
[651/1279] Compiling x509_ext.cc
[656/1279] Compiling x509_cmp.cc
[658/1279] Compiling Dependencies Dependency.swift
[659/1279] Compiling Dependencies DependencyContext.swift
[660/1279] Compiling Dependencies DependencyKey.swift
[661/1279] Compiling Dependencies DependencyValues.swift
[672/1280] Compiling x509_att.cc
[673/1280] Compiling x509.cc
[677/1280] Compiling v3_skey.cc
[679/1280] Emitting module Dependencies
[683/1281] Compiling v3_utl.cc
[685/1281] Compiling v3_prn.cc
[686/1281] Compiling v3_purp.cc
[687/1281] Compiling v3_pcons.cc
[688/1281] Compiling v3_ocsp.cc
[689/1281] Compiling v3_pmaps.cc
[690/1281] Compiling v3_ncons.cc
[691/1281] Compiling v3_lib.cc
[692/1281] Compiling v3_int.cc
[693/1281] Compiling v3_ia5.cc
[694/1281] Compiling v3_info.cc
[695/1281] Compiling v3_genn.cc
[696/1281] Compiling v3_extku.cc
[697/1281] Compiling v3_enum.cc
[698/1281] Compiling v3_crld.cc
[699/1281] Compiling v3_cpols.cc
[700/1281] Compiling v3_bitst.cc
[701/1281] Compiling v3_conf.cc
[702/1281] Compiling v3_bcons.cc
[703/1281] Compiling v3_akeya.cc
[704/1281] Compiling v3_alt.cc
[705/1281] Compiling v3_akey.cc
[706/1281] Compiling t_x509a.cc
[707/1281] Compiling t_x509.cc
[708/1281] Compiling i2d_pr.cc
[709/1281] Compiling t_crl.cc
[710/1281] Compiling t_req.cc
[711/1281] Compiling rsa_pss.cc
[712/1281] Compiling name_print.cc
[713/1281] Compiling policy.cc
[714/1281] Compiling by_file.cc
[715/1281] Compiling algorithm.cc
[716/1281] Compiling by_dir.cc
[717/1281] Compiling asn1_gen.cc
[718/1281] Compiling a_verify.cc
[719/1281] Compiling a_sign.cc
[720/1281] Compiling a_digest.cc
[721/1281] Compiling voprf.cc
[722/1281] Compiling thread_win.cc
[723/1281] Compiling thread_pthread.cc
[724/1281] Compiling thread_none.cc
[725/1281] Compiling thread.cc
[726/1281] Compiling stack.cc
[727/1281] Compiling sha512.cc
[728/1281] Compiling siphash.cc
[729/1281] Compiling trust_token.cc
[730/1281] Compiling pmbtoken.cc
[731/1281] Compiling sha256.cc
[732/1281] Compiling slhdsa.cc
[733/1281] Compiling sha1.cc
[734/1281] Compiling spake2plus.cc
[735/1281] Compiling rsa_extra.cc
[736/1281] Compiling rsa_print.cc
[737/1281] Compiling refcount.cc
[738/1281] Compiling rc4.cc
[739/1281] Compiling rsa_crypt.cc
[740/1281] Compiling windows.cc
[741/1281] Compiling trusty.cc
[742/1281] Compiling rand.cc
[743/1281] Compiling urandom.cc
[744/1281] Compiling ios.cc
[745/1281] Compiling passive.cc
[746/1281] Compiling getentropy.cc
[747/1281] Compiling poly1305_arm_asm.S
[748/1281] Compiling deterministic.cc
[749/1281] Compiling forkunsafe.cc
[750/1281] Compiling fork_detect.cc
[751/1281] Compiling rsa_asn1.cc
[752/1281] Compiling poly1305_arm.cc
[753/1281] Compiling poly1305.cc
[754/1281] Compiling poly1305_vec.cc
[755/1281] Compiling pool.cc
[756/1281] Compiling pkcs7.cc
[757/1281] Compiling p5_pbev2.cc
[758/1281] Compiling pkcs8.cc
[759/1281] Compiling pkcs8_x509.cc
[760/1281] Compiling pkcs7_x509.cc
[761/1281] Compiling pem_xaux.cc
[762/1281] Compiling pem_x509.cc
[763/1281] Compiling pem_pkey.cc
[764/1281] Compiling mlkem.cc
[765/1281] Compiling obj_xref.cc
[766/1281] Compiling pem_pk8.cc
[767/1281] Compiling pem_oth.cc
[768/1281] Compiling pem_info.cc
[769/1281] Compiling mldsa.cc
[770/1281] Compiling pem_lib.cc
[771/1281] Compiling pem_all.cc
[772/1281] Compiling obj.cc
[773/1281] Compiling mem.cc
[774/1281] Compiling poly_rq_mul.S
[775/1281] Compiling fips_shared_support.cc
[776/1281] Compiling lhash.cc
[777/1281] Compiling md5.cc
[778/1281] Compiling md4.cc
[779/1281] Compiling fuzzer_mode.cc
[780/1281] Compiling kyber.cc
[781/1281] Compiling ex_data.cc
[782/1281] Compiling hrss.cc
[783/1281] Compiling hpke.cc
[784/1281] Compiling scrypt.cc
[785/1281] Compiling print.cc
[786/1281] Compiling pbkdf.cc
[787/1281] Compiling sign.cc
[788/1281] Compiling p_x25519.cc
[789/1281] Compiling p_x25519_asn1.cc
[790/1281] Compiling p_rsa_asn1.cc
[791/1281] Compiling p_hkdf.cc
[792/1281] Compiling p_ed25519_asn1.cc
[793/1281] Compiling p_ed25519.cc
[794/1281] Compiling p_rsa.cc
[795/1281] Compiling p_ec.cc
[796/1281] Compiling p_ec_asn1.cc
[797/1281] Compiling p_dsa_asn1.cc
[798/1281] Compiling p_dh_asn1.cc
[799/1281] Compiling p_dh.cc
[800/1281] Compiling evp_ctx.cc
[801/1281] Compiling err.cc
[802/1281] Compiling evp_asn1.cc
[803/1281] Compiling engine.cc
[804/1281] Compiling ecdsa_p1363.cc
[805/1281] Compiling evp.cc
[806/1281] Compiling ecdh.cc
[807/1281] Compiling ec_derive.cc
[808/1281] Compiling ecdsa_asn1.cc
[809/1281] Compiling hash_to_curve.cc
[810/1281] Compiling dsa.cc
[811/1281] Compiling digest_extra.cc
[812/1281] Compiling dsa_asn1.cc
[813/1281] Compiling ec_asn1.cc
[814/1281] Compiling x25519-asm-arm.S
[815/1281] Compiling des.cc
[816/1281] Compiling params.cc
[817/1281] Compiling dh_asn1.cc
[818/1281] Compiling crypto.cc
[819/1281] Compiling cpu_intel.cc
[820/1281] Compiling curve25519.cc
[820/1281] Compiling cpu_arm_linux.cc
[822/1281] Compiling spake25519.cc
[823/1281] Compiling cpu_arm_freebsd.cc
[824/1281] Compiling curve25519_64_adx.cc
[825/1281] Compiling cpu_aarch64_win.cc
[826/1281] Compiling cpu_aarch64_sysreg.cc
[827/1281] Compiling cpu_aarch64_openbsd.cc
[828/1281] Compiling cpu_aarch64_linux.cc
[829/1281] Compiling cpu_aarch64_fuchsia.cc
[830/1281] Compiling cpu_aarch64_apple.cc
[831/1281] Compiling conf.cc
[832/1281] Compiling tls_cbc.cc
[833/1281] Compiling get_cipher.cc
[834/1281] Compiling e_rc4.cc
[835/1281] Compiling e_tls.cc
[836/1281] Compiling e_rc2.cc
[837/1281] Compiling e_null.cc
[838/1281] Compiling e_des.cc
[839/1281] Compiling e_chacha20poly1305.cc
[840/1281] Compiling cms.cc
[841/1281] Compiling derive_key.cc
[842/1281] Compiling e_aeseax.cc
[843/1281] Compiling e_aesgcmsiv.cc
[844/1281] Compiling e_aesctrhmac.cc
[845/1281] Compiling chacha.cc
[846/1281] Compiling buf.cc
[847/1281] Compiling cbb.cc
[848/1281] Compiling unicode.cc
[849/1281] Compiling sqrt.cc
[850/1281] Compiling ber.cc
[851/1281] Compiling cbs.cc
[852/1281] Compiling asn1_compat.cc
[853/1281] Compiling div.cc
[854/1281] Compiling exponentiation.cc
[855/1281] Compiling printf.cc
[856/1281] Compiling bn_asn1.cc
[857/1281] Compiling pair.cc
[858/1281] Compiling hexdump.cc
[859/1281] Compiling blake2.cc
[860/1281] Compiling convert.cc
[861/1281] Compiling file.cc
[862/1281] Compiling fd.cc
[863/1281] Compiling errno.cc
[864/1281] Compiling bio_mem.cc
[865/1281] Compiling base64.cc
[866/1281] Compiling bio.cc
[867/1281] Compiling tasn_typ.cc
[868/1281] Compiling tasn_fre.cc
[869/1281] Compiling tasn_utl.cc
[870/1281] Compiling posix_time.cc
[871/1281] Compiling tasn_enc.cc
[872/1281] Compiling f_string.cc
[873/1281] Compiling tasn_new.cc
[874/1281] Compiling f_int.cc
[875/1281] Compiling asn_pack.cc
[876/1281] Compiling asn1_par.cc
[877/1281] Compiling tasn_dec.cc
[878/1281] Compiling asn1_lib.cc
[879/1281] Compiling a_octet.cc
[880/1281] Compiling a_utctm.cc
[881/1281] Compiling a_type.cc
[882/1281] Compiling a_time.cc
[883/1281] Compiling a_strex.cc
[884/1281] Compiling a_strnid.cc
[885/1281] Compiling a_i2d_fp.cc
[886/1281] Compiling a_dup.cc
[887/1281] Compiling a_mbstr.cc
[888/1281] Compiling a_object.cc
[888/1281] Compiling a_int.cc
[890/1281] Compiling fiat_p256_adx_mul.S
[891/1281] Compiling fiat_p256_adx_sqr.S
[892/1281] Compiling a_gentm.cc
[893/1281] Compiling a_d2i_fp.cc
[894/1281] Compiling fiat_curve25519_adx_square.S
[895/1281] Compiling fiat_curve25519_adx_mul.S
[896/1281] Compiling md5-x86_64-linux.S
[897/1281] Compiling md5-x86_64-apple.S
[898/1281] Compiling md5-586-linux.S
[899/1281] Compiling md5-586-apple.S
[900/1281] Compiling chacha20_poly1305_armv8-win.S
[900/1281] Compiling chacha20_poly1305_x86_64-apple.S
[902/1281] Compiling aes.cc
[903/1281] Compiling chacha20_poly1305_x86_64-linux.S
[904/1281] Compiling chacha20_poly1305_armv8-linux.S
[905/1281] Compiling chacha20_poly1305_armv8-apple.S
[906/1281] Compiling chacha-x86_64-apple.S
[907/1281] Compiling chacha-x86_64-linux.S
[908/1281] Compiling chacha-x86-linux.S
[909/1281] Compiling chacha-x86-apple.S
[910/1281] Compiling chacha-armv8-win.S
[911/1281] Compiling chacha-armv8-linux.S
[911/1281] Compiling chacha-armv8-apple.S
[913/1281] Compiling a_bool.cc
[914/1281] Compiling chacha-armv4-linux.S
[915/1281] Compiling aes128gcmsiv-x86_64-apple.S
[916/1281] Compiling x86_64-mont5-apple.S
[917/1281] Compiling aes128gcmsiv-x86_64-linux.S
[918/1281] Compiling x86_64-mont5-linux.S
[918/1281] Compiling err_data.cc
[920/1281] Compiling x86_64-mont-linux.S
[921/1281] Compiling a_bitstr.cc
[922/1281] Compiling x86_64-mont-apple.S
[923/1281] Compiling x86-mont-linux.S
[923/1281] Compiling x86-mont-apple.S
[925/1281] Compiling vpaes-x86_64-apple.S
[926/1281] Compiling vpaes-x86-linux.S
[927/1281] Compiling vpaes-x86_64-linux.S
[927/1281] Compiling vpaes-armv8-win.S
[929/1281] Compiling vpaes-x86-apple.S
[930/1281] Compiling vpaes-armv8-apple.S
[931/1281] Compiling vpaes-armv8-linux.S
[932/1281] Compiling vpaes-armv7-linux.S
[933/1281] Compiling sha512-armv8-win.S
[934/1281] Compiling sha512-x86_64-linux.S
[935/1281] Compiling sha512-armv8-linux.S
[935/1281] Compiling sha512-x86_64-apple.S
[937/1281] Compiling sha512-armv8-apple.S
[938/1281] Compiling sha512-armv4-linux.S
[939/1281] Compiling sha512-586-apple.S
[940/1281] Compiling sha512-586-linux.S
[941/1281] Compiling sha256-x86_64-apple.S
[942/1281] Compiling sha256-x86_64-linux.S
[943/1281] Compiling sha256-armv8-linux.S
[944/1281] Compiling sha256-armv8-win.S
[945/1281] Compiling sha256-armv8-apple.S
[946/1281] Compiling sha256-armv4-linux.S
[947/1281] Compiling sha256-586-apple.S
[948/1281] Compiling sha256-586-linux.S
[949/1281] Compiling sha1-armv8-win.S
[950/1281] Compiling sha1-x86_64-apple.S
[951/1281] Compiling sha1-x86_64-linux.S
[952/1281] Compiling sha1-armv8-linux.S
[953/1281] Compiling sha1-armv8-apple.S
[954/1281] Compiling sha1-armv4-large-linux.S
[955/1281] Compiling sha1-586-apple.S
[956/1281] Compiling sha1-586-linux.S
[957/1281] Compiling rsaz-avx2-apple.S
[958/1281] Compiling rsaz-avx2-linux.S
[959/1281] Compiling rdrand-x86_64-linux.S
[960/1281] Compiling rdrand-x86_64-apple.S
[961/1281] Compiling p256_beeu-x86_64-asm-linux.S
[962/1281] Compiling p256_beeu-armv8-asm-win.S
[963/1281] Compiling p256_beeu-x86_64-asm-apple.S
[964/1281] Compiling p256_beeu-armv8-asm-apple.S
[965/1281] Compiling p256_beeu-armv8-asm-linux.S
[966/1281] Compiling p256-x86_64-asm-linux.S
[967/1281] Compiling p256-x86_64-asm-apple.S
[968/1281] Compiling p256-armv8-asm-apple.S
[969/1281] Compiling p256-armv8-asm-linux.S
[970/1281] Compiling p256-armv8-asm-win.S
[971/1281] Compiling ghashv8-armv8-win.S
[972/1281] Compiling ghashv8-armv8-linux.S
[973/1281] Compiling ghashv8-armv8-apple.S
[974/1281] Compiling ghashv8-armv7-linux.S
[975/1281] Compiling ghash-x86_64-linux.S
[976/1281] Compiling ghash-x86_64-apple.S
[977/1281] Compiling ghash-x86-linux.S
[978/1281] Compiling ghash-x86-apple.S
[979/1281] Compiling ghash-ssse3-x86_64-apple.S
[980/1281] Compiling ghash-ssse3-x86_64-linux.S
[981/1281] Compiling ghash-neon-armv8-win.S
[982/1281] Compiling ghash-neon-armv8-linux.S
[983/1281] Compiling ghash-ssse3-x86-linux.S
[984/1281] Compiling ghash-ssse3-x86-apple.S
[985/1281] Compiling ghash-neon-armv8-apple.S
[986/1281] Compiling ghash-armv4-linux.S
[987/1281] Compiling co-586-linux.S
[988/1281] Compiling co-586-apple.S
[989/1281] Compiling bsaes-armv7-linux.S
[990/1281] Compiling bn-armv8-win.S
[991/1281] Compiling bn-armv8-linux.S
[992/1281] Compiling bn-586-linux.S
[993/1281] Compiling bn-armv8-apple.S
[994/1281] Compiling bn-586-apple.S
[995/1281] Compiling armv8-mont-linux.S
[996/1281] Compiling armv8-mont-win.S
[997/1281] Compiling armv8-mont-apple.S
[998/1281] Compiling armv4-mont-linux.S
[999/1281] Compiling aesv8-gcm-armv8-win.S
[1000/1281] Compiling aesv8-gcm-armv8-linux.S
[1001/1281] Compiling aesv8-gcm-armv8-apple.S
[1002/1281] Compiling aesv8-armv8-win.S
[1003/1281] Compiling aesv8-armv8-apple.S
[1004/1281] Compiling aesv8-armv7-linux.S
[1005/1281] Compiling aesv8-armv8-linux.S
[1006/1281] Compiling aesni-x86_64-linux.S
[1007/1281] Compiling aesni-x86_64-apple.S
[1008/1281] Compiling aesni-x86-linux.S
[1009/1281] Compiling aesni-x86-apple.S
[1010/1281] Compiling aesni-gcm-x86_64-linux.S
[1011/1281] Compiling aesni-gcm-x86_64-apple.S
[1012/1281] Compiling aes-gcm-avx512-x86_64-apple.S
[1013/1281] Compiling aes-gcm-avx512-x86_64-linux.S
[1014/1281] Compiling aes-gcm-avx2-x86_64-linux.S
[1015/1281] Compiling aes-gcm-avx2-x86_64-apple.S
[1016/1281] Compiling xwing.cc
[1017/1281] Compiling x_sig.cc
[1018/1281] Compiling x_spki.cc
[1019/1281] Compiling x_req.cc
[1020/1281] Compiling x_x509a.cc
[1021/1281] Compiling x_x509.cc
[1022/1281] Compiling x_pubkey.cc
[1023/1281] Compiling x_name.cc
[1024/1281] Compiling x_exten.cc
[1025/1281] Compiling x_crl.cc
[1026/1281] Compiling x_attrib.cc
[1027/1281] Compiling x509spki.cc
[1028/1281] Compiling x_all.cc
[1029/1281] Compiling x_algor.cc
[1030/1281] Compiling bcm.cc
[1031/1289] Compiling x509rset.cc
[1032/1289] Compiling x509name.cc
[1033/1289] Compiling x509cset.cc
[1034/1289] Compiling x509_vpm.cc
[1035/1289] Compiling x509_txt.cc
[1036/1289] Compiling x509_v3.cc
[1037/1289] Compiling x509_vfy.cc
[1039/1289] Emitting module CryptoBoringWrapper
[1039/1289] Compiling x509_trs.cc
[1041/1289] Compiling CryptoBoringWrapper RandomBytes.swift
[1041/1289] Compiling x509_set.cc
[1042/1289] Compiling x509_req.cc
[1043/1289] Compiling x509_ext.cc
[1044/1289] Compiling x509_obj.cc
[1045/1289] Compiling x509_lu.cc
[1046/1289] Compiling x509_def.cc
[1048/1289] Compiling CryptoBoringWrapper ArbitraryPrecisionInteger.swift
[1049/1289] Compiling CryptoBoringWrapper EllipticCurve.swift
[1050/1289] Compiling CryptoBoringWrapper FiniteFieldArithmeticContext.swift
[1051/1289] Compiling CryptoBoringWrapper EllipticCurvePoint.swift
[1052/1289] Compiling CryptoBoringWrapper CryptoKitErrors_boring.swift
[1053/1289] Compiling CryptoBoringWrapper BoringSSLAEAD.swift
[1054/1361] Compiling x509_d2.cc
[1055/1361] Compiling x509.cc
[1056/1361] Compiling x509_cmp.cc
[1057/1361] Wrapping AST for CryptoBoringWrapper for debugging
[1058/1361] Compiling x509_att.cc
[1059/1361] Compiling v3_utl.cc
[1060/1361] Compiling v3_skey.cc
[1061/1361] Compiling v3_purp.cc
[1062/1361] Compiling v3_prn.cc
[1063/1361] Compiling v3_pcons.cc
[1064/1361] Compiling v3_ocsp.cc
[1065/1361] Compiling v3_pmaps.cc
[1067/1361] Compiling Crypto HPKE-Errors.swift
[1068/1361] Compiling Crypto HPKE.swift
[1069/1361] Compiling Crypto HPKE-Context.swift
[1070/1361] Compiling Crypto HPKE-KeySchedule.swift
[1071/1361] Compiling Crypto HPKE-Modes.swift
[1072/1361] Compiling Crypto Insecure.swift
[1073/1361] Compiling Crypto Insecure_HashFunctions.swift
[1074/1361] Compiling Crypto KEM.swift
[1075/1361] Compiling Crypto ECDH_boring.swift
[1076/1361] Compiling Crypto DH.swift
[1076/1361] Compiling v3_ncons.cc
[1078/1371] Compiling Crypto X25519Keys.swift
[1079/1371] Compiling Crypto SymmetricKeys.swift
[1080/1371] Compiling Crypto HMAC.swift
[1081/1371] Compiling Crypto MACFunctions.swift
[1082/1371] Compiling Crypto MessageAuthenticationCode.swift
[1083/1371] Compiling Crypto AES.swift
[1084/1371] Compiling Crypto ECDSASignature_boring.swift
[1085/1371] Compiling Crypto ECDSA_boring.swift
[1086/1371] Compiling Crypto EdDSA_boring.swift
[1087/1371] Compiling Crypto ECDSA.swift
[1088/1371] Emitting module Crypto
[1088/1371] Compiling v3_lib.cc
[1090/1371] Compiling Crypto AES-GCM.swift
[1091/1371] Compiling Crypto AES-GCM_boring.swift
[1092/1371] Compiling Crypto ChaChaPoly_boring.swift
[1093/1371] Compiling Crypto ChaChaPoly.swift
[1094/1371] Compiling Crypto Cipher.swift
[1095/1371] Compiling Crypto Nonces.swift
[1096/1371] Compiling Crypto ASN1.swift
[1097/1371] Compiling Crypto ASN1Any.swift
[1098/1371] Compiling Crypto ASN1BitString.swift
[1099/1371] Compiling Crypto ASN1Boolean.swift
[1099/1371] Compiling v3_int.cc
[1100/1371] Compiling v3_info.cc
[1101/1371] Compiling v3_genn.cc
[1102/1371] Compiling v3_ia5.cc
[1104/1371] Compiling Crypto PKCS8PrivateKey.swift
[1105/1371] Compiling Crypto SEC1PrivateKey.swift
[1106/1371] Compiling Crypto SubjectPublicKeyInfo.swift
[1107/1371] Compiling Crypto CryptoError_boring.swift
[1108/1371] Compiling Crypto CryptoKitErrors.swift
[1109/1371] Compiling Crypto Digest_boring.swift
[1110/1371] Compiling Crypto Digest.swift
[1111/1371] Compiling Crypto Digests.swift
[1112/1371] Compiling Crypto HashFunctions.swift
[1113/1371] Compiling Crypto HashFunctions_SHA2.swift
[1114/1371] Compiling Crypto ECDH.swift
[1115/1371] Compiling Crypto HKDF.swift
[1116/1371] Compiling Crypto AESWrap.swift
[1117/1371] Compiling Crypto AESWrap_boring.swift
[1118/1371] Compiling Crypto Ed25519_boring.swift
[1119/1371] Compiling Crypto NISTCurvesKeys_boring.swift
[1120/1371] Compiling Crypto X25519Keys_boring.swift
[1121/1371] Compiling Crypto Curve25519.swift
[1122/1371] Compiling Crypto Ed25519Keys.swift
[1123/1371] Compiling Crypto NISTCurvesKeys.swift
[1124/1371] Compiling Crypto HPKE-AEAD.swift
[1125/1371] Compiling Crypto HPKE-Ciphersuite.swift
[1126/1371] Compiling Crypto HPKE-KDF.swift
[1127/1371] Compiling Crypto HPKE-KexKeyDerivation.swift
[1128/1371] Compiling Crypto HPKE-LabeledExtract.swift
[1129/1371] Compiling Crypto HPKE-Utils.swift
[1130/1371] Compiling Crypto DHKEM.swift
[1131/1371] Compiling Crypto HPKE-KEM-Curve25519.swift
[1132/1371] Compiling Crypto HPKE-NIST-EC-KEMs.swift
[1133/1371] Compiling Crypto HPKE-KEM.swift
[1133/1371] Compiling v3_enum.cc
[1134/1371] Compiling v3_extku.cc
[1135/1371] Compiling v3_crld.cc
[1137/1371] Compiling Crypto ASN1Identifier.swift
[1138/1371] Compiling Crypto ASN1Integer.swift
[1139/1371] Compiling Crypto ASN1Null.swift
[1140/1371] Compiling Crypto ASN1OctetString.swift
[1141/1371] Compiling Crypto ASN1Strings.swift
[1142/1371] Compiling Crypto ArraySliceBigint.swift
[1143/1371] Compiling Crypto GeneralizedTime.swift
[1144/1371] Compiling Crypto ObjectIdentifier.swift
[1145/1371] Compiling Crypto ECDSASignature.swift
[1146/1371] Compiling Crypto PEMDocument.swift
[1146/1371] Compiling v3_conf.cc
[1147/1371] Compiling v3_cpols.cc
[1148/1371] Compiling v3_bitst.cc
[1149/1371] Compiling v3_bcons.cc
[1150/1371] Compiling v3_alt.cc
[1151/1371] Compiling v3_akeya.cc
[1153/1371] Compiling Crypto Ed25519.swift
[1154/1371] Compiling Crypto Signature.swift
[1155/1371] Compiling Crypto CryptoKitErrors_boring.swift
[1156/1371] Compiling Crypto RNG_boring.swift
[1157/1371] Compiling Crypto SafeCompare_boring.swift
[1158/1371] Compiling Crypto Zeroization_boring.swift
[1159/1371] Compiling Crypto PrettyBytes.swift
[1160/1371] Compiling Crypto SafeCompare.swift
[1161/1371] Compiling Crypto SecureBytes.swift
[1162/1371] Compiling Crypto Zeroization.swift
[1163/1372] Compiling v3_akey.cc
[1164/1372] Wrapping AST for Crypto for debugging
[1165/1372] Compiling t_x509a.cc
[1166/1372] Compiling t_x509.cc
[1167/1372] Compiling t_req.cc
[1168/1372] Compiling t_crl.cc
[1169/1372] Compiling i2d_pr.cc
[1170/1372] Compiling rsa_pss.cc
[1171/1372] Compiling policy.cc
[1172/1372] Compiling name_print.cc
[1173/1372] Compiling by_file.cc
[1174/1372] Compiling by_dir.cc
[1175/1372] Compiling asn1_gen.cc
[1176/1372] Compiling algorithm.cc
[1177/1372] Compiling a_verify.cc
[1178/1372] Compiling voprf.cc
[1179/1372] Compiling a_digest.cc
[1180/1372] Compiling thread_win.cc
[1181/1372] Compiling a_sign.cc
[1182/1372] Compiling thread_pthread.cc
[1183/1372] Compiling thread.cc
[1184/1372] Compiling thread_none.cc
[1185/1372] Compiling stack.cc
[1186/1372] Compiling pmbtoken.cc
[1187/1372] Compiling trust_token.cc
[1188/1372] Compiling siphash.cc
[1189/1372] Compiling slhdsa.cc
[1190/1372] Compiling sha512.cc
[1191/1372] Compiling sha256.cc
[1192/1372] Compiling sha1.cc
[1193/1372] Compiling spake2plus.cc
[1194/1372] Compiling rsa_extra.cc
[1194/1372] Compiling rsa_print.cc
[1196/1372] Compiling rc4.cc
[1197/1372] Compiling rsa_crypt.cc
[1198/1372] Compiling refcount.cc
[1199/1372] Compiling trusty.cc
[1200/1372] Compiling rand.cc
[1201/1372] Compiling windows.cc
[1202/1372] Compiling urandom.cc
[1203/1372] Compiling ios.cc
[1204/1372] Compiling getentropy.cc
[1205/1372] Compiling passive.cc
[1206/1372] Compiling poly1305_arm_asm.S
[1207/1372] Compiling deterministic.cc
[1208/1372] Compiling forkunsafe.cc
[1209/1372] Compiling fork_detect.cc
[1210/1372] Compiling rsa_asn1.cc
[1211/1372] Compiling poly1305_arm.cc
[1212/1372] Compiling poly1305.cc
[1213/1372] Compiling pool.cc
[1214/1372] Compiling poly1305_vec.cc
[1215/1372] Compiling pkcs7.cc
[1216/1372] Compiling p5_pbev2.cc
[1216/1372] Compiling pkcs8.cc
[1218/1372] Compiling pkcs8_x509.cc
[1219/1372] Compiling pkcs7_x509.cc
[1220/1372] Compiling pem_xaux.cc
[1221/1372] Compiling pem_x509.cc
[1222/1372] Compiling pem_pkey.cc
[1223/1372] Compiling mlkem.cc
[1224/1372] Compiling obj_xref.cc
[1225/1372] Compiling pem_pk8.cc
[1226/1372] Compiling pem_oth.cc
[1227/1372] Compiling mldsa.cc
[1227/1372] Compiling pem_info.cc
[1229/1372] Compiling pem_lib.cc
[1230/1372] Compiling pem_all.cc
[1231/1372] Compiling obj.cc
[1232/1372] Compiling poly_rq_mul.S
[1233/1372] Compiling mem.cc
[1234/1372] Compiling fips_shared_support.cc
[1235/1372] Compiling lhash.cc
[1236/1372] Compiling md5.cc
[1237/1372] Compiling md4.cc
[1238/1372] Compiling fuzzer_mode.cc
[1239/1372] Compiling kyber.cc
[1240/1372] Compiling ex_data.cc
[1241/1372] Compiling hrss.cc
[1242/1372] Compiling scrypt.cc
[1243/1372] Compiling hpke.cc
[1244/1372] Compiling pbkdf.cc
[1245/1372] Compiling print.cc
[1246/1372] Compiling sign.cc
[1247/1372] Compiling p_x25519_asn1.cc
[1248/1372] Compiling p_x25519.cc
[1249/1372] Compiling p_rsa_asn1.cc
[1250/1372] Compiling p_hkdf.cc
[1251/1372] Compiling p_ed25519_asn1.cc
[1252/1372] Compiling p_rsa.cc
[1253/1372] Compiling p_ed25519.cc
[1254/1372] Compiling p_ec_asn1.cc
[1255/1372] Compiling p_ec.cc
[1256/1372] Compiling p_dh_asn1.cc
[1257/1372] Compiling p_dsa_asn1.cc
[1258/1372] Compiling p_dh.cc
[1259/1372] Compiling evp_ctx.cc
[1260/1372] Compiling err.cc
[1261/1372] Compiling engine.cc
[1262/1372] Compiling evp_asn1.cc
[1263/1372] Compiling ecdsa_p1363.cc
[1264/1372] Compiling evp.cc
[1265/1372] Compiling ecdh.cc
[1266/1372] Compiling ecdsa_asn1.cc
[1267/1372] Compiling hash_to_curve.cc
[1268/1372] Compiling ec_derive.cc
[1269/1372] Compiling dsa.cc
[1270/1372] Compiling ec_asn1.cc
[1271/1372] Compiling dsa_asn1.cc
[1272/1372] Compiling digest_extra.cc
[1273/1372] Compiling x25519-asm-arm.S
[1274/1372] Compiling des.cc
[1275/1372] Compiling params.cc
[1276/1372] Compiling dh_asn1.cc
[1277/1372] Compiling crypto.cc
[1278/1372] Compiling cpu_intel.cc
[1279/1372] Compiling spake25519.cc
[1280/1372] Compiling curve25519.cc
[1281/1372] Compiling cpu_arm_linux.cc
[1282/1372] Compiling cpu_arm_freebsd.cc
[1283/1372] Compiling curve25519_64_adx.cc
[1284/1372] Compiling cpu_aarch64_win.cc
[1285/1372] Compiling cpu_aarch64_openbsd.cc
[1286/1372] Compiling cpu_aarch64_sysreg.cc
[1287/1372] Compiling cpu_aarch64_linux.cc
[1288/1372] Compiling cpu_aarch64_fuchsia.cc
[1289/1372] Compiling cpu_aarch64_apple.cc
[1290/1372] Compiling conf.cc
[1291/1372] Compiling get_cipher.cc
[1292/1372] Compiling tls_cbc.cc
[1293/1372] Compiling e_tls.cc
[1294/1372] Compiling e_rc4.cc
[1295/1372] Compiling e_rc2.cc
[1296/1372] Compiling e_null.cc
[1297/1372] Compiling e_des.cc
[1298/1372] Compiling e_chacha20poly1305.cc
[1299/1372] Compiling cms.cc
[1300/1372] Compiling e_aesgcmsiv.cc
[1301/1372] Compiling e_aeseax.cc
[1302/1372] Compiling derive_key.cc
[1303/1372] Compiling e_aesctrhmac.cc
[1304/1372] Compiling chacha.cc
[1305/1372] Compiling buf.cc
[1306/1372] Compiling unicode.cc
[1307/1372] Compiling sqrt.cc
[1308/1372] Compiling asn1_compat.cc
[1309/1372] Compiling ber.cc
[1310/1372] Compiling cbb.cc
[1311/1372] Compiling cbs.cc
[1312/1372] Compiling exponentiation.cc
[1313/1372] Compiling div.cc
[1314/1372] Compiling printf.cc
[1315/1372] Compiling bn_asn1.cc
[1316/1372] Compiling pair.cc
[1317/1372] Compiling blake2.cc
[1318/1372] Compiling convert.cc
[1319/1372] Compiling hexdump.cc
[1320/1372] Compiling file.cc
[1321/1372] Compiling fd.cc
[1322/1372] Compiling errno.cc
[1323/1372] Compiling bio_mem.cc
[1324/1372] Compiling base64.cc
[1325/1372] Compiling bio.cc
[1326/1372] Compiling tasn_typ.cc
[1327/1372] Compiling tasn_fre.cc
[1328/1372] Compiling tasn_utl.cc
[1329/1372] Compiling tasn_enc.cc
[1330/1372] Compiling posix_time.cc
[1331/1372] Compiling tasn_new.cc
[1332/1372] Compiling f_int.cc
[1333/1372] Compiling f_string.cc
[1334/1372] Compiling asn_pack.cc
[1334/1372] Compiling asn1_par.cc
[1336/1372] Compiling tasn_dec.cc
[1337/1372] Compiling a_type.cc
[1338/1372] Compiling a_utctm.cc
[1339/1372] Compiling asn1_lib.cc
[1340/1372] Compiling a_octet.cc
[1341/1372] Compiling a_time.cc
[1342/1372] Compiling a_strex.cc
[1343/1372] Compiling a_i2d_fp.cc
[1344/1372] Compiling a_strnid.cc
[1345/1372] Compiling a_mbstr.cc
[1346/1372] Compiling a_object.cc
[1347/1372] Compiling a_gentm.cc
[1348/1372] Write sources
[1349/1372] Compiling a_dup.cc
[1350/1372] Write sources
[1352/1372] Compiling a_int.cc
[1353/1372] Write sources
[1357/1377] Compiling a_d2i_fp.cc
[1358/1377] Write sources
[1360/1388] Compiling AppRemoteConfig Override.swift
[1360/1389] Compiling aes.cc
[1362/1389] Compiling AppRemoteConfig Version.swift
[1363/1389] Compiling AppRemoteConfig Schedule.swift
[1364/1389] Compiling AppRemoteConfigServiceMacrosPlugin Plugins.swift
[1365/1389] Compiling AppRemoteConfig Config.swift
[1366/1389] Compiling AppRemoteConfig Error.swift
[1367/1389] Emitting module AppRemoteConfigServiceMacrosPlugin
/host/spi-builder-workspace/Sources/AppRemoteConfigServiceMacrosPlugin/AppRemoteConfigValuesMacro.swift:8:13: warning: deprecated default implementation is used to satisfy static method 'expansion(of:providingMembersOf:conformingTo:in:)' required by protocol 'MemberMacro': `MemberMacro` conformance should implement the `expansion` function that takes a `conformingTo` parameter [#DeprecatedDeclaration]
6 | import SwiftSyntaxMacroExpansion
7 |
8 | public enum AppRemoteConfigValuesMacro: MemberMacro {
| `- warning: deprecated default implementation is used to satisfy static method 'expansion(of:providingMembersOf:conformingTo:in:)' required by protocol 'MemberMacro': `MemberMacro` conformance should implement the `expansion` function that takes a `conformingTo` parameter [#DeprecatedDeclaration]
9 |
10 | public static func expansion<D: DeclGroupSyntax, C: MacroExpansionContext>(
SwiftSyntaxMacros.MemberMacro.expansion:3:22: note: 'expansion(of:providingMembersOf:conformingTo:in:)' declared here
1 | protocol MemberMacro {
2 | @available(*, deprecated, message: "`MemberMacro` conformance should implement the `expansion` function that takes a `conformingTo` parameter")
3 | public static func expansion(of node: SwiftSyntax.AttributeSyntax, providingMembersOf declaration: some SwiftSyntax.DeclGroupSyntax, conformingTo protocols: [SwiftSyntax.TypeSyntax], in context: some SwiftSyntaxMacros.MacroExpansionContext) throws -> [SwiftSyntax.DeclSyntax]}
| `- note: 'expansion(of:providingMembersOf:conformingTo:in:)' declared here
4 |
SwiftSyntaxMacros.MemberMacro.expansion:2:13: note: requirement 'expansion(of:providingMembersOf:conformingTo:in:)' declared here
1 | protocol MemberMacro {
2 | static func expansion(of node: SwiftSyntax.AttributeSyntax, providingMembersOf declaration: some SwiftSyntax.DeclGroupSyntax, conformingTo protocols: [SwiftSyntax.TypeSyntax], in context: some SwiftSyntaxMacros.MacroExpansionContext) throws -> [SwiftSyntax.DeclSyntax]}
| `- note: requirement 'expansion(of:providingMembersOf:conformingTo:in:)' declared here
3 |
[#DeprecatedDeclaration]: <https://docs.swift.org/compiler/documentation/diagnostics/deprecated-declaration>
[1368/1389] Compiling AppRemoteConfig Config+Resolve.swift
[1369/1389] Compiling AppRemoteConfig Config+Signing.swift
[1370/1389] Compiling AppRemoteConfig Platform.swift
[1370/1389] Compiling a_bool.cc
[1372/1389] Emitting module AppRemoteConfig
[1373/1389] Compiling AppRemoteConfig BuildVariant.swift
[1374/1389] Compiling AppRemoteConfig Condition.swift
[1375/1389] Compiling AppRemoteConfig VersionRange.swift
[1376/1390] Compiling a_bitstr.cc
[1377/1392] Wrapping AST for AppRemoteConfig for debugging
[1379/1392] Compiling AppRemoteConfigServiceMacrosPlugin AppRemoteConfigValuesMacro.swift
/host/spi-builder-workspace/Sources/AppRemoteConfigServiceMacrosPlugin/AppRemoteConfigValuesMacro.swift:8:13: warning: deprecated default implementation is used to satisfy static method 'expansion(of:providingMembersOf:conformingTo:in:)' required by protocol 'MemberMacro': `MemberMacro` conformance should implement the `expansion` function that takes a `conformingTo` parameter [#DeprecatedDeclaration]
6 | import SwiftSyntaxMacroExpansion
7 |
8 | public enum AppRemoteConfigValuesMacro: MemberMacro {
| `- warning: deprecated default implementation is used to satisfy static method 'expansion(of:providingMembersOf:conformingTo:in:)' required by protocol 'MemberMacro': `MemberMacro` conformance should implement the `expansion` function that takes a `conformingTo` parameter [#DeprecatedDeclaration]
9 |
10 | public static func expansion<D: DeclGroupSyntax, C: MacroExpansionContext>(
SwiftSyntaxMacros.MemberMacro.expansion:3:22: note: 'expansion(of:providingMembersOf:conformingTo:in:)' declared here
1 | protocol MemberMacro {
2 | @available(*, deprecated, message: "`MemberMacro` conformance should implement the `expansion` function that takes a `conformingTo` parameter")
3 | public static func expansion(of node: SwiftSyntax.AttributeSyntax, providingMembersOf declaration: some SwiftSyntax.DeclGroupSyntax, conformingTo protocols: [SwiftSyntax.TypeSyntax], in context: some SwiftSyntaxMacros.MacroExpansionContext) throws -> [SwiftSyntax.DeclSyntax]}
| `- note: 'expansion(of:providingMembersOf:conformingTo:in:)' declared here
4 |
SwiftSyntaxMacros.MemberMacro.expansion:2:13: note: requirement 'expansion(of:providingMembersOf:conformingTo:in:)' declared here
1 | protocol MemberMacro {
2 | static func expansion(of node: SwiftSyntax.AttributeSyntax, providingMembersOf declaration: some SwiftSyntax.DeclGroupSyntax, conformingTo protocols: [SwiftSyntax.TypeSyntax], in context: some SwiftSyntaxMacros.MacroExpansionContext) throws -> [SwiftSyntax.DeclSyntax]}
| `- note: requirement 'expansion(of:providingMembersOf:conformingTo:in:)' declared here
3 |
/host/spi-builder-workspace/Sources/AppRemoteConfigServiceMacrosPlugin/AppRemoteConfigValuesMacro.swift:100:27: warning: value 'typeSyntax' was defined but never used; consider replacing with boolean test [#no-usage]
98 | )
99 | binding.typeAnnotation?.type = TypeSyntax(attributedTypeSyntax)
100 | } else if let typeSyntax = type.as(FunctionTypeSyntax.self) {
| `- warning: value 'typeSyntax' was defined but never used; consider replacing with boolean test [#no-usage]
101 | // TODO: Reenable
102 | // binding.typeAnnotation?.type = TypeSyntax(AttributedTypeSyntax(
[#DeprecatedDeclaration]: <https://docs.swift.org/compiler/documentation/diagnostics/deprecated-declaration>
[1380/1393] Wrapping AST for AppRemoteConfigServiceMacrosPlugin for debugging
[1381/1393] Write Objects.LinkFileList
[1383/1393] Emitting module AppRemoteConfigService
[1384/1393] Compiling AppRemoteConfigService AppRemoteConfigService.swift
/host/spi-builder-workspace/Sources/AppRemoteConfigService/AppRemoteConfigService.swift:99:27: error: 'ProcessInfo' initializer is inaccessible due to 'internal' protection level
97 | platform = .unknown
98 | #endif
99 | platformVersion = ProcessInfo().operatingSystemVersion
| `- error: 'ProcessInfo' initializer is inaccessible due to 'internal' protection level
100 |
101 | let appVersionString = Bundle.main.infoDictionary?["CFBundleShortVersionString"] as? String ?? ""
FoundationEssentials.ProcessInfo.init:2:10: note: 'init()' declared here
1 | class ProcessInfo {
2 | internal init()}
| `- note: 'init()' declared here
3 |
/host/spi-builder-workspace/Sources/AppRemoteConfigService/AppRemoteConfigService.swift:208:46: error: type 'URLSession' (aka 'AnyObject') has no member 'shared'
206 | }
207 | logger.debug("Updating from remote")
208 | let (data, _) = try await URLSession.shared.data(from: url)
| `- error: type 'URLSession' (aka 'AnyObject') has no member 'shared'
209 | try readConfig(from: data)
210 | lastSuccessfullFetch = now
[1384/1393] Linking AppRemoteConfigServiceMacrosPlugin-tool
[1385/1393] Emitting module ArgumentParserToolInfo
[1385/1393] Compiling bcm.cc
BUILD FAILURE 6.2 linux