Build Information
Failed to build PrettyColors, reference master (afd455), with Swift 6.4 for watchOS using Xcode 27.0 on 20 Sep 2026 03:55:13 UTC.
Build Command
env DEVELOPER_DIR=/Applications/Xcode-27.0.0-Release.Candidate.app xcrun xcodebuild -IDEClonedSourcePackagesDirPathOverride=$PWD/.dependencies -skipMacroValidation -skipPackagePluginValidation -derivedDataPath $PWD/.derivedData build -scheme PrettyColors -destination generic/platform=watchOSBuild Log
========================================
RunAll
========================================
Builder version: 5.1.0
Interrupt handler set up.
========================================
Checkout
========================================
Clone URL: https://github.com/jdhealy/PrettyColors.git
Reference: master
Initialized empty Git repository in /Users/admin/builder/spi-builder-workspace/.git/
From https://github.com/jdhealy/PrettyColors
* branch master -> FETCH_HEAD
* [new branch] master -> origin/master
HEAD is now at afd4553 Version `5.0.2`.
Submodule path 'Supporting Files/Configuration Support': checked out 'e95b87a2bd6cb0afd94d250399dad91663185bec'
Submodule 'Supporting Files/Configuration Support' (https://github.com/jdhealy/FABConfig.git) registered for path 'Supporting Files/Configuration Support'
Cloning into '/Users/admin/builder/spi-builder-workspace/Supporting Files/Configuration Support'...
Cloned https://github.com/jdhealy/PrettyColors.git
Revision (git rev-parse @):
afd4553a4db6f656521cfe9b1f70bece2748c7d8
SUCCESS checkout https://github.com/jdhealy/PrettyColors.git at master
========================================
Build
========================================
Selected platform: watchOS
Swift version: 6.4
Building package at path: $PWD
https://github.com/jdhealy/PrettyColors.git
Command line invocation:
/Applications/Xcode-27.0.0-Release.Candidate.app/Contents/Developer/usr/bin/xcodebuild -IDEClonedSourcePackagesDirPathOverride=/Users/admin/builder/spi-builder-workspace/.dependencies -resolvePackageDependencies
resolved source packages:
{
"dependencies" : [
],
"manifest_display_name" : "PrettyColors",
"name" : "PrettyColors",
"path" : "/Users/admin/builder/spi-builder-workspace",
"platforms" : [
],
"products" : [
{
"name" : "PrettyColors",
"targets" : [
"PrettyColors"
],
"type" : {
"library" : [
"automatic"
]
}
}
],
"targets" : [
{
"c99name" : "UnitTests",
"module_type" : "SwiftTarget",
"name" : "UnitTests",
"path" : "Tests/UnitTests",
"sources" : [
"Equality.swift",
"PrettyColorsTests.swift"
],
"target_dependencies" : [
"PrettyColors"
],
"type" : "test"
},
{
"c99name" : "PrettyColors",
"module_type" : "SwiftTarget",
"name" : "PrettyColors",
"path" : "Source",
"product_memberships" : [
"PrettyColors"
],
"sources" : [
"Color · EightBit.swift",
"Color · Named.swift",
"Color.swift",
"ColorWrap.swift",
"ECMA 48.swift",
"StyleParameter.swift"
],
"type" : "library"
}
],
"tools_version" : "4.0"
}
{
"project" : {
"configurations" : [
"Debug",
"Release"
],
"name" : "PrettyColors",
"schemes" : [
"PrettyColors"
],
"targets" : [
"PrettyColors",
"PrettyColorsTests"
]
}
}
Running build ...
env DEVELOPER_DIR=/Applications/Xcode-27.0.0-Release.Candidate.app xcrun xcodebuild -IDEClonedSourcePackagesDirPathOverride=$PWD/.dependencies -skipMacroValidation -skipPackagePluginValidation -derivedDataPath $PWD/.derivedData build -scheme PrettyColors -destination generic/platform=watchOS
Command line invocation:
/Applications/Xcode-27.0.0-Release.Candidate.app/Contents/Developer/usr/bin/xcodebuild -IDEClonedSourcePackagesDirPathOverride=/Users/admin/builder/spi-builder-workspace/.dependencies -skipMacroValidation -skipPackagePluginValidation -derivedDataPath /Users/admin/builder/spi-builder-workspace/.derivedData build -scheme PrettyColors -destination generic/platform=watchOS
ComputePackagePrebuildTargetDependencyGraph
Prepare packages
CreateBuildRequest
SendProjectDescription
CreateBuildOperation
ComputeTargetDependencyGraph
note: Building targets in dependency order
note: Target dependency graph (1 target)
Target 'PrettyColors' in project 'PrettyColors' (no dependencies)
GatherProvisioningInputs
CreateBuildDescription
ExecuteExternalTool /Applications/Xcode-27.0.0-Release.Candidate.app/Contents/Developer/Toolchains/XcodeDefault.xctoolchain/usr/bin/clang -v -E -dM -isysroot /Applications/Xcode-27.0.0-Release.Candidate.app/Contents/Developer/Platforms/WatchOS.platform/Developer/SDKs/WatchOS27.0.sdk -x c -c /dev/null
ExecuteExternalTool /Applications/Xcode-27.0.0-Release.Candidate.app/Contents/Developer/Toolchains/XcodeDefault.xctoolchain/usr/bin/swiftc --version
Build description signature: 9bccdeb375ecc388736aebab07242e8a
Build description path: /Users/admin/builder/spi-builder-workspace/.derivedData/Build/Intermediates.noindex/XCBuildData/9bccdeb375ecc388736aebab07242e8a.xcbuilddata
/Users/admin/builder/spi-builder-workspace/PrettyColors.xcodeproj: error: The watchOS deployment target 'WATCHOS_DEPLOYMENT_TARGET' is set to 2.0, but the range of supported deployment target versions is 9.0 to 27.0.x. (in target 'PrettyColors' from project 'PrettyColors')
error: The armv7k architecture is deprecated. You should update your ARCHS build setting to remove the armv7k architecture. (in target 'PrettyColors' from project 'PrettyColors')
warning: None of the architectures in ARCHS (i386, x86_64, armv7, armv7s, armv7k, arm64) are valid. Consider setting ARCHS to $(ARCHS_STANDARD) or updating it to include at least one value from VALID_ARCHS (armv7k). (in target 'PrettyColors' from project 'PrettyColors')
** BUILD FAILED **
The following build commands failed:
Building project PrettyColors with scheme PrettyColors
(1 failure)
Command line invocation:
/Applications/Xcode-27.0.0-Release.Candidate.app/Contents/Developer/usr/bin/xcodebuild -IDEClonedSourcePackagesDirPathOverride=/Users/admin/builder/spi-builder-workspace/.dependencies -resolvePackageDependencies
resolved source packages:
{
"dependencies" : [
],
"manifest_display_name" : "PrettyColors",
"name" : "PrettyColors",
"path" : "/Users/admin/builder/spi-builder-workspace",
"platforms" : [
],
"products" : [
{
"name" : "PrettyColors",
"targets" : [
"PrettyColors"
],
"type" : {
"library" : [
"automatic"
]
}
}
],
"targets" : [
{
"c99name" : "UnitTests",
"module_type" : "SwiftTarget",
"name" : "UnitTests",
"path" : "Tests/UnitTests",
"sources" : [
"Equality.swift",
"PrettyColorsTests.swift"
],
"target_dependencies" : [
"PrettyColors"
],
"type" : "test"
},
{
"c99name" : "PrettyColors",
"module_type" : "SwiftTarget",
"name" : "PrettyColors",
"path" : "Source",
"product_memberships" : [
"PrettyColors"
],
"sources" : [
"Color · EightBit.swift",
"Color · Named.swift",
"Color.swift",
"ColorWrap.swift",
"ECMA 48.swift",
"StyleParameter.swift"
],
"type" : "library"
}
],
"tools_version" : "4.0"
}
{
"project" : {
"configurations" : [
"Debug",
"Release"
],
"name" : "PrettyColors",
"schemes" : [
"PrettyColors"
],
"targets" : [
"PrettyColors",
"PrettyColorsTests"
]
}
}
Running build ...
env DEVELOPER_DIR=/Applications/Xcode-27.0.0-Release.Candidate.app xcrun xcodebuild -IDEClonedSourcePackagesDirPathOverride=$PWD/.dependencies -skipMacroValidation -skipPackagePluginValidation -derivedDataPath $PWD/.derivedData build -scheme PrettyColors -destination generic/platform=watchOS
Command line invocation:
/Applications/Xcode-27.0.0-Release.Candidate.app/Contents/Developer/usr/bin/xcodebuild -IDEClonedSourcePackagesDirPathOverride=/Users/admin/builder/spi-builder-workspace/.dependencies -skipMacroValidation -skipPackagePluginValidation -derivedDataPath /Users/admin/builder/spi-builder-workspace/.derivedData build -scheme PrettyColors -destination generic/platform=watchOS
ComputePackagePrebuildTargetDependencyGraph
Prepare packages
CreateBuildRequest
SendProjectDescription
CreateBuildOperation
ComputeTargetDependencyGraph
note: Building targets in dependency order
note: Target dependency graph (1 target)
Target 'PrettyColors' in project 'PrettyColors' (no dependencies)
GatherProvisioningInputs
CreateBuildDescription
error: The armv7k architecture is deprecated. You should update your ARCHS build setting to remove the armv7k architecture. (in target 'PrettyColors' from project 'PrettyColors')
/Users/admin/builder/spi-builder-workspace/PrettyColors.xcodeproj: error: The watchOS deployment target 'WATCHOS_DEPLOYMENT_TARGET' is set to 2.0, but the range of supported deployment target versions is 9.0 to 27.0.x. (in target 'PrettyColors' from project 'PrettyColors')
warning: None of the architectures in ARCHS (i386, x86_64, armv7, armv7s, armv7k, arm64) are valid. Consider setting ARCHS to $(ARCHS_STANDARD) or updating it to include at least one value from VALID_ARCHS (armv7k). (in target 'PrettyColors' from project 'PrettyColors')
** BUILD FAILED **
The following build commands failed:
Building project PrettyColors with scheme PrettyColors
(1 failure)
BUILD FAILURE 6.4 watchOS