Build Information
Failed to build WWHashTagViewController, reference main (ba3762), with Swift 6.4 for watchOS using Xcode 27.0 on 20 Sep 2026 22:27:42 UTC.
Build Command
env DEVELOPER_DIR=/Applications/Xcode-27.0.0-Release.Candidate.app xcrun xcodebuild -IDEClonedSourcePackagesDirPathOverride=$PWD/.dependencies -skipMacroValidation -skipPackagePluginValidation -derivedDataPath $PWD/.derivedData build -scheme WWHashTagViewController -destination generic/platform=watchOSBuild Log
========================================
RunAll
========================================
Builder version: 5.1.0
Interrupt handler set up.
========================================
Checkout
========================================
Clone URL: https://github.com/William-Weng/WWHashTagViewController.git
Reference: main
Initialized empty Git repository in /Users/admin/builder/spi-builder-workspace/.git/
From https://github.com/William-Weng/WWHashTagViewController
* branch main -> FETCH_HEAD
* [new branch] main -> origin/main
HEAD is now at ba37626 - 改成可以自訂Cell上的View
Cloned https://github.com/William-Weng/WWHashTagViewController.git
Revision (git rev-parse @):
ba37626203de55f6d76d7af97b6e937d7626825b
SUCCESS checkout https://github.com/William-Weng/WWHashTagViewController.git at main
========================================
Build
========================================
Selected platform: watchOS
Swift version: 6.4
Building package at path: $PWD
https://github.com/William-Weng/WWHashTagViewController.git
Command line invocation:
/Applications/Xcode-27.0.0-Release.Candidate.app/Contents/Developer/usr/bin/xcodebuild -IDEClonedSourcePackagesDirPathOverride=/Users/admin/builder/spi-builder-workspace/.dependencies -resolvePackageDependencies
Resolve Package Graph
Resolve Package Graph
Resolved source packages:
WWHashTagViewController: /Users/admin/builder/spi-builder-workspace
resolved source packages: WWHashTagViewController
2026-09-20 18:26:52.923 xcodebuild[529:3031] [MT] IDERunDestination: Supported platforms for the buildables in the current scheme is empty.
{
"dependencies" : [
],
"manifest_display_name" : "WWHashTagViewController",
"name" : "WWHashTagViewController",
"path" : "/Users/admin/builder/spi-builder-workspace",
"platforms" : [
{
"name" : "ios",
"version" : "14.0"
}
],
"products" : [
{
"name" : "WWHashTagViewController",
"targets" : [
"WWHashTagViewController"
],
"type" : {
"library" : [
"automatic"
]
}
}
],
"swift_languages_versions" : [
"5"
],
"targets" : [
{
"c99name" : "WWHashTagViewController",
"module_type" : "SwiftTarget",
"name" : "WWHashTagViewController",
"path" : "Sources/WWHashTagViewController",
"product_memberships" : [
"WWHashTagViewController"
],
"resources" : [
{
"path" : "/Users/admin/builder/spi-builder-workspace/Sources/WWHashTagViewController/Privacy",
"rule" : {
"copy" : {
}
}
},
{
"path" : "/Users/admin/builder/spi-builder-workspace/Sources/WWHashTagViewController/Storyboard/Package.storyboard",
"rule" : {
"process" : {
}
}
}
],
"sources" : [
"Extension.swift",
"Protocol.swift",
"WWHashTagViewController.swift",
"WWHashTagViewControllerCell.swift"
],
"type" : "library"
}
],
"tools_version" : "5.6"
}
{
"workspace" : {
"name" : "WWHashTagViewController",
"schemes" : [
"WWHashTagViewController"
]
}
}
2026-09-20 18:27:34.546 xcodebuild[656:4202] [MT] IDERunDestination: Supported platforms for the buildables in the current scheme is empty.
Running build ...
env DEVELOPER_DIR=/Applications/Xcode-27.0.0-Release.Candidate.app xcrun xcodebuild -IDEClonedSourcePackagesDirPathOverride=$PWD/.dependencies -skipMacroValidation -skipPackagePluginValidation -derivedDataPath $PWD/.derivedData build -scheme WWHashTagViewController -destination generic/platform=watchOS
Command line invocation:
/Applications/Xcode-27.0.0-Release.Candidate.app/Contents/Developer/usr/bin/xcodebuild -IDEClonedSourcePackagesDirPathOverride=/Users/admin/builder/spi-builder-workspace/.dependencies -skipMacroValidation -skipPackagePluginValidation -derivedDataPath /Users/admin/builder/spi-builder-workspace/.derivedData build -scheme WWHashTagViewController -destination generic/platform=watchOS
Resolve Package Graph
Resolved source packages:
WWHashTagViewController: /Users/admin/builder/spi-builder-workspace
ComputePackagePrebuildTargetDependencyGraph
Prepare packages
CreateBuildRequest
SendProjectDescription
CreateBuildOperation
ComputeTargetDependencyGraph
note: Building targets in dependency order
note: Target dependency graph (3 targets)
Target 'WWHashTagViewController-product' in project 'WWHashTagViewController'
➜ Explicit dependency on target 'WWHashTagViewController' in project 'WWHashTagViewController'
➜ Explicit dependency on target 'WWHashTagViewController_WWHashTagViewController' in project 'WWHashTagViewController'
Target 'WWHashTagViewController' in project 'WWHashTagViewController'
➜ Explicit dependency on target 'WWHashTagViewController_WWHashTagViewController' in project 'WWHashTagViewController'
Target 'WWHashTagViewController_WWHashTagViewController' in project 'WWHashTagViewController' (no dependencies)
GatherProvisioningInputs
CreateBuildDescription
ExecuteExternalTool /Applications/Xcode-27.0.0-Release.Candidate.app/Contents/Developer/Toolchains/XcodeDefault.xctoolchain/usr/bin/clang -v -E -dM -isysroot /Applications/Xcode-27.0.0-Release.Candidate.app/Contents/Developer/Platforms/WatchOS.platform/Developer/SDKs/WatchOS27.0.sdk -x c -c /dev/null
ExecuteExternalTool /Applications/Xcode-27.0.0-Release.Candidate.app/Contents/Developer/usr/bin/ibtool --version --output-format xml1
ExecuteExternalTool /Applications/Xcode-27.0.0-Release.Candidate.app/Contents/Developer/Toolchains/XcodeDefault.xctoolchain/usr/bin/swiftc --version
ExecuteExternalTool /Applications/Xcode-27.0.0-Release.Candidate.app/Contents/Developer/Toolchains/XcodeDefault.xctoolchain/usr/bin/ld -version_details
Build description signature: ceb10ea3a49acf4be2c7ea0e079b2fcf
Build description path: /Users/admin/builder/spi-builder-workspace/.derivedData/Build/Intermediates.noindex/XCBuildData/ceb10ea3a49acf4be2c7ea0e079b2fcf.xcbuilddata
CreateBuildDirectory /Users/admin/builder/spi-builder-workspace/.derivedData/SDKExplicitPrecompiledModules
cd /Users/admin/builder/spi-builder-workspace/.swiftpm/xcode
builtin-create-build-directory /Users/admin/builder/spi-builder-workspace/.derivedData/SDKExplicitPrecompiledModules
CreateBuildDirectory /Users/admin/builder/spi-builder-workspace/.derivedData/ModuleCache.noindex
cd /Users/admin/builder/spi-builder-workspace/.swiftpm/xcode
builtin-create-build-directory /Users/admin/builder/spi-builder-workspace/.derivedData/ModuleCache.noindex
CreateBuildDirectory /Users/admin/builder/spi-builder-workspace/.derivedData/CompilationCache.noindex
cd /Users/admin/builder/spi-builder-workspace/.swiftpm/xcode
builtin-create-build-directory /Users/admin/builder/spi-builder-workspace/.derivedData/CompilationCache.noindex
CreateBuildDirectory /Users/admin/builder/spi-builder-workspace/.derivedData/Build/Products
cd /Users/admin/builder/spi-builder-workspace/.swiftpm/xcode
builtin-create-build-directory /Users/admin/builder/spi-builder-workspace/.derivedData/Build/Products
CreateBuildDirectory /Users/admin/builder/spi-builder-workspace/.derivedData/Build/Intermediates.noindex
cd /Users/admin/builder/spi-builder-workspace/.swiftpm/xcode
builtin-create-build-directory /Users/admin/builder/spi-builder-workspace/.derivedData/Build/Intermediates.noindex
ClangStatCache /Applications/Xcode-27.0.0-Release.Candidate.app/Contents/Developer/Toolchains/XcodeDefault.xctoolchain/usr/bin/clang-stat-cache /Applications/Xcode-27.0.0-Release.Candidate.app/Contents/Developer/Platforms/WatchOS.platform/Developer/SDKs/WatchOS27.0.sdk /Users/admin/builder/spi-builder-workspace/.derivedData/SDKStatCaches.noindex/watchos27.0-24R360-e829b21a6f8c9b70876ba0858053c04477534ef55a1706bf4c1112bbb242f0a2.sdkstatcache
cd /Users/admin/builder/spi-builder-workspace/.swiftpm/xcode
/Applications/Xcode-27.0.0-Release.Candidate.app/Contents/Developer/Toolchains/XcodeDefault.xctoolchain/usr/bin/clang-stat-cache /Applications/Xcode-27.0.0-Release.Candidate.app/Contents/Developer/Platforms/WatchOS.platform/Developer/SDKs/WatchOS27.0.sdk -o /Users/admin/builder/spi-builder-workspace/.derivedData/SDKStatCaches.noindex/watchos27.0-24R360-e829b21a6f8c9b70876ba0858053c04477534ef55a1706bf4c1112bbb242f0a2.sdkstatcache
CreateBuildDirectory /Users/admin/builder/spi-builder-workspace/.derivedData/Build/Intermediates.noindex/SwiftExplicitPrecompiledModules
cd /Users/admin/builder/spi-builder-workspace/.swiftpm/xcode
builtin-create-build-directory /Users/admin/builder/spi-builder-workspace/.derivedData/Build/Intermediates.noindex/SwiftExplicitPrecompiledModules
CreateBuildDirectory /Users/admin/builder/spi-builder-workspace/.derivedData/Build/Intermediates.noindex/ExplicitPrecompiledModules
cd /Users/admin/builder/spi-builder-workspace/.swiftpm/xcode
builtin-create-build-directory /Users/admin/builder/spi-builder-workspace/.derivedData/Build/Intermediates.noindex/ExplicitPrecompiledModules
CreateBuildDirectory /Users/admin/builder/spi-builder-workspace/.derivedData/Build/Intermediates.noindex/PrecompiledHeaders
cd /Users/admin/builder/spi-builder-workspace/.swiftpm/xcode
builtin-create-build-directory /Users/admin/builder/spi-builder-workspace/.derivedData/Build/Intermediates.noindex/PrecompiledHeaders
CreateBuildDirectory /Users/admin/builder/spi-builder-workspace/.derivedData/Build/Intermediates.noindex/EagerLinkingTBDs/Debug-watchos
cd /Users/admin/builder/spi-builder-workspace/.swiftpm/xcode
builtin-create-build-directory /Users/admin/builder/spi-builder-workspace/.derivedData/Build/Intermediates.noindex/EagerLinkingTBDs/Debug-watchos
CreateBuildDirectory /Users/admin/builder/spi-builder-workspace/.derivedData/Build/Products/Debug-watchos
cd /Users/admin/builder/spi-builder-workspace/.swiftpm/xcode
builtin-create-build-directory /Users/admin/builder/spi-builder-workspace/.derivedData/Build/Products/Debug-watchos
CreateBuildDirectory /Users/admin/builder/spi-builder-workspace/.derivedData/Build/Products/Debug-watchos/PackageFrameworks
cd /Users/admin/builder/spi-builder-workspace/.swiftpm/xcode
builtin-create-build-directory /Users/admin/builder/spi-builder-workspace/.derivedData/Build/Products/Debug-watchos/PackageFrameworks
MkDir /Users/admin/builder/spi-builder-workspace/.derivedData/Build/Products/Debug-watchos/WWHashTagViewController_WWHashTagViewController.bundle (in target 'WWHashTagViewController_WWHashTagViewController' from project 'WWHashTagViewController')
cd /Users/admin/builder/spi-builder-workspace
/bin/mkdir -p /Users/admin/builder/spi-builder-workspace/.derivedData/Build/Products/Debug-watchos/WWHashTagViewController_WWHashTagViewController.bundle
WriteAuxiliaryFile /Users/admin/builder/spi-builder-workspace/.derivedData/Build/Intermediates.noindex/WWHashTagViewController.build/Debug-watchos/WWHashTagViewController-t.build/WWHashTagViewController.DependencyMetadataFileList (in target 'WWHashTagViewController' from project 'WWHashTagViewController')
cd /Users/admin/builder/spi-builder-workspace
write-file /Users/admin/builder/spi-builder-workspace/.derivedData/Build/Intermediates.noindex/WWHashTagViewController.build/Debug-watchos/WWHashTagViewController-t.build/WWHashTagViewController.DependencyMetadataFileList
WriteAuxiliaryFile /Users/admin/builder/spi-builder-workspace/.derivedData/Build/Intermediates.noindex/WWHashTagViewController.build/Debug-watchos/WWHashTagViewController_WWHashTagViewController-b.build/empty-WWHashTagViewController_WWHashTagViewController.plist (in target 'WWHashTagViewController_WWHashTagViewController' from project 'WWHashTagViewController')
cd /Users/admin/builder/spi-builder-workspace
write-file /Users/admin/builder/spi-builder-workspace/.derivedData/Build/Intermediates.noindex/WWHashTagViewController.build/Debug-watchos/WWHashTagViewController_WWHashTagViewController-b.build/empty-WWHashTagViewController_WWHashTagViewController.plist
WriteAuxiliaryFile /Users/admin/builder/spi-builder-workspace/.derivedData/Build/Intermediates.noindex/WWHashTagViewController.build/Debug-watchos/WWHashTagViewController-t.build/WWHashTagViewController.DependencyStaticMetadataFileList (in target 'WWHashTagViewController' from project 'WWHashTagViewController')
cd /Users/admin/builder/spi-builder-workspace
write-file /Users/admin/builder/spi-builder-workspace/.derivedData/Build/Intermediates.noindex/WWHashTagViewController.build/Debug-watchos/WWHashTagViewController-t.build/WWHashTagViewController.DependencyStaticMetadataFileList
WriteAuxiliaryFile /Users/admin/builder/spi-builder-workspace/.derivedData/Build/Intermediates.noindex/WWHashTagViewController.build/Debug-watchos/WWHashTagViewController-t.build/WWHashTagViewController.modulemap (in target 'WWHashTagViewController' from project 'WWHashTagViewController')
cd /Users/admin/builder/spi-builder-workspace
write-file /Users/admin/builder/spi-builder-workspace/.derivedData/Build/Intermediates.noindex/WWHashTagViewController.build/Debug-watchos/WWHashTagViewController-t.build/WWHashTagViewController.modulemap
WriteAuxiliaryFile /Users/admin/builder/spi-builder-workspace/.derivedData/Build/Intermediates.noindex/WWHashTagViewController.build/Debug-watchos/WWHashTagViewController_WWHashTagViewController-b.build/WWHashTagViewController_WWHashTagViewController.DependencyStaticMetadataFileList (in target 'WWHashTagViewController_WWHashTagViewController' from project 'WWHashTagViewController')
cd /Users/admin/builder/spi-builder-workspace
write-file /Users/admin/builder/spi-builder-workspace/.derivedData/Build/Intermediates.noindex/WWHashTagViewController.build/Debug-watchos/WWHashTagViewController_WWHashTagViewController-b.build/WWHashTagViewController_WWHashTagViewController.DependencyStaticMetadataFileList
WriteAuxiliaryFile /Users/admin/builder/spi-builder-workspace/.derivedData/Build/Intermediates.noindex/WWHashTagViewController.build/Debug-watchos/WWHashTagViewController_WWHashTagViewController-b.build/WWHashTagViewController_WWHashTagViewController.DependencyMetadataFileList (in target 'WWHashTagViewController_WWHashTagViewController' from project 'WWHashTagViewController')
cd /Users/admin/builder/spi-builder-workspace
write-file /Users/admin/builder/spi-builder-workspace/.derivedData/Build/Intermediates.noindex/WWHashTagViewController.build/Debug-watchos/WWHashTagViewController_WWHashTagViewController-b.build/WWHashTagViewController_WWHashTagViewController.DependencyMetadataFileList
WriteAuxiliaryFile /Users/admin/builder/spi-builder-workspace/.derivedData/Build/Intermediates.noindex/WWHashTagViewController.build/Debug-watchos/WWHashTagViewController-t.build/Objects-normal/arm64_32/WWHashTagViewController_const_extract_protocols.json (in target 'WWHashTagViewController' from project 'WWHashTagViewController')
cd /Users/admin/builder/spi-builder-workspace
write-file /Users/admin/builder/spi-builder-workspace/.derivedData/Build/Intermediates.noindex/WWHashTagViewController.build/Debug-watchos/WWHashTagViewController-t.build/Objects-normal/arm64_32/WWHashTagViewController_const_extract_protocols.json
WriteAuxiliaryFile /Users/admin/builder/spi-builder-workspace/.derivedData/Build/Intermediates.noindex/WWHashTagViewController.build/Debug-watchos/WWHashTagViewController-t.build/Objects-normal/arm64_32/WWHashTagViewController.SwiftFileList (in target 'WWHashTagViewController' from project 'WWHashTagViewController')
cd /Users/admin/builder/spi-builder-workspace
write-file /Users/admin/builder/spi-builder-workspace/.derivedData/Build/Intermediates.noindex/WWHashTagViewController.build/Debug-watchos/WWHashTagViewController-t.build/Objects-normal/arm64_32/WWHashTagViewController.SwiftFileList
WriteAuxiliaryFile /Users/admin/builder/spi-builder-workspace/.derivedData/Build/Intermediates.noindex/WWHashTagViewController.build/Debug-watchos/WWHashTagViewController-t.build/Objects-normal/arm64_32/WWHashTagViewController.SwiftConstValuesFileList (in target 'WWHashTagViewController' from project 'WWHashTagViewController')
cd /Users/admin/builder/spi-builder-workspace
write-file /Users/admin/builder/spi-builder-workspace/.derivedData/Build/Intermediates.noindex/WWHashTagViewController.build/Debug-watchos/WWHashTagViewController-t.build/Objects-normal/arm64_32/WWHashTagViewController.SwiftConstValuesFileList
WriteAuxiliaryFile /Users/admin/builder/spi-builder-workspace/.derivedData/Build/Intermediates.noindex/WWHashTagViewController.build/Debug-watchos/WWHashTagViewController-t.build/Objects-normal/arm64_32/WWHashTagViewController.LinkFileList (in target 'WWHashTagViewController' from project 'WWHashTagViewController')
cd /Users/admin/builder/spi-builder-workspace
write-file /Users/admin/builder/spi-builder-workspace/.derivedData/Build/Intermediates.noindex/WWHashTagViewController.build/Debug-watchos/WWHashTagViewController-t.build/Objects-normal/arm64_32/WWHashTagViewController.LinkFileList
WriteAuxiliaryFile /Users/admin/builder/spi-builder-workspace/.derivedData/Build/Intermediates.noindex/WWHashTagViewController.build/Debug-watchos/WWHashTagViewController-t.build/Objects-normal/arm64_32/WWHashTagViewController-OutputFileMap.json (in target 'WWHashTagViewController' from project 'WWHashTagViewController')
cd /Users/admin/builder/spi-builder-workspace
write-file /Users/admin/builder/spi-builder-workspace/.derivedData/Build/Intermediates.noindex/WWHashTagViewController.build/Debug-watchos/WWHashTagViewController-t.build/Objects-normal/arm64_32/WWHashTagViewController-OutputFileMap.json
WriteAuxiliaryFile /Users/admin/builder/spi-builder-workspace/.derivedData/Build/Intermediates.noindex/WWHashTagViewController.build/Debug-watchos/WWHashTagViewController-t.build/Objects-normal/arm64/WWHashTagViewController.SwiftFileList (in target 'WWHashTagViewController' from project 'WWHashTagViewController')
cd /Users/admin/builder/spi-builder-workspace
write-file /Users/admin/builder/spi-builder-workspace/.derivedData/Build/Intermediates.noindex/WWHashTagViewController.build/Debug-watchos/WWHashTagViewController-t.build/Objects-normal/arm64/WWHashTagViewController.SwiftFileList
WriteAuxiliaryFile /Users/admin/builder/spi-builder-workspace/.derivedData/Build/Intermediates.noindex/WWHashTagViewController.build/Debug-watchos/WWHashTagViewController-t.build/Objects-normal/arm64/WWHashTagViewController-OutputFileMap.json (in target 'WWHashTagViewController' from project 'WWHashTagViewController')
cd /Users/admin/builder/spi-builder-workspace
write-file /Users/admin/builder/spi-builder-workspace/.derivedData/Build/Intermediates.noindex/WWHashTagViewController.build/Debug-watchos/WWHashTagViewController-t.build/Objects-normal/arm64/WWHashTagViewController-OutputFileMap.json
WriteAuxiliaryFile /Users/admin/builder/spi-builder-workspace/.derivedData/Build/Intermediates.noindex/WWHashTagViewController.build/Debug-watchos/WWHashTagViewController-t.build/Objects-normal/arm64/WWHashTagViewController.SwiftConstValuesFileList (in target 'WWHashTagViewController' from project 'WWHashTagViewController')
cd /Users/admin/builder/spi-builder-workspace
write-file /Users/admin/builder/spi-builder-workspace/.derivedData/Build/Intermediates.noindex/WWHashTagViewController.build/Debug-watchos/WWHashTagViewController-t.build/Objects-normal/arm64/WWHashTagViewController.SwiftConstValuesFileList
WriteAuxiliaryFile /Users/admin/builder/spi-builder-workspace/.derivedData/Build/Intermediates.noindex/WWHashTagViewController.build/Debug-watchos/WWHashTagViewController-t.build/Objects-normal/arm64/WWHashTagViewController.LinkFileList (in target 'WWHashTagViewController' from project 'WWHashTagViewController')
cd /Users/admin/builder/spi-builder-workspace
write-file /Users/admin/builder/spi-builder-workspace/.derivedData/Build/Intermediates.noindex/WWHashTagViewController.build/Debug-watchos/WWHashTagViewController-t.build/Objects-normal/arm64/WWHashTagViewController.LinkFileList
WriteAuxiliaryFile /Users/admin/builder/spi-builder-workspace/.derivedData/Build/Intermediates.noindex/WWHashTagViewController.build/Debug-watchos/WWHashTagViewController-t.build/Objects-normal/arm64/WWHashTagViewController_const_extract_protocols.json (in target 'WWHashTagViewController' from project 'WWHashTagViewController')
cd /Users/admin/builder/spi-builder-workspace
write-file /Users/admin/builder/spi-builder-workspace/.derivedData/Build/Intermediates.noindex/WWHashTagViewController.build/Debug-watchos/WWHashTagViewController-t.build/Objects-normal/arm64/WWHashTagViewController_const_extract_protocols.json
WriteAuxiliaryFile /Users/admin/builder/spi-builder-workspace/.derivedData/Build/Intermediates.noindex/WWHashTagViewController.build/Debug-watchos/WWHashTagViewController-t.build/DerivedSources/resource_bundle_accessor.swift (in target 'WWHashTagViewController' from project 'WWHashTagViewController')
cd /Users/admin/builder/spi-builder-workspace
write-file /Users/admin/builder/spi-builder-workspace/.derivedData/Build/Intermediates.noindex/WWHashTagViewController.build/Debug-watchos/WWHashTagViewController-t.build/DerivedSources/resource_bundle_accessor.swift
Copy /Users/admin/builder/spi-builder-workspace/.derivedData/Build/Intermediates.noindex/GeneratedModuleMaps-watchos/WWHashTagViewController.modulemap /Users/admin/builder/spi-builder-workspace/.derivedData/Build/Intermediates.noindex/WWHashTagViewController.build/Debug-watchos/WWHashTagViewController-t.build/WWHashTagViewController.modulemap (in target 'WWHashTagViewController' from project 'WWHashTagViewController')
cd /Users/admin/builder/spi-builder-workspace
builtin-copy -exclude .DS_Store -exclude CVS -exclude .svn -exclude .git -exclude .hg -resolve-src-symlinks /Users/admin/builder/spi-builder-workspace/.derivedData/Build/Intermediates.noindex/WWHashTagViewController.build/Debug-watchos/WWHashTagViewController-t.build/WWHashTagViewController.modulemap /Users/admin/builder/spi-builder-workspace/.derivedData/Build/Intermediates.noindex/GeneratedModuleMaps-watchos
CpResource /Users/admin/builder/spi-builder-workspace/.derivedData/Build/Products/Debug-watchos/WWHashTagViewController_WWHashTagViewController.bundle/Privacy /Users/admin/builder/spi-builder-workspace/Sources/WWHashTagViewController/Privacy (in target 'WWHashTagViewController_WWHashTagViewController' from project 'WWHashTagViewController')
cd /Users/admin/builder/spi-builder-workspace
builtin-copy -exclude .DS_Store -exclude CVS -exclude .svn -exclude .git -exclude .hg -resolve-src-symlinks /Users/admin/builder/spi-builder-workspace/Sources/WWHashTagViewController/Privacy /Users/admin/builder/spi-builder-workspace/.derivedData/Build/Products/Debug-watchos/WWHashTagViewController_WWHashTagViewController.bundle
CompileStoryboard /Users/admin/builder/spi-builder-workspace/Sources/WWHashTagViewController/Storyboard/Package.storyboard (in target 'WWHashTagViewController_WWHashTagViewController' from project 'WWHashTagViewController')
cd /Users/admin/builder/spi-builder-workspace
/Applications/Xcode-27.0.0-Release.Candidate.app/Contents/Developer/usr/bin/ibtool --errors --warnings --notices --module WWHashTagViewController_WWHashTagViewController --output-partial-info-plist /Users/admin/builder/spi-builder-workspace/.derivedData/Build/Intermediates.noindex/WWHashTagViewController.build/Debug-watchos/WWHashTagViewController_WWHashTagViewController-b.build/Package-SBPartialInfo.plist --auto-activate-custom-fonts --target-device watch --minimum-deployment-target 9.0 --output-format human-readable-text /Users/admin/builder/spi-builder-workspace/Sources/WWHashTagViewController/Storyboard/Package.storyboard --compilation-directory /Users/admin/builder/spi-builder-workspace/.derivedData/Build/Intermediates.noindex/WWHashTagViewController.build/Debug-watchos/WWHashTagViewController_WWHashTagViewController-b.build
/* com.apple.ibtool.errors */
/Users/admin/builder/spi-builder-workspace/Sources/WWHashTagViewController/Storyboard/Package.storyboard: error: iOS storyboards do not support target device type "watch".
PruneExplicitPrecompiledModules /Users/admin/builder/spi-builder-workspace/.derivedData/SDKExplicitPrecompiledModules
PruneExplicitPrecompiledModules /Users/admin/builder/spi-builder-workspace/.derivedData/Build/Intermediates.noindex/ExplicitPrecompiledModules
PruneExplicitPrecompiledModules /Users/admin/builder/spi-builder-workspace/.derivedData/Build/Intermediates.noindex/SwiftExplicitPrecompiledModules
2026-09-20 18:27:36.162 xcodebuild[657:4247] [MT] IDERunDestination: Supported platforms for the buildables in the current scheme is empty.
** BUILD FAILED **
The following build commands failed:
CompileStoryboard /Users/admin/builder/spi-builder-workspace/Sources/WWHashTagViewController/Storyboard/Package.storyboard (in target 'WWHashTagViewController_WWHashTagViewController' from project 'WWHashTagViewController')
Building workspace WWHashTagViewController with scheme WWHashTagViewController
(2 failures)
Command line invocation:
/Applications/Xcode-27.0.0-Release.Candidate.app/Contents/Developer/usr/bin/xcodebuild -IDEClonedSourcePackagesDirPathOverride=/Users/admin/builder/spi-builder-workspace/.dependencies -resolvePackageDependencies
Resolve Package Graph
Resolved source packages:
WWHashTagViewController: /Users/admin/builder/spi-builder-workspace
resolved source packages: WWHashTagViewController
2026-09-20 18:27:39.733 xcodebuild[676:4406] [MT] IDERunDestination: Supported platforms for the buildables in the current scheme is empty.
{
"dependencies" : [
],
"manifest_display_name" : "WWHashTagViewController",
"name" : "WWHashTagViewController",
"path" : "/Users/admin/builder/spi-builder-workspace",
"platforms" : [
{
"name" : "ios",
"version" : "14.0"
}
],
"products" : [
{
"name" : "WWHashTagViewController",
"targets" : [
"WWHashTagViewController"
],
"type" : {
"library" : [
"automatic"
]
}
}
],
"swift_languages_versions" : [
"5"
],
"targets" : [
{
"c99name" : "WWHashTagViewController",
"module_type" : "SwiftTarget",
"name" : "WWHashTagViewController",
"path" : "Sources/WWHashTagViewController",
"product_memberships" : [
"WWHashTagViewController"
],
"resources" : [
{
"path" : "/Users/admin/builder/spi-builder-workspace/Sources/WWHashTagViewController/Privacy",
"rule" : {
"copy" : {
}
}
},
{
"path" : "/Users/admin/builder/spi-builder-workspace/Sources/WWHashTagViewController/Storyboard/Package.storyboard",
"rule" : {
"process" : {
}
}
}
],
"sources" : [
"Extension.swift",
"Protocol.swift",
"WWHashTagViewController.swift",
"WWHashTagViewControllerCell.swift"
],
"type" : "library"
}
],
"tools_version" : "5.6"
}
{
"workspace" : {
"name" : "WWHashTagViewController",
"schemes" : [
"WWHashTagViewController"
]
}
}
2026-09-20 18:27:40.936 xcodebuild[684:4464] [MT] IDERunDestination: Supported platforms for the buildables in the current scheme is empty.
Running build ...
env DEVELOPER_DIR=/Applications/Xcode-27.0.0-Release.Candidate.app xcrun xcodebuild -IDEClonedSourcePackagesDirPathOverride=$PWD/.dependencies -skipMacroValidation -skipPackagePluginValidation -derivedDataPath $PWD/.derivedData build -scheme WWHashTagViewController -destination generic/platform=watchOS
Command line invocation:
/Applications/Xcode-27.0.0-Release.Candidate.app/Contents/Developer/usr/bin/xcodebuild -IDEClonedSourcePackagesDirPathOverride=/Users/admin/builder/spi-builder-workspace/.dependencies -skipMacroValidation -skipPackagePluginValidation -derivedDataPath /Users/admin/builder/spi-builder-workspace/.derivedData build -scheme WWHashTagViewController -destination generic/platform=watchOS
Resolve Package Graph
Resolved source packages:
WWHashTagViewController: /Users/admin/builder/spi-builder-workspace
ComputePackagePrebuildTargetDependencyGraph
Prepare packages
CreateBuildRequest
SendProjectDescription
CreateBuildOperation
ComputeTargetDependencyGraph
note: Building targets in dependency order
note: Target dependency graph (3 targets)
Target 'WWHashTagViewController-product' in project 'WWHashTagViewController'
➜ Explicit dependency on target 'WWHashTagViewController' in project 'WWHashTagViewController'
➜ Explicit dependency on target 'WWHashTagViewController_WWHashTagViewController' in project 'WWHashTagViewController'
Target 'WWHashTagViewController' in project 'WWHashTagViewController'
➜ Explicit dependency on target 'WWHashTagViewController_WWHashTagViewController' in project 'WWHashTagViewController'
Target 'WWHashTagViewController_WWHashTagViewController' in project 'WWHashTagViewController' (no dependencies)
GatherProvisioningInputs
CreateBuildDescription
ClangStatCache /Applications/Xcode-27.0.0-Release.Candidate.app/Contents/Developer/Toolchains/XcodeDefault.xctoolchain/usr/bin/clang-stat-cache /Applications/Xcode-27.0.0-Release.Candidate.app/Contents/Developer/Platforms/WatchOS.platform/Developer/SDKs/WatchOS27.0.sdk /Users/admin/builder/spi-builder-workspace/.derivedData/SDKStatCaches.noindex/watchos27.0-24R360-e829b21a6f8c9b70876ba0858053c04477534ef55a1706bf4c1112bbb242f0a2.sdkstatcache
cd /Users/admin/builder/spi-builder-workspace/.swiftpm/xcode
/Applications/Xcode-27.0.0-Release.Candidate.app/Contents/Developer/Toolchains/XcodeDefault.xctoolchain/usr/bin/clang-stat-cache /Applications/Xcode-27.0.0-Release.Candidate.app/Contents/Developer/Platforms/WatchOS.platform/Developer/SDKs/WatchOS27.0.sdk -o /Users/admin/builder/spi-builder-workspace/.derivedData/SDKStatCaches.noindex/watchos27.0-24R360-e829b21a6f8c9b70876ba0858053c04477534ef55a1706bf4c1112bbb242f0a2.sdkstatcache
CompileStoryboard /Users/admin/builder/spi-builder-workspace/Sources/WWHashTagViewController/Storyboard/Package.storyboard (in target 'WWHashTagViewController_WWHashTagViewController' from project 'WWHashTagViewController')
cd /Users/admin/builder/spi-builder-workspace
/Applications/Xcode-27.0.0-Release.Candidate.app/Contents/Developer/usr/bin/ibtool --errors --warnings --notices --module WWHashTagViewController_WWHashTagViewController --output-partial-info-plist /Users/admin/builder/spi-builder-workspace/.derivedData/Build/Intermediates.noindex/WWHashTagViewController.build/Debug-watchos/WWHashTagViewController_WWHashTagViewController-b.build/Package-SBPartialInfo.plist --auto-activate-custom-fonts --target-device watch --minimum-deployment-target 9.0 --output-format human-readable-text /Users/admin/builder/spi-builder-workspace/Sources/WWHashTagViewController/Storyboard/Package.storyboard --compilation-directory /Users/admin/builder/spi-builder-workspace/.derivedData/Build/Intermediates.noindex/WWHashTagViewController.build/Debug-watchos/WWHashTagViewController_WWHashTagViewController-b.build
/* com.apple.ibtool.errors */
/Users/admin/builder/spi-builder-workspace/Sources/WWHashTagViewController/Storyboard/Package.storyboard: error: iOS storyboards do not support target device type "watch".
PruneExplicitPrecompiledModules /Users/admin/builder/spi-builder-workspace/.derivedData/Build/Intermediates.noindex/ExplicitPrecompiledModules
PruneExplicitPrecompiledModules /Users/admin/builder/spi-builder-workspace/.derivedData/Build/Intermediates.noindex/SwiftExplicitPrecompiledModules
PruneExplicitPrecompiledModules /Users/admin/builder/spi-builder-workspace/.derivedData/SDKExplicitPrecompiledModules
2026-09-20 18:27:41.895 xcodebuild[685:4487] [MT] IDERunDestination: Supported platforms for the buildables in the current scheme is empty.
** BUILD FAILED **
The following build commands failed:
CompileStoryboard /Users/admin/builder/spi-builder-workspace/Sources/WWHashTagViewController/Storyboard/Package.storyboard (in target 'WWHashTagViewController_WWHashTagViewController' from project 'WWHashTagViewController')
Building workspace WWHashTagViewController with scheme WWHashTagViewController
(2 failures)
BUILD FAILURE 6.4 watchOS