Build Information
Failed to build SwiftPackageCompatCheck, reference main (c68cff), with Swift 6.3 for Wasm on 12 Oct 2026 06:57:56 UTC.
Build Command
bash -c docker run --pull=always --rm -v "checkouts-54344845-0":/host -w "$PWD" -e JAVA_HOME="/root/.sdkman/candidates/java/current" -e SPI_BUILD="1" -e SPI_PROCESSING="1" registry.gitlab.com/saguaro1/spi-images:wasm-6.3-latest swift build --swift-sdk swift-6.3.2-RELEASE_wasm 2>&1Build Log
========================================
RunAll
========================================
Builder version: 5.1.1
Interrupt handler set up.
========================================
Checkout
========================================
Clone URL: https://github.com/Kingpin-Apps/swift-package-compat-check.git
Reference: main
Initialized empty Git repository in /host/spi-builder-workspace/.git/
hint: Using 'master' as the name for the initial branch. This default branch name
hint: is subject to change. To configure the initial branch name to use in all
hint: of your new repositories, which will suppress this warning, call:
hint:
hint: git config --global init.defaultBranch <name>
hint:
hint: Names commonly chosen instead of 'master' are 'main', 'trunk' and
hint: 'development'. The just-created branch can be renamed via this command:
hint:
hint: git branch -m <name>
From https://github.com/Kingpin-Apps/swift-package-compat-check
* branch main -> FETCH_HEAD
* [new branch] main -> origin/main
HEAD is now at c68cffb bump: version 0.8.0 → 0.9.0
Cloned https://github.com/Kingpin-Apps/swift-package-compat-check.git
Revision (git rev-parse @):
c68cffb8dcb85186b383ae4e4e499b20ec336760
SPI manifest file found: $PWD/.spi.yml
SUCCESS checkout https://github.com/Kingpin-Apps/swift-package-compat-check.git at main
========================================
Build
========================================
Selected platform: wasm
Swift version: 6.3
Building package at path: $PWD
https://github.com/Kingpin-Apps/swift-package-compat-check.git
Running build ...
bash -c docker run --pull=always --rm -v "checkouts-54344845-0":/host -w "$PWD" -e JAVA_HOME="/root/.sdkman/candidates/java/current" -e SPI_BUILD="1" -e SPI_PROCESSING="1" registry.gitlab.com/saguaro1/spi-images:wasm-6.3-latest swift build --swift-sdk swift-6.3.2-RELEASE_wasm 2>&1
wasm-6.3-latest: Pulling from saguaro1/spi-images
Digest: sha256:df2e9038ff906af397ec7b7e13902ccb183f8867606bc33419e44453a9abdb4b
Status: Image is up to date for registry.gitlab.com/saguaro1/spi-images:wasm-6.3-latest
Fetching https://github.com/tuist/Command.git
Fetching https://github.com/apple/swift-configuration
Fetching https://github.com/mgacy/swift-version-file-plugin
Fetching https://github.com/Kolos65/Mockable
Fetching https://github.com/mattt/swift-configuration-toml.git
Fetching https://github.com/tuist/Noora
[1/3928] Fetching swift-configuration
[80/4135] Fetching swift-configuration, swift-version-file-plugin
[2290/6660] Fetching swift-configuration, swift-version-file-plugin, command
[3784/8790] Fetching swift-configuration, swift-version-file-plugin, command, mockable
[4110/8921] Fetching swift-configuration, swift-version-file-plugin, command, mockable, swift-configuration-toml
Fetched https://github.com/mattt/swift-configuration-toml.git from cache (0.45s)
[4765/8790] Fetching swift-configuration, swift-version-file-plugin, command, mockable
Fetching https://github.com/apple/swift-log.git
[5463/28560] Fetching swift-configuration, swift-version-file-plugin, command, mockable, noora
Fetched https://github.com/mgacy/swift-version-file-plugin from cache (0.47s)
Fetched https://github.com/apple/swift-configuration from cache (0.47s)
Fetching https://github.com/apple/swift-system.git
Fetching https://github.com/apple/swift-argument-parser.git
[1938/24425] Fetching command, mockable, noora
Fetched https://github.com/Kolos65/Mockable from cache (0.53s)
Fetched https://github.com/tuist/Command.git from cache (0.53s)
[2966/19770] Fetching noora
[9096/28027] Fetching noora, swift-log
Fetched https://github.com/apple/swift-log.git from cache (0.49s)
[9096/38882] Fetching noora, swift-argument-parser
[9861/46123] Fetching noora, swift-argument-parser, swift-system
Fetched https://github.com/apple/swift-system.git from cache (0.73s)
Fetched https://github.com/apple/swift-argument-parser.git from cache (0.84s)
[9292/19770] Fetching noora
Fetched https://github.com/tuist/Noora from cache (2.66s)
Computing version for https://github.com/mattt/swift-configuration-toml.git
Computed https://github.com/mattt/swift-configuration-toml.git at 2.0.0 (2.81s)
Fetching https://github.com/apple/swift-metrics
Fetching https://github.com/mattt/swift-toml.git
[1/3563] Fetching swift-metrics
[144/3894] Fetching swift-metrics, swift-toml
Fetched https://github.com/mattt/swift-toml.git from cache (0.44s)
Fetched https://github.com/apple/swift-metrics from cache (0.46s)
Computing version for https://github.com/mattt/swift-toml.git
Computed https://github.com/mattt/swift-toml.git at 2.0.0 (0.60s)
Computing version for https://github.com/mgacy/swift-version-file-plugin
Computed https://github.com/mgacy/swift-version-file-plugin at 0.3.0 (0.14s)
Computing version for https://github.com/Kolos65/Mockable
Computed https://github.com/Kolos65/Mockable at 0.6.4 (0.16s)
Fetching https://github.com/swiftlang/swift-syntax.git
Fetching https://github.com/pointfreeco/xctest-dynamic-overlay
[1/2727] Fetching xctest-dynamic-overlay
Fetched https://github.com/pointfreeco/xctest-dynamic-overlay from cache (0.74s)
[1/80463] Fetching swift-syntax
Fetched https://github.com/swiftlang/swift-syntax.git from cache (3.44s)
Computing version for https://github.com/apple/swift-configuration
Computed https://github.com/apple/swift-configuration at 1.2.2 (4.25s)
Fetching https://github.com/jpsim/Yams
Fetching https://github.com/apple/swift-collections
Fetching https://github.com/swift-server/swift-service-lifecycle
[1/11882] Fetching yams
[2/14749] Fetching yams, swift-service-lifecycle
Fetched https://github.com/swift-server/swift-service-lifecycle from cache (0.51s)
[2733/11882] Fetching yams
[10458/40585] Fetching yams, swift-collections
Fetched https://github.com/apple/swift-collections from cache (1.80s)
Fetched https://github.com/jpsim/Yams from cache (1.80s)
Computing version for https://github.com/pointfreeco/xctest-dynamic-overlay
Computed https://github.com/pointfreeco/xctest-dynamic-overlay at 1.9.0 (1.95s)
Computing version for https://github.com/tuist/Noora
Computed https://github.com/tuist/Noora at 0.57.5 (0.14s)
Fetching https://github.com/onevcat/Rainbow
Fetching https://github.com/tuist/path
[1/418] Fetching path
[18/1932] Fetching path, rainbow
Fetched https://github.com/tuist/path from cache (0.38s)
[1121/1514] Fetching rainbow
Fetched https://github.com/onevcat/Rainbow from cache (0.41s)
Computing version for https://github.com/apple/swift-argument-parser.git
Computed https://github.com/apple/swift-argument-parser.git at 1.8.2 (0.55s)
Computing version for https://github.com/tuist/path
Computed https://github.com/tuist/path at 0.3.8 (0.86s)
Computing version for https://github.com/onevcat/Rainbow
Computed https://github.com/onevcat/Rainbow at 4.2.2 (0.87s)
Computing version for https://github.com/apple/swift-metrics
Computed https://github.com/apple/swift-metrics at 2.12.0 (0.14s)
Computing version for https://github.com/jpsim/Yams
Computed https://github.com/jpsim/Yams at 6.2.2 (0.13s)
Computing version for https://github.com/swift-server/swift-service-lifecycle
Computed https://github.com/swift-server/swift-service-lifecycle at 2.12.1 (0.14s)
Fetching https://github.com/apple/swift-async-algorithms.git
[1/6820] Fetching swift-async-algorithms
Fetched https://github.com/apple/swift-async-algorithms.git from cache (0.61s)
Computing version for https://github.com/apple/swift-log.git
Computed https://github.com/apple/swift-log.git at 1.16.0 (0.76s)
Computing version for https://github.com/apple/swift-async-algorithms.git
Computed https://github.com/apple/swift-async-algorithms.git at 1.1.7 (0.18s)
Computing version for https://github.com/apple/swift-collections
Computed https://github.com/apple/swift-collections at 1.7.2 (0.23s)
Computing version for https://github.com/apple/swift-system.git
Computed https://github.com/apple/swift-system.git at 1.8.1 (0.17s)
Computing version for https://github.com/tuist/Command.git
Computed https://github.com/tuist/Command.git at 0.14.14 (0.13s)
Computing version for https://github.com/swiftlang/swift-syntax.git
Computed https://github.com/swiftlang/swift-syntax.git at 603.0.2 (0.26s)
Creating working copy for https://github.com/tuist/path
Working copy of https://github.com/tuist/path resolved at 0.3.8
Creating working copy for https://github.com/swift-server/swift-service-lifecycle
Working copy of https://github.com/swift-server/swift-service-lifecycle resolved at 2.12.1
Creating working copy for https://github.com/apple/swift-system.git
Working copy of https://github.com/apple/swift-system.git resolved at 1.8.1
Creating working copy for https://github.com/mgacy/swift-version-file-plugin
Working copy of https://github.com/mgacy/swift-version-file-plugin resolved at 0.3.0
Creating working copy for https://github.com/apple/swift-configuration
Working copy of https://github.com/apple/swift-configuration resolved at 1.2.2
Creating working copy for https://github.com/tuist/Command.git
Working copy of https://github.com/tuist/Command.git resolved at 0.14.14
Creating working copy for https://github.com/swiftlang/swift-syntax.git
Working copy of https://github.com/swiftlang/swift-syntax.git resolved at 603.0.2
Creating working copy for https://github.com/pointfreeco/xctest-dynamic-overlay
Working copy of https://github.com/pointfreeco/xctest-dynamic-overlay resolved at 1.9.0
Creating working copy for https://github.com/tuist/Noora
Working copy of https://github.com/tuist/Noora resolved at 0.57.5
Creating working copy for https://github.com/apple/swift-argument-parser.git
Working copy of https://github.com/apple/swift-argument-parser.git resolved at 1.8.2
Creating working copy for https://github.com/Kolos65/Mockable
Working copy of https://github.com/Kolos65/Mockable resolved at 0.6.4
Creating working copy for https://github.com/mattt/swift-toml.git
Working copy of https://github.com/mattt/swift-toml.git resolved at 2.0.0
Creating working copy for https://github.com/mattt/swift-configuration-toml.git
Working copy of https://github.com/mattt/swift-configuration-toml.git resolved at 2.0.0
Creating working copy for https://github.com/onevcat/Rainbow
Working copy of https://github.com/onevcat/Rainbow resolved at 4.2.2
Creating working copy for https://github.com/jpsim/Yams
Working copy of https://github.com/jpsim/Yams resolved at 6.2.2
Creating working copy for https://github.com/apple/swift-async-algorithms.git
Working copy of https://github.com/apple/swift-async-algorithms.git resolved at 1.1.7
Creating working copy for https://github.com/apple/swift-log.git
Working copy of https://github.com/apple/swift-log.git resolved at 1.16.0
Creating working copy for https://github.com/apple/swift-collections
Working copy of https://github.com/apple/swift-collections resolved at 1.7.2
Creating working copy for https://github.com/apple/swift-metrics
Working copy of https://github.com/apple/swift-metrics resolved at 2.12.0
Downloading package prebuilt https://download.swift.org/prebuilts/swift-syntax/603.0.2/swift-6.3.2-RELEASE-ubuntu_noble_x86_64-MacroSupport.tar.gz
Downloaded https://download.swift.org/prebuilts/swift-syntax/603.0.2/swift-6.3.2-RELEASE-ubuntu_noble_x86_64-MacroSupport.tar.gz (0.20s)
[1/1] Compiling plugin VersionFile
[2/2] Compiling plugin GenerateManual
[3/3] Compiling plugin GenerateDoccReference
Building for debugging...
[3/60] Write sources
[21/60] Compiling writer.c
[22/60] Compiling reader.c
[23/60] Write sources
[25/60] Compiling CSystem shims.c
[26/60] Write swift-version-24593BA9C3E375BF.txt
[27/60] Compiling parser.c
[28/60] Compiling api.c
[29/121] Compiling emitter.c
[30/185] Compiling scanner.c
[32/194] Emitting module Logging
[33/195] Emitting module SystemPackage
[34/200] Emitting module InternalCollectionsUtilities
[35/203] Emitting module MockableMacro
[36/207] Compiling InternalCollectionsUtilities UnsafeRawBufferPointer+Extras.swift
[37/207] Compiling InternalCollectionsUtilities _SortedCollection.swift
[38/207] Compiling InternalCollectionsUtilities _UniqueCollection.swift
[39/207] Compiling InternalCollectionsUtilities BorrowingIteratorProtocol+Equality.swift
[40/207] Compiling InternalCollectionsUtilities BorrowingIteratorProtocol+Extras.swift
[41/207] Compiling InternalCollectionsUtilities Debugging.swift
[42/207] Compiling InternalCollectionsUtilities Descriptions.swift
[43/207] Compiling InternalCollectionsUtilities FixedWidthInteger+roundUpToPowerOfTwo.swift
[44/207] Compiling InternalCollectionsUtilities Integer rank.swift
[45/208] Compiling InternalCollectionsUtilities Iterable+CopyContents.swift
[46/208] Compiling InternalCollectionsUtilities Iterable+Equality.swift
[47/208] Compiling InternalCollectionsUtilities LifetimeOverride.swift
[48/208] Compiling InternalCollectionsUtilities MutableRef.swift
[49/208] Compiling Logging Logger+Attributes.swift
[50/208] Compiling InternalCollectionsUtilities Strideable+LimitHelpers.swift
[51/208] Compiling InternalCollectionsUtilities String+Padding.swift
[52/208] Compiling InternalCollectionsUtilities TemporaryAllocation.swift
[53/208] Compiling InternalCollectionsUtilities _UnsafeBitSet+Index.swift
[56/208] Emitting module Rainbow
[57/208] Compiling InternalCollectionsUtilities RandomAccessCollection+Offsets.swift
[58/208] Compiling InternalCollectionsUtilities Span+Extras.swift
[59/208] Compiling MockableMacro Namespace.swift
[60/208] Compiling MockableMacro SwiftVersionHelper.swift
[61/208] Compiling MockableMacro TokenFinder.swift
[62/208] Compiling SystemPackage UtilConsumers.swift
[63/208] Compiling SystemPackage WinSDK+Overlay.swift
[66/208] Compiling InternalCollectionsUtilities UInt+first and last set bit.swift
[67/208] Compiling InternalCollectionsUtilities UInt+reversed.swift
[72/208] Compiling CoreMetrics WithMetricsFactory.swift
[73/208] Compiling InternalCollectionsUtilities _UnsafeBitSet+_Word.swift
[74/208] Compiling InternalCollectionsUtilities _UnsafeBitSet.swift
[75/208] Compiling InternalCollectionsUtilities UnsafeBufferPointer+Extras.swift
[76/208] Compiling InternalCollectionsUtilities UnsafeMutableBufferPointer+Extras.swift
[77/208] Compiling InternalCollectionsUtilities UnsafeMutablePointer+Extras.swift
[78/208] Compiling InternalCollectionsUtilities UnsafeMutableRawBufferPointer+Extras.swift
[79/208] Compiling InternalCollectionsUtilities UnsafePointer+Extras.swift
[88/208] Compiling SystemPackage RawIORequest.swift
[91/208] Compiling InternalCollectionsUtilities MutableSpan+Extras.swift
[92/208] Compiling InternalCollectionsUtilities OutputSpan+Extras.swift
[98/208] Compiling Logging LoggingSystem.swift
[100/209] Emitting module Path
[101/209] Compiling Path Path.swift
[102/223] Compiling CoreMetrics Metrics.swift
[103/223] Compiling CoreMetrics MappingMetricsFactory.swift
[105/234] Compiling Yams Mark.swift
[106/234] Compiling Yams Node.Alias.swift
[107/234] Compiling Yams Node.Mapping.swift
[109/234] Compiling SpanPreview OutputSpan+InputSpanHelpers.swift
[111/234] Compiling Logging Logger+With.swift
[112/234] Compiling Logging Logger.swift
[113/234] Compiling SpanPreview InputSpan.swift
[114/234] Compiling SpanPreview MutableSpan+InputSpanHelpers.swift
[115/234] Emitting module SpanPreview
[117/236] Compiling Yams Representer.swift
[118/236] Compiling Yams Resolver.swift
[119/236] Compiling Yams String+Yams.swift
[120/236] Compiling Yams Tag.swift
[121/236] Compiling Yams YamlAnchorProviding.swift
[122/277] Compiling DequeModule Deque+Equatable.swift
[123/277] Compiling DequeModule Deque+ExpressibleByArrayLiteral.swift
[124/277] Compiling Rainbow StyledStringBuilder.swift
[125/277] Compiling DequeModule RigidDeque+Append.swift
[126/277] Compiling DequeModule RigidDeque+Consumption.swift
[127/277] Compiling Logging MetadataProvider.swift
[128/277] Compiling DequeModule _DequeBuffer.swift
[129/277] Compiling DequeModule _DequeBufferHeader.swift
[130/277] Compiling DequeModule Deque+CustomReflectable.swift
[131/277] Compiling DequeModule Deque+Descriptions.swift
[132/278] Compiling DequeModule UniqueDeque+Descriptions.swift
[133/278] Compiling DequeModule UniqueDeque+Equatable.swift
[134/278] Compiling DequeModule UniqueDeque+Hashable.swift
[135/278] Compiling DequeModule Deque+Extras.swift
[136/278] Compiling DequeModule Deque+Hashable.swift
[137/278] Compiling DequeModule UniqueDeque+Insertions.swift
[138/278] Compiling DequeModule UniqueDeque+Iterable.swift
[139/278] Compiling DequeModule UniqueDeque+Prepend.swift
[140/278] Compiling DequeModule UniqueDeque+Removals.swift
[141/278] Compiling DequeModule RigidDeque+Descriptions.swift
[143/279] Compiling DequeModule Deque+Codable.swift
[144/279] Compiling DequeModule Deque+Collection.swift
[147/279] Compiling CoreMetrics Locks.swift
[148/280] Emitting module CoreMetrics
[149/281] Compiling CTomlPlusPlus ctoml.cpp
[152/281] Compiling DequeModule UniqueDeque+Consumption.swift
[153/281] Compiling DequeModule UniqueDeque+ContainerOperations.swift
[154/281] Compiling DequeModule UniqueDeque+Deprecations.swift
[158/288] Wrapping AST for SpanPreview for debugging
[159/288] Wrapping AST for Rainbow for debugging
[160/297] Wrapping AST for SystemPackage for debugging
[161/335] Wrapping AST for Path for debugging
[162/335] Wrapping AST for Logging for debugging
[163/335] Wrapping AST for InternalCollectionsUtilities for debugging
[164/335] Wrapping AST for CoreMetrics for debugging
[166/335] Compiling Noora PaginatedTable.swift
[167/335] Compiling Noora SelectableTable.swift
[168/335] Compiling Noora Table.swift
[169/335] Compiling Noora TableColumn.swift
[170/335] Compiling Noora TableData.swift
[171/335] Compiling Noora TableRenderer.swift
[172/335] Compiling Noora ValidatableError.swift
[173/335] Compiling Noora ValidatableRule.swift
[174/335] Compiling Noora ValidationError.swift
[175/335] Compiling Noora LockIsolated.swift
[176/335] Compiling Noora Renderer.swift
[177/335] Compiling Noora Spinner.swift
[178/335] Compiling Noora StandardPipelines.swift
[179/335] Compiling Noora Terminal.swift
[180/335] Compiling DequeModule RigidDeque+Initializers.swift
[181/335] Compiling DequeModule RigidDeque+Insertions.swift
[182/335] Compiling DequeModule RigidDeque+Iterable.swift
[183/335] Compiling Noora Stack.swift
[184/335] Compiling Noora Character+isPrintable.swift
[185/335] Compiling Noora String+Rainbow.swift
[186/335] Compiling Noora String+ValidatableError.swift
[187/335] Compiling Noora Noora.swift
[188/335] Compiling Noora NooraError.swift
[189/335] Compiling Noora UpdatingTable.swift
[190/335] Compiling Noora TextPrompt.swift
[191/335] Compiling Noora YesOrNoChoicePrompt.swift
[192/335] Compiling Noora Content.swift
[193/335] Compiling Noora TerminalText+DisplayWidth.swift
[194/335] Compiling Noora TerminalText.swift
[195/335] Compiling ArgumentParserToolInfo ToolInfo.swift
[196/335] Emitting module ArgumentParserToolInfo
[197/336] Emitting module Metrics
[198/336] Wrapping AST for ArgumentParserToolInfo for debugging
[200/345] Compiling Metrics Metrics.swift
[202/384] Compiling ArgumentParser ArgumentDefinition.swift
[203/384] Compiling ArgumentParser ArgumentSet.swift
[204/384] Compiling ArgumentParser CommandParser.swift
[204/386] Wrapping AST for Metrics for debugging
[206/386] Compiling TOML Shared.swift
[207/386] Compiling ArgumentParser Parsed.swift
[208/386] Compiling ArgumentParser ParsedValues.swift
[209/386] Compiling ArgumentParser ParserError.swift
[210/386] Compiling ArgumentParser SplitArguments.swift
[211/386] Compiling Yams YamlTagProviding.swift
[212/386] Compiling ArgumentParser HelpCommand.swift
[213/386] Compiling ArgumentParser HelpGenerator.swift
[214/386] Compiling ArgumentParser MessageInfo.swift
[215/386] Compiling ArgumentParser UsageGenerator.swift
[216/386] Compiling ArgumentParser CommandGroup.swift
[217/386] Compiling ArgumentParser EnumerableFlag.swift
[218/386] Compiling ArgumentParser ExpressibleByArgument.swift
[219/386] Compiling ArgumentParser ParsableArguments.swift
[220/386] Compiling ArgumentParser Name.swift
[221/386] Compiling ArgumentParser ArgumentDiscussion.swift
[222/386] Compiling ArgumentParser ArgumentHelp.swift
[223/386] Compiling ArgumentParser ArgumentVisibility.swift
[224/386] Compiling ArgumentParser CompletionKind.swift
[225/386] Compiling ArgumentParser Errors.swift
[226/386] Compiling ArgumentParser ArgumentDecoder.swift
[230/386] Compiling Yams YamlError.swift
[231/386] Compiling ArgumentParser Flag.swift
[232/386] Compiling ArgumentParser NameSpecification.swift
[233/386] Compiling ArgumentParser Option.swift
[234/386] Compiling ArgumentParser OptionGroup.swift
[235/386] Compiling ArgumentParser ParsableCommand.swift
[236/386] Compiling ArgumentParser BashCompletionsGenerator.swift
[237/386] Compiling ArgumentParser CompletionsGenerator.swift
[238/386] Compiling ArgumentParser FishCompletionsGenerator.swift
[239/386] Compiling ArgumentParser ZshCompletionsGenerator.swift
[240/386] Compiling ArgumentParser Argument.swift
[241/386] Compiling TOML Value.swift
/host/spi-builder-workspace/.build/checkouts/Yams/Sources/Yams/Representer.swift:342:45: error: cannot find 'DBL_DECIMAL_DIG' in scope
340 | // Since `NumberFormatter` creates a string with insufficient precision for Decode,
341 | // it uses with `String(format:...)`
342 | let string = String(format: "%.*g", DBL_DECIMAL_DIG, self)
| `- error: cannot find 'DBL_DECIMAL_DIG' in scope
343 | // "%*.g" does not use scientific notation if the exponent is less than –4.
344 | // So fallback to using `NumberFormatter` if string does not uses scientific notation.
/host/spi-builder-workspace/.build/checkouts/Yams/Sources/Yams/Representer.swift:342:45: error: cannot find 'DBL_DECIMAL_DIG' in scope
340 | // Since `NumberFormatter` creates a string with insufficient precision for Decode,
341 | // it uses with `String(format:...)`
342 | let string = String(format: "%.*g", DBL_DECIMAL_DIG, self)
| `- error: cannot find 'DBL_DECIMAL_DIG' in scope
343 | // "%*.g" does not use scientific notation if the exponent is less than –4.
344 | // So fallback to using `NumberFormatter` if string does not uses scientific notation.
/host/spi-builder-workspace/.build/checkouts/Yams/Sources/Yams/Representer.swift:342:45: error: cannot find 'DBL_DECIMAL_DIG' in scope
340 | // Since `NumberFormatter` creates a string with insufficient precision for Decode,
341 | // it uses with `String(format:...)`
342 | let string = String(format: "%.*g", DBL_DECIMAL_DIG, self)
| `- error: cannot find 'DBL_DECIMAL_DIG' in scope
343 | // "%*.g" does not use scientific notation if the exponent is less than –4.
344 | // So fallback to using `NumberFormatter` if string does not uses scientific notation.
[247/386] Compiling ArgumentParser AsyncParsableCommand.swift
/host/spi-builder-workspace/.build/checkouts/Noora/cli/Sources/Noora/Utilities/Terminal.swift:13:12: error: no such module 'Darwin'
11 | import WinSDK
12 | #else
13 | import Darwin
| `- error: no such module 'Darwin'
14 | #endif
15 |
[248/386] Compiling ArgumentParser CommandConfiguration.swift
/host/spi-builder-workspace/.build/checkouts/Noora/cli/Sources/Noora/Utilities/Terminal.swift:13:12: error: no such module 'Darwin'
11 | import WinSDK
12 | #else
13 | import Darwin
| `- error: no such module 'Darwin'
14 | #endif
15 |
/host/spi-builder-workspace/.build/checkouts/Noora/cli/Sources/Noora/Utilities/Terminal.swift:13:12: error: no such module 'Darwin'
11 | import WinSDK
12 | #else
13 | import Darwin
| `- error: no such module 'Darwin'
14 | #endif
15 |
/host/spi-builder-workspace/.build/checkouts/Noora/cli/Sources/Noora/Utilities/Terminal.swift:13:12: error: no such module 'Darwin'
11 | import WinSDK
12 | #else
13 | import Darwin
| `- error: no such module 'Darwin'
14 | #endif
15 |
/host/spi-builder-workspace/.build/checkouts/Noora/cli/Sources/Noora/Utilities/Terminal.swift:13:12: error: no such module 'Darwin'
11 | import WinSDK
12 | #else
13 | import Darwin
| `- error: no such module 'Darwin'
14 | #endif
15 |
/host/spi-builder-workspace/.build/checkouts/Noora/cli/Sources/Noora/Utilities/Terminal.swift:13:12: error: no such module 'Darwin'
11 | import WinSDK
12 | #else
13 | import Darwin
| `- error: no such module 'Darwin'
14 | #endif
15 |
/host/spi-builder-workspace/.build/checkouts/Noora/cli/Sources/Noora/Utilities/Terminal.swift:13:12: error: no such module 'Darwin'
11 | import WinSDK
12 | #else
13 | import Darwin
| `- error: no such module 'Darwin'
14 | #endif
15 |
/host/spi-builder-workspace/.build/checkouts/Noora/cli/Sources/Noora/Utilities/Terminal.swift:13:12: error: no such module 'Darwin'
11 | import WinSDK
12 | #else
13 | import Darwin
| `- error: no such module 'Darwin'
14 | #endif
15 |
/host/spi-builder-workspace/.build/checkouts/Noora/cli/Sources/Noora/Utilities/Terminal.swift:13:12: error: no such module 'Darwin'
11 | import WinSDK
12 | #else
13 | import Darwin
| `- error: no such module 'Darwin'
14 | #endif
15 |
/host/spi-builder-workspace/.build/checkouts/Noora/cli/Sources/Noora/Utilities/Terminal.swift:13:12: error: no such module 'Darwin'
11 | import WinSDK
12 | #else
13 | import Darwin
| `- error: no such module 'Darwin'
14 | #endif
15 |
[257/391] Emitting module Yams
error: emit-module command failed with exit code 1 (use -v to see invocation)
[258/391] Emitting module Noora
/host/spi-builder-workspace/.build/checkouts/Noora/cli/Sources/Noora/Utilities/Terminal.swift:13:12: error: no such module 'Darwin'
11 | import WinSDK
12 | #else
13 | import Darwin
| `- error: no such module 'Darwin'
14 | #endif
15 |
[259/391] Emitting module TOML
[265/391] Compiling TOML LocalDateTime.swift
/host/spi-builder-workspace/.build/checkouts/Noora/cli/Sources/Noora/Utilities/Terminal.swift:13:12: error: no such module 'Darwin'
11 | import WinSDK
12 | #else
13 | import Darwin
| `- error: no such module 'Darwin'
14 | #endif
15 |
/host/spi-builder-workspace/.build/checkouts/Noora/cli/Sources/Noora/Utilities/Terminal.swift:13:12: error: no such module 'Darwin'
11 | import WinSDK
12 | #else
13 | import Darwin
| `- error: no such module 'Darwin'
14 | #endif
15 |
/host/spi-builder-workspace/.build/checkouts/Noora/cli/Sources/Noora/Utilities/Terminal.swift:13:12: error: no such module 'Darwin'
11 | import WinSDK
12 | #else
13 | import Darwin
| `- error: no such module 'Darwin'
14 | #endif
15 |
/host/spi-builder-workspace/.build/checkouts/Noora/cli/Sources/Noora/Utilities/Terminal.swift:13:12: error: no such module 'Darwin'
11 | import WinSDK
12 | #else
13 | import Darwin
| `- error: no such module 'Darwin'
14 | #endif
15 |
/host/spi-builder-workspace/.build/checkouts/Noora/cli/Sources/Noora/Utilities/Terminal.swift:13:12: error: no such module 'Darwin'
11 | import WinSDK
12 | #else
13 | import Darwin
| `- error: no such module 'Darwin'
14 | #endif
15 |
[273/391] Compiling Noora InputValidating.swift
/host/spi-builder-workspace/.build/checkouts/Noora/cli/Sources/Noora/Utilities/Terminal.swift:13:12: error: no such module 'Darwin'
11 | import WinSDK
12 | #else
13 | import Darwin
| `- error: no such module 'Darwin'
14 | #endif
15 |
[274/391] Compiling Noora LengthValidationRule.swift
/host/spi-builder-workspace/.build/checkouts/Noora/cli/Sources/Noora/Utilities/Terminal.swift:13:12: error: no such module 'Darwin'
11 | import WinSDK
12 | #else
13 | import Darwin
| `- error: no such module 'Darwin'
14 | #endif
15 |
[275/391] Compiling Noora NonEmptyValidationRule.swift
/host/spi-builder-workspace/.build/checkouts/Noora/cli/Sources/Noora/Utilities/Terminal.swift:13:12: error: no such module 'Darwin'
11 | import WinSDK
12 | #else
13 | import Darwin
| `- error: no such module 'Darwin'
14 | #endif
15 |
[276/391] Compiling Noora RegexValidationRule.swift
/host/spi-builder-workspace/.build/checkouts/Noora/cli/Sources/Noora/Utilities/Terminal.swift:13:12: error: no such module 'Darwin'
11 | import WinSDK
12 | #else
13 | import Darwin
| `- error: no such module 'Darwin'
14 | #endif
15 |
[277/391] Compiling Noora Validator.swift
/host/spi-builder-workspace/.build/checkouts/Noora/cli/Sources/Noora/Utilities/Terminal.swift:13:12: error: no such module 'Darwin'
11 | import WinSDK
12 | #else
13 | import Darwin
| `- error: no such module 'Darwin'
14 | #endif
15 |
/host/spi-builder-workspace/.build/checkouts/Noora/cli/Sources/Noora/Utilities/Terminal.swift:13:12: error: no such module 'Darwin'
11 | import WinSDK
12 | #else
13 | import Darwin
| `- error: no such module 'Darwin'
14 | #endif
15 |
/host/spi-builder-workspace/.build/checkouts/Noora/cli/Sources/Noora/Utilities/Terminal.swift:13:12: error: no such module 'Darwin'
11 | import WinSDK
12 | #else
13 | import Darwin
| `- error: no such module 'Darwin'
14 | #endif
15 |
/host/spi-builder-workspace/.build/checkouts/Noora/cli/Sources/Noora/Utilities/Terminal.swift:13:12: error: no such module 'Darwin'
11 | import WinSDK
12 | #else
13 | import Darwin
| `- error: no such module 'Darwin'
14 | #endif
15 |
[281/391] Compiling ArgumentParser CollectionExtensions.swift
/host/spi-builder-workspace/.build/checkouts/Noora/cli/Sources/Noora/Utilities/Terminal.swift:13:12: error: no such module 'Darwin'
11 | import WinSDK
12 | #else
13 | import Darwin
| `- error: no such module 'Darwin'
14 | #endif
15 |
[282/391] Compiling ArgumentParser Foundation.swift
/host/spi-builder-workspace/.build/checkouts/Noora/cli/Sources/Noora/Utilities/Terminal.swift:13:12: error: no such module 'Darwin'
11 | import WinSDK
12 | #else
13 | import Darwin
| `- error: no such module 'Darwin'
14 | #endif
15 |
[283/391] Compiling ArgumentParser ParentCommand.swift
/host/spi-builder-workspace/.build/checkouts/Noora/cli/Sources/Noora/Utilities/Terminal.swift:13:12: error: no such module 'Darwin'
11 | import WinSDK
12 | #else
13 | import Darwin
| `- error: no such module 'Darwin'
14 | #endif
15 |
/host/spi-builder-workspace/.build/checkouts/Noora/cli/Sources/Noora/Utilities/Terminal.swift:13:12: error: no such module 'Darwin'
11 | import WinSDK
12 | #else
13 | import Darwin
| `- error: no such module 'Darwin'
14 | #endif
15 |
/host/spi-builder-workspace/.build/checkouts/Noora/cli/Sources/Noora/Utilities/Terminal.swift:13:12: error: no such module 'Darwin'
11 | import WinSDK
12 | #else
13 | import Darwin
| `- error: no such module 'Darwin'
14 | #endif
15 |
/host/spi-builder-workspace/.build/checkouts/Noora/cli/Sources/Noora/Utilities/Terminal.swift:13:12: error: no such module 'Darwin'
11 | import WinSDK
12 | #else
13 | import Darwin
| `- error: no such module 'Darwin'
14 | #endif
15 |
/host/spi-builder-workspace/.build/checkouts/Noora/cli/Sources/Noora/Utilities/Terminal.swift:13:12: error: no such module 'Darwin'
11 | import WinSDK
12 | #else
13 | import Darwin
| `- error: no such module 'Darwin'
14 | #endif
15 |
/host/spi-builder-workspace/.build/checkouts/Noora/cli/Sources/Noora/Utilities/Terminal.swift:13:12: error: no such module 'Darwin'
11 | import WinSDK
12 | #else
13 | import Darwin
| `- error: no such module 'Darwin'
14 | #endif
15 |
/host/spi-builder-workspace/.build/checkouts/Noora/cli/Sources/Noora/Utilities/Terminal.swift:13:12: error: no such module 'Darwin'
11 | import WinSDK
12 | #else
13 | import Darwin
| `- error: no such module 'Darwin'
14 | #endif
15 |
/host/spi-builder-workspace/.build/checkouts/Noora/cli/Sources/Noora/Utilities/Terminal.swift:13:12: error: no such module 'Darwin'
11 | import WinSDK
12 | #else
13 | import Darwin
| `- error: no such module 'Darwin'
14 | #endif
15 |
/host/spi-builder-workspace/.build/checkouts/Noora/cli/Sources/Noora/Utilities/Terminal.swift:13:12: error: no such module 'Darwin'
11 | import WinSDK
12 | #else
13 | import Darwin
| `- error: no such module 'Darwin'
14 | #endif
15 |
/host/spi-builder-workspace/.build/checkouts/Noora/cli/Sources/Noora/Utilities/Terminal.swift:13:12: error: no such module 'Darwin'
11 | import WinSDK
12 | #else
13 | import Darwin
| `- error: no such module 'Darwin'
14 | #endif
15 |
/host/spi-builder-workspace/.build/checkouts/Noora/cli/Sources/Noora/Utilities/Terminal.swift:13:12: error: no such module 'Darwin'
11 | import WinSDK
12 | #else
13 | import Darwin
| `- error: no such module 'Darwin'
14 | #endif
15 |
/host/spi-builder-workspace/.build/checkouts/Noora/cli/Sources/Noora/Utilities/Terminal.swift:13:12: error: no such module 'Darwin'
11 | import WinSDK
12 | #else
13 | import Darwin
| `- error: no such module 'Darwin'
14 | #endif
15 |
[298/391] Emitting module ArgumentParser
/host/spi-builder-workspace/.build/checkouts/Noora/cli/Sources/Noora/Utilities/Terminal.swift:13:12: error: no such module 'Darwin'
11 | import WinSDK
12 | #else
13 | import Darwin
| `- error: no such module 'Darwin'
14 | #endif
15 |
/host/spi-builder-workspace/.build/checkouts/Noora/cli/Sources/Noora/Utilities/Terminal.swift:13:12: error: no such module 'Darwin'
11 | import WinSDK
12 | #else
13 | import Darwin
| `- error: no such module 'Darwin'
14 | #endif
15 |
/host/spi-builder-workspace/.build/checkouts/Noora/cli/Sources/Noora/Utilities/Terminal.swift:13:12: error: no such module 'Darwin'
11 | import WinSDK
12 | #else
13 | import Darwin
| `- error: no such module 'Darwin'
14 | #endif
15 |
/host/spi-builder-workspace/.build/checkouts/Noora/cli/Sources/Noora/Utilities/Terminal.swift:13:12: error: no such module 'Darwin'
11 | import WinSDK
12 | #else
13 | import Darwin
| `- error: no such module 'Darwin'
14 | #endif
15 |
/host/spi-builder-workspace/.build/checkouts/Noora/cli/Sources/Noora/Utilities/Terminal.swift:13:12: error: no such module 'Darwin'
11 | import WinSDK
12 | #else
13 | import Darwin
| `- error: no such module 'Darwin'
14 | #endif
15 |
/host/spi-builder-workspace/.build/checkouts/Noora/cli/Sources/Noora/Utilities/Terminal.swift:13:12: error: no such module 'Darwin'
11 | import WinSDK
12 | #else
13 | import Darwin
| `- error: no such module 'Darwin'
14 | #endif
15 |
BUILD FAILURE 6.3 wasm