The Swift Package Index logo.Swift Package Index

Build Information

Failed to build PushPort, reference 0.0.2 (86dfed), with Swift 6.4 for Wasm on 16 Oct 2026 05:40:14 UTC.

Build Command

bash -c docker run --pull=always --rm -v "checkouts-53886769-0":/host -w "$PWD" -e JAVA_HOME="/root/.sdkman/candidates/java/current" -e SPI_BUILD="1" -e SPI_PROCESSING="1" registry.gitlab.com/saguaro1/spi-images:wasm-6.4-latest swift build --swift-sdk swift-6.4.0-RELEASE_wasm 2>&1

Build Log

========================================
RunAll
========================================
Builder version: 5.1.3
Interrupt handler set up.
========================================
Checkout
========================================
Clone URL: https://github.com/IamFromUA/PushPortLibraryApple.git
Reference: 0.0.2
Initialized empty Git repository in /host/spi-builder-workspace/.git/
hint: Using 'master' as the name for the initial branch. This default branch name
hint: is subject to change. To configure the initial branch name to use in all
hint: of your new repositories, which will suppress this warning, call:
hint:
hint: 	git config --global init.defaultBranch <name>
hint:
hint: Names commonly chosen instead of 'master' are 'main', 'trunk' and
hint: 'development'. The just-created branch can be renamed via this command:
hint:
hint: 	git branch -m <name>
From https://github.com/IamFromUA/PushPortLibraryApple
 * tag               0.0.2      -> FETCH_HEAD
HEAD is now at 86dfed6 Complete consent gating, session diagnostics and SDK privacy declarations
Cloned https://github.com/IamFromUA/PushPortLibraryApple.git
Revision (git rev-parse @):
86dfed669f05682963923c36a7ed33df26acf18d
SPI manifest file found: $PWD/.spi.yml
SUCCESS checkout https://github.com/IamFromUA/PushPortLibraryApple.git at 0.0.2
========================================
Build
========================================
Selected platform:         wasm
Swift version:             6.4
Building package at path:  $PWD
https://github.com/IamFromUA/PushPortLibraryApple.git
Running build ...
bash -c docker run --pull=always --rm -v "checkouts-53886769-0":/host -w "$PWD" -e JAVA_HOME="/root/.sdkman/candidates/java/current" -e SPI_BUILD="1" -e SPI_PROCESSING="1" registry.gitlab.com/saguaro1/spi-images:wasm-6.4-latest swift build --swift-sdk swift-6.4.0-RELEASE_wasm 2>&1
wasm-6.4-latest: Pulling from saguaro1/spi-images
Digest: sha256:7a2e5502d3bb6640f9b2bbb1dadf9967024364ce9ed0ed0bd80cf1b699d193fd
Status: Image is up to date for registry.gitlab.com/saguaro1/spi-images:wasm-6.4-latest
Building for debugging...
[Pre-planning 1 / 211]
error: SwiftCompile normal wasm32 failed with a nonzero exit code. Command line:     cd /host

/host/spi-builder-workspace/Sources/PushPortCore/Diagnostics.swift:141:146: error: 'atomic' is unavailable: atomic writing is unavailable in WASI because temporary files are not supported
139 |         // Bounded extension storage. Overflow is counted by the host when its own outbox fills.
140 |         guard files.count < 1000 else { return }
141 |         try JSONEncoder().encode(Envelope(appId: appId, event: event)).write(to: directory.appendingPathComponent(event.id + ".json"), options: .atomic)
    |                                                                                                                                                  `- error: 'atomic' is unavailable: atomic writing is unavailable in WASI because temporary files are not supported
142 |     }
143 |     public func read(appId: String) throws -> [(URL, NotificationEvent)] {
FoundationEssentials.Data.WritingOptions.atomic:4:23: note: 'atomic' has been explicitly marked unavailable here
2 |   struct WritingOptions {
3 | @available(*, unavailable, message: "atomic writing is unavailable in WASI because temporary files are not supported")
4 |     public static let atomic: Data.WritingOptions  }
  |                       `- note: 'atomic' has been explicitly marked unavailable here
5 | }
6 |
/host/spi-builder-workspace/Sources/PushPortCore/HTTPTransport.swift:21:44: error: cannot find type 'URLSessionTaskDelegate' in scope
19 | }
20 |
21 | private final class NoRedirects: NSObject, URLSessionTaskDelegate, @unchecked Sendable {
   |                                            `- error: cannot find type 'URLSessionTaskDelegate' in scope
22 |     func urlSession(_ session: URLSession, task: URLSessionTask, willPerformHTTPRedirection response: HTTPURLResponse,
23 |                     newRequest request: URLRequest, completionHandler: @escaping (URLRequest?) -> Void) {
/host/spi-builder-workspace/Sources/PushPortCore/HTTPTransport.swift:23:41: error: cannot find type 'URLRequest' in scope
21 | private final class NoRedirects: NSObject, URLSessionTaskDelegate, @unchecked Sendable {
22 |     func urlSession(_ session: URLSession, task: URLSessionTask, willPerformHTTPRedirection response: HTTPURLResponse,
23 |                     newRequest request: URLRequest, completionHandler: @escaping (URLRequest?) -> Void) {
   |                                         `- error: cannot find type 'URLRequest' in scope
24 |         completionHandler(nil)
25 |     }
/host/spi-builder-workspace/Sources/PushPortCore/HTTPTransport.swift:23:83: error: cannot find type 'URLRequest' in scope
21 | private final class NoRedirects: NSObject, URLSessionTaskDelegate, @unchecked Sendable {
22 |     func urlSession(_ session: URLSession, task: URLSessionTask, willPerformHTTPRedirection response: HTTPURLResponse,
23 |                     newRequest request: URLRequest, completionHandler: @escaping (URLRequest?) -> Void) {
   |                                                                                   `- error: cannot find type 'URLRequest' in scope
24 |         completionHandler(nil)
25 |     }
/host/spi-builder-workspace/Sources/PushPortCore/HTTPTransport.swift:22:32: error: 'URLSession' is unavailable: This type has moved to the FoundationNetworking module. Import that module to use it.
20 |
21 | private final class NoRedirects: NSObject, URLSessionTaskDelegate, @unchecked Sendable {
22 |     func urlSession(_ session: URLSession, task: URLSessionTask, willPerformHTTPRedirection response: HTTPURLResponse,
   |                                `- error: 'URLSession' is unavailable: This type has moved to the FoundationNetworking module. Import that module to use it.
23 |                     newRequest request: URLRequest, completionHandler: @escaping (URLRequest?) -> Void) {
24 |         completionHandler(nil)
Foundation.URLSession:2:18: note: 'URLSession' has been explicitly marked unavailable here
1 | @available(*, unavailable, message: "This type has moved to the FoundationNetworking module. Import that module to use it.")
2 | public typealias URLSession = AnyObject
  |                  `- note: 'URLSession' has been explicitly marked unavailable here
/host/spi-builder-workspace/Sources/PushPortCore/HTTPTransport.swift:22:50: error: 'URLSessionTask' is unavailable: This type has moved to the FoundationNetworking module. Import that module to use it.
20 |
21 | private final class NoRedirects: NSObject, URLSessionTaskDelegate, @unchecked Sendable {
22 |     func urlSession(_ session: URLSession, task: URLSessionTask, willPerformHTTPRedirection response: HTTPURLResponse,
   |                                                  `- error: 'URLSessionTask' is unavailable: This type has moved to the FoundationNetworking module. Import that module to use it.
23 |                     newRequest request: URLRequest, completionHandler: @escaping (URLRequest?) -> Void) {
24 |         completionHandler(nil)
Foundation.URLSessionTask:2:18: note: 'URLSessionTask' has been explicitly marked unavailable here
1 | @available(*, unavailable, message: "This type has moved to the FoundationNetworking module. Import that module to use it.")
2 | public typealias URLSessionTask = AnyObject
  |                  `- note: 'URLSessionTask' has been explicitly marked unavailable here
/host/spi-builder-workspace/Sources/PushPortCore/HTTPTransport.swift:22:103: error: 'HTTPURLResponse' is unavailable: This type has moved to the FoundationNetworking module. Import that module to use it.
20 |
21 | private final class NoRedirects: NSObject, URLSessionTaskDelegate, @unchecked Sendable {
22 |     func urlSession(_ session: URLSession, task: URLSessionTask, willPerformHTTPRedirection response: HTTPURLResponse,
   |                                                                                                       `- error: 'HTTPURLResponse' is unavailable: This type has moved to the FoundationNetworking module. Import that module to use it.
23 |                     newRequest request: URLRequest, completionHandler: @escaping (URLRequest?) -> Void) {
24 |         completionHandler(nil)
Foundation.HTTPURLResponse:2:18: note: 'HTTPURLResponse' has been explicitly marked unavailable here
1 | @available(*, unavailable, message: "This type has moved to the FoundationNetworking module. Import that module to use it.")
2 | public typealias HTTPURLResponse = AnyObject
  |                  `- note: 'HTTPURLResponse' has been explicitly marked unavailable here
/host/spi-builder-workspace/Sources/PushPortCore/HTTPTransport.swift:29:26: error: 'URLSession' is unavailable: This type has moved to the FoundationNetworking module. Import that module to use it.
27 |
28 | public final class HTTPTransport: Transport, @unchecked Sendable {
29 |     private let session: URLSession
   |                          `- error: 'URLSession' is unavailable: This type has moved to the FoundationNetworking module. Import that module to use it.
30 |     public init() {
31 |         let configuration = URLSessionConfiguration.ephemeral
Foundation.URLSession:2:18: note: 'URLSession' has been explicitly marked unavailable here
1 | @available(*, unavailable, message: "This type has moved to the FoundationNetworking module. Import that module to use it.")
2 | public typealias URLSession = AnyObject
  |                  `- note: 'URLSession' has been explicitly marked unavailable here
Failed frontend command:
/usr/bin/swift-frontend -frontend -emit-module -experimental-skip-non-inlinable-function-bodies-without-types /host/spi-builder-workspace/Sources/PushPortCore/Diagnostics.swift /host/spi-builder-workspace/Sources/PushPortCore/HTTPTransport.swift /host/spi-builder-workspace/Sources/PushPortCore/InstallationEngine.swift /host/spi-builder-workspace/Sources/PushPortCore/Models.swift /host/spi-builder-workspace/Sources/PushPortCore/StateStore.swift -target wasm32-unknown-wasip1 -disable-objc-interop -sdk /root/.swiftpm/swift-sdks/swift-6.4.0-RELEASE_wasm.artifactbundle/swift-6.4.0-RELEASE_wasm/wasm32-unknown-wasip1/WASI.sdk -sysroot /root/.swiftpm/swift-sdks/swift-6.4.0-RELEASE_wasm.artifactbundle/swift-6.4.0-RELEASE_wasm/wasm32-unknown-wasip1/WASI.sdk -I /host/spi-builder-workspace/.build/out/Products/Debug-webassembly-wasm32 -module-cache-path /host/spi-builder-workspace/.build/out/ModuleCache.noindex -color-diagnostics -Xcc -fcolor-diagnostics -enable-testing -g -debug-info-format\=dwarf -dwarf-version\=4 -swift-version 5 -Onone -D SWIFT_PACKAGE -D DEBUG -D SWIFT_MODULE_RESOURCE_BUNDLE_UNAVAILABLE -D Xcode -serialize-debugging-options -enable-experimental-feature DebugDescriptionMacro -empty-abi-descriptor -external-plugin-path /usr/lib/swift/host/plugins/testing\#/usr/bin/swift-plugin-server -validate-clang-modules-once -clang-build-session-file /host/spi-builder-workspace/.build/out/ModuleCache.noindex/Session.modulevalidation -Xcc -working-directory -Xcc /host -resource-dir /root/.swiftpm/swift-sdks/swift-6.4.0-RELEASE_wasm.artifactbundle/swift-6.4.0-RELEASE_wasm/wasm32-unknown-wasip1/swift.xctoolchain/usr/lib/swift_static -use-static-resource-dir -enable-anonymous-context-mangled-names -file-compilation-dir /host -Xcc -resource-dir -Xcc /root/.swiftpm/swift-sdks/swift-6.4.0-RELEASE_wasm.artifactbundle/swift-6.4.0-RELEASE_wasm/wasm32-unknown-wasip1/swift.xctoolchain/usr/lib/swift_static/clang -Xcc -D_LIBCPP_HARDENING_MODE\=_LIBCPP_HARDENING_MODE_DEBUG -Xcc -fmodules-prune-interval\=86400 -Xcc -fmodules-prune-after\=345600 -Xcc -I/host/spi-builder-workspace/.build/out/Products/Debug-webassembly-wasm32/include -Xcc -I/host/spi-builder-workspace/.build/out/Intermediates.noindex/PushPort.build/Debug-webassembly-wasm32/PushPortCore-t.build/DerivedSources-normal/wasm32 -Xcc -I/host/spi-builder-workspace/.build/out/Intermediates.noindex/PushPort.build/Debug-webassembly-wasm32/PushPortCore-t.build/DerivedSources/wasm32 -Xcc -I/host/spi-builder-workspace/.build/out/Intermediates.noindex/PushPort.build/Debug-webassembly-wasm32/PushPortCore-t.build/DerivedSources -Xcc -DSWIFT_PACKAGE -Xcc -DDEBUG\=1 -no-auto-bridging-header-chaining -module-name PushPortCore -package-name spi_builder_workspace -const-gather-protocols-file /host/spi-builder-workspace/.build/out/Intermediates.noindex/PushPort.build/Debug-webassembly-wasm32/PushPortCore-t.build/Objects-normal/wasm32/PushPortCore_const_extract_protocols.json -in-process-plugin-server-path /usr/lib/swift/host/libSwiftInProcPluginServer.so -plugin-path /usr/lib/swift/host/plugins -plugin-path /usr/local/lib/swift/host/plugins -emit-module-doc-path /host/spi-builder-workspace/.build/out/Intermediates.noindex/PushPort.build/Debug-webassembly-wasm32/PushPortCore-t.build/Objects-normal/wasm32/Modules/PushPortCore.swiftdoc -emit-module-source-info-path /host/spi-builder-workspace/.build/out/Intermediates.noindex/PushPort.build/Debug-webassembly-wasm32/PushPortCore-t.build/Objects-normal/wasm32/Modules/PushPortCore.swiftsourceinfo -emit-objc-header-path /host/spi-builder-workspace/.build/out/Intermediates.noindex/PushPort.build/Debug-webassembly-wasm32/PushPortCore-t.build/Objects-normal/wasm32/PushPortCore-Swift.h -serialize-diagnostics-path /host/spi-builder-workspace/.build/out/Intermediates.noindex/PushPort.build/Debug-webassembly-wasm32/PushPortCore-t.build/Objects-normal/wasm32/PushPortCore-primary-emit-module.dia -emit-dependencies-path /host/spi-builder-workspace/.build/out/Intermediates.noindex/PushPort.build/Debug-webassembly-wasm32/PushPortCore-t.build/Objects-normal/wasm32/PushPortCore-primary-emit-module.d -parse-as-library -o /host/spi-builder-workspace/.build/out/Intermediates.noindex/PushPort.build/Debug-webassembly-wasm32/PushPortCore-t.build/Objects-normal/wasm32/Modules/PushPortCore.swiftmodule
error: Build failed
BUILD FAILURE 6.4 wasm