The Swift Package Index logo.Swift Package Index

Build Information

Failed to build NerdzUtils, reference master (018d5b), with Swift 6.2 for Wasm on 29 Sep 2026 01:36:45 UTC.

Build Command

bash -c docker run --pull=always --rm -v "checkouts-54344843-0":/host -w "$PWD" -e JAVA_HOME="/root/.sdkman/candidates/java/current" -e SPI_BUILD="1" -e SPI_PROCESSING="1" registry.gitlab.com/saguaro1/spi-images:wasm-6.2-latest swift build --swift-sdk swift-6.2-RELEASE_wasm 2>&1

Build Log

========================================
RunAll
========================================
Builder version: 5.1.0
Interrupt handler set up.
========================================
Checkout
========================================
Clone URL: https://github.com/nerdzlab/NerdzUtils.git
Reference: master
Initialized empty Git repository in /host/spi-builder-workspace/.git/
hint: Using 'master' as the name for the initial branch. This default branch name
hint: is subject to change. To configure the initial branch name to use in all
hint: of your new repositories, which will suppress this warning, call:
hint:
hint: 	git config --global init.defaultBranch <name>
hint:
hint: Names commonly chosen instead of 'master' are 'main', 'trunk' and
hint: 'development'. The just-created branch can be renamed via this command:
hint:
hint: 	git branch -m <name>
From https://github.com/nerdzlab/NerdzUtils
 * branch            master     -> FETCH_HEAD
 * [new branch]      master     -> origin/master
HEAD is now at 018d5b7 Merge pull request #17 from nerdzlab/fix/docs-site-dir
Cloned https://github.com/nerdzlab/NerdzUtils.git
Revision (git rev-parse @):
018d5b73097fbfb19db185ef5ac14b13e156505d
SUCCESS checkout https://github.com/nerdzlab/NerdzUtils.git at master
========================================
Build
========================================
Selected platform:         wasm
Swift version:             6.2
Building package at path:  $PWD
https://github.com/nerdzlab/NerdzUtils.git
Running build ...
bash -c docker run --pull=always --rm -v "checkouts-54344843-0":/host -w "$PWD" -e JAVA_HOME="/root/.sdkman/candidates/java/current" -e SPI_BUILD="1" -e SPI_PROCESSING="1" registry.gitlab.com/saguaro1/spi-images:wasm-6.2-latest swift build --swift-sdk swift-6.2-RELEASE_wasm 2>&1
wasm-6.2-latest: Pulling from saguaro1/spi-images
Digest: sha256:ff44196b45f83e5a0a99a627b185f548850d9bc1242e3dee2178fb1570812fe8
Status: Image is up to date for registry.gitlab.com/saguaro1/spi-images:wasm-6.2-latest
Fetching https://github.com/kishikawakatsumi/KeychainAccess.git
[1/4388] Fetching keychainaccess
Fetched https://github.com/kishikawakatsumi/KeychainAccess.git from cache (0.66s)
Computing version for https://github.com/kishikawakatsumi/KeychainAccess.git
Computed https://github.com/kishikawakatsumi/KeychainAccess.git at 4.2.2 (1.57s)
Creating working copy for https://github.com/kishikawakatsumi/KeychainAccess.git
Working copy of https://github.com/kishikawakatsumi/KeychainAccess.git resolved at 4.2.2
Building for debugging...
[0/7] Write sources
[6/7] Write swift-version-24593BA9C3E375BF.txt
error: emit-module command failed with exit code 1 (use -v to see invocation)
[8/30] Emitting module NerdzCore
/host/spi-builder-workspace/Sources/NerdzCore/Extensions/DispatchQueue+Once.swift:10:46: error: cannot find type 'DispatchQueue' in scope
  8 | import Foundation
  9 |
 10 | public extension NZExtensionData where Base: DispatchQueue {
    |                                              `- error: cannot find type 'DispatchQueue' in scope
 11 |
 12 |     /// Runs the action once per combination of the given object and token.
/host/spi-builder-workspace/Sources/NerdzCore/Utils/AtomicAsyncOperation.swift:64:25: error: cannot find 'DispatchQueue' in scope
 62 |     private var isExecuting = false
 63 |     private let lock = NSLock()
 64 |     private let queue = DispatchQueue(label: "AtomicAsyncOperationQueue", attributes: .concurrent)
    |                         `- error: cannot find 'DispatchQueue' in scope
 65 |
 66 |     /// Creates an operation around the given action.
/host/spi-builder-workspace/Sources/NerdzCore/Utils/AtomicAsyncOperation.swift:64:88: error: cannot infer contextual base in reference to member 'concurrent'
 62 |     private var isExecuting = false
 63 |     private let lock = NSLock()
 64 |     private let queue = DispatchQueue(label: "AtomicAsyncOperationQueue", attributes: .concurrent)
    |                                                                                        `- error: cannot infer contextual base in reference to member 'concurrent'
 65 |
 66 |     /// Creates an operation around the given action.
/host/spi-builder-workspace/Sources/NerdzCore/Utils/DelayedAction.swift:29:27: error: cannot find type 'DispatchWorkItem' in scope
27 |     public typealias Action = () -> Void
28 |
29 |     private var workItem: DispatchWorkItem?
   |                           `- error: cannot find type 'DispatchWorkItem' in scope
30 |
31 |     /// Creates an instance with nothing scheduled.
/host/spi-builder-workspace/Sources/NerdzCore/Utils/DelayedAction.swift:55:59: error: cannot find type 'DispatchQueue' in scope
53 |     ///   - queue: The queue the action runs on. Defaults to the main queue.
54 |     ///   - action: The work to run once the delay has passed.
55 |     public func perform(after delay: TimeInterval, queue: DispatchQueue = .main, action: @escaping Action) {
   |                                                           `- error: cannot find type 'DispatchQueue' in scope
56 |         workItem?.cancel()
57 |
error: emit-module command failed with exit code 1 (use -v to see invocation)
[9/32] Emitting module KeychainAccess
/host/spi-builder-workspace/.build/checkouts/KeychainAccess/Lib/KeychainAccess/Keychain.swift:27:8: error: no such module 'Security'
  25 |
  26 | import Foundation
  27 | import Security
     |        `- error: no such module 'Security'
  28 | #if os(iOS) || os(OSX)
  29 | import LocalAuthentication
[10/32] Compiling KeychainAccess Keychain.swift
/host/spi-builder-workspace/.build/checkouts/KeychainAccess/Lib/KeychainAccess/Keychain.swift:27:8: error: no such module 'Security'
  25 |
  26 | import Foundation
  27 | import Security
     |        `- error: no such module 'Security'
  28 | #if os(iOS) || os(OSX)
  29 | import LocalAuthentication
BUILD FAILURE 6.2 wasm