Build Information
Failed to build FeedKit, reference 19.0.0 (4e170f), with Swift 6.4 for watchOS using Xcode 27.0 on 18 Sep 2026 02:14:40 UTC.
Build Command
env DEVELOPER_DIR=/Applications/Xcode-27.0.0-Release.Candidate.app xcrun xcodebuild -IDEClonedSourcePackagesDirPathOverride=$PWD/.dependencies -skipMacroValidation -skipPackagePluginValidation -derivedDataPath $PWD/.derivedData build -scheme FeedKit -destination generic/platform=watchOSBuild Log
========================================
RunAll
========================================
Builder version: 5.1.0
Interrupt handler set up.
========================================
Checkout
========================================
Clone URL: https://github.com/michaelnisi/feedkit.git
Reference: 19.0.0
Initialized empty Git repository in /Users/admin/builder/spi-builder-workspace/.git/
From https://github.com/michaelnisi/feedkit
* tag 19.0.0 -> FETCH_HEAD
HEAD is now at 4e170f0 Update changelog
Cloned https://github.com/michaelnisi/feedkit.git
Revision (git rev-parse @):
4e170f0f07941467a3ce49ba06b60e34d601fa6c
SUCCESS checkout https://github.com/michaelnisi/feedkit.git at 19.0.0
========================================
Build
========================================
Selected platform: watchOS
Swift version: 6.4
Building package at path: $PWD
https://github.com/michaelnisi/feedkit.git
Command line invocation:
/Applications/Xcode-27.0.0-Release.Candidate.app/Contents/Developer/usr/bin/xcodebuild -IDEClonedSourcePackagesDirPathOverride=/Users/admin/builder/spi-builder-workspace/.dependencies -resolvePackageDependencies
Resolve Package Graph
Fetching from https://github.com/pointfreeco/swift-snapshot-testing
Fetching from https://github.com/michaelnisi/manger-kit
Fetching from https://github.com/michaelnisi/skull
Fetching from https://github.com/michaelnisi/fanboy-kit
Fetching from https://github.com/michaelnisi/ola
Fetching from https://github.com/michaelnisi/patron
Fetching from https://github.com/pointfreeco/swift-custom-dump
Fetching from https://github.com/swiftlang/swift-syntax
Fetching from https://github.com/pointfreeco/swift-issue-reporting
Creating working copy of package ‘ola’
Checking out 12.0.0 of package ‘ola’
Creating working copy of package ‘fanboy-kit’
Checking out 9.0.0 of package ‘fanboy-kit’
Creating working copy of package ‘swift-custom-dump’
Checking out 1.7.3 of package ‘swift-custom-dump’
Creating working copy of package ‘manger-kit’
Checking out 8.0.0 of package ‘manger-kit’
Creating working copy of package ‘skull’
Checking out 11.0.4 of package ‘skull’
Creating working copy of package ‘swift-syntax’
Checking out 604.0.0 of package ‘swift-syntax’
Creating working copy of package ‘patron’
Checking out 11.0.0 of package ‘patron’
Creating working copy of package ‘swift-snapshot-testing’
Checking out 1.19.5 of package ‘swift-snapshot-testing’
Creating working copy of package ‘swift-issue-reporting’
Checking out 2.1.0 of package ‘swift-issue-reporting’
Resolve Package Graph
Resolved source packages:
swift-custom-dump: https://github.com/pointfreeco/swift-custom-dump @ 1.7.3
FanboyKit: https://github.com/michaelnisi/fanboy-kit @ 9.0.0
MangerKit: https://github.com/michaelnisi/manger-kit @ 8.0.0
swift-syntax: https://github.com/swiftlang/swift-syntax @ 604.0.0
Ola: https://github.com/michaelnisi/ola @ 12.0.0
Patron: https://github.com/michaelnisi/patron @ 11.0.0
Skull: https://github.com/michaelnisi/skull @ 11.0.4
swift-issue-reporting: https://github.com/pointfreeco/swift-issue-reporting @ 2.1.0
swift-snapshot-testing: https://github.com/pointfreeco/swift-snapshot-testing @ 1.19.5
FeedKit: /Users/admin/builder/spi-builder-workspace
resolved source packages: swift-custom-dump, FanboyKit, MangerKit, swift-syntax, Ola, Patron, Skull, swift-issue-reporting, swift-snapshot-testing, FeedKit
2026-09-17 22:13:42.827 xcodebuild[525:3004] [MT] IDERunDestination: Supported platforms for the buildables in the current scheme is empty.
{
"dependencies" : [
{
"identity" : "manger-kit",
"requirement" : {
"range" : [
{
"lower_bound" : "8.0.0",
"upper_bound" : "9.0.0"
}
]
},
"type" : "sourceControl",
"url" : "https://github.com/michaelnisi/manger-kit"
},
{
"identity" : "fanboy-kit",
"requirement" : {
"range" : [
{
"lower_bound" : "9.0.0",
"upper_bound" : "10.0.0"
}
]
},
"type" : "sourceControl",
"url" : "https://github.com/michaelnisi/fanboy-kit"
},
{
"identity" : "ola",
"requirement" : {
"range" : [
{
"lower_bound" : "12.0.0",
"upper_bound" : "13.0.0"
}
]
},
"type" : "sourceControl",
"url" : "https://github.com/michaelnisi/ola"
},
{
"identity" : "skull",
"requirement" : {
"range" : [
{
"lower_bound" : "11.0.0",
"upper_bound" : "12.0.0"
}
]
},
"type" : "sourceControl",
"url" : "https://github.com/michaelnisi/skull"
},
{
"identity" : "swift-snapshot-testing",
"requirement" : {
"range" : [
{
"lower_bound" : "1.9.0",
"upper_bound" : "2.0.0"
}
]
},
"type" : "sourceControl",
"url" : "https://github.com/pointfreeco/swift-snapshot-testing"
}
],
"manifest_display_name" : "FeedKit",
"name" : "FeedKit",
"path" : "/Users/admin/builder/spi-builder-workspace",
"platforms" : [
{
"name" : "ios",
"version" : "13.0"
},
{
"name" : "macos",
"version" : "10.15"
}
],
"products" : [
{
"name" : "FeedKit",
"targets" : [
"FeedKit"
],
"type" : {
"library" : [
"automatic"
]
}
}
],
"targets" : [
{
"c99name" : "FeedKitTests",
"module_type" : "SwiftTarget",
"name" : "FeedKitTests",
"path" : "Tests/FeedKitTests",
"product_dependencies" : [
"SnapshotTesting"
],
"resources" : [
{
"path" : "/Users/admin/builder/spi-builder-workspace/Tests/FeedKitTests/Resources/entries.json",
"rule" : {
"process" : {
}
}
},
{
"path" : "/Users/admin/builder/spi-builder-workspace/Tests/FeedKitTests/Resources/feed_query.json",
"rule" : {
"process" : {
}
}
},
{
"path" : "/Users/admin/builder/spi-builder-workspace/Tests/FeedKitTests/Resources/feeds.json",
"rule" : {
"process" : {
}
}
},
{
"path" : "/Users/admin/builder/spi-builder-workspace/Tests/FeedKitTests/Resources/search.json",
"rule" : {
"process" : {
}
}
},
{
"path" : "/Users/admin/builder/spi-builder-workspace/Tests/FeedKitTests/__Snapshots__/LibrarySQLTests/testSQLToDeleteSuggestionsMatchingTerm.1.txt",
"rule" : {
"process" : {
}
}
},
{
"path" : "/Users/admin/builder/spi-builder-workspace/Tests/FeedKitTests/__Snapshots__/LibrarySQLTests/testSQLToInsertEntry.1.txt",
"rule" : {
"process" : {
}
}
},
{
"path" : "/Users/admin/builder/spi-builder-workspace/Tests/FeedKitTests/__Snapshots__/LibrarySQLTests/testSQLToInsertFeed.1.txt",
"rule" : {
"process" : {
}
}
},
{
"path" : "/Users/admin/builder/spi-builder-workspace/Tests/FeedKitTests/__Snapshots__/LibrarySQLTests/testSQLToSelectEntriesMatchingTerm.1.txt",
"rule" : {
"process" : {
}
}
},
{
"path" : "/Users/admin/builder/spi-builder-workspace/Tests/FeedKitTests/__Snapshots__/LibrarySQLTests/testSQLToSelectFeedsByTerm.1.txt",
"rule" : {
"process" : {
}
}
},
{
"path" : "/Users/admin/builder/spi-builder-workspace/Tests/FeedKitTests/__Snapshots__/LibrarySQLTests/testSQLToSelectFeedsMatchingTerm.1.txt",
"rule" : {
"process" : {
}
}
},
{
"path" : "/Users/admin/builder/spi-builder-workspace/Tests/FeedKitTests/__Snapshots__/LibrarySQLTests/testSQLToSelectSuggestionsForTerm.1.txt",
"rule" : {
"process" : {
}
}
},
{
"path" : "/Users/admin/builder/spi-builder-workspace/Tests/FeedKitTests/__Snapshots__/LibrarySQLTests/testSQLToUpdate.1.txt",
"rule" : {
"process" : {
}
}
},
{
"path" : "/Users/admin/builder/spi-builder-workspace/Tests/FeedKitTests/__Snapshots__/LibrarySQLTests/testSQLToUpdateFeed.1.txt",
"rule" : {
"process" : {
}
}
},
{
"path" : "/Users/admin/builder/spi-builder-workspace/Tests/FeedKitTests/__Snapshots__/LibrarySQLTests/testSQLToUpdateITunesFeed.should-keep-link.txt",
"rule" : {
"process" : {
}
}
},
{
"path" : "/Users/admin/builder/spi-builder-workspace/Tests/FeedKitTests/__Snapshots__/UserSQLTests/testSQLToQueueEntry.1.txt",
"rule" : {
"process" : {
}
}
},
{
"path" : "/Users/admin/builder/spi-builder-workspace/Tests/FeedKitTests/__Snapshots__/UserSQLTests/testSQLToQueueEntry.2.txt",
"rule" : {
"process" : {
}
}
},
{
"path" : "/Users/admin/builder/spi-builder-workspace/Tests/FeedKitTests/__Snapshots__/UserSQLTests/testSQLToQueueEntry.3.txt",
"rule" : {
"process" : {
}
}
},
{
"path" : "/Users/admin/builder/spi-builder-workspace/Tests/FeedKitTests/__Snapshots__/UserSQLTests/testSQLToReplaceSubscriptions.1.txt",
"rule" : {
"process" : {
}
}
},
{
"path" : "/Users/admin/builder/spi-builder-workspace/Tests/FeedKitTests/__Snapshots__/UserSQLTests/testSQLToReplaceSubscriptions.2.txt",
"rule" : {
"process" : {
}
}
},
{
"path" : "/Users/admin/builder/spi-builder-workspace/Tests/FeedKitTests/__Snapshots__/UserSQLTests/testSQLToReplaceSubscriptions.3.txt",
"rule" : {
"process" : {
}
}
},
{
"path" : "/Users/admin/builder/spi-builder-workspace/Tests/FeedKitTests/__Snapshots__/UserSQLTests/testSQLToReplaceSynced.1.txt",
"rule" : {
"process" : {
}
}
},
{
"path" : "/Users/admin/builder/spi-builder-workspace/Tests/FeedKitTests/__Snapshots__/UserSQLTests/testSQLToReplaceSynced.2.txt",
"rule" : {
"process" : {
}
}
},
{
"path" : "/Users/admin/builder/spi-builder-workspace/Tests/FeedKitTests/__Snapshots__/UserSQLTests/testSQLToReplaceSynced.3.txt",
"rule" : {
"process" : {
}
}
},
{
"path" : "/Users/admin/builder/spi-builder-workspace/Tests/FeedKitTests/__Snapshots__/UserSQLTests/testSQLToReplaceSynced.4.txt",
"rule" : {
"process" : {
}
}
}
],
"sources" : [
"FeedCacheTests.swift",
"FeedRepositoryTests.swift",
"HashTests.swift",
"LibrarySQLTests.swift",
"QueueTests.swift",
"SQLTests.swift",
"SearchRepositoryTests.swift",
"SerializeTests.swift",
"UserCacheTests.swift",
"UserLibraryTests.swift",
"UserSQLTests.swift",
"common.swift"
],
"target_dependencies" : [
"FeedKit"
],
"type" : "test"
},
{
"c99name" : "FeedKit",
"module_type" : "SwiftTarget",
"name" : "FeedKit",
"path" : "Sources/FeedKit",
"product_dependencies" : [
"MangerKit",
"FanboyKit",
"Ola",
"Skull"
],
"product_memberships" : [
"FeedKit"
],
"resources" : [
{
"path" : "/Users/admin/builder/spi-builder-workspace/Sources/FeedKit/Resources/cache.sql",
"rule" : {
"process" : {
}
}
},
{
"path" : "/Users/admin/builder/spi-builder-workspace/Sources/FeedKit/Resources/user.sql",
"rule" : {
"process" : {
}
}
}
],
"sources" : [
"Browse/Browsing.swift",
"Browse/FeedCache.swift",
"Browse/FeedRepository.swift",
"Browse/LibrarySQLFormatter.swift",
"Browse/Operation/BrowseOperation.swift",
"Browse/Operation/EntriesOperation.swift",
"Browse/Operation/FeedsOperation.swift",
"Browse/RemoteRepository.swift",
"Browse/serialize.swift",
"Cache/Caching.swift",
"Cache/SQLFormatter.swift",
"Cache/hash.swift",
"Core/Enclosure.swift",
"Core/Entry.swift",
"Core/EntryLocator.swift",
"Core/Feed.swift",
"Core/FeedKitError.swift",
"Core/ITunesItem.swift",
"Core/Redirectable.swift",
"Operation/ConcurrentOperation.swift",
"Operation/FeedURLsDependent.swift",
"Operation/LocatorsDependent.swift",
"Operation/Providing.swift",
"Operation/ReachHostOperation.swift",
"Operation/ReachabilityDependent.swift",
"Operation/Receiving.swift",
"Operation/SessionTaskOperation.swift",
"Search/Operation/SearchOperation.swift",
"Search/Operation/SearchRepoOperation.swift",
"Search/Operation/SuggestOperation.swift",
"Search/SearchRepository.swift",
"Search/Searching.swift",
"User/Operation/EnqueueOperation.swift",
"User/Operation/FetchQueueOperation.swift",
"User/Operation/FetchSubscribedFeedsOperation.swift",
"User/Operation/PrepareUpdateOperation.swift",
"User/Queued.swift",
"User/Subscribing.swift",
"User/Subscription.swift",
"User/UserCache.swift",
"User/UserLibrary.swift",
"User/UserSQLFormatter.swift",
"User/queue.swift"
],
"type" : "library"
}
],
"tools_version" : "5.3"
}
{
"workspace" : {
"name" : "FeedKit",
"schemes" : [
"FeedKit"
]
}
}
2026-09-17 22:14:24.969 xcodebuild[980:5641] [MT] IDERunDestination: Supported platforms for the buildables in the current scheme is empty.
Running build ...
env DEVELOPER_DIR=/Applications/Xcode-27.0.0-Release.Candidate.app xcrun xcodebuild -IDEClonedSourcePackagesDirPathOverride=$PWD/.dependencies -skipMacroValidation -skipPackagePluginValidation -derivedDataPath $PWD/.derivedData build -scheme FeedKit -destination generic/platform=watchOS
Command line invocation:
/Applications/Xcode-27.0.0-Release.Candidate.app/Contents/Developer/usr/bin/xcodebuild -IDEClonedSourcePackagesDirPathOverride=/Users/admin/builder/spi-builder-workspace/.dependencies -skipMacroValidation -skipPackagePluginValidation -derivedDataPath /Users/admin/builder/spi-builder-workspace/.derivedData build -scheme FeedKit -destination generic/platform=watchOS
Resolve Package Graph
Resolve Package Graph
Resolved source packages:
FeedKit: /Users/admin/builder/spi-builder-workspace
swift-syntax: https://github.com/swiftlang/swift-syntax @ 604.0.0
swift-issue-reporting: https://github.com/pointfreeco/swift-issue-reporting @ 2.1.0
FanboyKit: https://github.com/michaelnisi/fanboy-kit @ 9.0.0
Ola: https://github.com/michaelnisi/ola @ 12.0.0
swift-custom-dump: https://github.com/pointfreeco/swift-custom-dump @ 1.7.3
Patron: https://github.com/michaelnisi/patron @ 11.0.0
MangerKit: https://github.com/michaelnisi/manger-kit @ 8.0.0
Skull: https://github.com/michaelnisi/skull @ 11.0.4
swift-snapshot-testing: https://github.com/pointfreeco/swift-snapshot-testing @ 1.19.5
ComputePackagePrebuildTargetDependencyGraph
Prepare packages
CreateBuildRequest
SendProjectDescription
CreateBuildOperation
ComputeTargetDependencyGraph
note: Building targets in dependency order
note: Target dependency graph (13 targets)
Target 'FeedKit-product' in project 'FeedKit'
➜ Explicit dependency on target 'FeedKit' in project 'FeedKit'
➜ Explicit dependency on target 'FeedKit_FeedKit' in project 'FeedKit'
➜ Explicit dependency on target 'MangerKit-product' in project 'MangerKit'
➜ Explicit dependency on target 'FanboyKit-product' in project 'FanboyKit'
➜ Explicit dependency on target 'Ola-product' in project 'Ola'
➜ Explicit dependency on target 'Skull-product' in project 'Skull'
Target 'FeedKit' in project 'FeedKit'
➜ Explicit dependency on target 'FeedKit_FeedKit' in project 'FeedKit'
➜ Explicit dependency on target 'MangerKit-product' in project 'MangerKit'
➜ Explicit dependency on target 'FanboyKit-product' in project 'FanboyKit'
➜ Explicit dependency on target 'Ola-product' in project 'Ola'
➜ Explicit dependency on target 'Skull-product' in project 'Skull'
Target 'Skull-product' in project 'Skull'
➜ Explicit dependency on target 'Skull' in project 'Skull'
Target 'Skull' in project 'Skull' (no dependencies)
Target 'Ola-product' in project 'Ola'
➜ Explicit dependency on target 'Ola' in project 'Ola'
Target 'Ola' in project 'Ola' (no dependencies)
Target 'FanboyKit-product' in project 'FanboyKit'
➜ Explicit dependency on target 'FanboyKit' in project 'FanboyKit'
➜ Explicit dependency on target 'Patron-product' in project 'Patron'
Target 'FanboyKit' in project 'FanboyKit'
➜ Explicit dependency on target 'Patron-product' in project 'Patron'
Target 'MangerKit-product' in project 'MangerKit'
➜ Explicit dependency on target 'MangerKit' in project 'MangerKit'
➜ Explicit dependency on target 'Patron-product' in project 'Patron'
Target 'MangerKit' in project 'MangerKit'
➜ Explicit dependency on target 'Patron-product' in project 'Patron'
Target 'Patron-product' in project 'Patron'
➜ Explicit dependency on target 'Patron' in project 'Patron'
Target 'Patron' in project 'Patron' (no dependencies)
Target 'FeedKit_FeedKit' in project 'FeedKit' (no dependencies)
GatherProvisioningInputs
CreateBuildDescription
ExecuteExternalTool /Applications/Xcode-27.0.0-Release.Candidate.app/Contents/Developer/Toolchains/XcodeDefault.xctoolchain/usr/bin/swiftc --version
ExecuteExternalTool /Applications/Xcode-27.0.0-Release.Candidate.app/Contents/Developer/Toolchains/XcodeDefault.xctoolchain/usr/bin/clang -v -E -dM -isysroot /Applications/Xcode-27.0.0-Release.Candidate.app/Contents/Developer/Platforms/WatchOS.platform/Developer/SDKs/WatchOS27.0.sdk -x c -c /dev/null
ExecuteExternalTool /Applications/Xcode-27.0.0-Release.Candidate.app/Contents/Developer/Toolchains/XcodeDefault.xctoolchain/usr/bin/ld -version_details
Build description signature: 2d2a01b1719dbd281f36d4294ce2eafb
Build description path: /Users/admin/builder/spi-builder-workspace/.derivedData/Build/Intermediates.noindex/XCBuildData/2d2a01b1719dbd281f36d4294ce2eafb.xcbuilddata
CreateBuildDirectory /Users/admin/builder/spi-builder-workspace/.derivedData/SDKExplicitPrecompiledModules
cd /Users/admin/builder/spi-builder-workspace/.swiftpm/xcode
builtin-create-build-directory /Users/admin/builder/spi-builder-workspace/.derivedData/SDKExplicitPrecompiledModules
CreateBuildDirectory /Users/admin/builder/spi-builder-workspace/.derivedData/ModuleCache.noindex
cd /Users/admin/builder/spi-builder-workspace/.swiftpm/xcode
builtin-create-build-directory /Users/admin/builder/spi-builder-workspace/.derivedData/ModuleCache.noindex
CreateBuildDirectory /Users/admin/builder/spi-builder-workspace/.derivedData/CompilationCache.noindex
cd /Users/admin/builder/spi-builder-workspace/.swiftpm/xcode
builtin-create-build-directory /Users/admin/builder/spi-builder-workspace/.derivedData/CompilationCache.noindex
ClangStatCache /Applications/Xcode-27.0.0-Release.Candidate.app/Contents/Developer/Toolchains/XcodeDefault.xctoolchain/usr/bin/clang-stat-cache /Applications/Xcode-27.0.0-Release.Candidate.app/Contents/Developer/Platforms/WatchOS.platform/Developer/SDKs/WatchOS27.0.sdk /Users/admin/builder/spi-builder-workspace/.derivedData/SDKStatCaches.noindex/watchos27.0-24R360-e829b21a6f8c9b70876ba0858053c04477534ef55a1706bf4c1112bbb242f0a2.sdkstatcache
cd /Users/admin/builder/spi-builder-workspace/.swiftpm/xcode
/Applications/Xcode-27.0.0-Release.Candidate.app/Contents/Developer/Toolchains/XcodeDefault.xctoolchain/usr/bin/clang-stat-cache /Applications/Xcode-27.0.0-Release.Candidate.app/Contents/Developer/Platforms/WatchOS.platform/Developer/SDKs/WatchOS27.0.sdk -o /Users/admin/builder/spi-builder-workspace/.derivedData/SDKStatCaches.noindex/watchos27.0-24R360-e829b21a6f8c9b70876ba0858053c04477534ef55a1706bf4c1112bbb242f0a2.sdkstatcache
CreateBuildDirectory /Users/admin/builder/spi-builder-workspace/.derivedData/Build/Intermediates.noindex
cd /Users/admin/builder/spi-builder-workspace/.swiftpm/xcode
builtin-create-build-directory /Users/admin/builder/spi-builder-workspace/.derivedData/Build/Intermediates.noindex
CreateBuildDirectory /Users/admin/builder/spi-builder-workspace/.derivedData/Build/Products
cd /Users/admin/builder/spi-builder-workspace/.swiftpm/xcode
builtin-create-build-directory /Users/admin/builder/spi-builder-workspace/.derivedData/Build/Products
CreateBuildDirectory /Users/admin/builder/spi-builder-workspace/.derivedData/Build/Intermediates.noindex/SwiftExplicitPrecompiledModules
cd /Users/admin/builder/spi-builder-workspace/.swiftpm/xcode
builtin-create-build-directory /Users/admin/builder/spi-builder-workspace/.derivedData/Build/Intermediates.noindex/SwiftExplicitPrecompiledModules
CreateBuildDirectory /Users/admin/builder/spi-builder-workspace/.derivedData/Build/Intermediates.noindex/PrecompiledHeaders
cd /Users/admin/builder/spi-builder-workspace/.swiftpm/xcode
builtin-create-build-directory /Users/admin/builder/spi-builder-workspace/.derivedData/Build/Intermediates.noindex/PrecompiledHeaders
CreateBuildDirectory /Users/admin/builder/spi-builder-workspace/.derivedData/Build/Intermediates.noindex/ExplicitPrecompiledModules
cd /Users/admin/builder/spi-builder-workspace/.swiftpm/xcode
builtin-create-build-directory /Users/admin/builder/spi-builder-workspace/.derivedData/Build/Intermediates.noindex/ExplicitPrecompiledModules
CreateBuildDirectory /Users/admin/builder/spi-builder-workspace/.derivedData/Build/Intermediates.noindex/EagerLinkingTBDs/Debug-watchos
cd /Users/admin/builder/spi-builder-workspace/.swiftpm/xcode
builtin-create-build-directory /Users/admin/builder/spi-builder-workspace/.derivedData/Build/Intermediates.noindex/EagerLinkingTBDs/Debug-watchos
CreateBuildDirectory /Users/admin/builder/spi-builder-workspace/.derivedData/Build/Products/Debug-watchos
cd /Users/admin/builder/spi-builder-workspace/.swiftpm/xcode
builtin-create-build-directory /Users/admin/builder/spi-builder-workspace/.derivedData/Build/Products/Debug-watchos
WriteAuxiliaryFile /Users/admin/builder/spi-builder-workspace/.derivedData/Build/Intermediates.noindex/Ola.build/Debug-watchos/Ola-t.build/Ola.modulemap (in target 'Ola' from project 'Ola')
cd /Users/admin/builder/spi-builder-workspace/.dependencies/checkouts/ola
write-file /Users/admin/builder/spi-builder-workspace/.derivedData/Build/Intermediates.noindex/Ola.build/Debug-watchos/Ola-t.build/Ola.modulemap
WriteAuxiliaryFile /Users/admin/builder/spi-builder-workspace/.derivedData/Build/Intermediates.noindex/Ola.build/Debug-watchos/Ola-t.build/Ola.DependencyStaticMetadataFileList (in target 'Ola' from project 'Ola')
cd /Users/admin/builder/spi-builder-workspace/.dependencies/checkouts/ola
write-file /Users/admin/builder/spi-builder-workspace/.derivedData/Build/Intermediates.noindex/Ola.build/Debug-watchos/Ola-t.build/Ola.DependencyStaticMetadataFileList
WriteAuxiliaryFile /Users/admin/builder/spi-builder-workspace/.derivedData/Build/Intermediates.noindex/Skull.build/Debug-watchos/Skull-t.build/Skull.DependencyStaticMetadataFileList (in target 'Skull' from project 'Skull')
cd /Users/admin/builder/spi-builder-workspace/.dependencies/checkouts/skull
write-file /Users/admin/builder/spi-builder-workspace/.derivedData/Build/Intermediates.noindex/Skull.build/Debug-watchos/Skull-t.build/Skull.DependencyStaticMetadataFileList
WriteAuxiliaryFile /Users/admin/builder/spi-builder-workspace/.derivedData/Build/Intermediates.noindex/Skull.build/Debug-watchos/Skull-t.build/Skull.modulemap (in target 'Skull' from project 'Skull')
cd /Users/admin/builder/spi-builder-workspace/.dependencies/checkouts/skull
write-file /Users/admin/builder/spi-builder-workspace/.derivedData/Build/Intermediates.noindex/Skull.build/Debug-watchos/Skull-t.build/Skull.modulemap
WriteAuxiliaryFile /Users/admin/builder/spi-builder-workspace/.derivedData/Build/Intermediates.noindex/Skull.build/Debug-watchos/Skull-t.build/Skull.DependencyMetadataFileList (in target 'Skull' from project 'Skull')
cd /Users/admin/builder/spi-builder-workspace/.dependencies/checkouts/skull
write-file /Users/admin/builder/spi-builder-workspace/.derivedData/Build/Intermediates.noindex/Skull.build/Debug-watchos/Skull-t.build/Skull.DependencyMetadataFileList
WriteAuxiliaryFile /Users/admin/builder/spi-builder-workspace/.derivedData/Build/Intermediates.noindex/Skull.build/Debug-watchos/Skull-t.build/Objects-normal/arm64_32/Skull.SwiftFileList (in target 'Skull' from project 'Skull')
cd /Users/admin/builder/spi-builder-workspace/.dependencies/checkouts/skull
write-file /Users/admin/builder/spi-builder-workspace/.derivedData/Build/Intermediates.noindex/Skull.build/Debug-watchos/Skull-t.build/Objects-normal/arm64_32/Skull.SwiftFileList
WriteAuxiliaryFile /Users/admin/builder/spi-builder-workspace/.derivedData/Build/Intermediates.noindex/Skull.build/Debug-watchos/Skull-t.build/Objects-normal/arm64_32/Skull.LinkFileList (in target 'Skull' from project 'Skull')
cd /Users/admin/builder/spi-builder-workspace/.dependencies/checkouts/skull
write-file /Users/admin/builder/spi-builder-workspace/.derivedData/Build/Intermediates.noindex/Skull.build/Debug-watchos/Skull-t.build/Objects-normal/arm64_32/Skull.LinkFileList
WriteAuxiliaryFile /Users/admin/builder/spi-builder-workspace/.derivedData/Build/Intermediates.noindex/Skull.build/Debug-watchos/Skull-t.build/Objects-normal/arm64_32/Skull_const_extract_protocols.json (in target 'Skull' from project 'Skull')
cd /Users/admin/builder/spi-builder-workspace/.dependencies/checkouts/skull
write-file /Users/admin/builder/spi-builder-workspace/.derivedData/Build/Intermediates.noindex/Skull.build/Debug-watchos/Skull-t.build/Objects-normal/arm64_32/Skull_const_extract_protocols.json
WriteAuxiliaryFile /Users/admin/builder/spi-builder-workspace/.derivedData/Build/Intermediates.noindex/Skull.build/Debug-watchos/Skull-t.build/Objects-normal/arm64_32/Skull.SwiftConstValuesFileList (in target 'Skull' from project 'Skull')
cd /Users/admin/builder/spi-builder-workspace/.dependencies/checkouts/skull
write-file /Users/admin/builder/spi-builder-workspace/.derivedData/Build/Intermediates.noindex/Skull.build/Debug-watchos/Skull-t.build/Objects-normal/arm64_32/Skull.SwiftConstValuesFileList
WriteAuxiliaryFile /Users/admin/builder/spi-builder-workspace/.derivedData/Build/Intermediates.noindex/Skull.build/Debug-watchos/Skull-t.build/Objects-normal/arm64_32/Skull-OutputFileMap.json (in target 'Skull' from project 'Skull')
cd /Users/admin/builder/spi-builder-workspace/.dependencies/checkouts/skull
write-file /Users/admin/builder/spi-builder-workspace/.derivedData/Build/Intermediates.noindex/Skull.build/Debug-watchos/Skull-t.build/Objects-normal/arm64_32/Skull-OutputFileMap.json
WriteAuxiliaryFile /Users/admin/builder/spi-builder-workspace/.derivedData/Build/Intermediates.noindex/Skull.build/Debug-watchos/Skull-t.build/Objects-normal/arm64/Skull-OutputFileMap.json (in target 'Skull' from project 'Skull')
cd /Users/admin/builder/spi-builder-workspace/.dependencies/checkouts/skull
write-file /Users/admin/builder/spi-builder-workspace/.derivedData/Build/Intermediates.noindex/Skull.build/Debug-watchos/Skull-t.build/Objects-normal/arm64/Skull-OutputFileMap.json
WriteAuxiliaryFile /Users/admin/builder/spi-builder-workspace/.derivedData/Build/Intermediates.noindex/Skull.build/Debug-watchos/Skull-t.build/Objects-normal/arm64/Skull.SwiftFileList (in target 'Skull' from project 'Skull')
cd /Users/admin/builder/spi-builder-workspace/.dependencies/checkouts/skull
write-file /Users/admin/builder/spi-builder-workspace/.derivedData/Build/Intermediates.noindex/Skull.build/Debug-watchos/Skull-t.build/Objects-normal/arm64/Skull.SwiftFileList
WriteAuxiliaryFile /Users/admin/builder/spi-builder-workspace/.derivedData/Build/Intermediates.noindex/Skull.build/Debug-watchos/Skull-t.build/Objects-normal/arm64/Skull.LinkFileList (in target 'Skull' from project 'Skull')
cd /Users/admin/builder/spi-builder-workspace/.dependencies/checkouts/skull
write-file /Users/admin/builder/spi-builder-workspace/.derivedData/Build/Intermediates.noindex/Skull.build/Debug-watchos/Skull-t.build/Objects-normal/arm64/Skull.LinkFileList
WriteAuxiliaryFile /Users/admin/builder/spi-builder-workspace/.derivedData/Build/Intermediates.noindex/Skull.build/Debug-watchos/Skull-t.build/Objects-normal/arm64/Skull.SwiftConstValuesFileList (in target 'Skull' from project 'Skull')
cd /Users/admin/builder/spi-builder-workspace/.dependencies/checkouts/skull
write-file /Users/admin/builder/spi-builder-workspace/.derivedData/Build/Intermediates.noindex/Skull.build/Debug-watchos/Skull-t.build/Objects-normal/arm64/Skull.SwiftConstValuesFileList
WriteAuxiliaryFile /Users/admin/builder/spi-builder-workspace/.derivedData/Build/Intermediates.noindex/Skull.build/Debug-watchos/Skull-t.build/Objects-normal/arm64/Skull_const_extract_protocols.json (in target 'Skull' from project 'Skull')
cd /Users/admin/builder/spi-builder-workspace/.dependencies/checkouts/skull
write-file /Users/admin/builder/spi-builder-workspace/.derivedData/Build/Intermediates.noindex/Skull.build/Debug-watchos/Skull-t.build/Objects-normal/arm64/Skull_const_extract_protocols.json
Copy /Users/admin/builder/spi-builder-workspace/.derivedData/Build/Intermediates.noindex/GeneratedModuleMaps-watchos/Skull.modulemap /Users/admin/builder/spi-builder-workspace/.derivedData/Build/Intermediates.noindex/Skull.build/Debug-watchos/Skull-t.build/Skull.modulemap (in target 'Skull' from project 'Skull')
cd /Users/admin/builder/spi-builder-workspace/.dependencies/checkouts/skull
builtin-copy -exclude .DS_Store -exclude CVS -exclude .svn -exclude .git -exclude .hg -resolve-src-symlinks /Users/admin/builder/spi-builder-workspace/.derivedData/Build/Intermediates.noindex/Skull.build/Debug-watchos/Skull-t.build/Skull.modulemap /Users/admin/builder/spi-builder-workspace/.derivedData/Build/Intermediates.noindex/GeneratedModuleMaps-watchos
WriteAuxiliaryFile /Users/admin/builder/spi-builder-workspace/.derivedData/Build/Intermediates.noindex/Patron.build/Debug-watchos/Patron-t.build/Patron.modulemap (in target 'Patron' from project 'Patron')
cd /Users/admin/builder/spi-builder-workspace/.dependencies/checkouts/patron
write-file /Users/admin/builder/spi-builder-workspace/.derivedData/Build/Intermediates.noindex/Patron.build/Debug-watchos/Patron-t.build/Patron.modulemap
WriteAuxiliaryFile /Users/admin/builder/spi-builder-workspace/.derivedData/Build/Intermediates.noindex/Patron.build/Debug-watchos/Patron-t.build/Patron.DependencyStaticMetadataFileList (in target 'Patron' from project 'Patron')
cd /Users/admin/builder/spi-builder-workspace/.dependencies/checkouts/patron
write-file /Users/admin/builder/spi-builder-workspace/.derivedData/Build/Intermediates.noindex/Patron.build/Debug-watchos/Patron-t.build/Patron.DependencyStaticMetadataFileList
WriteAuxiliaryFile /Users/admin/builder/spi-builder-workspace/.derivedData/Build/Intermediates.noindex/Patron.build/Debug-watchos/Patron-t.build/Patron.DependencyMetadataFileList (in target 'Patron' from project 'Patron')
cd /Users/admin/builder/spi-builder-workspace/.dependencies/checkouts/patron
write-file /Users/admin/builder/spi-builder-workspace/.derivedData/Build/Intermediates.noindex/Patron.build/Debug-watchos/Patron-t.build/Patron.DependencyMetadataFileList
WriteAuxiliaryFile /Users/admin/builder/spi-builder-workspace/.derivedData/Build/Intermediates.noindex/Patron.build/Debug-watchos/Patron-t.build/Objects-normal/arm64_32/Patron.SwiftFileList (in target 'Patron' from project 'Patron')
cd /Users/admin/builder/spi-builder-workspace/.dependencies/checkouts/patron
write-file /Users/admin/builder/spi-builder-workspace/.derivedData/Build/Intermediates.noindex/Patron.build/Debug-watchos/Patron-t.build/Objects-normal/arm64_32/Patron.SwiftFileList
WriteAuxiliaryFile /Users/admin/builder/spi-builder-workspace/.derivedData/Build/Intermediates.noindex/Patron.build/Debug-watchos/Patron-t.build/Objects-normal/arm64_32/Patron.LinkFileList (in target 'Patron' from project 'Patron')
cd /Users/admin/builder/spi-builder-workspace/.dependencies/checkouts/patron
write-file /Users/admin/builder/spi-builder-workspace/.derivedData/Build/Intermediates.noindex/Patron.build/Debug-watchos/Patron-t.build/Objects-normal/arm64_32/Patron.LinkFileList
WriteAuxiliaryFile /Users/admin/builder/spi-builder-workspace/.derivedData/Build/Intermediates.noindex/Patron.build/Debug-watchos/Patron-t.build/Objects-normal/arm64_32/Patron.SwiftConstValuesFileList (in target 'Patron' from project 'Patron')
cd /Users/admin/builder/spi-builder-workspace/.dependencies/checkouts/patron
write-file /Users/admin/builder/spi-builder-workspace/.derivedData/Build/Intermediates.noindex/Patron.build/Debug-watchos/Patron-t.build/Objects-normal/arm64_32/Patron.SwiftConstValuesFileList
WriteAuxiliaryFile /Users/admin/builder/spi-builder-workspace/.derivedData/Build/Intermediates.noindex/Patron.build/Debug-watchos/Patron-t.build/Objects-normal/arm64_32/Patron-OutputFileMap.json (in target 'Patron' from project 'Patron')
cd /Users/admin/builder/spi-builder-workspace/.dependencies/checkouts/patron
write-file /Users/admin/builder/spi-builder-workspace/.derivedData/Build/Intermediates.noindex/Patron.build/Debug-watchos/Patron-t.build/Objects-normal/arm64_32/Patron-OutputFileMap.json
WriteAuxiliaryFile /Users/admin/builder/spi-builder-workspace/.derivedData/Build/Intermediates.noindex/Patron.build/Debug-watchos/Patron-t.build/Objects-normal/arm64_32/Patron_const_extract_protocols.json (in target 'Patron' from project 'Patron')
cd /Users/admin/builder/spi-builder-workspace/.dependencies/checkouts/patron
write-file /Users/admin/builder/spi-builder-workspace/.derivedData/Build/Intermediates.noindex/Patron.build/Debug-watchos/Patron-t.build/Objects-normal/arm64_32/Patron_const_extract_protocols.json
WriteAuxiliaryFile /Users/admin/builder/spi-builder-workspace/.derivedData/Build/Intermediates.noindex/Patron.build/Debug-watchos/Patron-t.build/Objects-normal/arm64/Patron_const_extract_protocols.json (in target 'Patron' from project 'Patron')
cd /Users/admin/builder/spi-builder-workspace/.dependencies/checkouts/patron
write-file /Users/admin/builder/spi-builder-workspace/.derivedData/Build/Intermediates.noindex/Patron.build/Debug-watchos/Patron-t.build/Objects-normal/arm64/Patron_const_extract_protocols.json
WriteAuxiliaryFile /Users/admin/builder/spi-builder-workspace/.derivedData/Build/Intermediates.noindex/Patron.build/Debug-watchos/Patron-t.build/Objects-normal/arm64/Patron.SwiftFileList (in target 'Patron' from project 'Patron')
cd /Users/admin/builder/spi-builder-workspace/.dependencies/checkouts/patron
write-file /Users/admin/builder/spi-builder-workspace/.derivedData/Build/Intermediates.noindex/Patron.build/Debug-watchos/Patron-t.build/Objects-normal/arm64/Patron.SwiftFileList
WriteAuxiliaryFile /Users/admin/builder/spi-builder-workspace/.derivedData/Build/Intermediates.noindex/Patron.build/Debug-watchos/Patron-t.build/Objects-normal/arm64/Patron.SwiftConstValuesFileList (in target 'Patron' from project 'Patron')
cd /Users/admin/builder/spi-builder-workspace/.dependencies/checkouts/patron
write-file /Users/admin/builder/spi-builder-workspace/.derivedData/Build/Intermediates.noindex/Patron.build/Debug-watchos/Patron-t.build/Objects-normal/arm64/Patron.SwiftConstValuesFileList
WriteAuxiliaryFile /Users/admin/builder/spi-builder-workspace/.derivedData/Build/Intermediates.noindex/Patron.build/Debug-watchos/Patron-t.build/Objects-normal/arm64/Patron.LinkFileList (in target 'Patron' from project 'Patron')
cd /Users/admin/builder/spi-builder-workspace/.dependencies/checkouts/patron
write-file /Users/admin/builder/spi-builder-workspace/.derivedData/Build/Intermediates.noindex/Patron.build/Debug-watchos/Patron-t.build/Objects-normal/arm64/Patron.LinkFileList
Copy /Users/admin/builder/spi-builder-workspace/.derivedData/Build/Intermediates.noindex/GeneratedModuleMaps-watchos/Patron.modulemap /Users/admin/builder/spi-builder-workspace/.derivedData/Build/Intermediates.noindex/Patron.build/Debug-watchos/Patron-t.build/Patron.modulemap (in target 'Patron' from project 'Patron')
cd /Users/admin/builder/spi-builder-workspace/.dependencies/checkouts/patron
builtin-copy -exclude .DS_Store -exclude CVS -exclude .svn -exclude .git -exclude .hg -resolve-src-symlinks /Users/admin/builder/spi-builder-workspace/.derivedData/Build/Intermediates.noindex/Patron.build/Debug-watchos/Patron-t.build/Patron.modulemap /Users/admin/builder/spi-builder-workspace/.derivedData/Build/Intermediates.noindex/GeneratedModuleMaps-watchos
WriteAuxiliaryFile /Users/admin/builder/spi-builder-workspace/.derivedData/Build/Intermediates.noindex/Patron.build/Debug-watchos/Patron-t.build/Objects-normal/arm64/Patron-OutputFileMap.json (in target 'Patron' from project 'Patron')
cd /Users/admin/builder/spi-builder-workspace/.dependencies/checkouts/patron
write-file /Users/admin/builder/spi-builder-workspace/.derivedData/Build/Intermediates.noindex/Patron.build/Debug-watchos/Patron-t.build/Objects-normal/arm64/Patron-OutputFileMap.json
WriteAuxiliaryFile /Users/admin/builder/spi-builder-workspace/.derivedData/Build/Intermediates.noindex/Ola.build/Debug-watchos/Ola-t.build/Ola.DependencyMetadataFileList (in target 'Ola' from project 'Ola')
cd /Users/admin/builder/spi-builder-workspace/.dependencies/checkouts/ola
write-file /Users/admin/builder/spi-builder-workspace/.derivedData/Build/Intermediates.noindex/Ola.build/Debug-watchos/Ola-t.build/Ola.DependencyMetadataFileList
WriteAuxiliaryFile /Users/admin/builder/spi-builder-workspace/.derivedData/Build/Intermediates.noindex/Ola.build/Debug-watchos/Ola-t.build/Objects-normal/arm64_32/Ola_const_extract_protocols.json (in target 'Ola' from project 'Ola')
cd /Users/admin/builder/spi-builder-workspace/.dependencies/checkouts/ola
write-file /Users/admin/builder/spi-builder-workspace/.derivedData/Build/Intermediates.noindex/Ola.build/Debug-watchos/Ola-t.build/Objects-normal/arm64_32/Ola_const_extract_protocols.json
WriteAuxiliaryFile /Users/admin/builder/spi-builder-workspace/.derivedData/Build/Intermediates.noindex/Ola.build/Debug-watchos/Ola-t.build/Objects-normal/arm64_32/Ola.SwiftFileList (in target 'Ola' from project 'Ola')
cd /Users/admin/builder/spi-builder-workspace/.dependencies/checkouts/ola
write-file /Users/admin/builder/spi-builder-workspace/.derivedData/Build/Intermediates.noindex/Ola.build/Debug-watchos/Ola-t.build/Objects-normal/arm64_32/Ola.SwiftFileList
WriteAuxiliaryFile /Users/admin/builder/spi-builder-workspace/.derivedData/Build/Intermediates.noindex/Ola.build/Debug-watchos/Ola-t.build/Objects-normal/arm64_32/Ola.SwiftConstValuesFileList (in target 'Ola' from project 'Ola')
cd /Users/admin/builder/spi-builder-workspace/.dependencies/checkouts/ola
write-file /Users/admin/builder/spi-builder-workspace/.derivedData/Build/Intermediates.noindex/Ola.build/Debug-watchos/Ola-t.build/Objects-normal/arm64_32/Ola.SwiftConstValuesFileList
WriteAuxiliaryFile /Users/admin/builder/spi-builder-workspace/.derivedData/Build/Intermediates.noindex/Ola.build/Debug-watchos/Ola-t.build/Objects-normal/arm64_32/Ola.LinkFileList (in target 'Ola' from project 'Ola')
cd /Users/admin/builder/spi-builder-workspace/.dependencies/checkouts/ola
write-file /Users/admin/builder/spi-builder-workspace/.derivedData/Build/Intermediates.noindex/Ola.build/Debug-watchos/Ola-t.build/Objects-normal/arm64_32/Ola.LinkFileList
WriteAuxiliaryFile /Users/admin/builder/spi-builder-workspace/.derivedData/Build/Intermediates.noindex/Ola.build/Debug-watchos/Ola-t.build/Objects-normal/arm64_32/Ola-OutputFileMap.json (in target 'Ola' from project 'Ola')
cd /Users/admin/builder/spi-builder-workspace/.dependencies/checkouts/ola
write-file /Users/admin/builder/spi-builder-workspace/.derivedData/Build/Intermediates.noindex/Ola.build/Debug-watchos/Ola-t.build/Objects-normal/arm64_32/Ola-OutputFileMap.json
WriteAuxiliaryFile /Users/admin/builder/spi-builder-workspace/.derivedData/Build/Intermediates.noindex/Ola.build/Debug-watchos/Ola-t.build/Objects-normal/arm64/Ola_const_extract_protocols.json (in target 'Ola' from project 'Ola')
cd /Users/admin/builder/spi-builder-workspace/.dependencies/checkouts/ola
write-file /Users/admin/builder/spi-builder-workspace/.derivedData/Build/Intermediates.noindex/Ola.build/Debug-watchos/Ola-t.build/Objects-normal/arm64/Ola_const_extract_protocols.json
WriteAuxiliaryFile /Users/admin/builder/spi-builder-workspace/.derivedData/Build/Intermediates.noindex/Ola.build/Debug-watchos/Ola-t.build/Objects-normal/arm64/Ola.SwiftFileList (in target 'Ola' from project 'Ola')
cd /Users/admin/builder/spi-builder-workspace/.dependencies/checkouts/ola
write-file /Users/admin/builder/spi-builder-workspace/.derivedData/Build/Intermediates.noindex/Ola.build/Debug-watchos/Ola-t.build/Objects-normal/arm64/Ola.SwiftFileList
WriteAuxiliaryFile /Users/admin/builder/spi-builder-workspace/.derivedData/Build/Intermediates.noindex/Ola.build/Debug-watchos/Ola-t.build/Objects-normal/arm64/Ola.SwiftConstValuesFileList (in target 'Ola' from project 'Ola')
cd /Users/admin/builder/spi-builder-workspace/.dependencies/checkouts/ola
write-file /Users/admin/builder/spi-builder-workspace/.derivedData/Build/Intermediates.noindex/Ola.build/Debug-watchos/Ola-t.build/Objects-normal/arm64/Ola.SwiftConstValuesFileList
WriteAuxiliaryFile /Users/admin/builder/spi-builder-workspace/.derivedData/Build/Intermediates.noindex/Ola.build/Debug-watchos/Ola-t.build/Objects-normal/arm64/Ola.LinkFileList (in target 'Ola' from project 'Ola')
cd /Users/admin/builder/spi-builder-workspace/.dependencies/checkouts/ola
write-file /Users/admin/builder/spi-builder-workspace/.derivedData/Build/Intermediates.noindex/Ola.build/Debug-watchos/Ola-t.build/Objects-normal/arm64/Ola.LinkFileList
WriteAuxiliaryFile /Users/admin/builder/spi-builder-workspace/.derivedData/Build/Intermediates.noindex/Ola.build/Debug-watchos/Ola-t.build/Objects-normal/arm64/Ola-OutputFileMap.json (in target 'Ola' from project 'Ola')
cd /Users/admin/builder/spi-builder-workspace/.dependencies/checkouts/ola
write-file /Users/admin/builder/spi-builder-workspace/.derivedData/Build/Intermediates.noindex/Ola.build/Debug-watchos/Ola-t.build/Objects-normal/arm64/Ola-OutputFileMap.json
Copy /Users/admin/builder/spi-builder-workspace/.derivedData/Build/Intermediates.noindex/GeneratedModuleMaps-watchos/Ola.modulemap /Users/admin/builder/spi-builder-workspace/.derivedData/Build/Intermediates.noindex/Ola.build/Debug-watchos/Ola-t.build/Ola.modulemap (in target 'Ola' from project 'Ola')
cd /Users/admin/builder/spi-builder-workspace/.dependencies/checkouts/ola
builtin-copy -exclude .DS_Store -exclude CVS -exclude .svn -exclude .git -exclude .hg -resolve-src-symlinks /Users/admin/builder/spi-builder-workspace/.derivedData/Build/Intermediates.noindex/Ola.build/Debug-watchos/Ola-t.build/Ola.modulemap /Users/admin/builder/spi-builder-workspace/.derivedData/Build/Intermediates.noindex/GeneratedModuleMaps-watchos
WriteAuxiliaryFile /Users/admin/builder/spi-builder-workspace/.derivedData/Build/Intermediates.noindex/MangerKit.build/Debug-watchos/MangerKit-t.build/Objects-normal/arm64_32/MangerKit_const_extract_protocols.json (in target 'MangerKit' from project 'MangerKit')
cd /Users/admin/builder/spi-builder-workspace/.dependencies/checkouts/manger-kit
write-file /Users/admin/builder/spi-builder-workspace/.derivedData/Build/Intermediates.noindex/MangerKit.build/Debug-watchos/MangerKit-t.build/Objects-normal/arm64_32/MangerKit_const_extract_protocols.json
WriteAuxiliaryFile /Users/admin/builder/spi-builder-workspace/.derivedData/Build/Intermediates.noindex/MangerKit.build/Debug-watchos/MangerKit-t.build/Objects-normal/arm64_32/MangerKit.SwiftFileList (in target 'MangerKit' from project 'MangerKit')
cd /Users/admin/builder/spi-builder-workspace/.dependencies/checkouts/manger-kit
write-file /Users/admin/builder/spi-builder-workspace/.derivedData/Build/Intermediates.noindex/MangerKit.build/Debug-watchos/MangerKit-t.build/Objects-normal/arm64_32/MangerKit.SwiftFileList
WriteAuxiliaryFile /Users/admin/builder/spi-builder-workspace/.derivedData/Build/Intermediates.noindex/MangerKit.build/Debug-watchos/MangerKit-t.build/Objects-normal/arm64_32/MangerKit.SwiftConstValuesFileList (in target 'MangerKit' from project 'MangerKit')
cd /Users/admin/builder/spi-builder-workspace/.dependencies/checkouts/manger-kit
write-file /Users/admin/builder/spi-builder-workspace/.derivedData/Build/Intermediates.noindex/MangerKit.build/Debug-watchos/MangerKit-t.build/Objects-normal/arm64_32/MangerKit.SwiftConstValuesFileList
WriteAuxiliaryFile /Users/admin/builder/spi-builder-workspace/.derivedData/Build/Intermediates.noindex/MangerKit.build/Debug-watchos/MangerKit-t.build/Objects-normal/arm64_32/MangerKit.LinkFileList (in target 'MangerKit' from project 'MangerKit')
cd /Users/admin/builder/spi-builder-workspace/.dependencies/checkouts/manger-kit
write-file /Users/admin/builder/spi-builder-workspace/.derivedData/Build/Intermediates.noindex/MangerKit.build/Debug-watchos/MangerKit-t.build/Objects-normal/arm64_32/MangerKit.LinkFileList
WriteAuxiliaryFile /Users/admin/builder/spi-builder-workspace/.derivedData/Build/Intermediates.noindex/MangerKit.build/Debug-watchos/MangerKit-t.build/Objects-normal/arm64_32/MangerKit-OutputFileMap.json (in target 'MangerKit' from project 'MangerKit')
cd /Users/admin/builder/spi-builder-workspace/.dependencies/checkouts/manger-kit
write-file /Users/admin/builder/spi-builder-workspace/.derivedData/Build/Intermediates.noindex/MangerKit.build/Debug-watchos/MangerKit-t.build/Objects-normal/arm64_32/MangerKit-OutputFileMap.json
WriteAuxiliaryFile /Users/admin/builder/spi-builder-workspace/.derivedData/Build/Intermediates.noindex/MangerKit.build/Debug-watchos/MangerKit-t.build/Objects-normal/arm64/MangerKit.SwiftFileList (in target 'MangerKit' from project 'MangerKit')
cd /Users/admin/builder/spi-builder-workspace/.dependencies/checkouts/manger-kit
write-file /Users/admin/builder/spi-builder-workspace/.derivedData/Build/Intermediates.noindex/MangerKit.build/Debug-watchos/MangerKit-t.build/Objects-normal/arm64/MangerKit.SwiftFileList
WriteAuxiliaryFile /Users/admin/builder/spi-builder-workspace/.derivedData/Build/Intermediates.noindex/MangerKit.build/Debug-watchos/MangerKit-t.build/Objects-normal/arm64/MangerKit_const_extract_protocols.json (in target 'MangerKit' from project 'MangerKit')
cd /Users/admin/builder/spi-builder-workspace/.dependencies/checkouts/manger-kit
write-file /Users/admin/builder/spi-builder-workspace/.derivedData/Build/Intermediates.noindex/MangerKit.build/Debug-watchos/MangerKit-t.build/Objects-normal/arm64/MangerKit_const_extract_protocols.json
WriteAuxiliaryFile /Users/admin/builder/spi-builder-workspace/.derivedData/Build/Intermediates.noindex/MangerKit.build/Debug-watchos/MangerKit-t.build/Objects-normal/arm64/MangerKit.SwiftConstValuesFileList (in target 'MangerKit' from project 'MangerKit')
cd /Users/admin/builder/spi-builder-workspace/.dependencies/checkouts/manger-kit
write-file /Users/admin/builder/spi-builder-workspace/.derivedData/Build/Intermediates.noindex/MangerKit.build/Debug-watchos/MangerKit-t.build/Objects-normal/arm64/MangerKit.SwiftConstValuesFileList
WriteAuxiliaryFile /Users/admin/builder/spi-builder-workspace/.derivedData/Build/Intermediates.noindex/MangerKit.build/Debug-watchos/MangerKit-t.build/Objects-normal/arm64/MangerKit.LinkFileList (in target 'MangerKit' from project 'MangerKit')
cd /Users/admin/builder/spi-builder-workspace/.dependencies/checkouts/manger-kit
write-file /Users/admin/builder/spi-builder-workspace/.derivedData/Build/Intermediates.noindex/MangerKit.build/Debug-watchos/MangerKit-t.build/Objects-normal/arm64/MangerKit.LinkFileList
WriteAuxiliaryFile /Users/admin/builder/spi-builder-workspace/.derivedData/Build/Intermediates.noindex/MangerKit.build/Debug-watchos/MangerKit-t.build/Objects-normal/arm64/MangerKit-OutputFileMap.json (in target 'MangerKit' from project 'MangerKit')
cd /Users/admin/builder/spi-builder-workspace/.dependencies/checkouts/manger-kit
write-file /Users/admin/builder/spi-builder-workspace/.derivedData/Build/Intermediates.noindex/MangerKit.build/Debug-watchos/MangerKit-t.build/Objects-normal/arm64/MangerKit-OutputFileMap.json
WriteAuxiliaryFile /Users/admin/builder/spi-builder-workspace/.derivedData/Build/Intermediates.noindex/MangerKit.build/Debug-watchos/MangerKit-t.build/MangerKit.modulemap (in target 'MangerKit' from project 'MangerKit')
cd /Users/admin/builder/spi-builder-workspace/.dependencies/checkouts/manger-kit
write-file /Users/admin/builder/spi-builder-workspace/.derivedData/Build/Intermediates.noindex/MangerKit.build/Debug-watchos/MangerKit-t.build/MangerKit.modulemap
WriteAuxiliaryFile /Users/admin/builder/spi-builder-workspace/.derivedData/Build/Intermediates.noindex/MangerKit.build/Debug-watchos/MangerKit-t.build/MangerKit.DependencyStaticMetadataFileList (in target 'MangerKit' from project 'MangerKit')
cd /Users/admin/builder/spi-builder-workspace/.dependencies/checkouts/manger-kit
write-file /Users/admin/builder/spi-builder-workspace/.derivedData/Build/Intermediates.noindex/MangerKit.build/Debug-watchos/MangerKit-t.build/MangerKit.DependencyStaticMetadataFileList
WriteAuxiliaryFile /Users/admin/builder/spi-builder-workspace/.derivedData/Build/Intermediates.noindex/MangerKit.build/Debug-watchos/MangerKit-t.build/MangerKit.DependencyMetadataFileList (in target 'MangerKit' from project 'MangerKit')
cd /Users/admin/builder/spi-builder-workspace/.dependencies/checkouts/manger-kit
write-file /Users/admin/builder/spi-builder-workspace/.derivedData/Build/Intermediates.noindex/MangerKit.build/Debug-watchos/MangerKit-t.build/MangerKit.DependencyMetadataFileList
WriteAuxiliaryFile /Users/admin/builder/spi-builder-workspace/.derivedData/Build/Intermediates.noindex/FeedKit.build/Debug-watchos/FeedKit_FeedKit-b.build/empty-FeedKit_FeedKit.plist (in target 'FeedKit_FeedKit' from project 'FeedKit')
cd /Users/admin/builder/spi-builder-workspace
write-file /Users/admin/builder/spi-builder-workspace/.derivedData/Build/Intermediates.noindex/FeedKit.build/Debug-watchos/FeedKit_FeedKit-b.build/empty-FeedKit_FeedKit.plist
WriteAuxiliaryFile /Users/admin/builder/spi-builder-workspace/.derivedData/Build/Intermediates.noindex/FeedKit.build/Debug-watchos/FeedKit_FeedKit-b.build/FeedKit_FeedKit.DependencyStaticMetadataFileList (in target 'FeedKit_FeedKit' from project 'FeedKit')
cd /Users/admin/builder/spi-builder-workspace
write-file /Users/admin/builder/spi-builder-workspace/.derivedData/Build/Intermediates.noindex/FeedKit.build/Debug-watchos/FeedKit_FeedKit-b.build/FeedKit_FeedKit.DependencyStaticMetadataFileList
WriteAuxiliaryFile /Users/admin/builder/spi-builder-workspace/.derivedData/Build/Intermediates.noindex/FeedKit.build/Debug-watchos/FeedKit_FeedKit-b.build/FeedKit_FeedKit.DependencyMetadataFileList (in target 'FeedKit_FeedKit' from project 'FeedKit')
cd /Users/admin/builder/spi-builder-workspace
write-file /Users/admin/builder/spi-builder-workspace/.derivedData/Build/Intermediates.noindex/FeedKit.build/Debug-watchos/FeedKit_FeedKit-b.build/FeedKit_FeedKit.DependencyMetadataFileList
Copy /Users/admin/builder/spi-builder-workspace/.derivedData/Build/Intermediates.noindex/GeneratedModuleMaps-watchos/MangerKit.modulemap /Users/admin/builder/spi-builder-workspace/.derivedData/Build/Intermediates.noindex/MangerKit.build/Debug-watchos/MangerKit-t.build/MangerKit.modulemap (in target 'MangerKit' from project 'MangerKit')
cd /Users/admin/builder/spi-builder-workspace/.dependencies/checkouts/manger-kit
builtin-copy -exclude .DS_Store -exclude CVS -exclude .svn -exclude .git -exclude .hg -resolve-src-symlinks /Users/admin/builder/spi-builder-workspace/.derivedData/Build/Intermediates.noindex/MangerKit.build/Debug-watchos/MangerKit-t.build/MangerKit.modulemap /Users/admin/builder/spi-builder-workspace/.derivedData/Build/Intermediates.noindex/GeneratedModuleMaps-watchos
MkDir /Users/admin/builder/spi-builder-workspace/.derivedData/Build/Products/Debug-watchos/FeedKit_FeedKit.bundle (in target 'FeedKit_FeedKit' from project 'FeedKit')
cd /Users/admin/builder/spi-builder-workspace
/bin/mkdir -p /Users/admin/builder/spi-builder-workspace/.derivedData/Build/Products/Debug-watchos/FeedKit_FeedKit.bundle
WriteAuxiliaryFile /Users/admin/builder/spi-builder-workspace/.derivedData/Build/Intermediates.noindex/FeedKit.build/Debug-watchos/FeedKit-t.build/Objects-normal/arm64_32/FeedKit.SwiftFileList (in target 'FeedKit' from project 'FeedKit')
cd /Users/admin/builder/spi-builder-workspace
write-file /Users/admin/builder/spi-builder-workspace/.derivedData/Build/Intermediates.noindex/FeedKit.build/Debug-watchos/FeedKit-t.build/Objects-normal/arm64_32/FeedKit.SwiftFileList
WriteAuxiliaryFile /Users/admin/builder/spi-builder-workspace/.derivedData/Build/Intermediates.noindex/FeedKit.build/Debug-watchos/FeedKit-t.build/Objects-normal/arm64_32/FeedKit_const_extract_protocols.json (in target 'FeedKit' from project 'FeedKit')
cd /Users/admin/builder/spi-builder-workspace
write-file /Users/admin/builder/spi-builder-workspace/.derivedData/Build/Intermediates.noindex/FeedKit.build/Debug-watchos/FeedKit-t.build/Objects-normal/arm64_32/FeedKit_const_extract_protocols.json
WriteAuxiliaryFile /Users/admin/builder/spi-builder-workspace/.derivedData/Build/Intermediates.noindex/FeedKit.build/Debug-watchos/FeedKit-t.build/Objects-normal/arm64_32/FeedKit.LinkFileList (in target 'FeedKit' from project 'FeedKit')
cd /Users/admin/builder/spi-builder-workspace
write-file /Users/admin/builder/spi-builder-workspace/.derivedData/Build/Intermediates.noindex/FeedKit.build/Debug-watchos/FeedKit-t.build/Objects-normal/arm64_32/FeedKit.LinkFileList
WriteAuxiliaryFile /Users/admin/builder/spi-builder-workspace/.derivedData/Build/Intermediates.noindex/FeedKit.build/Debug-watchos/FeedKit-t.build/Objects-normal/arm64_32/FeedKit.SwiftConstValuesFileList (in target 'FeedKit' from project 'FeedKit')
cd /Users/admin/builder/spi-builder-workspace
write-file /Users/admin/builder/spi-builder-workspace/.derivedData/Build/Intermediates.noindex/FeedKit.build/Debug-watchos/FeedKit-t.build/Objects-normal/arm64_32/FeedKit.SwiftConstValuesFileList
WriteAuxiliaryFile /Users/admin/builder/spi-builder-workspace/.derivedData/Build/Intermediates.noindex/FeedKit.build/Debug-watchos/FeedKit-t.build/Objects-normal/arm64_32/FeedKit-OutputFileMap.json (in target 'FeedKit' from project 'FeedKit')
cd /Users/admin/builder/spi-builder-workspace
write-file /Users/admin/builder/spi-builder-workspace/.derivedData/Build/Intermediates.noindex/FeedKit.build/Debug-watchos/FeedKit-t.build/Objects-normal/arm64_32/FeedKit-OutputFileMap.json
WriteAuxiliaryFile /Users/admin/builder/spi-builder-workspace/.derivedData/Build/Intermediates.noindex/FeedKit.build/Debug-watchos/FeedKit-t.build/Objects-normal/arm64/FeedKit.SwiftConstValuesFileList (in target 'FeedKit' from project 'FeedKit')
cd /Users/admin/builder/spi-builder-workspace
write-file /Users/admin/builder/spi-builder-workspace/.derivedData/Build/Intermediates.noindex/FeedKit.build/Debug-watchos/FeedKit-t.build/Objects-normal/arm64/FeedKit.SwiftConstValuesFileList
WriteAuxiliaryFile /Users/admin/builder/spi-builder-workspace/.derivedData/Build/Intermediates.noindex/FeedKit.build/Debug-watchos/FeedKit-t.build/Objects-normal/arm64/FeedKit_const_extract_protocols.json (in target 'FeedKit' from project 'FeedKit')
cd /Users/admin/builder/spi-builder-workspace
write-file /Users/admin/builder/spi-builder-workspace/.derivedData/Build/Intermediates.noindex/FeedKit.build/Debug-watchos/FeedKit-t.build/Objects-normal/arm64/FeedKit_const_extract_protocols.json
WriteAuxiliaryFile /Users/admin/builder/spi-builder-workspace/.derivedData/Build/Intermediates.noindex/FeedKit.build/Debug-watchos/FeedKit-t.build/Objects-normal/arm64/FeedKit.SwiftFileList (in target 'FeedKit' from project 'FeedKit')
cd /Users/admin/builder/spi-builder-workspace
write-file /Users/admin/builder/spi-builder-workspace/.derivedData/Build/Intermediates.noindex/FeedKit.build/Debug-watchos/FeedKit-t.build/Objects-normal/arm64/FeedKit.SwiftFileList
WriteAuxiliaryFile /Users/admin/builder/spi-builder-workspace/.derivedData/Build/Intermediates.noindex/FeedKit.build/Debug-watchos/FeedKit-t.build/Objects-normal/arm64/FeedKit.LinkFileList (in target 'FeedKit' from project 'FeedKit')
cd /Users/admin/builder/spi-builder-workspace
write-file /Users/admin/builder/spi-builder-workspace/.derivedData/Build/Intermediates.noindex/FeedKit.build/Debug-watchos/FeedKit-t.build/Objects-normal/arm64/FeedKit.LinkFileList
WriteAuxiliaryFile /Users/admin/builder/spi-builder-workspace/.derivedData/Build/Intermediates.noindex/FeedKit.build/Debug-watchos/FeedKit-t.build/Objects-normal/arm64/FeedKit-OutputFileMap.json (in target 'FeedKit' from project 'FeedKit')
cd /Users/admin/builder/spi-builder-workspace
write-file /Users/admin/builder/spi-builder-workspace/.derivedData/Build/Intermediates.noindex/FeedKit.build/Debug-watchos/FeedKit-t.build/Objects-normal/arm64/FeedKit-OutputFileMap.json
WriteAuxiliaryFile /Users/admin/builder/spi-builder-workspace/.derivedData/Build/Intermediates.noindex/FeedKit.build/Debug-watchos/FeedKit-t.build/FeedKit.modulemap (in target 'FeedKit' from project 'FeedKit')
cd /Users/admin/builder/spi-builder-workspace
write-file /Users/admin/builder/spi-builder-workspace/.derivedData/Build/Intermediates.noindex/FeedKit.build/Debug-watchos/FeedKit-t.build/FeedKit.modulemap
WriteAuxiliaryFile /Users/admin/builder/spi-builder-workspace/.derivedData/Build/Intermediates.noindex/FeedKit.build/Debug-watchos/FeedKit-t.build/FeedKit.DependencyStaticMetadataFileList (in target 'FeedKit' from project 'FeedKit')
cd /Users/admin/builder/spi-builder-workspace
write-file /Users/admin/builder/spi-builder-workspace/.derivedData/Build/Intermediates.noindex/FeedKit.build/Debug-watchos/FeedKit-t.build/FeedKit.DependencyStaticMetadataFileList
WriteAuxiliaryFile /Users/admin/builder/spi-builder-workspace/.derivedData/Build/Intermediates.noindex/FeedKit.build/Debug-watchos/FeedKit-t.build/FeedKit.DependencyMetadataFileList (in target 'FeedKit' from project 'FeedKit')
cd /Users/admin/builder/spi-builder-workspace
write-file /Users/admin/builder/spi-builder-workspace/.derivedData/Build/Intermediates.noindex/FeedKit.build/Debug-watchos/FeedKit-t.build/FeedKit.DependencyMetadataFileList
WriteAuxiliaryFile /Users/admin/builder/spi-builder-workspace/.derivedData/Build/Intermediates.noindex/FeedKit.build/Debug-watchos/FeedKit-t.build/DerivedSources/resource_bundle_accessor.swift (in target 'FeedKit' from project 'FeedKit')
cd /Users/admin/builder/spi-builder-workspace
write-file /Users/admin/builder/spi-builder-workspace/.derivedData/Build/Intermediates.noindex/FeedKit.build/Debug-watchos/FeedKit-t.build/DerivedSources/resource_bundle_accessor.swift
WriteAuxiliaryFile /Users/admin/builder/spi-builder-workspace/.derivedData/Build/Intermediates.noindex/FanboyKit.build/Debug-watchos/FanboyKit-t.build/Objects-normal/arm64_32/FanboyKit_const_extract_protocols.json (in target 'FanboyKit' from project 'FanboyKit')
cd /Users/admin/builder/spi-builder-workspace/.dependencies/checkouts/fanboy-kit
write-file /Users/admin/builder/spi-builder-workspace/.derivedData/Build/Intermediates.noindex/FanboyKit.build/Debug-watchos/FanboyKit-t.build/Objects-normal/arm64_32/FanboyKit_const_extract_protocols.json
WriteAuxiliaryFile /Users/admin/builder/spi-builder-workspace/.derivedData/Build/Intermediates.noindex/FanboyKit.build/Debug-watchos/FanboyKit-t.build/Objects-normal/arm64_32/FanboyKit.SwiftConstValuesFileList (in target 'FanboyKit' from project 'FanboyKit')
cd /Users/admin/builder/spi-builder-workspace/.dependencies/checkouts/fanboy-kit
write-file /Users/admin/builder/spi-builder-workspace/.derivedData/Build/Intermediates.noindex/FanboyKit.build/Debug-watchos/FanboyKit-t.build/Objects-normal/arm64_32/FanboyKit.SwiftConstValuesFileList
WriteAuxiliaryFile /Users/admin/builder/spi-builder-workspace/.derivedData/Build/Intermediates.noindex/FanboyKit.build/Debug-watchos/FanboyKit-t.build/Objects-normal/arm64_32/FanboyKit.SwiftFileList (in target 'FanboyKit' from project 'FanboyKit')
cd /Users/admin/builder/spi-builder-workspace/.dependencies/checkouts/fanboy-kit
write-file /Users/admin/builder/spi-builder-workspace/.derivedData/Build/Intermediates.noindex/FanboyKit.build/Debug-watchos/FanboyKit-t.build/Objects-normal/arm64_32/FanboyKit.SwiftFileList
WriteAuxiliaryFile /Users/admin/builder/spi-builder-workspace/.derivedData/Build/Intermediates.noindex/FanboyKit.build/Debug-watchos/FanboyKit-t.build/Objects-normal/arm64_32/FanboyKit.LinkFileList (in target 'FanboyKit' from project 'FanboyKit')
cd /Users/admin/builder/spi-builder-workspace/.dependencies/checkouts/fanboy-kit
write-file /Users/admin/builder/spi-builder-workspace/.derivedData/Build/Intermediates.noindex/FanboyKit.build/Debug-watchos/FanboyKit-t.build/Objects-normal/arm64_32/FanboyKit.LinkFileList
WriteAuxiliaryFile /Users/admin/builder/spi-builder-workspace/.derivedData/Build/Intermediates.noindex/FanboyKit.build/Debug-watchos/FanboyKit-t.build/Objects-normal/arm64_32/FanboyKit-OutputFileMap.json (in target 'FanboyKit' from project 'FanboyKit')
cd /Users/admin/builder/spi-builder-workspace/.dependencies/checkouts/fanboy-kit
write-file /Users/admin/builder/spi-builder-workspace/.derivedData/Build/Intermediates.noindex/FanboyKit.build/Debug-watchos/FanboyKit-t.build/Objects-normal/arm64_32/FanboyKit-OutputFileMap.json
WriteAuxiliaryFile /Users/admin/builder/spi-builder-workspace/.derivedData/Build/Intermediates.noindex/FanboyKit.build/Debug-watchos/FanboyKit-t.build/Objects-normal/arm64/FanboyKit_const_extract_protocols.json (in target 'FanboyKit' from project 'FanboyKit')
cd /Users/admin/builder/spi-builder-workspace/.dependencies/checkouts/fanboy-kit
write-file /Users/admin/builder/spi-builder-workspace/.derivedData/Build/Intermediates.noindex/FanboyKit.build/Debug-watchos/FanboyKit-t.build/Objects-normal/arm64/FanboyKit_const_extract_protocols.json
WriteAuxiliaryFile /Users/admin/builder/spi-builder-workspace/.derivedData/Build/Intermediates.noindex/FanboyKit.build/Debug-watchos/FanboyKit-t.build/Objects-normal/arm64/FanboyKit.SwiftFileList (in target 'FanboyKit' from project 'FanboyKit')
cd /Users/admin/builder/spi-builder-workspace/.dependencies/checkouts/fanboy-kit
write-file /Users/admin/builder/spi-builder-workspace/.derivedData/Build/Intermediates.noindex/FanboyKit.build/Debug-watchos/FanboyKit-t.build/Objects-normal/arm64/FanboyKit.SwiftFileList
WriteAuxiliaryFile /Users/admin/builder/spi-builder-workspace/.derivedData/Build/Intermediates.noindex/FanboyKit.build/Debug-watchos/FanboyKit-t.build/Objects-normal/arm64/FanboyKit.SwiftConstValuesFileList (in target 'FanboyKit' from project 'FanboyKit')
cd /Users/admin/builder/spi-builder-workspace/.dependencies/checkouts/fanboy-kit
write-file /Users/admin/builder/spi-builder-workspace/.derivedData/Build/Intermediates.noindex/FanboyKit.build/Debug-watchos/FanboyKit-t.build/Objects-normal/arm64/FanboyKit.SwiftConstValuesFileList
WriteAuxiliaryFile /Users/admin/builder/spi-builder-workspace/.derivedData/Build/Intermediates.noindex/FanboyKit.build/Debug-watchos/FanboyKit-t.build/Objects-normal/arm64/FanboyKit.LinkFileList (in target 'FanboyKit' from project 'FanboyKit')
cd /Users/admin/builder/spi-builder-workspace/.dependencies/checkouts/fanboy-kit
write-file /Users/admin/builder/spi-builder-workspace/.derivedData/Build/Intermediates.noindex/FanboyKit.build/Debug-watchos/FanboyKit-t.build/Objects-normal/arm64/FanboyKit.LinkFileList
Copy /Users/admin/builder/spi-builder-workspace/.derivedData/Build/Intermediates.noindex/GeneratedModuleMaps-watchos/FeedKit.modulemap /Users/admin/builder/spi-builder-workspace/.derivedData/Build/Intermediates.noindex/FeedKit.build/Debug-watchos/FeedKit-t.build/FeedKit.modulemap (in target 'FeedKit' from project 'FeedKit')
cd /Users/admin/builder/spi-builder-workspace
builtin-copy -exclude .DS_Store -exclude CVS -exclude .svn -exclude .git -exclude .hg -resolve-src-symlinks /Users/admin/builder/spi-builder-workspace/.derivedData/Build/Intermediates.noindex/FeedKit.build/Debug-watchos/FeedKit-t.build/FeedKit.modulemap /Users/admin/builder/spi-builder-workspace/.derivedData/Build/Intermediates.noindex/GeneratedModuleMaps-watchos
WriteAuxiliaryFile /Users/admin/builder/spi-builder-workspace/.derivedData/Build/Intermediates.noindex/FanboyKit.build/Debug-watchos/FanboyKit-t.build/Objects-normal/arm64/FanboyKit-OutputFileMap.json (in target 'FanboyKit' from project 'FanboyKit')
cd /Users/admin/builder/spi-builder-workspace/.dependencies/checkouts/fanboy-kit
write-file /Users/admin/builder/spi-builder-workspace/.derivedData/Build/Intermediates.noindex/FanboyKit.build/Debug-watchos/FanboyKit-t.build/Objects-normal/arm64/FanboyKit-OutputFileMap.json
WriteAuxiliaryFile /Users/admin/builder/spi-builder-workspace/.derivedData/Build/Intermediates.noindex/FanboyKit.build/Debug-watchos/FanboyKit-t.build/FanboyKit.modulemap (in target 'FanboyKit' from project 'FanboyKit')
cd /Users/admin/builder/spi-builder-workspace/.dependencies/checkouts/fanboy-kit
write-file /Users/admin/builder/spi-builder-workspace/.derivedData/Build/Intermediates.noindex/FanboyKit.build/Debug-watchos/FanboyKit-t.build/FanboyKit.modulemap
WriteAuxiliaryFile /Users/admin/builder/spi-builder-workspace/.derivedData/Build/Intermediates.noindex/FanboyKit.build/Debug-watchos/FanboyKit-t.build/FanboyKit.DependencyStaticMetadataFileList (in target 'FanboyKit' from project 'FanboyKit')
cd /Users/admin/builder/spi-builder-workspace/.dependencies/checkouts/fanboy-kit
write-file /Users/admin/builder/spi-builder-workspace/.derivedData/Build/Intermediates.noindex/FanboyKit.build/Debug-watchos/FanboyKit-t.build/FanboyKit.DependencyStaticMetadataFileList
WriteAuxiliaryFile /Users/admin/builder/spi-builder-workspace/.derivedData/Build/Intermediates.noindex/FanboyKit.build/Debug-watchos/FanboyKit-t.build/FanboyKit.DependencyMetadataFileList (in target 'FanboyKit' from project 'FanboyKit')
cd /Users/admin/builder/spi-builder-workspace/.dependencies/checkouts/fanboy-kit
write-file /Users/admin/builder/spi-builder-workspace/.derivedData/Build/Intermediates.noindex/FanboyKit.build/Debug-watchos/FanboyKit-t.build/FanboyKit.DependencyMetadataFileList
Copy /Users/admin/builder/spi-builder-workspace/.derivedData/Build/Intermediates.noindex/GeneratedModuleMaps-watchos/FanboyKit.modulemap /Users/admin/builder/spi-builder-workspace/.derivedData/Build/Intermediates.noindex/FanboyKit.build/Debug-watchos/FanboyKit-t.build/FanboyKit.modulemap (in target 'FanboyKit' from project 'FanboyKit')
cd /Users/admin/builder/spi-builder-workspace/.dependencies/checkouts/fanboy-kit
builtin-copy -exclude .DS_Store -exclude CVS -exclude .svn -exclude .git -exclude .hg -resolve-src-symlinks /Users/admin/builder/spi-builder-workspace/.derivedData/Build/Intermediates.noindex/FanboyKit.build/Debug-watchos/FanboyKit-t.build/FanboyKit.modulemap /Users/admin/builder/spi-builder-workspace/.derivedData/Build/Intermediates.noindex/GeneratedModuleMaps-watchos
CreateBuildDirectory /Users/admin/builder/spi-builder-workspace/.derivedData/Build/Products/Debug-watchos/PackageFrameworks
cd /Users/admin/builder/spi-builder-workspace/.swiftpm/xcode
builtin-create-build-directory /Users/admin/builder/spi-builder-workspace/.derivedData/Build/Products/Debug-watchos/PackageFrameworks
ProcessInfoPlistFile /Users/admin/builder/spi-builder-workspace/.derivedData/Build/Products/Debug-watchos/FeedKit_FeedKit.bundle/Info.plist /Users/admin/builder/spi-builder-workspace/.derivedData/Build/Intermediates.noindex/FeedKit.build/Debug-watchos/FeedKit_FeedKit-b.build/empty-FeedKit_FeedKit.plist (in target 'FeedKit_FeedKit' from project 'FeedKit')
cd /Users/admin/builder/spi-builder-workspace
builtin-infoPlistUtility /Users/admin/builder/spi-builder-workspace/.derivedData/Build/Intermediates.noindex/FeedKit.build/Debug-watchos/FeedKit_FeedKit-b.build/empty-FeedKit_FeedKit.plist -producttype com.apple.product-type.bundle -expandbuildsettings -format binary -platform watchos -o /Users/admin/builder/spi-builder-workspace/.derivedData/Build/Products/Debug-watchos/FeedKit_FeedKit.bundle/Info.plist
CpResource /Users/admin/builder/spi-builder-workspace/.derivedData/Build/Products/Debug-watchos/FeedKit_FeedKit.bundle/cache.sql /Users/admin/builder/spi-builder-workspace/Sources/FeedKit/Resources/cache.sql (in target 'FeedKit_FeedKit' from project 'FeedKit')
cd /Users/admin/builder/spi-builder-workspace
builtin-copy -exclude .DS_Store -exclude CVS -exclude .svn -exclude .git -exclude .hg -resolve-src-symlinks /Users/admin/builder/spi-builder-workspace/Sources/FeedKit/Resources/cache.sql /Users/admin/builder/spi-builder-workspace/.derivedData/Build/Products/Debug-watchos/FeedKit_FeedKit.bundle
CpResource /Users/admin/builder/spi-builder-workspace/.derivedData/Build/Products/Debug-watchos/FeedKit_FeedKit.bundle/user.sql /Users/admin/builder/spi-builder-workspace/Sources/FeedKit/Resources/user.sql (in target 'FeedKit_FeedKit' from project 'FeedKit')
cd /Users/admin/builder/spi-builder-workspace
builtin-copy -exclude .DS_Store -exclude CVS -exclude .svn -exclude .git -exclude .hg -resolve-src-symlinks /Users/admin/builder/spi-builder-workspace/Sources/FeedKit/Resources/user.sql /Users/admin/builder/spi-builder-workspace/.derivedData/Build/Products/Debug-watchos/FeedKit_FeedKit.bundle
RegisterExecutionPolicyException /Users/admin/builder/spi-builder-workspace/.derivedData/Build/Products/Debug-watchos/FeedKit_FeedKit.bundle (in target 'FeedKit_FeedKit' from project 'FeedKit')
cd /Users/admin/builder/spi-builder-workspace
builtin-RegisterExecutionPolicyException /Users/admin/builder/spi-builder-workspace/.derivedData/Build/Products/Debug-watchos/FeedKit_FeedKit.bundle
Touch /Users/admin/builder/spi-builder-workspace/.derivedData/Build/Products/Debug-watchos/FeedKit_FeedKit.bundle (in target 'FeedKit_FeedKit' from project 'FeedKit')
cd /Users/admin/builder/spi-builder-workspace
/usr/bin/touch -c /Users/admin/builder/spi-builder-workspace/.derivedData/Build/Products/Debug-watchos/FeedKit_FeedKit.bundle
SwiftDriver Ola normal arm64_32 com.apple.xcode.tools.swift.compiler (in target 'Ola' from project 'Ola')
cd /Users/admin/builder/spi-builder-workspace/.swiftpm/xcode
builtin-SwiftDriver -- /Applications/Xcode-27.0.0-Release.Candidate.app/Contents/Developer/Toolchains/XcodeDefault.xctoolchain/usr/bin/swiftc -parse-as-library -module-name Ola -Onone @/Users/admin/builder/spi-builder-workspace/.derivedData/Build/Intermediates.noindex/Ola.build/Debug-watchos/Ola-t.build/Objects-normal/arm64_32/Ola.SwiftFileList -DSWIFT_PACKAGE -DDEBUG -DSWIFT_MODULE_RESOURCE_BUNDLE_UNAVAILABLE -DXcode -plugin-path /Applications/Xcode-27.0.0-Release.Candidate.app/Contents/Developer/Toolchains/XcodeDefault.xctoolchain/usr/lib/swift/host/plugins/testing -enable-experimental-feature DebugDescriptionMacro -sdk /Applications/Xcode-27.0.0-Release.Candidate.app/Contents/Developer/Platforms/WatchOS.platform/Developer/SDKs/WatchOS27.0.sdk -target arm64_32-apple-watchos9.0 -g -module-cache-path /Users/admin/builder/spi-builder-workspace/.derivedData/ModuleCache.noindex -Xfrontend -serialize-debugging-options -profile-coverage-mapping -profile-generate -enable-testing -suppress-warnings -index-store-path /Users/admin/builder/spi-builder-workspace/.derivedData/Index.noindex/DataStore -Xcc -D_LIBCPP_HARDENING_MODE\=_LIBCPP_HARDENING_MODE_DEBUG -swift-version 5 -I /Users/admin/builder/spi-builder-workspace/.derivedData/Build/Products/Debug-watchos -Isystem /Applications/Xcode-27.0.0-Release.Candidate.app/Contents/Developer/Platforms/WatchOS.platform/Developer/usr/lib -F /Users/admin/builder/spi-builder-workspace/.derivedData/Build/Products/Debug-watchos -F /Applications/Xcode-27.0.0-Release.Candidate.app/Contents/Developer/Platforms/WatchOS.platform/Developer/Library/Frameworks -F /Applications/Xcode-27.0.0-Release.Candidate.app/Contents/Developer/Platforms/WatchOS.platform/Developer/SDKs/WatchOS27.0.sdk/Developer/Library/Frameworks -c -j10 -enable-batch-mode -incremental -Xcc -ivfsstatcache -Xcc /Users/admin/builder/spi-builder-workspace/.derivedData/SDKStatCaches.noindex/watchos27.0-24R360-e829b21a6f8c9b70876ba0858053c04477534ef55a1706bf4c1112bbb242f0a2.sdkstatcache -output-file-map /Users/admin/builder/spi-builder-workspace/.derivedData/Build/Intermediates.noindex/Ola.build/Debug-watchos/Ola-t.build/Objects-normal/arm64_32/Ola-OutputFileMap.json -save-temps -no-color-diagnostics -explicit-module-build -module-cache-path /Users/admin/builder/spi-builder-workspace/.derivedData/Build/Intermediates.noindex/SwiftExplicitPrecompiledModules -clang-scanner-module-cache-path /Users/admin/builder/spi-builder-workspace/.derivedData/ModuleCache.noindex -sdk-module-cache-path /Users/admin/builder/spi-builder-workspace/.derivedData/SDKExplicitPrecompiledModules -emit-dependencies -emit-module -emit-module-path /Users/admin/builder/spi-builder-workspace/.derivedData/Build/Intermediates.noindex/Ola.build/Debug-watchos/Ola-t.build/Objects-normal/arm64_32/Ola.swiftmodule -serialize-diagnostics -dependency-scan-serialize-diagnostics-path /Users/admin/builder/spi-builder-workspace/.derivedData/Build/Intermediates.noindex/Ola.build/Debug-watchos/Ola-t.build/Objects-normal/arm64_32/Ola-dependency-scan.dia -validate-clang-modules-once -clang-build-session-file /Users/admin/builder/spi-builder-workspace/.derivedData/ModuleCache.noindex/Session.modulevalidation -Xcc -fmodules-prune-interval\=86400 -Xcc -fmodules-prune-after\=345600 -emit-const-values -const-gather-protocols-list /Users/admin/builder/spi-builder-workspace/.derivedData/Build/Intermediates.noindex/Ola.build/Debug-watchos/Ola-t.build/Objects-normal/arm64_32/Ola_const_extract_protocols.json -Xcc -I/Users/admin/builder/spi-builder-workspace/.derivedData/Build/Products/Debug-watchos/include -Xcc -I/Users/admin/builder/spi-builder-workspace/.derivedData/Build/Intermediates.noindex/Ola.build/Debug-watchos/Ola-t.build/DerivedSources-normal/arm64_32 -Xcc -I/Users/admin/builder/spi-builder-workspace/.derivedData/Build/Intermediates.noindex/Ola.build/Debug-watchos/Ola-t.build/DerivedSources/arm64_32 -Xcc -I/Users/admin/builder/spi-builder-workspace/.derivedData/Build/Intermediates.noindex/Ola.build/Debug-watchos/Ola-t.build/DerivedSources -Xcc -DSWIFT_PACKAGE -Xcc -DDEBUG\=1 -emit-objc-header -emit-objc-header-path /Users/admin/builder/spi-builder-workspace/.derivedData/Build/Intermediates.noindex/Ola.build/Debug-watchos/Ola-t.build/Objects-normal/arm64_32/Ola-Swift.h -working-directory /Users/admin/builder/spi-builder-workspace/.swiftpm/xcode -experimental-emit-module-separately -disable-cmo
/Users/admin/builder/spi-builder-workspace/.dependencies/checkouts/ola/Sources/Ola/Ola.swift:10:8: error: Unable to resolve module dependency: 'SystemConfiguration' (in target 'Ola' from project 'Ola')
note: A dependency of main module 'Ola'
/Users/admin/builder/spi-builder-workspace/.dependencies/checkouts/ola/Sources/Ola/Ola.swift:10:8: note: A dependency of main module 'Ola'
import SystemConfiguration
^ (in target 'Ola' from project 'Ola')
SwiftDriver Ola normal arm64 com.apple.xcode.tools.swift.compiler (in target 'Ola' from project 'Ola')
cd /Users/admin/builder/spi-builder-workspace/.swiftpm/xcode
builtin-SwiftDriver -- /Applications/Xcode-27.0.0-Release.Candidate.app/Contents/Developer/Toolchains/XcodeDefault.xctoolchain/usr/bin/swiftc -parse-as-library -module-name Ola -Onone @/Users/admin/builder/spi-builder-workspace/.derivedData/Build/Intermediates.noindex/Ola.build/Debug-watchos/Ola-t.build/Objects-normal/arm64/Ola.SwiftFileList -DSWIFT_PACKAGE -DDEBUG -DSWIFT_MODULE_RESOURCE_BUNDLE_UNAVAILABLE -DXcode -plugin-path /Applications/Xcode-27.0.0-Release.Candidate.app/Contents/Developer/Toolchains/XcodeDefault.xctoolchain/usr/lib/swift/host/plugins/testing -enable-experimental-feature DebugDescriptionMacro -sdk /Applications/Xcode-27.0.0-Release.Candidate.app/Contents/Developer/Platforms/WatchOS.platform/Developer/SDKs/WatchOS27.0.sdk -target arm64-apple-watchos9.0 -g -module-cache-path /Users/admin/builder/spi-builder-workspace/.derivedData/ModuleCache.noindex -Xfrontend -serialize-debugging-options -profile-coverage-mapping -profile-generate -enable-testing -suppress-warnings -index-store-path /Users/admin/builder/spi-builder-workspace/.derivedData/Index.noindex/DataStore -Xcc -D_LIBCPP_HARDENING_MODE\=_LIBCPP_HARDENING_MODE_DEBUG -swift-version 5 -I /Users/admin/builder/spi-builder-workspace/.derivedData/Build/Products/Debug-watchos -Isystem /Applications/Xcode-27.0.0-Release.Candidate.app/Contents/Developer/Platforms/WatchOS.platform/Developer/usr/lib -F /Users/admin/builder/spi-builder-workspace/.derivedData/Build/Products/Debug-watchos -F /Applications/Xcode-27.0.0-Release.Candidate.app/Contents/Developer/Platforms/WatchOS.platform/Developer/Library/Frameworks -F /Applications/Xcode-27.0.0-Release.Candidate.app/Contents/Developer/Platforms/WatchOS.platform/Developer/SDKs/WatchOS27.0.sdk/Developer/Library/Frameworks -c -j10 -enable-batch-mode -incremental -Xcc -ivfsstatcache -Xcc /Users/admin/builder/spi-builder-workspace/.derivedData/SDKStatCaches.noindex/watchos27.0-24R360-e829b21a6f8c9b70876ba0858053c04477534ef55a1706bf4c1112bbb242f0a2.sdkstatcache -output-file-map /Users/admin/builder/spi-builder-workspace/.derivedData/Build/Intermediates.noindex/Ola.build/Debug-watchos/Ola-t.build/Objects-normal/arm64/Ola-OutputFileMap.json -save-temps -no-color-diagnostics -explicit-module-build -module-cache-path /Users/admin/builder/spi-builder-workspace/.derivedData/Build/Intermediates.noindex/SwiftExplicitPrecompiledModules -clang-scanner-module-cache-path /Users/admin/builder/spi-builder-workspace/.derivedData/ModuleCache.noindex -sdk-module-cache-path /Users/admin/builder/spi-builder-workspace/.derivedData/SDKExplicitPrecompiledModules -emit-dependencies -emit-module -emit-module-path /Users/admin/builder/spi-builder-workspace/.derivedData/Build/Intermediates.noindex/Ola.build/Debug-watchos/Ola-t.build/Objects-normal/arm64/Ola.swiftmodule -serialize-diagnostics -dependency-scan-serialize-diagnostics-path /Users/admin/builder/spi-builder-workspace/.derivedData/Build/Intermediates.noindex/Ola.build/Debug-watchos/Ola-t.build/Objects-normal/arm64/Ola-dependency-scan.dia -validate-clang-modules-once -clang-build-session-file /Users/admin/builder/spi-builder-workspace/.derivedData/ModuleCache.noindex/Session.modulevalidation -Xcc -fmodules-prune-interval\=86400 -Xcc -fmodules-prune-after\=345600 -emit-const-values -const-gather-protocols-list /Users/admin/builder/spi-builder-workspace/.derivedData/Build/Intermediates.noindex/Ola.build/Debug-watchos/Ola-t.build/Objects-normal/arm64/Ola_const_extract_protocols.json -Xcc -I/Users/admin/builder/spi-builder-workspace/.derivedData/Build/Products/Debug-watchos/include -Xcc -I/Users/admin/builder/spi-builder-workspace/.derivedData/Build/Intermediates.noindex/Ola.build/Debug-watchos/Ola-t.build/DerivedSources-normal/arm64 -Xcc -I/Users/admin/builder/spi-builder-workspace/.derivedData/Build/Intermediates.noindex/Ola.build/Debug-watchos/Ola-t.build/DerivedSources/arm64 -Xcc -I/Users/admin/builder/spi-builder-workspace/.derivedData/Build/Intermediates.noindex/Ola.build/Debug-watchos/Ola-t.build/DerivedSources -Xcc -DSWIFT_PACKAGE -Xcc -DDEBUG\=1 -emit-objc-header -emit-objc-header-path /Users/admin/builder/spi-builder-workspace/.derivedData/Build/Intermediates.noindex/Ola.build/Debug-watchos/Ola-t.build/Objects-normal/arm64/Ola-Swift.h -working-directory /Users/admin/builder/spi-builder-workspace/.swiftpm/xcode -experimental-emit-module-separately -disable-cmo
/Users/admin/builder/spi-builder-workspace/.dependencies/checkouts/ola/Sources/Ola/Ola.swift:10:8: error: Unable to resolve module dependency: 'SystemConfiguration' (in target 'Ola' from project 'Ola')
note: A dependency of main module 'Ola'
/Users/admin/builder/spi-builder-workspace/.dependencies/checkouts/ola/Sources/Ola/Ola.swift:10:8: note: A dependency of main module 'Ola'
import SystemConfiguration
^ (in target 'Ola' from project 'Ola')
SwiftDriver Patron normal arm64 com.apple.xcode.tools.swift.compiler (in target 'Patron' from project 'Patron')
cd /Users/admin/builder/spi-builder-workspace/.swiftpm/xcode
builtin-SwiftDriver -- /Applications/Xcode-27.0.0-Release.Candidate.app/Contents/Developer/Toolchains/XcodeDefault.xctoolchain/usr/bin/swiftc -parse-as-library -module-name Patron -Onone @/Users/admin/builder/spi-builder-workspace/.derivedData/Build/Intermediates.noindex/Patron.build/Debug-watchos/Patron-t.build/Objects-normal/arm64/Patron.SwiftFileList -DSWIFT_PACKAGE -DDEBUG -DSWIFT_MODULE_RESOURCE_BUNDLE_UNAVAILABLE -DXcode -plugin-path /Applications/Xcode-27.0.0-Release.Candidate.app/Contents/Developer/Toolchains/XcodeDefault.xctoolchain/usr/lib/swift/host/plugins/testing -enable-experimental-feature DebugDescriptionMacro -sdk /Applications/Xcode-27.0.0-Release.Candidate.app/Contents/Developer/Platforms/WatchOS.platform/Developer/SDKs/WatchOS27.0.sdk -target arm64-apple-watchos9.0 -g -module-cache-path /Users/admin/builder/spi-builder-workspace/.derivedData/ModuleCache.noindex -Xfrontend -serialize-debugging-options -profile-coverage-mapping -profile-generate -enable-testing -suppress-warnings -index-store-path /Users/admin/builder/spi-builder-workspace/.derivedData/Index.noindex/DataStore -Xcc -D_LIBCPP_HARDENING_MODE\=_LIBCPP_HARDENING_MODE_DEBUG -swift-version 5 -I /Users/admin/builder/spi-builder-workspace/.derivedData/Build/Products/Debug-watchos -Isystem /Applications/Xcode-27.0.0-Release.Candidate.app/Contents/Developer/Platforms/WatchOS.platform/Developer/usr/lib -F /Users/admin/builder/spi-builder-workspace/.derivedData/Build/Products/Debug-watchos -F /Applications/Xcode-27.0.0-Release.Candidate.app/Contents/Developer/Platforms/WatchOS.platform/Developer/Library/Frameworks -F /Applications/Xcode-27.0.0-Release.Candidate.app/Contents/Developer/Platforms/WatchOS.platform/Developer/SDKs/WatchOS27.0.sdk/Developer/Library/Frameworks -c -j10 -enable-batch-mode -incremental -Xcc -ivfsstatcache -Xcc /Users/admin/builder/spi-builder-workspace/.derivedData/SDKStatCaches.noindex/watchos27.0-24R360-e829b21a6f8c9b70876ba0858053c04477534ef55a1706bf4c1112bbb242f0a2.sdkstatcache -output-file-map /Users/admin/builder/spi-builder-workspace/.derivedData/Build/Intermediates.noindex/Patron.build/Debug-watchos/Patron-t.build/Objects-normal/arm64/Patron-OutputFileMap.json -save-temps -no-color-diagnostics -explicit-module-build -module-cache-path /Users/admin/builder/spi-builder-workspace/.derivedData/Build/Intermediates.noindex/SwiftExplicitPrecompiledModules -clang-scanner-module-cache-path /Users/admin/builder/spi-builder-workspace/.derivedData/ModuleCache.noindex -sdk-module-cache-path /Users/admin/builder/spi-builder-workspace/.derivedData/SDKExplicitPrecompiledModules -emit-dependencies -emit-module -emit-module-path /Users/admin/builder/spi-builder-workspace/.derivedData/Build/Intermediates.noindex/Patron.build/Debug-watchos/Patron-t.build/Objects-normal/arm64/Patron.swiftmodule -serialize-diagnostics -dependency-scan-serialize-diagnostics-path /Users/admin/builder/spi-builder-workspace/.derivedData/Build/Intermediates.noindex/Patron.build/Debug-watchos/Patron-t.build/Objects-normal/arm64/Patron-dependency-scan.dia -validate-clang-modules-once -clang-build-session-file /Users/admin/builder/spi-builder-workspace/.derivedData/ModuleCache.noindex/Session.modulevalidation -Xcc -fmodules-prune-interval\=86400 -Xcc -fmodules-prune-after\=345600 -emit-const-values -const-gather-protocols-list /Users/admin/builder/spi-builder-workspace/.derivedData/Build/Intermediates.noindex/Patron.build/Debug-watchos/Patron-t.build/Objects-normal/arm64/Patron_const_extract_protocols.json -Xcc -I/Users/admin/builder/spi-builder-workspace/.derivedData/Build/Products/Debug-watchos/include -Xcc -I/Users/admin/builder/spi-builder-workspace/.derivedData/Build/Intermediates.noindex/Patron.build/Debug-watchos/Patron-t.build/DerivedSources-normal/arm64 -Xcc -I/Users/admin/builder/spi-builder-workspace/.derivedData/Build/Intermediates.noindex/Patron.build/Debug-watchos/Patron-t.build/DerivedSources/arm64 -Xcc -I/Users/admin/builder/spi-builder-workspace/.derivedData/Build/Intermediates.noindex/Patron.build/Debug-watchos/Patron-t.build/DerivedSources -Xcc -DSWIFT_PACKAGE -Xcc -DDEBUG\=1 -emit-objc-header -emit-objc-header-path /Users/admin/builder/spi-builder-workspace/.derivedData/Build/Intermediates.noindex/Patron.build/Debug-watchos/Patron-t.build/Objects-normal/arm64/Patron-Swift.h -working-directory /Users/admin/builder/spi-builder-workspace/.swiftpm/xcode -experimental-emit-module-separately -disable-cmo
SwiftDriver Skull normal arm64 com.apple.xcode.tools.swift.compiler (in target 'Skull' from project 'Skull')
cd /Users/admin/builder/spi-builder-workspace/.swiftpm/xcode
builtin-SwiftDriver -- /Applications/Xcode-27.0.0-Release.Candidate.app/Contents/Developer/Toolchains/XcodeDefault.xctoolchain/usr/bin/swiftc -parse-as-library -module-name Skull -Onone @/Users/admin/builder/spi-builder-workspace/.derivedData/Build/Intermediates.noindex/Skull.build/Debug-watchos/Skull-t.build/Objects-normal/arm64/Skull.SwiftFileList -DSWIFT_PACKAGE -DDEBUG -DSWIFT_MODULE_RESOURCE_BUNDLE_UNAVAILABLE -DXcode -plugin-path /Applications/Xcode-27.0.0-Release.Candidate.app/Contents/Developer/Toolchains/XcodeDefault.xctoolchain/usr/lib/swift/host/plugins/testing -enable-experimental-feature DebugDescriptionMacro -sdk /Applications/Xcode-27.0.0-Release.Candidate.app/Contents/Developer/Platforms/WatchOS.platform/Developer/SDKs/WatchOS27.0.sdk -target arm64-apple-watchos9.0 -g -module-cache-path /Users/admin/builder/spi-builder-workspace/.derivedData/ModuleCache.noindex -Xfrontend -serialize-debugging-options -profile-coverage-mapping -profile-generate -enable-testing -suppress-warnings -index-store-path /Users/admin/builder/spi-builder-workspace/.derivedData/Index.noindex/DataStore -Xcc -D_LIBCPP_HARDENING_MODE\=_LIBCPP_HARDENING_MODE_DEBUG -swift-version 4.2 -I /Users/admin/builder/spi-builder-workspace/.derivedData/Build/Products/Debug-watchos -Isystem /Applications/Xcode-27.0.0-Release.Candidate.app/Contents/Developer/Platforms/WatchOS.platform/Developer/usr/lib -F /Users/admin/builder/spi-builder-workspace/.derivedData/Build/Products/Debug-watchos -F /Applications/Xcode-27.0.0-Release.Candidate.app/Contents/Developer/Platforms/WatchOS.platform/Developer/Library/Frameworks -F /Applications/Xcode-27.0.0-Release.Candidate.app/Contents/Developer/Platforms/WatchOS.platform/Developer/SDKs/WatchOS27.0.sdk/Developer/Library/Frameworks -c -j10 -enable-batch-mode -incremental -Xcc -ivfsstatcache -Xcc /Users/admin/builder/spi-builder-workspace/.derivedData/SDKStatCaches.noindex/watchos27.0-24R360-e829b21a6f8c9b70876ba0858053c04477534ef55a1706bf4c1112bbb242f0a2.sdkstatcache -output-file-map /Users/admin/builder/spi-builder-workspace/.derivedData/Build/Intermediates.noindex/Skull.build/Debug-watchos/Skull-t.build/Objects-normal/arm64/Skull-OutputFileMap.json -save-temps -no-color-diagnostics -emit-dependencies -emit-module -emit-module-path /Users/admin/builder/spi-builder-workspace/.derivedData/Build/Intermediates.noindex/Skull.build/Debug-watchos/Skull-t.build/Objects-normal/arm64/Skull.swiftmodule -serialize-diagnostics -validate-clang-modules-once -clang-build-session-file /Users/admin/builder/spi-builder-workspace/.derivedData/ModuleCache.noindex/Session.modulevalidation -Xcc -fmodules-prune-interval\=86400 -Xcc -fmodules-prune-after\=345600 -emit-const-values -const-gather-protocols-list /Users/admin/builder/spi-builder-workspace/.derivedData/Build/Intermediates.noindex/Skull.build/Debug-watchos/Skull-t.build/Objects-normal/arm64/Skull_const_extract_protocols.json -Xcc -I/Users/admin/builder/spi-builder-workspace/.derivedData/Build/Products/Debug-watchos/include -Xcc -I/Users/admin/builder/spi-builder-workspace/.derivedData/Build/Intermediates.noindex/Skull.build/Debug-watchos/Skull-t.build/DerivedSources-normal/arm64 -Xcc -I/Users/admin/builder/spi-builder-workspace/.derivedData/Build/Intermediates.noindex/Skull.build/Debug-watchos/Skull-t.build/DerivedSources/arm64 -Xcc -I/Users/admin/builder/spi-builder-workspace/.derivedData/Build/Intermediates.noindex/Skull.build/Debug-watchos/Skull-t.build/DerivedSources -Xcc -DSWIFT_PACKAGE -Xcc -DDEBUG\=1 -emit-objc-header -emit-objc-header-path /Users/admin/builder/spi-builder-workspace/.derivedData/Build/Intermediates.noindex/Skull.build/Debug-watchos/Skull-t.build/Objects-normal/arm64/Skull-Swift.h -working-directory /Users/admin/builder/spi-builder-workspace/.swiftpm/xcode -experimental-emit-module-separately -disable-cmo
SwiftDriver Skull normal arm64_32 com.apple.xcode.tools.swift.compiler (in target 'Skull' from project 'Skull')
cd /Users/admin/builder/spi-builder-workspace/.swiftpm/xcode
builtin-SwiftDriver -- /Applications/Xcode-27.0.0-Release.Candidate.app/Contents/Developer/Toolchains/XcodeDefault.xctoolchain/usr/bin/swiftc -parse-as-library -module-name Skull -Onone @/Users/admin/builder/spi-builder-workspace/.derivedData/Build/Intermediates.noindex/Skull.build/Debug-watchos/Skull-t.build/Objects-normal/arm64_32/Skull.SwiftFileList -DSWIFT_PACKAGE -DDEBUG -DSWIFT_MODULE_RESOURCE_BUNDLE_UNAVAILABLE -DXcode -plugin-path /Applications/Xcode-27.0.0-Release.Candidate.app/Contents/Developer/Toolchains/XcodeDefault.xctoolchain/usr/lib/swift/host/plugins/testing -enable-experimental-feature DebugDescriptionMacro -sdk /Applications/Xcode-27.0.0-Release.Candidate.app/Contents/Developer/Platforms/WatchOS.platform/Developer/SDKs/WatchOS27.0.sdk -target arm64_32-apple-watchos9.0 -g -module-cache-path /Users/admin/builder/spi-builder-workspace/.derivedData/ModuleCache.noindex -Xfrontend -serialize-debugging-options -profile-coverage-mapping -profile-generate -enable-testing -suppress-warnings -index-store-path /Users/admin/builder/spi-builder-workspace/.derivedData/Index.noindex/DataStore -Xcc -D_LIBCPP_HARDENING_MODE\=_LIBCPP_HARDENING_MODE_DEBUG -swift-version 4.2 -I /Users/admin/builder/spi-builder-workspace/.derivedData/Build/Products/Debug-watchos -Isystem /Applications/Xcode-27.0.0-Release.Candidate.app/Contents/Developer/Platforms/WatchOS.platform/Developer/usr/lib -F /Users/admin/builder/spi-builder-workspace/.derivedData/Build/Products/Debug-watchos -F /Applications/Xcode-27.0.0-Release.Candidate.app/Contents/Developer/Platforms/WatchOS.platform/Developer/Library/Frameworks -F /Applications/Xcode-27.0.0-Release.Candidate.app/Contents/Developer/Platforms/WatchOS.platform/Developer/SDKs/WatchOS27.0.sdk/Developer/Library/Frameworks -c -j10 -enable-batch-mode -incremental -Xcc -ivfsstatcache -Xcc /Users/admin/builder/spi-builder-workspace/.derivedData/SDKStatCaches.noindex/watchos27.0-24R360-e829b21a6f8c9b70876ba0858053c04477534ef55a1706bf4c1112bbb242f0a2.sdkstatcache -output-file-map /Users/admin/builder/spi-builder-workspace/.derivedData/Build/Intermediates.noindex/Skull.build/Debug-watchos/Skull-t.build/Objects-normal/arm64_32/Skull-OutputFileMap.json -save-temps -no-color-diagnostics -emit-dependencies -emit-module -emit-module-path /Users/admin/builder/spi-builder-workspace/.derivedData/Build/Intermediates.noindex/Skull.build/Debug-watchos/Skull-t.build/Objects-normal/arm64_32/Skull.swiftmodule -serialize-diagnostics -validate-clang-modules-once -clang-build-session-file /Users/admin/builder/spi-builder-workspace/.derivedData/ModuleCache.noindex/Session.modulevalidation -Xcc -fmodules-prune-interval\=86400 -Xcc -fmodules-prune-after\=345600 -emit-const-values -const-gather-protocols-list /Users/admin/builder/spi-builder-workspace/.derivedData/Build/Intermediates.noindex/Skull.build/Debug-watchos/Skull-t.build/Objects-normal/arm64_32/Skull_const_extract_protocols.json -Xcc -I/Users/admin/builder/spi-builder-workspace/.derivedData/Build/Products/Debug-watchos/include -Xcc -I/Users/admin/builder/spi-builder-workspace/.derivedData/Build/Intermediates.noindex/Skull.build/Debug-watchos/Skull-t.build/DerivedSources-normal/arm64_32 -Xcc -I/Users/admin/builder/spi-builder-workspace/.derivedData/Build/Intermediates.noindex/Skull.build/Debug-watchos/Skull-t.build/DerivedSources/arm64_32 -Xcc -I/Users/admin/builder/spi-builder-workspace/.derivedData/Build/Intermediates.noindex/Skull.build/Debug-watchos/Skull-t.build/DerivedSources -Xcc -DSWIFT_PACKAGE -Xcc -DDEBUG\=1 -emit-objc-header -emit-objc-header-path /Users/admin/builder/spi-builder-workspace/.derivedData/Build/Intermediates.noindex/Skull.build/Debug-watchos/Skull-t.build/Objects-normal/arm64_32/Skull-Swift.h -working-directory /Users/admin/builder/spi-builder-workspace/.swiftpm/xcode -experimental-emit-module-separately -disable-cmo
SwiftDriver Patron normal arm64_32 com.apple.xcode.tools.swift.compiler (in target 'Patron' from project 'Patron')
cd /Users/admin/builder/spi-builder-workspace/.swiftpm/xcode
builtin-SwiftDriver -- /Applications/Xcode-27.0.0-Release.Candidate.app/Contents/Developer/Toolchains/XcodeDefault.xctoolchain/usr/bin/swiftc -parse-as-library -module-name Patron -Onone @/Users/admin/builder/spi-builder-workspace/.derivedData/Build/Intermediates.noindex/Patron.build/Debug-watchos/Patron-t.build/Objects-normal/arm64_32/Patron.SwiftFileList -DSWIFT_PACKAGE -DDEBUG -DSWIFT_MODULE_RESOURCE_BUNDLE_UNAVAILABLE -DXcode -plugin-path /Applications/Xcode-27.0.0-Release.Candidate.app/Contents/Developer/Toolchains/XcodeDefault.xctoolchain/usr/lib/swift/host/plugins/testing -enable-experimental-feature DebugDescriptionMacro -sdk /Applications/Xcode-27.0.0-Release.Candidate.app/Contents/Developer/Platforms/WatchOS.platform/Developer/SDKs/WatchOS27.0.sdk -target arm64_32-apple-watchos9.0 -g -module-cache-path /Users/admin/builder/spi-builder-workspace/.derivedData/ModuleCache.noindex -Xfrontend -serialize-debugging-options -profile-coverage-mapping -profile-generate -enable-testing -suppress-warnings -index-store-path /Users/admin/builder/spi-builder-workspace/.derivedData/Index.noindex/DataStore -Xcc -D_LIBCPP_HARDENING_MODE\=_LIBCPP_HARDENING_MODE_DEBUG -swift-version 5 -I /Users/admin/builder/spi-builder-workspace/.derivedData/Build/Products/Debug-watchos -Isystem /Applications/Xcode-27.0.0-Release.Candidate.app/Contents/Developer/Platforms/WatchOS.platform/Developer/usr/lib -F /Users/admin/builder/spi-builder-workspace/.derivedData/Build/Products/Debug-watchos -F /Applications/Xcode-27.0.0-Release.Candidate.app/Contents/Developer/Platforms/WatchOS.platform/Developer/Library/Frameworks -F /Applications/Xcode-27.0.0-Release.Candidate.app/Contents/Developer/Platforms/WatchOS.platform/Developer/SDKs/WatchOS27.0.sdk/Developer/Library/Frameworks -c -j10 -enable-batch-mode -incremental -Xcc -ivfsstatcache -Xcc /Users/admin/builder/spi-builder-workspace/.derivedData/SDKStatCaches.noindex/watchos27.0-24R360-e829b21a6f8c9b70876ba0858053c04477534ef55a1706bf4c1112bbb242f0a2.sdkstatcache -output-file-map /Users/admin/builder/spi-builder-workspace/.derivedData/Build/Intermediates.noindex/Patron.build/Debug-watchos/Patron-t.build/Objects-normal/arm64_32/Patron-OutputFileMap.json -save-temps -no-color-diagnostics -explicit-module-build -module-cache-path /Users/admin/builder/spi-builder-workspace/.derivedData/Build/Intermediates.noindex/SwiftExplicitPrecompiledModules -clang-scanner-module-cache-path /Users/admin/builder/spi-builder-workspace/.derivedData/ModuleCache.noindex -sdk-module-cache-path /Users/admin/builder/spi-builder-workspace/.derivedData/SDKExplicitPrecompiledModules -emit-dependencies -emit-module -emit-module-path /Users/admin/builder/spi-builder-workspace/.derivedData/Build/Intermediates.noindex/Patron.build/Debug-watchos/Patron-t.build/Objects-normal/arm64_32/Patron.swiftmodule -serialize-diagnostics -dependency-scan-serialize-diagnostics-path /Users/admin/builder/spi-builder-workspace/.derivedData/Build/Intermediates.noindex/Patron.build/Debug-watchos/Patron-t.build/Objects-normal/arm64_32/Patron-dependency-scan.dia -validate-clang-modules-once -clang-build-session-file /Users/admin/builder/spi-builder-workspace/.derivedData/ModuleCache.noindex/Session.modulevalidation -Xcc -fmodules-prune-interval\=86400 -Xcc -fmodules-prune-after\=345600 -emit-const-values -const-gather-protocols-list /Users/admin/builder/spi-builder-workspace/.derivedData/Build/Intermediates.noindex/Patron.build/Debug-watchos/Patron-t.build/Objects-normal/arm64_32/Patron_const_extract_protocols.json -Xcc -I/Users/admin/builder/spi-builder-workspace/.derivedData/Build/Products/Debug-watchos/include -Xcc -I/Users/admin/builder/spi-builder-workspace/.derivedData/Build/Intermediates.noindex/Patron.build/Debug-watchos/Patron-t.build/DerivedSources-normal/arm64_32 -Xcc -I/Users/admin/builder/spi-builder-workspace/.derivedData/Build/Intermediates.noindex/Patron.build/Debug-watchos/Patron-t.build/DerivedSources/arm64_32 -Xcc -I/Users/admin/builder/spi-builder-workspace/.derivedData/Build/Intermediates.noindex/Patron.build/Debug-watchos/Patron-t.build/DerivedSources -Xcc -DSWIFT_PACKAGE -Xcc -DDEBUG\=1 -emit-objc-header -emit-objc-header-path /Users/admin/builder/spi-builder-workspace/.derivedData/Build/Intermediates.noindex/Patron.build/Debug-watchos/Patron-t.build/Objects-normal/arm64_32/Patron-Swift.h -working-directory /Users/admin/builder/spi-builder-workspace/.swiftpm/xcode -experimental-emit-module-separately -disable-cmo
SwiftCompile normal arm64_32 Compiling\ Skull.swift /Users/admin/builder/spi-builder-workspace/.dependencies/checkouts/skull/Sources/Skull/Skull.swift (in target 'Skull' from project 'Skull')
SwiftCompile normal arm64_32 /Users/admin/builder/spi-builder-workspace/.dependencies/checkouts/skull/Sources/Skull/Skull.swift (in target 'Skull' from project 'Skull')
cd /Users/admin/builder/spi-builder-workspace/.swiftpm/xcode
builtin-SwiftPerFileCompile Skull.swift
SwiftEmitModule normal arm64_32 Emitting\ module\ for\ Skull (in target 'Skull' from project 'Skull')
SwiftCompile normal arm64_32 (in target 'Skull' from project 'Skull')
cd /Users/admin/builder/spi-builder-workspace/.swiftpm/xcode
SwiftEmitModule normal arm64 Emitting\ module\ for\ Skull (in target 'Skull' from project 'Skull')
SwiftCompile normal arm64 (in target 'Skull' from project 'Skull')
cd /Users/admin/builder/spi-builder-workspace/.swiftpm/xcode
SwiftCompile normal arm64 Compiling\ Skull.swift /Users/admin/builder/spi-builder-workspace/.dependencies/checkouts/skull/Sources/Skull/Skull.swift (in target 'Skull' from project 'Skull')
SwiftCompile normal arm64 /Users/admin/builder/spi-builder-workspace/.dependencies/checkouts/skull/Sources/Skull/Skull.swift (in target 'Skull' from project 'Skull')
cd /Users/admin/builder/spi-builder-workspace/.swiftpm/xcode
builtin-SwiftPerFileCompile Skull.swift
PruneExplicitPrecompiledModules /Users/admin/builder/spi-builder-workspace/.derivedData/Build/Intermediates.noindex/SwiftExplicitPrecompiledModules
PruneExplicitPrecompiledModules /Users/admin/builder/spi-builder-workspace/.derivedData/Build/Intermediates.noindex/ExplicitPrecompiledModules
PruneExplicitPrecompiledModules /Users/admin/builder/spi-builder-workspace/.derivedData/SDKExplicitPrecompiledModules
2026-09-17 22:14:30.682 xcodebuild[982:5692] [MT] IDERunDestination: Supported platforms for the buildables in the current scheme is empty.
** BUILD FAILED **
The following build commands failed:
SwiftDriver Ola normal arm64_32 com.apple.xcode.tools.swift.compiler (in target 'Ola' from project 'Ola')
SwiftDriver Ola normal arm64 com.apple.xcode.tools.swift.compiler (in target 'Ola' from project 'Ola')
Building workspace FeedKit with scheme FeedKit
(3 failures)
Command line invocation:
/Applications/Xcode-27.0.0-Release.Candidate.app/Contents/Developer/usr/bin/xcodebuild -IDEClonedSourcePackagesDirPathOverride=/Users/admin/builder/spi-builder-workspace/.dependencies -resolvePackageDependencies
Resolve Package Graph
Resolved source packages:
FanboyKit: https://github.com/michaelnisi/fanboy-kit @ 9.0.0
swift-syntax: https://github.com/swiftlang/swift-syntax @ 604.0.0
FeedKit: /Users/admin/builder/spi-builder-workspace
swift-custom-dump: https://github.com/pointfreeco/swift-custom-dump @ 1.7.3
Ola: https://github.com/michaelnisi/ola @ 12.0.0
Patron: https://github.com/michaelnisi/patron @ 11.0.0
swift-issue-reporting: https://github.com/pointfreeco/swift-issue-reporting @ 2.1.0
MangerKit: https://github.com/michaelnisi/manger-kit @ 8.0.0
swift-snapshot-testing: https://github.com/pointfreeco/swift-snapshot-testing @ 1.19.5
Skull: https://github.com/michaelnisi/skull @ 11.0.4
resolved source packages: FanboyKit, swift-syntax, FeedKit, swift-custom-dump, Ola, Patron, swift-issue-reporting, MangerKit, swift-snapshot-testing, Skull
2026-09-17 22:14:35.707 xcodebuild[1075:6405] [MT] IDERunDestination: Supported platforms for the buildables in the current scheme is empty.
{
"dependencies" : [
{
"identity" : "manger-kit",
"requirement" : {
"range" : [
{
"lower_bound" : "8.0.0",
"upper_bound" : "9.0.0"
}
]
},
"type" : "sourceControl",
"url" : "https://github.com/michaelnisi/manger-kit"
},
{
"identity" : "fanboy-kit",
"requirement" : {
"range" : [
{
"lower_bound" : "9.0.0",
"upper_bound" : "10.0.0"
}
]
},
"type" : "sourceControl",
"url" : "https://github.com/michaelnisi/fanboy-kit"
},
{
"identity" : "ola",
"requirement" : {
"range" : [
{
"lower_bound" : "12.0.0",
"upper_bound" : "13.0.0"
}
]
},
"type" : "sourceControl",
"url" : "https://github.com/michaelnisi/ola"
},
{
"identity" : "skull",
"requirement" : {
"range" : [
{
"lower_bound" : "11.0.0",
"upper_bound" : "12.0.0"
}
]
},
"type" : "sourceControl",
"url" : "https://github.com/michaelnisi/skull"
},
{
"identity" : "swift-snapshot-testing",
"requirement" : {
"range" : [
{
"lower_bound" : "1.9.0",
"upper_bound" : "2.0.0"
}
]
},
"type" : "sourceControl",
"url" : "https://github.com/pointfreeco/swift-snapshot-testing"
}
],
"manifest_display_name" : "FeedKit",
"name" : "FeedKit",
"path" : "/Users/admin/builder/spi-builder-workspace",
"platforms" : [
{
"name" : "ios",
"version" : "13.0"
},
{
"name" : "macos",
"version" : "10.15"
}
],
"products" : [
{
"name" : "FeedKit",
"targets" : [
"FeedKit"
],
"type" : {
"library" : [
"automatic"
]
}
}
],
"targets" : [
{
"c99name" : "FeedKitTests",
"module_type" : "SwiftTarget",
"name" : "FeedKitTests",
"path" : "Tests/FeedKitTests",
"product_dependencies" : [
"SnapshotTesting"
],
"resources" : [
{
"path" : "/Users/admin/builder/spi-builder-workspace/Tests/FeedKitTests/Resources/entries.json",
"rule" : {
"process" : {
}
}
},
{
"path" : "/Users/admin/builder/spi-builder-workspace/Tests/FeedKitTests/Resources/feed_query.json",
"rule" : {
"process" : {
}
}
},
{
"path" : "/Users/admin/builder/spi-builder-workspace/Tests/FeedKitTests/Resources/feeds.json",
"rule" : {
"process" : {
}
}
},
{
"path" : "/Users/admin/builder/spi-builder-workspace/Tests/FeedKitTests/Resources/search.json",
"rule" : {
"process" : {
}
}
},
{
"path" : "/Users/admin/builder/spi-builder-workspace/Tests/FeedKitTests/__Snapshots__/LibrarySQLTests/testSQLToDeleteSuggestionsMatchingTerm.1.txt",
"rule" : {
"process" : {
}
}
},
{
"path" : "/Users/admin/builder/spi-builder-workspace/Tests/FeedKitTests/__Snapshots__/LibrarySQLTests/testSQLToInsertEntry.1.txt",
"rule" : {
"process" : {
}
}
},
{
"path" : "/Users/admin/builder/spi-builder-workspace/Tests/FeedKitTests/__Snapshots__/LibrarySQLTests/testSQLToInsertFeed.1.txt",
"rule" : {
"process" : {
}
}
},
{
"path" : "/Users/admin/builder/spi-builder-workspace/Tests/FeedKitTests/__Snapshots__/LibrarySQLTests/testSQLToSelectEntriesMatchingTerm.1.txt",
"rule" : {
"process" : {
}
}
},
{
"path" : "/Users/admin/builder/spi-builder-workspace/Tests/FeedKitTests/__Snapshots__/LibrarySQLTests/testSQLToSelectFeedsByTerm.1.txt",
"rule" : {
"process" : {
}
}
},
{
"path" : "/Users/admin/builder/spi-builder-workspace/Tests/FeedKitTests/__Snapshots__/LibrarySQLTests/testSQLToSelectFeedsMatchingTerm.1.txt",
"rule" : {
"process" : {
}
}
},
{
"path" : "/Users/admin/builder/spi-builder-workspace/Tests/FeedKitTests/__Snapshots__/LibrarySQLTests/testSQLToSelectSuggestionsForTerm.1.txt",
"rule" : {
"process" : {
}
}
},
{
"path" : "/Users/admin/builder/spi-builder-workspace/Tests/FeedKitTests/__Snapshots__/LibrarySQLTests/testSQLToUpdate.1.txt",
"rule" : {
"process" : {
}
}
},
{
"path" : "/Users/admin/builder/spi-builder-workspace/Tests/FeedKitTests/__Snapshots__/LibrarySQLTests/testSQLToUpdateFeed.1.txt",
"rule" : {
"process" : {
}
}
},
{
"path" : "/Users/admin/builder/spi-builder-workspace/Tests/FeedKitTests/__Snapshots__/LibrarySQLTests/testSQLToUpdateITunesFeed.should-keep-link.txt",
"rule" : {
"process" : {
}
}
},
{
"path" : "/Users/admin/builder/spi-builder-workspace/Tests/FeedKitTests/__Snapshots__/UserSQLTests/testSQLToQueueEntry.1.txt",
"rule" : {
"process" : {
}
}
},
{
"path" : "/Users/admin/builder/spi-builder-workspace/Tests/FeedKitTests/__Snapshots__/UserSQLTests/testSQLToQueueEntry.2.txt",
"rule" : {
"process" : {
}
}
},
{
"path" : "/Users/admin/builder/spi-builder-workspace/Tests/FeedKitTests/__Snapshots__/UserSQLTests/testSQLToQueueEntry.3.txt",
"rule" : {
"process" : {
}
}
},
{
"path" : "/Users/admin/builder/spi-builder-workspace/Tests/FeedKitTests/__Snapshots__/UserSQLTests/testSQLToReplaceSubscriptions.1.txt",
"rule" : {
"process" : {
}
}
},
{
"path" : "/Users/admin/builder/spi-builder-workspace/Tests/FeedKitTests/__Snapshots__/UserSQLTests/testSQLToReplaceSubscriptions.2.txt",
"rule" : {
"process" : {
}
}
},
{
"path" : "/Users/admin/builder/spi-builder-workspace/Tests/FeedKitTests/__Snapshots__/UserSQLTests/testSQLToReplaceSubscriptions.3.txt",
"rule" : {
"process" : {
}
}
},
{
"path" : "/Users/admin/builder/spi-builder-workspace/Tests/FeedKitTests/__Snapshots__/UserSQLTests/testSQLToReplaceSynced.1.txt",
"rule" : {
"process" : {
}
}
},
{
"path" : "/Users/admin/builder/spi-builder-workspace/Tests/FeedKitTests/__Snapshots__/UserSQLTests/testSQLToReplaceSynced.2.txt",
"rule" : {
"process" : {
}
}
},
{
"path" : "/Users/admin/builder/spi-builder-workspace/Tests/FeedKitTests/__Snapshots__/UserSQLTests/testSQLToReplaceSynced.3.txt",
"rule" : {
"process" : {
}
}
},
{
"path" : "/Users/admin/builder/spi-builder-workspace/Tests/FeedKitTests/__Snapshots__/UserSQLTests/testSQLToReplaceSynced.4.txt",
"rule" : {
"process" : {
}
}
}
],
"sources" : [
"FeedCacheTests.swift",
"FeedRepositoryTests.swift",
"HashTests.swift",
"LibrarySQLTests.swift",
"QueueTests.swift",
"SQLTests.swift",
"SearchRepositoryTests.swift",
"SerializeTests.swift",
"UserCacheTests.swift",
"UserLibraryTests.swift",
"UserSQLTests.swift",
"common.swift"
],
"target_dependencies" : [
"FeedKit"
],
"type" : "test"
},
{
"c99name" : "FeedKit",
"module_type" : "SwiftTarget",
"name" : "FeedKit",
"path" : "Sources/FeedKit",
"product_dependencies" : [
"MangerKit",
"FanboyKit",
"Ola",
"Skull"
],
"product_memberships" : [
"FeedKit"
],
"resources" : [
{
"path" : "/Users/admin/builder/spi-builder-workspace/Sources/FeedKit/Resources/cache.sql",
"rule" : {
"process" : {
}
}
},
{
"path" : "/Users/admin/builder/spi-builder-workspace/Sources/FeedKit/Resources/user.sql",
"rule" : {
"process" : {
}
}
}
],
"sources" : [
"Browse/Browsing.swift",
"Browse/FeedCache.swift",
"Browse/FeedRepository.swift",
"Browse/LibrarySQLFormatter.swift",
"Browse/Operation/BrowseOperation.swift",
"Browse/Operation/EntriesOperation.swift",
"Browse/Operation/FeedsOperation.swift",
"Browse/RemoteRepository.swift",
"Browse/serialize.swift",
"Cache/Caching.swift",
"Cache/SQLFormatter.swift",
"Cache/hash.swift",
"Core/Enclosure.swift",
"Core/Entry.swift",
"Core/EntryLocator.swift",
"Core/Feed.swift",
"Core/FeedKitError.swift",
"Core/ITunesItem.swift",
"Core/Redirectable.swift",
"Operation/ConcurrentOperation.swift",
"Operation/FeedURLsDependent.swift",
"Operation/LocatorsDependent.swift",
"Operation/Providing.swift",
"Operation/ReachHostOperation.swift",
"Operation/ReachabilityDependent.swift",
"Operation/Receiving.swift",
"Operation/SessionTaskOperation.swift",
"Search/Operation/SearchOperation.swift",
"Search/Operation/SearchRepoOperation.swift",
"Search/Operation/SuggestOperation.swift",
"Search/SearchRepository.swift",
"Search/Searching.swift",
"User/Operation/EnqueueOperation.swift",
"User/Operation/FetchQueueOperation.swift",
"User/Operation/FetchSubscribedFeedsOperation.swift",
"User/Operation/PrepareUpdateOperation.swift",
"User/Queued.swift",
"User/Subscribing.swift",
"User/Subscription.swift",
"User/UserCache.swift",
"User/UserLibrary.swift",
"User/UserSQLFormatter.swift",
"User/queue.swift"
],
"type" : "library"
}
],
"tools_version" : "5.3"
}
{
"workspace" : {
"name" : "FeedKit",
"schemes" : [
"FeedKit"
]
}
}
2026-09-17 22:14:37.394 xcodebuild[1084:6479] [MT] IDERunDestination: Supported platforms for the buildables in the current scheme is empty.
Running build ...
env DEVELOPER_DIR=/Applications/Xcode-27.0.0-Release.Candidate.app xcrun xcodebuild -IDEClonedSourcePackagesDirPathOverride=$PWD/.dependencies -skipMacroValidation -skipPackagePluginValidation -derivedDataPath $PWD/.derivedData build -scheme FeedKit -destination generic/platform=watchOS
Command line invocation:
/Applications/Xcode-27.0.0-Release.Candidate.app/Contents/Developer/usr/bin/xcodebuild -IDEClonedSourcePackagesDirPathOverride=/Users/admin/builder/spi-builder-workspace/.dependencies -skipMacroValidation -skipPackagePluginValidation -derivedDataPath /Users/admin/builder/spi-builder-workspace/.derivedData build -scheme FeedKit -destination generic/platform=watchOS
Resolve Package Graph
Resolved source packages:
FeedKit: /Users/admin/builder/spi-builder-workspace
swift-custom-dump: https://github.com/pointfreeco/swift-custom-dump @ 1.7.3
swift-snapshot-testing: https://github.com/pointfreeco/swift-snapshot-testing @ 1.19.5
swift-issue-reporting: https://github.com/pointfreeco/swift-issue-reporting @ 2.1.0
FanboyKit: https://github.com/michaelnisi/fanboy-kit @ 9.0.0
swift-syntax: https://github.com/swiftlang/swift-syntax @ 604.0.0
Patron: https://github.com/michaelnisi/patron @ 11.0.0
MangerKit: https://github.com/michaelnisi/manger-kit @ 8.0.0
Ola: https://github.com/michaelnisi/ola @ 12.0.0
Skull: https://github.com/michaelnisi/skull @ 11.0.4
ComputePackagePrebuildTargetDependencyGraph
Prepare packages
CreateBuildRequest
SendProjectDescription
CreateBuildOperation
ComputeTargetDependencyGraph
note: Building targets in dependency order
note: Target dependency graph (13 targets)
Target 'FeedKit-product' in project 'FeedKit'
➜ Explicit dependency on target 'FeedKit' in project 'FeedKit'
➜ Explicit dependency on target 'FeedKit_FeedKit' in project 'FeedKit'
➜ Explicit dependency on target 'MangerKit-product' in project 'MangerKit'
➜ Explicit dependency on target 'FanboyKit-product' in project 'FanboyKit'
➜ Explicit dependency on target 'Ola-product' in project 'Ola'
➜ Explicit dependency on target 'Skull-product' in project 'Skull'
Target 'FeedKit' in project 'FeedKit'
➜ Explicit dependency on target 'FeedKit_FeedKit' in project 'FeedKit'
➜ Explicit dependency on target 'MangerKit-product' in project 'MangerKit'
➜ Explicit dependency on target 'FanboyKit-product' in project 'FanboyKit'
➜ Explicit dependency on target 'Ola-product' in project 'Ola'
➜ Explicit dependency on target 'Skull-product' in project 'Skull'
Target 'Skull-product' in project 'Skull'
➜ Explicit dependency on target 'Skull' in project 'Skull'
Target 'Skull' in project 'Skull' (no dependencies)
Target 'Ola-product' in project 'Ola'
➜ Explicit dependency on target 'Ola' in project 'Ola'
Target 'Ola' in project 'Ola' (no dependencies)
Target 'FanboyKit-product' in project 'FanboyKit'
➜ Explicit dependency on target 'FanboyKit' in project 'FanboyKit'
➜ Explicit dependency on target 'Patron-product' in project 'Patron'
Target 'FanboyKit' in project 'FanboyKit'
➜ Explicit dependency on target 'Patron-product' in project 'Patron'
Target 'MangerKit-product' in project 'MangerKit'
➜ Explicit dependency on target 'MangerKit' in project 'MangerKit'
➜ Explicit dependency on target 'Patron-product' in project 'Patron'
Target 'MangerKit' in project 'MangerKit'
➜ Explicit dependency on target 'Patron-product' in project 'Patron'
Target 'Patron-product' in project 'Patron'
➜ Explicit dependency on target 'Patron' in project 'Patron'
Target 'Patron' in project 'Patron' (no dependencies)
Target 'FeedKit_FeedKit' in project 'FeedKit' (no dependencies)
GatherProvisioningInputs
CreateBuildDescription
ClangStatCache /Applications/Xcode-27.0.0-Release.Candidate.app/Contents/Developer/Toolchains/XcodeDefault.xctoolchain/usr/bin/clang-stat-cache /Applications/Xcode-27.0.0-Release.Candidate.app/Contents/Developer/Platforms/WatchOS.platform/Developer/SDKs/WatchOS27.0.sdk /Users/admin/builder/spi-builder-workspace/.derivedData/SDKStatCaches.noindex/watchos27.0-24R360-e829b21a6f8c9b70876ba0858053c04477534ef55a1706bf4c1112bbb242f0a2.sdkstatcache
cd /Users/admin/builder/spi-builder-workspace/.swiftpm/xcode
/Applications/Xcode-27.0.0-Release.Candidate.app/Contents/Developer/Toolchains/XcodeDefault.xctoolchain/usr/bin/clang-stat-cache /Applications/Xcode-27.0.0-Release.Candidate.app/Contents/Developer/Platforms/WatchOS.platform/Developer/SDKs/WatchOS27.0.sdk -o /Users/admin/builder/spi-builder-workspace/.derivedData/SDKStatCaches.noindex/watchos27.0-24R360-e829b21a6f8c9b70876ba0858053c04477534ef55a1706bf4c1112bbb242f0a2.sdkstatcache
SwiftDriver Patron normal arm64_32 com.apple.xcode.tools.swift.compiler (in target 'Patron' from project 'Patron')
cd /Users/admin/builder/spi-builder-workspace/.swiftpm/xcode
builtin-SwiftDriver -- /Applications/Xcode-27.0.0-Release.Candidate.app/Contents/Developer/Toolchains/XcodeDefault.xctoolchain/usr/bin/swiftc -parse-as-library -module-name Patron -Onone @/Users/admin/builder/spi-builder-workspace/.derivedData/Build/Intermediates.noindex/Patron.build/Debug-watchos/Patron-t.build/Objects-normal/arm64_32/Patron.SwiftFileList -DSWIFT_PACKAGE -DDEBUG -DSWIFT_MODULE_RESOURCE_BUNDLE_UNAVAILABLE -DXcode -plugin-path /Applications/Xcode-27.0.0-Release.Candidate.app/Contents/Developer/Toolchains/XcodeDefault.xctoolchain/usr/lib/swift/host/plugins/testing -enable-experimental-feature DebugDescriptionMacro -sdk /Applications/Xcode-27.0.0-Release.Candidate.app/Contents/Developer/Platforms/WatchOS.platform/Developer/SDKs/WatchOS27.0.sdk -target arm64_32-apple-watchos9.0 -g -module-cache-path /Users/admin/builder/spi-builder-workspace/.derivedData/ModuleCache.noindex -Xfrontend -serialize-debugging-options -profile-coverage-mapping -profile-generate -enable-testing -suppress-warnings -index-store-path /Users/admin/builder/spi-builder-workspace/.derivedData/Index.noindex/DataStore -Xcc -D_LIBCPP_HARDENING_MODE\=_LIBCPP_HARDENING_MODE_DEBUG -swift-version 5 -I /Users/admin/builder/spi-builder-workspace/.derivedData/Build/Products/Debug-watchos -Isystem /Applications/Xcode-27.0.0-Release.Candidate.app/Contents/Developer/Platforms/WatchOS.platform/Developer/usr/lib -F /Users/admin/builder/spi-builder-workspace/.derivedData/Build/Products/Debug-watchos -F /Applications/Xcode-27.0.0-Release.Candidate.app/Contents/Developer/Platforms/WatchOS.platform/Developer/Library/Frameworks -F /Applications/Xcode-27.0.0-Release.Candidate.app/Contents/Developer/Platforms/WatchOS.platform/Developer/SDKs/WatchOS27.0.sdk/Developer/Library/Frameworks -c -j10 -enable-batch-mode -incremental -Xcc -ivfsstatcache -Xcc /Users/admin/builder/spi-builder-workspace/.derivedData/SDKStatCaches.noindex/watchos27.0-24R360-e829b21a6f8c9b70876ba0858053c04477534ef55a1706bf4c1112bbb242f0a2.sdkstatcache -output-file-map /Users/admin/builder/spi-builder-workspace/.derivedData/Build/Intermediates.noindex/Patron.build/Debug-watchos/Patron-t.build/Objects-normal/arm64_32/Patron-OutputFileMap.json -save-temps -no-color-diagnostics -explicit-module-build -module-cache-path /Users/admin/builder/spi-builder-workspace/.derivedData/Build/Intermediates.noindex/SwiftExplicitPrecompiledModules -clang-scanner-module-cache-path /Users/admin/builder/spi-builder-workspace/.derivedData/ModuleCache.noindex -sdk-module-cache-path /Users/admin/builder/spi-builder-workspace/.derivedData/SDKExplicitPrecompiledModules -emit-dependencies -emit-module -emit-module-path /Users/admin/builder/spi-builder-workspace/.derivedData/Build/Intermediates.noindex/Patron.build/Debug-watchos/Patron-t.build/Objects-normal/arm64_32/Patron.swiftmodule -serialize-diagnostics -dependency-scan-serialize-diagnostics-path /Users/admin/builder/spi-builder-workspace/.derivedData/Build/Intermediates.noindex/Patron.build/Debug-watchos/Patron-t.build/Objects-normal/arm64_32/Patron-dependency-scan.dia -validate-clang-modules-once -clang-build-session-file /Users/admin/builder/spi-builder-workspace/.derivedData/ModuleCache.noindex/Session.modulevalidation -Xcc -fmodules-prune-interval\=86400 -Xcc -fmodules-prune-after\=345600 -emit-const-values -const-gather-protocols-list /Users/admin/builder/spi-builder-workspace/.derivedData/Build/Intermediates.noindex/Patron.build/Debug-watchos/Patron-t.build/Objects-normal/arm64_32/Patron_const_extract_protocols.json -Xcc -I/Users/admin/builder/spi-builder-workspace/.derivedData/Build/Products/Debug-watchos/include -Xcc -I/Users/admin/builder/spi-builder-workspace/.derivedData/Build/Intermediates.noindex/Patron.build/Debug-watchos/Patron-t.build/DerivedSources-normal/arm64_32 -Xcc -I/Users/admin/builder/spi-builder-workspace/.derivedData/Build/Intermediates.noindex/Patron.build/Debug-watchos/Patron-t.build/DerivedSources/arm64_32 -Xcc -I/Users/admin/builder/spi-builder-workspace/.derivedData/Build/Intermediates.noindex/Patron.build/Debug-watchos/Patron-t.build/DerivedSources -Xcc -DSWIFT_PACKAGE -Xcc -DDEBUG\=1 -emit-objc-header -emit-objc-header-path /Users/admin/builder/spi-builder-workspace/.derivedData/Build/Intermediates.noindex/Patron.build/Debug-watchos/Patron-t.build/Objects-normal/arm64_32/Patron-Swift.h -working-directory /Users/admin/builder/spi-builder-workspace/.swiftpm/xcode -experimental-emit-module-separately -disable-cmo
SwiftDriver Skull normal arm64_32 com.apple.xcode.tools.swift.compiler (in target 'Skull' from project 'Skull')
cd /Users/admin/builder/spi-builder-workspace/.swiftpm/xcode
builtin-SwiftDriver -- /Applications/Xcode-27.0.0-Release.Candidate.app/Contents/Developer/Toolchains/XcodeDefault.xctoolchain/usr/bin/swiftc -parse-as-library -module-name Skull -Onone @/Users/admin/builder/spi-builder-workspace/.derivedData/Build/Intermediates.noindex/Skull.build/Debug-watchos/Skull-t.build/Objects-normal/arm64_32/Skull.SwiftFileList -DSWIFT_PACKAGE -DDEBUG -DSWIFT_MODULE_RESOURCE_BUNDLE_UNAVAILABLE -DXcode -plugin-path /Applications/Xcode-27.0.0-Release.Candidate.app/Contents/Developer/Toolchains/XcodeDefault.xctoolchain/usr/lib/swift/host/plugins/testing -enable-experimental-feature DebugDescriptionMacro -sdk /Applications/Xcode-27.0.0-Release.Candidate.app/Contents/Developer/Platforms/WatchOS.platform/Developer/SDKs/WatchOS27.0.sdk -target arm64_32-apple-watchos9.0 -g -module-cache-path /Users/admin/builder/spi-builder-workspace/.derivedData/ModuleCache.noindex -Xfrontend -serialize-debugging-options -profile-coverage-mapping -profile-generate -enable-testing -suppress-warnings -index-store-path /Users/admin/builder/spi-builder-workspace/.derivedData/Index.noindex/DataStore -Xcc -D_LIBCPP_HARDENING_MODE\=_LIBCPP_HARDENING_MODE_DEBUG -swift-version 4.2 -I /Users/admin/builder/spi-builder-workspace/.derivedData/Build/Products/Debug-watchos -Isystem /Applications/Xcode-27.0.0-Release.Candidate.app/Contents/Developer/Platforms/WatchOS.platform/Developer/usr/lib -F /Users/admin/builder/spi-builder-workspace/.derivedData/Build/Products/Debug-watchos -F /Applications/Xcode-27.0.0-Release.Candidate.app/Contents/Developer/Platforms/WatchOS.platform/Developer/Library/Frameworks -F /Applications/Xcode-27.0.0-Release.Candidate.app/Contents/Developer/Platforms/WatchOS.platform/Developer/SDKs/WatchOS27.0.sdk/Developer/Library/Frameworks -c -j10 -enable-batch-mode -incremental -Xcc -ivfsstatcache -Xcc /Users/admin/builder/spi-builder-workspace/.derivedData/SDKStatCaches.noindex/watchos27.0-24R360-e829b21a6f8c9b70876ba0858053c04477534ef55a1706bf4c1112bbb242f0a2.sdkstatcache -output-file-map /Users/admin/builder/spi-builder-workspace/.derivedData/Build/Intermediates.noindex/Skull.build/Debug-watchos/Skull-t.build/Objects-normal/arm64_32/Skull-OutputFileMap.json -save-temps -no-color-diagnostics -emit-dependencies -emit-module -emit-module-path /Users/admin/builder/spi-builder-workspace/.derivedData/Build/Intermediates.noindex/Skull.build/Debug-watchos/Skull-t.build/Objects-normal/arm64_32/Skull.swiftmodule -serialize-diagnostics -validate-clang-modules-once -clang-build-session-file /Users/admin/builder/spi-builder-workspace/.derivedData/ModuleCache.noindex/Session.modulevalidation -Xcc -fmodules-prune-interval\=86400 -Xcc -fmodules-prune-after\=345600 -emit-const-values -const-gather-protocols-list /Users/admin/builder/spi-builder-workspace/.derivedData/Build/Intermediates.noindex/Skull.build/Debug-watchos/Skull-t.build/Objects-normal/arm64_32/Skull_const_extract_protocols.json -Xcc -I/Users/admin/builder/spi-builder-workspace/.derivedData/Build/Products/Debug-watchos/include -Xcc -I/Users/admin/builder/spi-builder-workspace/.derivedData/Build/Intermediates.noindex/Skull.build/Debug-watchos/Skull-t.build/DerivedSources-normal/arm64_32 -Xcc -I/Users/admin/builder/spi-builder-workspace/.derivedData/Build/Intermediates.noindex/Skull.build/Debug-watchos/Skull-t.build/DerivedSources/arm64_32 -Xcc -I/Users/admin/builder/spi-builder-workspace/.derivedData/Build/Intermediates.noindex/Skull.build/Debug-watchos/Skull-t.build/DerivedSources -Xcc -DSWIFT_PACKAGE -Xcc -DDEBUG\=1 -emit-objc-header -emit-objc-header-path /Users/admin/builder/spi-builder-workspace/.derivedData/Build/Intermediates.noindex/Skull.build/Debug-watchos/Skull-t.build/Objects-normal/arm64_32/Skull-Swift.h -working-directory /Users/admin/builder/spi-builder-workspace/.swiftpm/xcode -experimental-emit-module-separately -disable-cmo
SwiftDriver Skull normal arm64 com.apple.xcode.tools.swift.compiler (in target 'Skull' from project 'Skull')
cd /Users/admin/builder/spi-builder-workspace/.swiftpm/xcode
builtin-SwiftDriver -- /Applications/Xcode-27.0.0-Release.Candidate.app/Contents/Developer/Toolchains/XcodeDefault.xctoolchain/usr/bin/swiftc -parse-as-library -module-name Skull -Onone @/Users/admin/builder/spi-builder-workspace/.derivedData/Build/Intermediates.noindex/Skull.build/Debug-watchos/Skull-t.build/Objects-normal/arm64/Skull.SwiftFileList -DSWIFT_PACKAGE -DDEBUG -DSWIFT_MODULE_RESOURCE_BUNDLE_UNAVAILABLE -DXcode -plugin-path /Applications/Xcode-27.0.0-Release.Candidate.app/Contents/Developer/Toolchains/XcodeDefault.xctoolchain/usr/lib/swift/host/plugins/testing -enable-experimental-feature DebugDescriptionMacro -sdk /Applications/Xcode-27.0.0-Release.Candidate.app/Contents/Developer/Platforms/WatchOS.platform/Developer/SDKs/WatchOS27.0.sdk -target arm64-apple-watchos9.0 -g -module-cache-path /Users/admin/builder/spi-builder-workspace/.derivedData/ModuleCache.noindex -Xfrontend -serialize-debugging-options -profile-coverage-mapping -profile-generate -enable-testing -suppress-warnings -index-store-path /Users/admin/builder/spi-builder-workspace/.derivedData/Index.noindex/DataStore -Xcc -D_LIBCPP_HARDENING_MODE\=_LIBCPP_HARDENING_MODE_DEBUG -swift-version 4.2 -I /Users/admin/builder/spi-builder-workspace/.derivedData/Build/Products/Debug-watchos -Isystem /Applications/Xcode-27.0.0-Release.Candidate.app/Contents/Developer/Platforms/WatchOS.platform/Developer/usr/lib -F /Users/admin/builder/spi-builder-workspace/.derivedData/Build/Products/Debug-watchos -F /Applications/Xcode-27.0.0-Release.Candidate.app/Contents/Developer/Platforms/WatchOS.platform/Developer/Library/Frameworks -F /Applications/Xcode-27.0.0-Release.Candidate.app/Contents/Developer/Platforms/WatchOS.platform/Developer/SDKs/WatchOS27.0.sdk/Developer/Library/Frameworks -c -j10 -enable-batch-mode -incremental -Xcc -ivfsstatcache -Xcc /Users/admin/builder/spi-builder-workspace/.derivedData/SDKStatCaches.noindex/watchos27.0-24R360-e829b21a6f8c9b70876ba0858053c04477534ef55a1706bf4c1112bbb242f0a2.sdkstatcache -output-file-map /Users/admin/builder/spi-builder-workspace/.derivedData/Build/Intermediates.noindex/Skull.build/Debug-watchos/Skull-t.build/Objects-normal/arm64/Skull-OutputFileMap.json -save-temps -no-color-diagnostics -emit-dependencies -emit-module -emit-module-path /Users/admin/builder/spi-builder-workspace/.derivedData/Build/Intermediates.noindex/Skull.build/Debug-watchos/Skull-t.build/Objects-normal/arm64/Skull.swiftmodule -serialize-diagnostics -validate-clang-modules-once -clang-build-session-file /Users/admin/builder/spi-builder-workspace/.derivedData/ModuleCache.noindex/Session.modulevalidation -Xcc -fmodules-prune-interval\=86400 -Xcc -fmodules-prune-after\=345600 -emit-const-values -const-gather-protocols-list /Users/admin/builder/spi-builder-workspace/.derivedData/Build/Intermediates.noindex/Skull.build/Debug-watchos/Skull-t.build/Objects-normal/arm64/Skull_const_extract_protocols.json -Xcc -I/Users/admin/builder/spi-builder-workspace/.derivedData/Build/Products/Debug-watchos/include -Xcc -I/Users/admin/builder/spi-builder-workspace/.derivedData/Build/Intermediates.noindex/Skull.build/Debug-watchos/Skull-t.build/DerivedSources-normal/arm64 -Xcc -I/Users/admin/builder/spi-builder-workspace/.derivedData/Build/Intermediates.noindex/Skull.build/Debug-watchos/Skull-t.build/DerivedSources/arm64 -Xcc -I/Users/admin/builder/spi-builder-workspace/.derivedData/Build/Intermediates.noindex/Skull.build/Debug-watchos/Skull-t.build/DerivedSources -Xcc -DSWIFT_PACKAGE -Xcc -DDEBUG\=1 -emit-objc-header -emit-objc-header-path /Users/admin/builder/spi-builder-workspace/.derivedData/Build/Intermediates.noindex/Skull.build/Debug-watchos/Skull-t.build/Objects-normal/arm64/Skull-Swift.h -working-directory /Users/admin/builder/spi-builder-workspace/.swiftpm/xcode -experimental-emit-module-separately -disable-cmo
SwiftDriver Ola normal arm64 com.apple.xcode.tools.swift.compiler (in target 'Ola' from project 'Ola')
cd /Users/admin/builder/spi-builder-workspace/.swiftpm/xcode
builtin-SwiftDriver -- /Applications/Xcode-27.0.0-Release.Candidate.app/Contents/Developer/Toolchains/XcodeDefault.xctoolchain/usr/bin/swiftc -parse-as-library -module-name Ola -Onone @/Users/admin/builder/spi-builder-workspace/.derivedData/Build/Intermediates.noindex/Ola.build/Debug-watchos/Ola-t.build/Objects-normal/arm64/Ola.SwiftFileList -DSWIFT_PACKAGE -DDEBUG -DSWIFT_MODULE_RESOURCE_BUNDLE_UNAVAILABLE -DXcode -plugin-path /Applications/Xcode-27.0.0-Release.Candidate.app/Contents/Developer/Toolchains/XcodeDefault.xctoolchain/usr/lib/swift/host/plugins/testing -enable-experimental-feature DebugDescriptionMacro -sdk /Applications/Xcode-27.0.0-Release.Candidate.app/Contents/Developer/Platforms/WatchOS.platform/Developer/SDKs/WatchOS27.0.sdk -target arm64-apple-watchos9.0 -g -module-cache-path /Users/admin/builder/spi-builder-workspace/.derivedData/ModuleCache.noindex -Xfrontend -serialize-debugging-options -profile-coverage-mapping -profile-generate -enable-testing -suppress-warnings -index-store-path /Users/admin/builder/spi-builder-workspace/.derivedData/Index.noindex/DataStore -Xcc -D_LIBCPP_HARDENING_MODE\=_LIBCPP_HARDENING_MODE_DEBUG -swift-version 5 -I /Users/admin/builder/spi-builder-workspace/.derivedData/Build/Products/Debug-watchos -Isystem /Applications/Xcode-27.0.0-Release.Candidate.app/Contents/Developer/Platforms/WatchOS.platform/Developer/usr/lib -F /Users/admin/builder/spi-builder-workspace/.derivedData/Build/Products/Debug-watchos -F /Applications/Xcode-27.0.0-Release.Candidate.app/Contents/Developer/Platforms/WatchOS.platform/Developer/Library/Frameworks -F /Applications/Xcode-27.0.0-Release.Candidate.app/Contents/Developer/Platforms/WatchOS.platform/Developer/SDKs/WatchOS27.0.sdk/Developer/Library/Frameworks -c -j10 -enable-batch-mode -incremental -Xcc -ivfsstatcache -Xcc /Users/admin/builder/spi-builder-workspace/.derivedData/SDKStatCaches.noindex/watchos27.0-24R360-e829b21a6f8c9b70876ba0858053c04477534ef55a1706bf4c1112bbb242f0a2.sdkstatcache -output-file-map /Users/admin/builder/spi-builder-workspace/.derivedData/Build/Intermediates.noindex/Ola.build/Debug-watchos/Ola-t.build/Objects-normal/arm64/Ola-OutputFileMap.json -save-temps -no-color-diagnostics -explicit-module-build -module-cache-path /Users/admin/builder/spi-builder-workspace/.derivedData/Build/Intermediates.noindex/SwiftExplicitPrecompiledModules -clang-scanner-module-cache-path /Users/admin/builder/spi-builder-workspace/.derivedData/ModuleCache.noindex -sdk-module-cache-path /Users/admin/builder/spi-builder-workspace/.derivedData/SDKExplicitPrecompiledModules -emit-dependencies -emit-module -emit-module-path /Users/admin/builder/spi-builder-workspace/.derivedData/Build/Intermediates.noindex/Ola.build/Debug-watchos/Ola-t.build/Objects-normal/arm64/Ola.swiftmodule -serialize-diagnostics -dependency-scan-serialize-diagnostics-path /Users/admin/builder/spi-builder-workspace/.derivedData/Build/Intermediates.noindex/Ola.build/Debug-watchos/Ola-t.build/Objects-normal/arm64/Ola-dependency-scan.dia -validate-clang-modules-once -clang-build-session-file /Users/admin/builder/spi-builder-workspace/.derivedData/ModuleCache.noindex/Session.modulevalidation -Xcc -fmodules-prune-interval\=86400 -Xcc -fmodules-prune-after\=345600 -emit-const-values -const-gather-protocols-list /Users/admin/builder/spi-builder-workspace/.derivedData/Build/Intermediates.noindex/Ola.build/Debug-watchos/Ola-t.build/Objects-normal/arm64/Ola_const_extract_protocols.json -Xcc -I/Users/admin/builder/spi-builder-workspace/.derivedData/Build/Products/Debug-watchos/include -Xcc -I/Users/admin/builder/spi-builder-workspace/.derivedData/Build/Intermediates.noindex/Ola.build/Debug-watchos/Ola-t.build/DerivedSources-normal/arm64 -Xcc -I/Users/admin/builder/spi-builder-workspace/.derivedData/Build/Intermediates.noindex/Ola.build/Debug-watchos/Ola-t.build/DerivedSources/arm64 -Xcc -I/Users/admin/builder/spi-builder-workspace/.derivedData/Build/Intermediates.noindex/Ola.build/Debug-watchos/Ola-t.build/DerivedSources -Xcc -DSWIFT_PACKAGE -Xcc -DDEBUG\=1 -emit-objc-header -emit-objc-header-path /Users/admin/builder/spi-builder-workspace/.derivedData/Build/Intermediates.noindex/Ola.build/Debug-watchos/Ola-t.build/Objects-normal/arm64/Ola-Swift.h -working-directory /Users/admin/builder/spi-builder-workspace/.swiftpm/xcode -experimental-emit-module-separately -disable-cmo
/Users/admin/builder/spi-builder-workspace/.dependencies/checkouts/ola/Sources/Ola/Ola.swift:10:8: error: Unable to resolve module dependency: 'SystemConfiguration' (in target 'Ola' from project 'Ola')
note: A dependency of main module 'Ola'
/Users/admin/builder/spi-builder-workspace/.dependencies/checkouts/ola/Sources/Ola/Ola.swift:10:8: note: A dependency of main module 'Ola'
import SystemConfiguration
^ (in target 'Ola' from project 'Ola')
SwiftDriver Ola normal arm64_32 com.apple.xcode.tools.swift.compiler (in target 'Ola' from project 'Ola')
cd /Users/admin/builder/spi-builder-workspace/.swiftpm/xcode
builtin-SwiftDriver -- /Applications/Xcode-27.0.0-Release.Candidate.app/Contents/Developer/Toolchains/XcodeDefault.xctoolchain/usr/bin/swiftc -parse-as-library -module-name Ola -Onone @/Users/admin/builder/spi-builder-workspace/.derivedData/Build/Intermediates.noindex/Ola.build/Debug-watchos/Ola-t.build/Objects-normal/arm64_32/Ola.SwiftFileList -DSWIFT_PACKAGE -DDEBUG -DSWIFT_MODULE_RESOURCE_BUNDLE_UNAVAILABLE -DXcode -plugin-path /Applications/Xcode-27.0.0-Release.Candidate.app/Contents/Developer/Toolchains/XcodeDefault.xctoolchain/usr/lib/swift/host/plugins/testing -enable-experimental-feature DebugDescriptionMacro -sdk /Applications/Xcode-27.0.0-Release.Candidate.app/Contents/Developer/Platforms/WatchOS.platform/Developer/SDKs/WatchOS27.0.sdk -target arm64_32-apple-watchos9.0 -g -module-cache-path /Users/admin/builder/spi-builder-workspace/.derivedData/ModuleCache.noindex -Xfrontend -serialize-debugging-options -profile-coverage-mapping -profile-generate -enable-testing -suppress-warnings -index-store-path /Users/admin/builder/spi-builder-workspace/.derivedData/Index.noindex/DataStore -Xcc -D_LIBCPP_HARDENING_MODE\=_LIBCPP_HARDENING_MODE_DEBUG -swift-version 5 -I /Users/admin/builder/spi-builder-workspace/.derivedData/Build/Products/Debug-watchos -Isystem /Applications/Xcode-27.0.0-Release.Candidate.app/Contents/Developer/Platforms/WatchOS.platform/Developer/usr/lib -F /Users/admin/builder/spi-builder-workspace/.derivedData/Build/Products/Debug-watchos -F /Applications/Xcode-27.0.0-Release.Candidate.app/Contents/Developer/Platforms/WatchOS.platform/Developer/Library/Frameworks -F /Applications/Xcode-27.0.0-Release.Candidate.app/Contents/Developer/Platforms/WatchOS.platform/Developer/SDKs/WatchOS27.0.sdk/Developer/Library/Frameworks -c -j10 -enable-batch-mode -incremental -Xcc -ivfsstatcache -Xcc /Users/admin/builder/spi-builder-workspace/.derivedData/SDKStatCaches.noindex/watchos27.0-24R360-e829b21a6f8c9b70876ba0858053c04477534ef55a1706bf4c1112bbb242f0a2.sdkstatcache -output-file-map /Users/admin/builder/spi-builder-workspace/.derivedData/Build/Intermediates.noindex/Ola.build/Debug-watchos/Ola-t.build/Objects-normal/arm64_32/Ola-OutputFileMap.json -save-temps -no-color-diagnostics -explicit-module-build -module-cache-path /Users/admin/builder/spi-builder-workspace/.derivedData/Build/Intermediates.noindex/SwiftExplicitPrecompiledModules -clang-scanner-module-cache-path /Users/admin/builder/spi-builder-workspace/.derivedData/ModuleCache.noindex -sdk-module-cache-path /Users/admin/builder/spi-builder-workspace/.derivedData/SDKExplicitPrecompiledModules -emit-dependencies -emit-module -emit-module-path /Users/admin/builder/spi-builder-workspace/.derivedData/Build/Intermediates.noindex/Ola.build/Debug-watchos/Ola-t.build/Objects-normal/arm64_32/Ola.swiftmodule -serialize-diagnostics -dependency-scan-serialize-diagnostics-path /Users/admin/builder/spi-builder-workspace/.derivedData/Build/Intermediates.noindex/Ola.build/Debug-watchos/Ola-t.build/Objects-normal/arm64_32/Ola-dependency-scan.dia -validate-clang-modules-once -clang-build-session-file /Users/admin/builder/spi-builder-workspace/.derivedData/ModuleCache.noindex/Session.modulevalidation -Xcc -fmodules-prune-interval\=86400 -Xcc -fmodules-prune-after\=345600 -emit-const-values -const-gather-protocols-list /Users/admin/builder/spi-builder-workspace/.derivedData/Build/Intermediates.noindex/Ola.build/Debug-watchos/Ola-t.build/Objects-normal/arm64_32/Ola_const_extract_protocols.json -Xcc -I/Users/admin/builder/spi-builder-workspace/.derivedData/Build/Products/Debug-watchos/include -Xcc -I/Users/admin/builder/spi-builder-workspace/.derivedData/Build/Intermediates.noindex/Ola.build/Debug-watchos/Ola-t.build/DerivedSources-normal/arm64_32 -Xcc -I/Users/admin/builder/spi-builder-workspace/.derivedData/Build/Intermediates.noindex/Ola.build/Debug-watchos/Ola-t.build/DerivedSources/arm64_32 -Xcc -I/Users/admin/builder/spi-builder-workspace/.derivedData/Build/Intermediates.noindex/Ola.build/Debug-watchos/Ola-t.build/DerivedSources -Xcc -DSWIFT_PACKAGE -Xcc -DDEBUG\=1 -emit-objc-header -emit-objc-header-path /Users/admin/builder/spi-builder-workspace/.derivedData/Build/Intermediates.noindex/Ola.build/Debug-watchos/Ola-t.build/Objects-normal/arm64_32/Ola-Swift.h -working-directory /Users/admin/builder/spi-builder-workspace/.swiftpm/xcode -experimental-emit-module-separately -disable-cmo
/Users/admin/builder/spi-builder-workspace/.dependencies/checkouts/ola/Sources/Ola/Ola.swift:10:8: error: Unable to resolve module dependency: 'SystemConfiguration' (in target 'Ola' from project 'Ola')
note: A dependency of main module 'Ola'
/Users/admin/builder/spi-builder-workspace/.dependencies/checkouts/ola/Sources/Ola/Ola.swift:10:8: note: A dependency of main module 'Ola'
import SystemConfiguration
^ (in target 'Ola' from project 'Ola')
SwiftDriver Patron normal arm64 com.apple.xcode.tools.swift.compiler (in target 'Patron' from project 'Patron')
cd /Users/admin/builder/spi-builder-workspace/.swiftpm/xcode
builtin-SwiftDriver -- /Applications/Xcode-27.0.0-Release.Candidate.app/Contents/Developer/Toolchains/XcodeDefault.xctoolchain/usr/bin/swiftc -parse-as-library -module-name Patron -Onone @/Users/admin/builder/spi-builder-workspace/.derivedData/Build/Intermediates.noindex/Patron.build/Debug-watchos/Patron-t.build/Objects-normal/arm64/Patron.SwiftFileList -DSWIFT_PACKAGE -DDEBUG -DSWIFT_MODULE_RESOURCE_BUNDLE_UNAVAILABLE -DXcode -plugin-path /Applications/Xcode-27.0.0-Release.Candidate.app/Contents/Developer/Toolchains/XcodeDefault.xctoolchain/usr/lib/swift/host/plugins/testing -enable-experimental-feature DebugDescriptionMacro -sdk /Applications/Xcode-27.0.0-Release.Candidate.app/Contents/Developer/Platforms/WatchOS.platform/Developer/SDKs/WatchOS27.0.sdk -target arm64-apple-watchos9.0 -g -module-cache-path /Users/admin/builder/spi-builder-workspace/.derivedData/ModuleCache.noindex -Xfrontend -serialize-debugging-options -profile-coverage-mapping -profile-generate -enable-testing -suppress-warnings -index-store-path /Users/admin/builder/spi-builder-workspace/.derivedData/Index.noindex/DataStore -Xcc -D_LIBCPP_HARDENING_MODE\=_LIBCPP_HARDENING_MODE_DEBUG -swift-version 5 -I /Users/admin/builder/spi-builder-workspace/.derivedData/Build/Products/Debug-watchos -Isystem /Applications/Xcode-27.0.0-Release.Candidate.app/Contents/Developer/Platforms/WatchOS.platform/Developer/usr/lib -F /Users/admin/builder/spi-builder-workspace/.derivedData/Build/Products/Debug-watchos -F /Applications/Xcode-27.0.0-Release.Candidate.app/Contents/Developer/Platforms/WatchOS.platform/Developer/Library/Frameworks -F /Applications/Xcode-27.0.0-Release.Candidate.app/Contents/Developer/Platforms/WatchOS.platform/Developer/SDKs/WatchOS27.0.sdk/Developer/Library/Frameworks -c -j10 -enable-batch-mode -incremental -Xcc -ivfsstatcache -Xcc /Users/admin/builder/spi-builder-workspace/.derivedData/SDKStatCaches.noindex/watchos27.0-24R360-e829b21a6f8c9b70876ba0858053c04477534ef55a1706bf4c1112bbb242f0a2.sdkstatcache -output-file-map /Users/admin/builder/spi-builder-workspace/.derivedData/Build/Intermediates.noindex/Patron.build/Debug-watchos/Patron-t.build/Objects-normal/arm64/Patron-OutputFileMap.json -save-temps -no-color-diagnostics -explicit-module-build -module-cache-path /Users/admin/builder/spi-builder-workspace/.derivedData/Build/Intermediates.noindex/SwiftExplicitPrecompiledModules -clang-scanner-module-cache-path /Users/admin/builder/spi-builder-workspace/.derivedData/ModuleCache.noindex -sdk-module-cache-path /Users/admin/builder/spi-builder-workspace/.derivedData/SDKExplicitPrecompiledModules -emit-dependencies -emit-module -emit-module-path /Users/admin/builder/spi-builder-workspace/.derivedData/Build/Intermediates.noindex/Patron.build/Debug-watchos/Patron-t.build/Objects-normal/arm64/Patron.swiftmodule -serialize-diagnostics -dependency-scan-serialize-diagnostics-path /Users/admin/builder/spi-builder-workspace/.derivedData/Build/Intermediates.noindex/Patron.build/Debug-watchos/Patron-t.build/Objects-normal/arm64/Patron-dependency-scan.dia -validate-clang-modules-once -clang-build-session-file /Users/admin/builder/spi-builder-workspace/.derivedData/ModuleCache.noindex/Session.modulevalidation -Xcc -fmodules-prune-interval\=86400 -Xcc -fmodules-prune-after\=345600 -emit-const-values -const-gather-protocols-list /Users/admin/builder/spi-builder-workspace/.derivedData/Build/Intermediates.noindex/Patron.build/Debug-watchos/Patron-t.build/Objects-normal/arm64/Patron_const_extract_protocols.json -Xcc -I/Users/admin/builder/spi-builder-workspace/.derivedData/Build/Products/Debug-watchos/include -Xcc -I/Users/admin/builder/spi-builder-workspace/.derivedData/Build/Intermediates.noindex/Patron.build/Debug-watchos/Patron-t.build/DerivedSources-normal/arm64 -Xcc -I/Users/admin/builder/spi-builder-workspace/.derivedData/Build/Intermediates.noindex/Patron.build/Debug-watchos/Patron-t.build/DerivedSources/arm64 -Xcc -I/Users/admin/builder/spi-builder-workspace/.derivedData/Build/Intermediates.noindex/Patron.build/Debug-watchos/Patron-t.build/DerivedSources -Xcc -DSWIFT_PACKAGE -Xcc -DDEBUG\=1 -emit-objc-header -emit-objc-header-path /Users/admin/builder/spi-builder-workspace/.derivedData/Build/Intermediates.noindex/Patron.build/Debug-watchos/Patron-t.build/Objects-normal/arm64/Patron-Swift.h -working-directory /Users/admin/builder/spi-builder-workspace/.swiftpm/xcode -experimental-emit-module-separately -disable-cmo
SwiftEmitModule normal arm64 Emitting\ module\ for\ Skull (in target 'Skull' from project 'Skull')
SwiftCompile normal arm64 (in target 'Skull' from project 'Skull')
cd /Users/admin/builder/spi-builder-workspace/.swiftpm/xcode
SwiftCompile normal arm64 Compiling\ Skull.swift /Users/admin/builder/spi-builder-workspace/.dependencies/checkouts/skull/Sources/Skull/Skull.swift (in target 'Skull' from project 'Skull')
SwiftCompile normal arm64 /Users/admin/builder/spi-builder-workspace/.dependencies/checkouts/skull/Sources/Skull/Skull.swift (in target 'Skull' from project 'Skull')
cd /Users/admin/builder/spi-builder-workspace/.swiftpm/xcode
builtin-SwiftPerFileCompile Skull.swift
SwiftEmitModule normal arm64_32 Emitting\ module\ for\ Skull (in target 'Skull' from project 'Skull')
SwiftCompile normal arm64_32 (in target 'Skull' from project 'Skull')
cd /Users/admin/builder/spi-builder-workspace/.swiftpm/xcode
SwiftCompile normal arm64_32 Compiling\ Skull.swift /Users/admin/builder/spi-builder-workspace/.dependencies/checkouts/skull/Sources/Skull/Skull.swift (in target 'Skull' from project 'Skull')
SwiftCompile normal arm64_32 /Users/admin/builder/spi-builder-workspace/.dependencies/checkouts/skull/Sources/Skull/Skull.swift (in target 'Skull' from project 'Skull')
cd /Users/admin/builder/spi-builder-workspace/.swiftpm/xcode
builtin-SwiftPerFileCompile Skull.swift
PruneExplicitPrecompiledModules /Users/admin/builder/spi-builder-workspace/.derivedData/Build/Intermediates.noindex/SwiftExplicitPrecompiledModules
PruneExplicitPrecompiledModules /Users/admin/builder/spi-builder-workspace/.derivedData/SDKExplicitPrecompiledModules
PruneExplicitPrecompiledModules /Users/admin/builder/spi-builder-workspace/.derivedData/Build/Intermediates.noindex/ExplicitPrecompiledModules
2026-09-17 22:14:38.780 xcodebuild[1086:6509] [MT] IDERunDestination: Supported platforms for the buildables in the current scheme is empty.
** BUILD FAILED **
The following build commands failed:
SwiftDriver Ola normal arm64 com.apple.xcode.tools.swift.compiler (in target 'Ola' from project 'Ola')
SwiftDriver Ola normal arm64_32 com.apple.xcode.tools.swift.compiler (in target 'Ola' from project 'Ola')
Building workspace FeedKit with scheme FeedKit
(3 failures)
BUILD FAILURE 6.4 watchOS