The Swift Package Index logo.Swift Package Index

Build Information

Failed to build CollectionLoader, reference main (99f683), with Swift 6.4 for Wasm on 19 Sep 2026 21:15:04 UTC.

Build Command

bash -c docker run --pull=always --rm -v "checkouts-54344843-0":/host -w "$PWD" -e JAVA_HOME="/root/.sdkman/candidates/java/current" -e SPI_BUILD="1" -e SPI_PROCESSING="1" registry.gitlab.com/saguaro1/spi-images:wasm-6.4-latest swift build --swift-sdk swift-6.4.x-DEVELOPMENT-SNAPSHOT-2026-09-04-a_wasm 2>&1

Build Log

========================================
RunAll
========================================
Builder version: 5.1.0
Interrupt handler set up.
========================================
Checkout
========================================
Clone URL: https://github.com/Frizlab/CollectionLoader.git
Reference: main
Initialized empty Git repository in /host/spi-builder-workspace/.git/
hint: Using 'master' as the name for the initial branch. This default branch name
hint: is subject to change. To configure the initial branch name to use in all
hint: of your new repositories, which will suppress this warning, call:
hint:
hint: 	git config --global init.defaultBranch <name>
hint:
hint: Names commonly chosen instead of 'master' are 'main', 'trunk' and
hint: 'development'. The just-created branch can be renamed via this command:
hint:
hint: 	git branch -m <name>
From https://github.com/Frizlab/CollectionLoader
 * branch            main       -> FETCH_HEAD
 * [new branch]      main       -> origin/main
HEAD is now at 99f6833 Start API order property implementation in search loader
Cloned https://github.com/Frizlab/CollectionLoader.git
Revision (git rev-parse @):
99f6833471eb978b36e84a2ec655003cc44274c1
SUCCESS checkout https://github.com/Frizlab/CollectionLoader.git at main
========================================
Build
========================================
Selected platform:         wasm
Swift version:             6.4
Building package at path:  $PWD
https://github.com/Frizlab/CollectionLoader.git
Running build ...
bash -c docker run --pull=always --rm -v "checkouts-54344843-0":/host -w "$PWD" -e JAVA_HOME="/root/.sdkman/candidates/java/current" -e SPI_BUILD="1" -e SPI_PROCESSING="1" registry.gitlab.com/saguaro1/spi-images:wasm-6.4-latest swift build --swift-sdk swift-6.4.x-DEVELOPMENT-SNAPSHOT-2026-09-04-a_wasm 2>&1
wasm-6.4-latest: Pulling from saguaro1/spi-images
Digest: sha256:4328fdb43c680d205c1d6761b1e3267aa38277eefdda9ddfb17b6a0f1a77857a
Status: Image is up to date for registry.gitlab.com/saguaro1/spi-images:wasm-6.4-latest
Fetching https://github.com/Frizlab/BMO.git
[1/2528] Fetching bmo
Fetched https://github.com/Frizlab/BMO.git (0.59s)
Creating working copy for https://github.com/Frizlab/BMO.git
Working copy of https://github.com/Frizlab/BMO.git resolved at main (5d46c8b)
Building for debugging...
[Pre-planning 1 / 183]
error: SwiftCompile normal wasm32 failed with a nonzero exit code. Command line:     cd /host

/host/spi-builder-workspace/Sources/CollectionLoader/Core/CollectionLoaderHelper-Protocol.swift:31:36: error: cannot find type 'Operation' in scope
29 | 	  the helper will be asked for the results from a finished operation.
30 | 	 The associatedtype make the helper sure the operation will be of the expected type. */
31 | 	associatedtype LoadingOperation : Operation
   |                                    `- error: cannot find type 'Operation' in scope
32 |
33 | 	/** The successful results from a finished loading operation, from inside the db context. */
/host/spi-builder-workspace/Sources/CollectionLoader/Core/CollectionLoader.swift:41:29: error: cannot find type 'OperationQueue' in scope
 39 | 	 The queue on which the loading operations are launched.
 40 | 	 There are no restrictions on the `maxConcurrentOperationCount` of the queue. */
 41 | 	public let operationQueue: OperationQueue
    |                             `- error: cannot find type 'OperationQueue' in scope
 42 |
 43 | 	public private(set) var nextPageInfo:     PageInfo?
/host/spi-builder-workspace/Sources/CollectionLoader/Core/CollectionLoader.swift:54:46: error: cannot find type 'OperationQueue' in scope
 52 | 	}
 53 |
 54 | 	public init(helper: Helper, operationQueue: OperationQueue = OperationQueue()) {
    |                                              `- error: cannot find type 'OperationQueue' in scope
 55 | 		self.helper = helper
 56 | 		self.operationQueue = operationQueue
/host/spi-builder-workspace/Sources/CollectionLoader/Core/CollectionLoader.swift:103:150: error: cannot find type 'Operation' in scope
101 | 	 Only one page load at a time is allowed.
102 | 	 When a loading operations is added to the queue, it is made dependent on the latest loading operation added. */
103 | 	public func load(pageLoadDescription: CLPageLoadDescription, concurrentLoadBehavior: ConcurrentLoadBehavior = .queue, customOperationDependencies: [Operation] = []) {
    |                                                                                                                                                      `- error: cannot find type 'Operation' in scope
104 | 		/* We capture the delegate and the helper so we always get the same one for all the callbacks. */
105 | 		let helper = helper
/host/spi-builder-workspace/Sources/CollectionLoader/Core/CollectionLoader.swift:192:19: error: cannot find type 'Operation' in scope
190 | 	private struct LoadingOperations {
191 |
192 | 		let prestart:   Operation
    |                   `- error: cannot find type 'Operation' in scope
193 | 		let loading:    Operation
194 | 		let completion: Operation
/host/spi-builder-workspace/Sources/CollectionLoader/Core/CollectionLoader.swift:193:19: error: cannot find type 'Operation' in scope
191 |
192 | 		let prestart:   Operation
193 | 		let loading:    Operation
    |                   `- error: cannot find type 'Operation' in scope
194 | 		let completion: Operation
195 |
/host/spi-builder-workspace/Sources/CollectionLoader/Core/CollectionLoader.swift:194:19: error: cannot find type 'Operation' in scope
192 | 		let prestart:   Operation
193 | 		let loading:    Operation
194 | 		let completion: Operation
    |                   `- error: cannot find type 'Operation' in scope
195 |
196 | 		let pageLoadDescription: CLPageLoadDescription
/host/spi-builder-workspace/Sources/CollectionLoader/Private/Operation+Utils.swift:20:20: error: cannot find type 'Operation' in scope
18 |
19 |
20 | internal extension Operation {
   |                    `- error: cannot find type 'Operation' in scope
21 |
22 | 	func addDependencies<OperationCollection : Collection>(_ operations: OperationCollection) where OperationCollection.Element : Operation {
Failed frontend command:
/usr/bin/swift-frontend -frontend -emit-module -experimental-skip-non-inlinable-function-bodies-without-types /host/spi-builder-workspace/Sources/CollectionLoader/Core/CollectionLoader.swift /host/spi-builder-workspace/Sources/CollectionLoader/Core/CollectionLoaderDelegate.swift /host/spi-builder-workspace/Sources/CollectionLoader/Core/CollectionLoaderHelper-Protocol.swift /host/spi-builder-workspace/Sources/CollectionLoader/Core/PageInfo-Protocol.swift /host/spi-builder-workspace/Sources/CollectionLoader/Core/PageInfoRetriever-Protocol.swift /host/spi-builder-workspace/Sources/CollectionLoader/Helpers/ConcurrentLoadBehavior.swift /host/spi-builder-workspace/Sources/CollectionLoader/Helpers/LoadingOperationDelegate.swift /host/spi-builder-workspace/Sources/CollectionLoader/Helpers/PageLoadDescription.swift /host/spi-builder-workspace/Sources/CollectionLoader/Helpers/PageLoadReason.swift /host/spi-builder-workspace/Sources/CollectionLoader/Private/BlockCollectionLoaderDelegate.swift /host/spi-builder-workspace/Sources/CollectionLoader/Private/Operation+Utils.swift /host/spi-builder-workspace/Sources/CollectionLoader/Private/PageLoadDescription.Reason+Utils.swift -target wasm32-unknown-wasip1 -disable-objc-interop -sdk /root/.swiftpm/swift-sdks/swift-6.4.x-DEVELOPMENT-SNAPSHOT-2026-09-04-a_wasm.artifactbundle/swift-6.4.x-DEVELOPMENT-SNAPSHOT-2026-09-04-a_wasm/wasm32-unknown-wasip1/WASI.sdk -sysroot /root/.swiftpm/swift-sdks/swift-6.4.x-DEVELOPMENT-SNAPSHOT-2026-09-04-a_wasm.artifactbundle/swift-6.4.x-DEVELOPMENT-SNAPSHOT-2026-09-04-a_wasm/wasm32-unknown-wasip1/WASI.sdk -I /host/spi-builder-workspace/.build/out/Products/Debug-webassembly-wasm32 -module-cache-path /host/spi-builder-workspace/.build/out/ModuleCache.noindex -color-diagnostics -Xcc -fcolor-diagnostics -enable-testing -g -debug-info-format\=dwarf -dwarf-version\=4 -swift-version 5 -Onone -D SWIFT_PACKAGE -D DEBUG -D SWIFT_MODULE_RESOURCE_BUNDLE_UNAVAILABLE -D Xcode -serialize-debugging-options -enable-experimental-feature DebugDescriptionMacro -empty-abi-descriptor -external-plugin-path /usr/lib/swift/host/plugins/testing\#/usr/bin/swift-plugin-server -validate-clang-modules-once -clang-build-session-file /host/spi-builder-workspace/.build/out/ModuleCache.noindex/Session.modulevalidation -Xcc -working-directory -Xcc /host -resource-dir /root/.swiftpm/swift-sdks/swift-6.4.x-DEVELOPMENT-SNAPSHOT-2026-09-04-a_wasm.artifactbundle/swift-6.4.x-DEVELOPMENT-SNAPSHOT-2026-09-04-a_wasm/wasm32-unknown-wasip1/swift.xctoolchain/usr/lib/swift_static -use-static-resource-dir -enable-anonymous-context-mangled-names -file-compilation-dir /host -Xcc -resource-dir -Xcc /root/.swiftpm/swift-sdks/swift-6.4.x-DEVELOPMENT-SNAPSHOT-2026-09-04-a_wasm.artifactbundle/swift-6.4.x-DEVELOPMENT-SNAPSHOT-2026-09-04-a_wasm/wasm32-unknown-wasip1/swift.xctoolchain/usr/lib/swift_static/clang -Xcc -D_LIBCPP_HARDENING_MODE\=_LIBCPP_HARDENING_MODE_DEBUG -Xcc -fmodules-prune-interval\=86400 -Xcc -fmodules-prune-after\=345600 -Xcc -I/host/spi-builder-workspace/.build/out/Products/Debug-webassembly-wasm32/include -Xcc -I/host/spi-builder-workspace/.build/out/Intermediates.noindex/CollectionLoader.build/Debug-webassembly-wasm32/CollectionLoader-t.build/DerivedSources-normal/wasm32 -Xcc -I/host/spi-builder-workspace/.build/out/Intermediates.noindex/CollectionLoader.build/Debug-webassembly-wasm32/CollectionLoader-t.build/DerivedSources/wasm32 -Xcc -I/host/spi-builder-workspace/.build/out/Intermediates.noindex/CollectionLoader.build/Debug-webassembly-wasm32/CollectionLoader-t.build/DerivedSources -Xcc -DSWIFT_PACKAGE -Xcc -DDEBUG\=1 -no-auto-bridging-header-chaining -module-name CollectionLoader -const-gather-protocols-file /host/spi-builder-workspace/.build/out/Intermediates.noindex/CollectionLoader.build/Debug-webassembly-wasm32/CollectionLoader-t.build/Objects-normal/wasm32/CollectionLoader_const_extract_protocols.json -in-process-plugin-server-path /usr/lib/swift/host/libSwiftInProcPluginServer.so -plugin-path /usr/lib/swift/host/plugins -plugin-path /usr/local/lib/swift/host/plugins -emit-module-doc-path /host/spi-builder-workspace/.build/out/Intermediates.noindex/CollectionLoader.build/Debug-webassembly-wasm32/CollectionLoader-t.build/Objects-normal/wasm32/Modules/CollectionLoader.swiftdoc -emit-module-source-info-path /host/spi-builder-workspace/.build/out/Intermediates.noindex/CollectionLoader.build/Debug-webassembly-wasm32/CollectionLoader-t.build/Objects-normal/wasm32/Modules/CollectionLoader.swiftsourceinfo -emit-objc-header-path /host/spi-builder-workspace/.build/out/Intermediates.noindex/CollectionLoader.build/Debug-webassembly-wasm32/CollectionLoader-t.build/Objects-normal/wasm32/CollectionLoader-Swift.h -serialize-diagnostics-path /host/spi-builder-workspace/.build/out/Intermediates.noindex/CollectionLoader.build/Debug-webassembly-wasm32/CollectionLoader-t.build/Objects-normal/wasm32/CollectionLoader-primary-emit-module.dia -emit-dependencies-path /host/spi-builder-workspace/.build/out/Intermediates.noindex/CollectionLoader.build/Debug-webassembly-wasm32/CollectionLoader-t.build/Objects-normal/wasm32/CollectionLoader-primary-emit-module.d -parse-as-library -o /host/spi-builder-workspace/.build/out/Intermediates.noindex/CollectionLoader.build/Debug-webassembly-wasm32/CollectionLoader-t.build/Objects-normal/wasm32/Modules/CollectionLoader.swiftmodule
error: Build failed
BUILD FAILURE 6.4 wasm