The Swift Package Index logo.Swift Package Index

Build Information

Failed to build SwiftyBeaver, reference main (907cb1), with Swift 6.4 for Android on 22 Sep 2026 06:59:28 UTC.

Build Command

bash -c docker run --pull=always --rm -v "checkouts-53886770-0":/host -w "$PWD" -e JAVA_HOME="/root/.sdkman/candidates/java/current" -e SPI_BUILD="1" -e SPI_PROCESSING="1" registry.gitlab.com/saguaro1/spi-images:android-6.4-latest swift build --swift-sdk aarch64-unknown-linux-android28 2>&1

Build Log

========================================
RunAll
========================================
Builder version: 5.1.0
Interrupt handler set up.
========================================
Checkout
========================================
Clone URL: https://github.com/MFB-Technologies-Inc/SwiftyBeaver.git
Reference: main
Initialized empty Git repository in /host/spi-builder-workspace/.git/
hint: Using 'master' as the name for the initial branch. This default branch name
hint: is subject to change. To configure the initial branch name to use in all
hint: of your new repositories, which will suppress this warning, call:
hint:
hint: 	git config --global init.defaultBranch <name>
hint:
hint: Names commonly chosen instead of 'master' are 'main', 'trunk' and
hint: 'development'. The just-created branch can be renamed via this command:
hint:
hint: 	git branch -m <name>
From https://github.com/MFB-Technologies-Inc/SwiftyBeaver
 * branch            main       -> FETCH_HEAD
 * [new branch]      main       -> origin/main
HEAD is now at 907cb18 Merge pull request #10 from MFB-Technologies-Inc/feature/persistent-file-handle
Cloned https://github.com/MFB-Technologies-Inc/SwiftyBeaver.git
Revision (git rev-parse @):
907cb189968691343b80357f7d4e059ef48d4c1e
SPI manifest file found: $PWD/.spi.yml
SUCCESS checkout https://github.com/MFB-Technologies-Inc/SwiftyBeaver.git at main
========================================
Build
========================================
Selected platform:         android
Swift version:             6.4
Building package at path:  $PWD
https://github.com/MFB-Technologies-Inc/SwiftyBeaver.git
Running build ...
bash -c docker run --pull=always --rm -v "checkouts-53886770-0":/host -w "$PWD" -e JAVA_HOME="/root/.sdkman/candidates/java/current" -e SPI_BUILD="1" -e SPI_PROCESSING="1" registry.gitlab.com/saguaro1/spi-images:android-6.4-latest swift build --swift-sdk aarch64-unknown-linux-android28 2>&1
android-6.4-latest: Pulling from saguaro1/spi-images
Digest: sha256:abadcff584c273feba50641b454858d377ba30b35ea7287a94f45ebd8afd0ea0
Status: Image is up to date for registry.gitlab.com/saguaro1/spi-images:android-6.4-latest
Fetching https://github.com/apple/swift-log.git
[1/8132] Fetching swift-log
Fetched https://github.com/apple/swift-log.git (0.54s)
Computing version for https://github.com/apple/swift-log.git
Computed https://github.com/apple/swift-log.git at 1.15.1 (0.74s)
Creating working copy for https://github.com/apple/swift-log.git
Working copy of https://github.com/apple/swift-log.git resolved at 1.15.1
Building for debugging...
[Pre-planning 1 / 154]
[Starting]
[42 / 74] SwiftyBeaver
[43 / 74] Logging
[45 / 74] SwiftyBeaver
[54 / 74] SwiftyBeaver
[55 / 74] SwiftyBeaver-product
[56 / 74] SwiftyBeaver-product
error: SwiftCompile normal aarch64 /host/spi-builder-workspace/Sources/SwiftyBeaver/FileDestination.swift failed with a nonzero exit code. Command line:     cd /host
    builtin-SwiftPerFileCompile FileDestination.swift
/host/spi-builder-workspace/Sources/SwiftyBeaver/FileDestination.swift:242:31: error: cannot find 'NSFileCoordinator' in scope
240 |         private func write(data: Data, to url: URL) -> Bool {
241 |             var success = false
242 |             let coordinator = NSFileCoordinator(filePresenter: nil)
    |                               `- error: cannot find 'NSFileCoordinator' in scope
243 |             var error: NSError?
244 |             coordinator.coordinate(writingItemAt: url, error: &error) { url in
Failed frontend command:
/root/.local/share/swiftly/toolchains/6.4.x-snapshot-2026-09-04/usr/bin/swift-frontend -frontend -c /host/spi-builder-workspace/Sources/SwiftyBeaver/BaseDestination.swift /host/spi-builder-workspace/Sources/SwiftyBeaver/ConsoleDestination.swift -primary-file /host/spi-builder-workspace/Sources/SwiftyBeaver/FileDestination.swift /host/spi-builder-workspace/Sources/SwiftyBeaver/Filter.swift /host/spi-builder-workspace/Sources/SwiftyBeaver/FilterValidator.swift /host/spi-builder-workspace/Sources/SwiftyBeaver/GoogleCloudDestination.swift /host/spi-builder-workspace/Sources/SwiftyBeaver/Internal/UncheckedSendable.swift /host/spi-builder-workspace/Sources/SwiftyBeaver/SwiftyBeaver+Destinations.swift /host/spi-builder-workspace/Sources/SwiftyBeaver/SwiftyBeaver.swift -emit-dependencies-path /host/spi-builder-workspace/.build/out/Intermediates.noindex/SwiftyBeaver.build/Debug-android-aarch64/SwiftyBeaver-t.build/Objects-normal/aarch64/FileDestination.d -emit-const-values-path /host/spi-builder-workspace/.build/out/Intermediates.noindex/SwiftyBeaver.build/Debug-android-aarch64/SwiftyBeaver-t.build/Objects-normal/aarch64/FileDestination.swiftconstvalues -emit-reference-dependencies-path /host/spi-builder-workspace/.build/out/Intermediates.noindex/SwiftyBeaver.build/Debug-android-aarch64/SwiftyBeaver-t.build/Objects-normal/aarch64/FileDestination.swiftdeps -serialize-diagnostics-path /host/spi-builder-workspace/.build/out/Intermediates.noindex/SwiftyBeaver.build/Debug-android-aarch64/SwiftyBeaver-t.build/Objects-normal/aarch64/FileDestination.dia -target aarch64-unknown-linux-android28 -Xllvm -aarch64-use-tbi -disable-objc-interop -sdk /android-ndk/android-ndk-r27d/toolchains/llvm/prebuilt/linux-x86_64/sysroot -sysroot /android-ndk/android-ndk-r27d/toolchains/llvm/prebuilt/linux-x86_64/sysroot -I /host/spi-builder-workspace/.build/out/Products/Debug-android-aarch64 -module-cache-path /host/spi-builder-workspace/.build/out/ModuleCache.noindex -color-diagnostics -Xcc -fcolor-diagnostics -enable-testing -g -debug-info-format\=dwarf -dwarf-version\=4 -swift-version 6 -Onone -D SWIFT_PACKAGE -D DEBUG -D SWIFT_MODULE_RESOURCE_BUNDLE_UNAVAILABLE -D Xcode -serialize-debugging-options -enable-experimental-feature DebugDescriptionMacro -empty-abi-descriptor -external-plugin-path /root/.local/share/swiftly/toolchains/6.4.x-snapshot-2026-09-04/usr/lib/swift/host/plugins/testing\#/root/.local/share/swiftly/toolchains/6.4.x-snapshot-2026-09-04/usr/bin/swift-plugin-server -validate-clang-modules-once -clang-build-session-file /host/spi-builder-workspace/.build/out/ModuleCache.noindex/Session.modulevalidation -Xcc -working-directory -Xcc /host -resource-dir /root/.swiftpm/swift-sdks/swift-6.4.x-DEVELOPMENT-SNAPSHOT-2026-09-04-a_android.artifactbundle/swift-android/swift-resources/usr/lib/swift-aarch64 -enable-anonymous-context-mangled-names -file-compilation-dir /host -Xcc -resource-dir -Xcc /android-ndk/android-ndk-r27d/toolchains/llvm/prebuilt/linux-x86_64/lib/clang/18 -Xcc -fno-omit-frame-pointer -Xcc -D_LIBCPP_HARDENING_MODE\=_LIBCPP_HARDENING_MODE_DEBUG -Xcc -fmodules-prune-interval\=86400 -Xcc -fmodules-prune-after\=345600 -Xcc -I/host/spi-builder-workspace/.build/out/Products/Debug-android-aarch64/include -Xcc -I/host/spi-builder-workspace/.build/out/Intermediates.noindex/SwiftyBeaver.build/Debug-android-aarch64/SwiftyBeaver-t.build/DerivedSources-normal/aarch64 -Xcc -I/host/spi-builder-workspace/.build/out/Intermediates.noindex/SwiftyBeaver.build/Debug-android-aarch64/SwiftyBeaver-t.build/DerivedSources/aarch64 -Xcc -I/host/spi-builder-workspace/.build/out/Intermediates.noindex/SwiftyBeaver.build/Debug-android-aarch64/SwiftyBeaver-t.build/DerivedSources -Xcc -DSWIFT_PACKAGE -Xcc -DDEBUG\=1 -no-auto-bridging-header-chaining -module-name SwiftyBeaver -package-name spi_builder_workspace -const-gather-protocols-file /host/spi-builder-workspace/.build/out/Intermediates.noindex/SwiftyBeaver.build/Debug-android-aarch64/SwiftyBeaver-t.build/Objects-normal/aarch64/SwiftyBeaver_const_extract_protocols.json -in-process-plugin-server-path /root/.local/share/swiftly/toolchains/6.4.x-snapshot-2026-09-04/usr/lib/swift/host/libSwiftInProcPluginServer.so -plugin-path /root/.local/share/swiftly/toolchains/6.4.x-snapshot-2026-09-04/usr/lib/swift/host/plugins -plugin-path /root/.local/share/swiftly/toolchains/6.4.x-snapshot-2026-09-04/usr/local/lib/swift/host/plugins -parse-as-library -o /host/spi-builder-workspace/.build/out/Intermediates.noindex/SwiftyBeaver.build/Debug-android-aarch64/SwiftyBeaver-t.build/Objects-normal/aarch64/FileDestination.o -index-unit-output-path /SwiftyBeaver.build/Debug-android-aarch64/SwiftyBeaver-t.build/Objects-normal/aarch64/FileDestination.o -index-store-path /host/spi-builder-workspace/.build/out -index-system-modules
error: SwiftCompile normal aarch64 /host/spi-builder-workspace/Sources/SwiftyBeaver/SwiftyBeaver+Destinations.swift failed with a nonzero exit code. Command line:     cd /host
    builtin-SwiftPerFileCompile SwiftyBeaver+Destinations.swift
/host/spi-builder-workspace/Sources/SwiftyBeaver/SwiftyBeaver+Destinations.swift:96:36: warning: 'UncheckedSendable' is deprecated: All silenced errors in 6.0 are warnings in 6.1. [#]8;;https://docs.swift.org/compiler/documentation/diagnostics/deprecated-declaration\DeprecatedDeclaration]8;;\]
 94 |
 95 |                     if dest.asynchronously {
 96 |                         let dest = UncheckedSendable(wrapped: dest)
    |                                    `- warning: 'UncheckedSendable' is deprecated: All silenced errors in 6.0 are warnings in 6.1. [#]8;;https://docs.swift.org/compiler/documentation/diagnostics/deprecated-declaration\DeprecatedDeclaration]8;;\]
 97 |                         let context = UncheckedSendable(wrapped: context)
 98 |                         queue.async {
/host/spi-builder-workspace/Sources/SwiftyBeaver/SwiftyBeaver+Destinations.swift:97:39: warning: 'UncheckedSendable' is deprecated: All silenced errors in 6.0 are warnings in 6.1. [#]8;;https://docs.swift.org/compiler/documentation/diagnostics/deprecated-declaration\DeprecatedDeclaration]8;;\]
 95 |                     if dest.asynchronously {
 96 |                         let dest = UncheckedSendable(wrapped: dest)
 97 |                         let context = UncheckedSendable(wrapped: context)
    |                                       `- warning: 'UncheckedSendable' is deprecated: All silenced errors in 6.0 are warnings in 6.1. [#]8;;https://docs.swift.org/compiler/documentation/diagnostics/deprecated-declaration\DeprecatedDeclaration]8;;\]
 98 |                         queue.async {
 99 |                             _ = dest.wrapped.send(
/host/spi-builder-workspace/Sources/SwiftyBeaver/SwiftyBeaver+Destinations.swift:266:33: warning: 'UncheckedSendable' is deprecated: All silenced errors in 6.0 are warnings in 6.1. [#]8;;https://docs.swift.org/compiler/documentation/diagnostics/deprecated-declaration\DeprecatedDeclaration]8;;\]
264 |                 grp.enter()
265 |                 if dest.asynchronously {
266 |                     let _dest = UncheckedSendable(wrapped: dest)
    |                                 `- warning: 'UncheckedSendable' is deprecated: All silenced errors in 6.0 are warnings in 6.1. [#]8;;https://docs.swift.org/compiler/documentation/diagnostics/deprecated-declaration\DeprecatedDeclaration]8;;\]
267 |                     queue.async {
268 |                         _dest.wrapped.flush()
/host/spi-builder-workspace/Sources/SwiftyBeaver/SwiftyBeaver+Destinations.swift:296:32: error: cannot find '__dispatch_queue_get_label' in scope
294 |                     return ""
295 |                 } else {
296 |                     let name = __dispatch_queue_get_label(nil)
    |                                `- error: cannot find '__dispatch_queue_get_label' in scope
297 |                     return String(cString: name, encoding: .utf8) ?? Thread.current.description
298 |                 }
[#DeprecatedDeclaration]: <https://docs.swift.org/compiler/documentation/diagnostics/deprecated-declaration>
Failed frontend command:
/root/.local/share/swiftly/toolchains/6.4.x-snapshot-2026-09-04/usr/bin/swift-frontend -frontend -c /host/spi-builder-workspace/Sources/SwiftyBeaver/BaseDestination.swift /host/spi-builder-workspace/Sources/SwiftyBeaver/ConsoleDestination.swift /host/spi-builder-workspace/Sources/SwiftyBeaver/FileDestination.swift /host/spi-builder-workspace/Sources/SwiftyBeaver/Filter.swift /host/spi-builder-workspace/Sources/SwiftyBeaver/FilterValidator.swift /host/spi-builder-workspace/Sources/SwiftyBeaver/GoogleCloudDestination.swift /host/spi-builder-workspace/Sources/SwiftyBeaver/Internal/UncheckedSendable.swift -primary-file /host/spi-builder-workspace/Sources/SwiftyBeaver/SwiftyBeaver+Destinations.swift /host/spi-builder-workspace/Sources/SwiftyBeaver/SwiftyBeaver.swift -emit-dependencies-path /host/spi-builder-workspace/.build/out/Intermediates.noindex/SwiftyBeaver.build/Debug-android-aarch64/SwiftyBeaver-t.build/Objects-normal/aarch64/SwiftyBeaver+Destinations.d -emit-const-values-path /host/spi-builder-workspace/.build/out/Intermediates.noindex/SwiftyBeaver.build/Debug-android-aarch64/SwiftyBeaver-t.build/Objects-normal/aarch64/SwiftyBeaver+Destinations.swiftconstvalues -emit-reference-dependencies-path /host/spi-builder-workspace/.build/out/Intermediates.noindex/SwiftyBeaver.build/Debug-android-aarch64/SwiftyBeaver-t.build/Objects-normal/aarch64/SwiftyBeaver+Destinations.swiftdeps -serialize-diagnostics-path /host/spi-builder-workspace/.build/out/Intermediates.noindex/SwiftyBeaver.build/Debug-android-aarch64/SwiftyBeaver-t.build/Objects-normal/aarch64/SwiftyBeaver+Destinations.dia -target aarch64-unknown-linux-android28 -Xllvm -aarch64-use-tbi -disable-objc-interop -sdk /android-ndk/android-ndk-r27d/toolchains/llvm/prebuilt/linux-x86_64/sysroot -sysroot /android-ndk/android-ndk-r27d/toolchains/llvm/prebuilt/linux-x86_64/sysroot -I /host/spi-builder-workspace/.build/out/Products/Debug-android-aarch64 -module-cache-path /host/spi-builder-workspace/.build/out/ModuleCache.noindex -color-diagnostics -Xcc -fcolor-diagnostics -enable-testing -g -debug-info-format\=dwarf -dwarf-version\=4 -swift-version 6 -Onone -D SWIFT_PACKAGE -D DEBUG -D SWIFT_MODULE_RESOURCE_BUNDLE_UNAVAILABLE -D Xcode -serialize-debugging-options -enable-experimental-feature DebugDescriptionMacro -empty-abi-descriptor -external-plugin-path /root/.local/share/swiftly/toolchains/6.4.x-snapshot-2026-09-04/usr/lib/swift/host/plugins/testing\#/root/.local/share/swiftly/toolchains/6.4.x-snapshot-2026-09-04/usr/bin/swift-plugin-server -validate-clang-modules-once -clang-build-session-file /host/spi-builder-workspace/.build/out/ModuleCache.noindex/Session.modulevalidation -Xcc -working-directory -Xcc /host -resource-dir /root/.swiftpm/swift-sdks/swift-6.4.x-DEVELOPMENT-SNAPSHOT-2026-09-04-a_android.artifactbundle/swift-android/swift-resources/usr/lib/swift-aarch64 -enable-anonymous-context-mangled-names -file-compilation-dir /host -Xcc -resource-dir -Xcc /android-ndk/android-ndk-r27d/toolchains/llvm/prebuilt/linux-x86_64/lib/clang/18 -Xcc -fno-omit-frame-pointer -Xcc -D_LIBCPP_HARDENING_MODE\=_LIBCPP_HARDENING_MODE_DEBUG -Xcc -fmodules-prune-interval\=86400 -Xcc -fmodules-prune-after\=345600 -Xcc -I/host/spi-builder-workspace/.build/out/Products/Debug-android-aarch64/include -Xcc -I/host/spi-builder-workspace/.build/out/Intermediates.noindex/SwiftyBeaver.build/Debug-android-aarch64/SwiftyBeaver-t.build/DerivedSources-normal/aarch64 -Xcc -I/host/spi-builder-workspace/.build/out/Intermediates.noindex/SwiftyBeaver.build/Debug-android-aarch64/SwiftyBeaver-t.build/DerivedSources/aarch64 -Xcc -I/host/spi-builder-workspace/.build/out/Intermediates.noindex/SwiftyBeaver.build/Debug-android-aarch64/SwiftyBeaver-t.build/DerivedSources -Xcc -DSWIFT_PACKAGE -Xcc -DDEBUG\=1 -no-auto-bridging-header-chaining -module-name SwiftyBeaver -package-name spi_builder_workspace -const-gather-protocols-file /host/spi-builder-workspace/.build/out/Intermediates.noindex/SwiftyBeaver.build/Debug-android-aarch64/SwiftyBeaver-t.build/Objects-normal/aarch64/SwiftyBeaver_const_extract_protocols.json -in-process-plugin-server-path /root/.local/share/swiftly/toolchains/6.4.x-snapshot-2026-09-04/usr/lib/swift/host/libSwiftInProcPluginServer.so -plugin-path /root/.local/share/swiftly/toolchains/6.4.x-snapshot-2026-09-04/usr/lib/swift/host/plugins -plugin-path /root/.local/share/swiftly/toolchains/6.4.x-snapshot-2026-09-04/usr/local/lib/swift/host/plugins -parse-as-library -o /host/spi-builder-workspace/.build/out/Intermediates.noindex/SwiftyBeaver.build/Debug-android-aarch64/SwiftyBeaver-t.build/Objects-normal/aarch64/SwiftyBeaver+Destinations.o -index-unit-output-path /SwiftyBeaver.build/Debug-android-aarch64/SwiftyBeaver-t.build/Objects-normal/aarch64/SwiftyBeaver+Destinations.o -index-store-path /host/spi-builder-workspace/.build/out -index-system-modules
error: Build failed
BUILD FAILURE 6.4 android