The Swift Package Index logo.Swift Package Index

Build Information

Failed to build DragoDateTimePicker, reference main (87b0de), with Swift 6.1 for watchOS using Xcode 16.3 on 28 Jun 2026 18:43:30 UTC.

Build Command

env DEVELOPER_DIR=/Applications/Xcode-16.3.0.app xcrun xcodebuild -IDEClonedSourcePackagesDirPathOverride=$PWD/.dependencies -skipMacroValidation -skipPackagePluginValidation -derivedDataPath $PWD/.derivedData build -scheme DragoDateTimePicker -destination generic/platform=watchOS

Build Log

========================================
RunAll
========================================
Builder version: undefined version: run 'make version' to update
Interrupt handler set up.
========================================
Checkout
========================================
Clone URL: https://github.com/ThrottleCode/DragoDateTimePicker.git
Reference: main
Initialized empty Git repository in /Users/admin/builder/spi-builder-workspace/.git/
From https://github.com/ThrottleCode/DragoDateTimePicker
 * branch            main       -> FETCH_HEAD
 * [new branch]      main       -> origin/main
HEAD is now at 87b0de0 Fix podspec license and xcconfig
Cloned https://github.com/ThrottleCode/DragoDateTimePicker.git
Revision (git rev-parse @):
87b0de008525b7039f3cdd155f91715b42fa7987
SUCCESS checkout https://github.com/ThrottleCode/DragoDateTimePicker.git at main
========================================
Build
========================================
Selected platform:         watchOS
Swift version:             6.1
Building package at path:  $PWD
https://github.com/ThrottleCode/DragoDateTimePicker.git
https://github.com/ThrottleCode/DragoDateTimePicker.git
{
  "dependencies" : [
  ],
  "manifest_display_name" : "DragoDateTimePicker",
  "name" : "DragoDateTimePicker",
  "path" : "/Users/admin/builder/spi-builder-workspace",
  "platforms" : [
    {
      "name" : "ios",
      "version" : "14.0"
    }
  ],
  "products" : [
    {
      "name" : "DragoDateTimePicker",
      "targets" : [
        "DragoDateTimePicker"
      ],
      "type" : {
        "library" : [
          "automatic"
        ]
      }
    }
  ],
  "targets" : [
    {
      "c99name" : "DragoDateTimePicker",
      "module_type" : "SwiftTarget",
      "name" : "DragoDateTimePicker",
      "path" : "Sources/DragoDateTimePicker",
      "product_memberships" : [
        "DragoDateTimePicker"
      ],
      "sources" : [
        "DragoPickerConfig.swift",
        "DragoPickerController.swift",
        "DragoPickerResult.swift",
        "DragoPickerView.swift",
        "DragoTimeRangeSheet.swift",
        "TimeListBuilder.swift"
      ],
      "type" : "library"
    }
  ],
  "tools_version" : "5.9"
}
Command line invocation:
    /Applications/Xcode-16.3.0.app/Contents/Developer/usr/bin/xcodebuild -IDEClonedSourcePackagesDirPathOverride=/Users/admin/builder/spi-builder-workspace/.dependencies -resolvePackageDependencies
Resolve Package Graph
Resolve Package Graph
Resolved source packages:
  DragoDateTimePicker: /Users/admin/builder/spi-builder-workspace
resolved source packages: DragoDateTimePicker
{
  "dependencies" : [
  ],
  "manifest_display_name" : "DragoDateTimePicker",
  "name" : "DragoDateTimePicker",
  "path" : "/Users/admin/builder/spi-builder-workspace",
  "platforms" : [
    {
      "name" : "ios",
      "version" : "14.0"
    }
  ],
  "products" : [
    {
      "name" : "DragoDateTimePicker",
      "targets" : [
        "DragoDateTimePicker"
      ],
      "type" : {
        "library" : [
          "automatic"
        ]
      }
    }
  ],
  "targets" : [
    {
      "c99name" : "DragoDateTimePicker",
      "module_type" : "SwiftTarget",
      "name" : "DragoDateTimePicker",
      "path" : "Sources/DragoDateTimePicker",
      "product_memberships" : [
        "DragoDateTimePicker"
      ],
      "sources" : [
        "DragoPickerConfig.swift",
        "DragoPickerController.swift",
        "DragoPickerResult.swift",
        "DragoPickerView.swift",
        "DragoTimeRangeSheet.swift",
        "TimeListBuilder.swift"
      ],
      "type" : "library"
    }
  ],
  "tools_version" : "5.9"
}
{
  "workspace" : {
    "name" : "spi-builder-workspace",
    "schemes" : [
      "DragoDateTimePicker"
    ]
  }
}
Running build ...
env DEVELOPER_DIR=/Applications/Xcode-16.3.0.app xcrun xcodebuild -IDEClonedSourcePackagesDirPathOverride=$PWD/.dependencies -skipMacroValidation -skipPackagePluginValidation -derivedDataPath $PWD/.derivedData build -scheme DragoDateTimePicker -destination generic/platform=watchOS OTHER_SWIFT_FLAGS=-stats-output-dir .stats -strict-concurrency=complete -enable-upcoming-feature StrictConcurrency -enable-upcoming-feature DisableOutwardActorInference -enable-upcoming-feature GlobalActorIsolatedTypesUsability -enable-upcoming-feature InferSendableFromCaptures
Command line invocation:
    /Applications/Xcode-16.3.0.app/Contents/Developer/usr/bin/xcodebuild -IDEClonedSourcePackagesDirPathOverride=/Users/admin/builder/spi-builder-workspace/.dependencies -skipMacroValidation -skipPackagePluginValidation -derivedDataPath /Users/admin/builder/spi-builder-workspace/.derivedData build -scheme DragoDateTimePicker -destination generic/platform=watchOS "OTHER_SWIFT_FLAGS=-stats-output-dir .stats -strict-concurrency=complete -enable-upcoming-feature StrictConcurrency -enable-upcoming-feature DisableOutwardActorInference -enable-upcoming-feature GlobalActorIsolatedTypesUsability -enable-upcoming-feature InferSendableFromCaptures"
Build settings from command line:
    OTHER_SWIFT_FLAGS = -stats-output-dir .stats -strict-concurrency=complete -enable-upcoming-feature StrictConcurrency -enable-upcoming-feature DisableOutwardActorInference -enable-upcoming-feature GlobalActorIsolatedTypesUsability -enable-upcoming-feature InferSendableFromCaptures
Resolve Package Graph
Resolved source packages:
  DragoDateTimePicker: /Users/admin/builder/spi-builder-workspace
ComputePackagePrebuildTargetDependencyGraph
Prepare packages
CreateBuildRequest
SendProjectDescription
CreateBuildOperation
ComputeTargetDependencyGraph
note: Building targets in dependency order
note: Target dependency graph (2 targets)
    Target 'DragoDateTimePicker' in project 'DragoDateTimePicker'
        ➜ Explicit dependency on target 'DragoDateTimePicker' in project 'DragoDateTimePicker'
    Target 'DragoDateTimePicker' in project 'DragoDateTimePicker' (no dependencies)
GatherProvisioningInputs
CreateBuildDescription
ExecuteExternalTool /Applications/Xcode-16.3.0.app/Contents/Developer/Toolchains/XcodeDefault.xctoolchain/usr/bin/clang -v -E -dM -isysroot /Applications/Xcode-16.3.0.app/Contents/Developer/Platforms/WatchOS.platform/Developer/SDKs/WatchOS11.4.sdk -x c -c /dev/null
ExecuteExternalTool /Applications/Xcode-16.3.0.app/Contents/Developer/Toolchains/XcodeDefault.xctoolchain/usr/bin/swiftc --version
ExecuteExternalTool /Applications/Xcode-16.3.0.app/Contents/Developer/Toolchains/XcodeDefault.xctoolchain/usr/bin/ld -version_details
Build description signature: 0c2093909dc98146fd25ee9225207bf3
Build description path: /Users/admin/builder/spi-builder-workspace/.derivedData/Build/Intermediates.noindex/XCBuildData/0c2093909dc98146fd25ee9225207bf3.xcbuilddata
CreateBuildDirectory /Users/admin/builder/spi-builder-workspace/.derivedData/Build/Intermediates.noindex
    cd /Users/admin/builder/spi-builder-workspace/.swiftpm/xcode
    builtin-create-build-directory /Users/admin/builder/spi-builder-workspace/.derivedData/Build/Intermediates.noindex
CreateBuildDirectory /Users/admin/builder/spi-builder-workspace/.derivedData/Build/Products
    cd /Users/admin/builder/spi-builder-workspace/.swiftpm/xcode
    builtin-create-build-directory /Users/admin/builder/spi-builder-workspace/.derivedData/Build/Products
ClangStatCache /Applications/Xcode-16.3.0.app/Contents/Developer/Toolchains/XcodeDefault.xctoolchain/usr/bin/clang-stat-cache /Applications/Xcode-16.3.0.app/Contents/Developer/Platforms/WatchOS.platform/Developer/SDKs/WatchOS11.4.sdk /Users/admin/builder/spi-builder-workspace/.derivedData/SDKStatCaches.noindex/watchos11.4-22T246-43efb940ff07ba2497b70ec94253f576.sdkstatcache
    cd /Users/admin/builder/spi-builder-workspace/.swiftpm/xcode
    /Applications/Xcode-16.3.0.app/Contents/Developer/Toolchains/XcodeDefault.xctoolchain/usr/bin/clang-stat-cache /Applications/Xcode-16.3.0.app/Contents/Developer/Platforms/WatchOS.platform/Developer/SDKs/WatchOS11.4.sdk -o /Users/admin/builder/spi-builder-workspace/.derivedData/SDKStatCaches.noindex/watchos11.4-22T246-43efb940ff07ba2497b70ec94253f576.sdkstatcache
CreateBuildDirectory /Users/admin/builder/spi-builder-workspace/.derivedData/Build/Intermediates.noindex/EagerLinkingTBDs/Debug-watchos
    cd /Users/admin/builder/spi-builder-workspace/.swiftpm/xcode
    builtin-create-build-directory /Users/admin/builder/spi-builder-workspace/.derivedData/Build/Intermediates.noindex/EagerLinkingTBDs/Debug-watchos
CreateBuildDirectory /Users/admin/builder/spi-builder-workspace/.derivedData/Build/Products/Debug-watchos
    cd /Users/admin/builder/spi-builder-workspace/.swiftpm/xcode
    builtin-create-build-directory /Users/admin/builder/spi-builder-workspace/.derivedData/Build/Products/Debug-watchos
CreateBuildDirectory /Users/admin/builder/spi-builder-workspace/.derivedData/Build/Products/Debug-watchos/PackageFrameworks
    cd /Users/admin/builder/spi-builder-workspace/.swiftpm/xcode
    builtin-create-build-directory /Users/admin/builder/spi-builder-workspace/.derivedData/Build/Products/Debug-watchos/PackageFrameworks
WriteAuxiliaryFile /Users/admin/builder/spi-builder-workspace/.derivedData/Build/Intermediates.noindex/DragoDateTimePicker.build/Debug-watchos/DragoDateTimePicker.build/Objects-normal/armv7k/DragoDateTimePicker-OutputFileMap.json (in target 'DragoDateTimePicker' from project 'DragoDateTimePicker')
    cd /Users/admin/builder/spi-builder-workspace
    write-file /Users/admin/builder/spi-builder-workspace/.derivedData/Build/Intermediates.noindex/DragoDateTimePicker.build/Debug-watchos/DragoDateTimePicker.build/Objects-normal/armv7k/DragoDateTimePicker-OutputFileMap.json
WriteAuxiliaryFile /Users/admin/builder/spi-builder-workspace/.derivedData/Build/Intermediates.noindex/DragoDateTimePicker.build/Debug-watchos/DragoDateTimePicker.build/Objects-normal/armv7k/DragoDateTimePicker.LinkFileList (in target 'DragoDateTimePicker' from project 'DragoDateTimePicker')
    cd /Users/admin/builder/spi-builder-workspace
    write-file /Users/admin/builder/spi-builder-workspace/.derivedData/Build/Intermediates.noindex/DragoDateTimePicker.build/Debug-watchos/DragoDateTimePicker.build/Objects-normal/armv7k/DragoDateTimePicker.LinkFileList
WriteAuxiliaryFile /Users/admin/builder/spi-builder-workspace/.derivedData/Build/Intermediates.noindex/DragoDateTimePicker.build/Debug-watchos/DragoDateTimePicker.build/Objects-normal/armv7k/DragoDateTimePicker.SwiftFileList (in target 'DragoDateTimePicker' from project 'DragoDateTimePicker')
    cd /Users/admin/builder/spi-builder-workspace
    write-file /Users/admin/builder/spi-builder-workspace/.derivedData/Build/Intermediates.noindex/DragoDateTimePicker.build/Debug-watchos/DragoDateTimePicker.build/Objects-normal/armv7k/DragoDateTimePicker.SwiftFileList
WriteAuxiliaryFile /Users/admin/builder/spi-builder-workspace/.derivedData/Build/Intermediates.noindex/DragoDateTimePicker.build/Debug-watchos/DragoDateTimePicker.build/Objects-normal/armv7k/DragoDateTimePicker_const_extract_protocols.json (in target 'DragoDateTimePicker' from project 'DragoDateTimePicker')
    cd /Users/admin/builder/spi-builder-workspace
    write-file /Users/admin/builder/spi-builder-workspace/.derivedData/Build/Intermediates.noindex/DragoDateTimePicker.build/Debug-watchos/DragoDateTimePicker.build/Objects-normal/armv7k/DragoDateTimePicker_const_extract_protocols.json
WriteAuxiliaryFile /Users/admin/builder/spi-builder-workspace/.derivedData/Build/Intermediates.noindex/DragoDateTimePicker.build/Debug-watchos/DragoDateTimePicker.build/Objects-normal/armv7k/DragoDateTimePicker.SwiftConstValuesFileList (in target 'DragoDateTimePicker' from project 'DragoDateTimePicker')
    cd /Users/admin/builder/spi-builder-workspace
    write-file /Users/admin/builder/spi-builder-workspace/.derivedData/Build/Intermediates.noindex/DragoDateTimePicker.build/Debug-watchos/DragoDateTimePicker.build/Objects-normal/armv7k/DragoDateTimePicker.SwiftConstValuesFileList
WriteAuxiliaryFile /Users/admin/builder/spi-builder-workspace/.derivedData/Build/Intermediates.noindex/DragoDateTimePicker.build/Debug-watchos/DragoDateTimePicker.build/Objects-normal/arm64_32/DragoDateTimePicker.SwiftFileList (in target 'DragoDateTimePicker' from project 'DragoDateTimePicker')
    cd /Users/admin/builder/spi-builder-workspace
    write-file /Users/admin/builder/spi-builder-workspace/.derivedData/Build/Intermediates.noindex/DragoDateTimePicker.build/Debug-watchos/DragoDateTimePicker.build/Objects-normal/arm64_32/DragoDateTimePicker.SwiftFileList
WriteAuxiliaryFile /Users/admin/builder/spi-builder-workspace/.derivedData/Build/Intermediates.noindex/DragoDateTimePicker.build/Debug-watchos/DragoDateTimePicker.build/Objects-normal/arm64_32/DragoDateTimePicker_const_extract_protocols.json (in target 'DragoDateTimePicker' from project 'DragoDateTimePicker')
    cd /Users/admin/builder/spi-builder-workspace
    write-file /Users/admin/builder/spi-builder-workspace/.derivedData/Build/Intermediates.noindex/DragoDateTimePicker.build/Debug-watchos/DragoDateTimePicker.build/Objects-normal/arm64_32/DragoDateTimePicker_const_extract_protocols.json
WriteAuxiliaryFile /Users/admin/builder/spi-builder-workspace/.derivedData/Build/Intermediates.noindex/DragoDateTimePicker.build/Debug-watchos/DragoDateTimePicker.build/Objects-normal/arm64_32/DragoDateTimePicker-OutputFileMap.json (in target 'DragoDateTimePicker' from project 'DragoDateTimePicker')
    cd /Users/admin/builder/spi-builder-workspace
    write-file /Users/admin/builder/spi-builder-workspace/.derivedData/Build/Intermediates.noindex/DragoDateTimePicker.build/Debug-watchos/DragoDateTimePicker.build/Objects-normal/arm64_32/DragoDateTimePicker-OutputFileMap.json
WriteAuxiliaryFile /Users/admin/builder/spi-builder-workspace/.derivedData/Build/Intermediates.noindex/DragoDateTimePicker.build/Debug-watchos/DragoDateTimePicker.build/Objects-normal/arm64/DragoDateTimePicker_const_extract_protocols.json (in target 'DragoDateTimePicker' from project 'DragoDateTimePicker')
    cd /Users/admin/builder/spi-builder-workspace
    write-file /Users/admin/builder/spi-builder-workspace/.derivedData/Build/Intermediates.noindex/DragoDateTimePicker.build/Debug-watchos/DragoDateTimePicker.build/Objects-normal/arm64/DragoDateTimePicker_const_extract_protocols.json
WriteAuxiliaryFile /Users/admin/builder/spi-builder-workspace/.derivedData/Build/Intermediates.noindex/DragoDateTimePicker.build/Debug-watchos/DragoDateTimePicker.build/Objects-normal/arm64_32/DragoDateTimePicker.SwiftConstValuesFileList (in target 'DragoDateTimePicker' from project 'DragoDateTimePicker')
    cd /Users/admin/builder/spi-builder-workspace
    write-file /Users/admin/builder/spi-builder-workspace/.derivedData/Build/Intermediates.noindex/DragoDateTimePicker.build/Debug-watchos/DragoDateTimePicker.build/Objects-normal/arm64_32/DragoDateTimePicker.SwiftConstValuesFileList
WriteAuxiliaryFile /Users/admin/builder/spi-builder-workspace/.derivedData/Build/Intermediates.noindex/DragoDateTimePicker.build/Debug-watchos/DragoDateTimePicker.build/Objects-normal/arm64_32/DragoDateTimePicker.LinkFileList (in target 'DragoDateTimePicker' from project 'DragoDateTimePicker')
    cd /Users/admin/builder/spi-builder-workspace
    write-file /Users/admin/builder/spi-builder-workspace/.derivedData/Build/Intermediates.noindex/DragoDateTimePicker.build/Debug-watchos/DragoDateTimePicker.build/Objects-normal/arm64_32/DragoDateTimePicker.LinkFileList
WriteAuxiliaryFile /Users/admin/builder/spi-builder-workspace/.derivedData/Build/Intermediates.noindex/DragoDateTimePicker.build/Debug-watchos/DragoDateTimePicker.build/Objects-normal/arm64/DragoDateTimePicker.SwiftFileList (in target 'DragoDateTimePicker' from project 'DragoDateTimePicker')
    cd /Users/admin/builder/spi-builder-workspace
    write-file /Users/admin/builder/spi-builder-workspace/.derivedData/Build/Intermediates.noindex/DragoDateTimePicker.build/Debug-watchos/DragoDateTimePicker.build/Objects-normal/arm64/DragoDateTimePicker.SwiftFileList
WriteAuxiliaryFile /Users/admin/builder/spi-builder-workspace/.derivedData/Build/Intermediates.noindex/DragoDateTimePicker.build/Debug-watchos/DragoDateTimePicker.build/Objects-normal/arm64/DragoDateTimePicker.SwiftConstValuesFileList (in target 'DragoDateTimePicker' from project 'DragoDateTimePicker')
    cd /Users/admin/builder/spi-builder-workspace
    write-file /Users/admin/builder/spi-builder-workspace/.derivedData/Build/Intermediates.noindex/DragoDateTimePicker.build/Debug-watchos/DragoDateTimePicker.build/Objects-normal/arm64/DragoDateTimePicker.SwiftConstValuesFileList
WriteAuxiliaryFile /Users/admin/builder/spi-builder-workspace/.derivedData/Build/Intermediates.noindex/DragoDateTimePicker.build/Debug-watchos/DragoDateTimePicker.build/Objects-normal/arm64/DragoDateTimePicker.LinkFileList (in target 'DragoDateTimePicker' from project 'DragoDateTimePicker')
    cd /Users/admin/builder/spi-builder-workspace
    write-file /Users/admin/builder/spi-builder-workspace/.derivedData/Build/Intermediates.noindex/DragoDateTimePicker.build/Debug-watchos/DragoDateTimePicker.build/Objects-normal/arm64/DragoDateTimePicker.LinkFileList
WriteAuxiliaryFile /Users/admin/builder/spi-builder-workspace/.derivedData/Build/Intermediates.noindex/DragoDateTimePicker.build/Debug-watchos/DragoDateTimePicker.build/Objects-normal/arm64/DragoDateTimePicker-OutputFileMap.json (in target 'DragoDateTimePicker' from project 'DragoDateTimePicker')
    cd /Users/admin/builder/spi-builder-workspace
    write-file /Users/admin/builder/spi-builder-workspace/.derivedData/Build/Intermediates.noindex/DragoDateTimePicker.build/Debug-watchos/DragoDateTimePicker.build/Objects-normal/arm64/DragoDateTimePicker-OutputFileMap.json
WriteAuxiliaryFile /Users/admin/builder/spi-builder-workspace/.derivedData/Build/Intermediates.noindex/DragoDateTimePicker.build/Debug-watchos/DragoDateTimePicker.build/DragoDateTimePicker.modulemap (in target 'DragoDateTimePicker' from project 'DragoDateTimePicker')
    cd /Users/admin/builder/spi-builder-workspace
    write-file /Users/admin/builder/spi-builder-workspace/.derivedData/Build/Intermediates.noindex/DragoDateTimePicker.build/Debug-watchos/DragoDateTimePicker.build/DragoDateTimePicker.modulemap
WriteAuxiliaryFile /Users/admin/builder/spi-builder-workspace/.derivedData/Build/Intermediates.noindex/DragoDateTimePicker.build/Debug-watchos/DragoDateTimePicker.build/DragoDateTimePicker.DependencyStaticMetadataFileList (in target 'DragoDateTimePicker' from project 'DragoDateTimePicker')
    cd /Users/admin/builder/spi-builder-workspace
    write-file /Users/admin/builder/spi-builder-workspace/.derivedData/Build/Intermediates.noindex/DragoDateTimePicker.build/Debug-watchos/DragoDateTimePicker.build/DragoDateTimePicker.DependencyStaticMetadataFileList
WriteAuxiliaryFile /Users/admin/builder/spi-builder-workspace/.derivedData/Build/Intermediates.noindex/DragoDateTimePicker.build/Debug-watchos/DragoDateTimePicker.build/DragoDateTimePicker.DependencyMetadataFileList (in target 'DragoDateTimePicker' from project 'DragoDateTimePicker')
    cd /Users/admin/builder/spi-builder-workspace
    write-file /Users/admin/builder/spi-builder-workspace/.derivedData/Build/Intermediates.noindex/DragoDateTimePicker.build/Debug-watchos/DragoDateTimePicker.build/DragoDateTimePicker.DependencyMetadataFileList
Copy /Users/admin/builder/spi-builder-workspace/.derivedData/Build/Intermediates.noindex/GeneratedModuleMaps-watchos/DragoDateTimePicker.modulemap /Users/admin/builder/spi-builder-workspace/.derivedData/Build/Intermediates.noindex/DragoDateTimePicker.build/Debug-watchos/DragoDateTimePicker.build/DragoDateTimePicker.modulemap (in target 'DragoDateTimePicker' from project 'DragoDateTimePicker')
    cd /Users/admin/builder/spi-builder-workspace
    builtin-copy -exclude .DS_Store -exclude CVS -exclude .svn -exclude .git -exclude .hg -resolve-src-symlinks /Users/admin/builder/spi-builder-workspace/.derivedData/Build/Intermediates.noindex/DragoDateTimePicker.build/Debug-watchos/DragoDateTimePicker.build/DragoDateTimePicker.modulemap /Users/admin/builder/spi-builder-workspace/.derivedData/Build/Intermediates.noindex/GeneratedModuleMaps-watchos
SwiftDriver DragoDateTimePicker normal armv7k com.apple.xcode.tools.swift.compiler (in target 'DragoDateTimePicker' from project 'DragoDateTimePicker')
    cd /Users/admin/builder/spi-builder-workspace/.swiftpm/xcode
    builtin-SwiftDriver -- /Applications/Xcode-16.3.0.app/Contents/Developer/Toolchains/XcodeDefault.xctoolchain/usr/bin/swiftc -module-name DragoDateTimePicker -Onone -enforce-exclusivity\=checked @/Users/admin/builder/spi-builder-workspace/.derivedData/Build/Intermediates.noindex/DragoDateTimePicker.build/Debug-watchos/DragoDateTimePicker.build/Objects-normal/armv7k/DragoDateTimePicker.SwiftFileList -DSWIFT_PACKAGE -DDEBUG -stats-output-dir .stats -strict-concurrency\=complete -enable-upcoming-feature StrictConcurrency -enable-upcoming-feature DisableOutwardActorInference -enable-upcoming-feature GlobalActorIsolatedTypesUsability -enable-upcoming-feature InferSendableFromCaptures -plugin-path /Applications/Xcode-16.3.0.app/Contents/Developer/Toolchains/XcodeDefault.xctoolchain/usr/lib/swift/host/plugins/testing -enable-experimental-feature DebugDescriptionMacro -sdk /Applications/Xcode-16.3.0.app/Contents/Developer/Platforms/WatchOS.platform/Developer/SDKs/WatchOS11.4.sdk -target armv7k-apple-watchos7.0 -g -module-cache-path /Users/admin/builder/spi-builder-workspace/.derivedData/ModuleCache.noindex -Xfrontend -serialize-debugging-options -enable-testing -index-store-path /Users/admin/builder/spi-builder-workspace/.derivedData/Index.noindex/DataStore -swift-version 5 -I /Users/admin/builder/spi-builder-workspace/.derivedData/Build/Products/Debug-watchos -I /Applications/Xcode-16.3.0.app/Contents/Developer/Platforms/WatchOS.platform/Developer/usr/lib -F /Users/admin/builder/spi-builder-workspace/.derivedData/Build/Products/Debug-watchos -F /Applications/Xcode-16.3.0.app/Contents/Developer/Platforms/WatchOS.platform/Developer/Library/Frameworks -F /Applications/Xcode-16.3.0.app/Contents/Developer/Platforms/WatchOS.platform/Developer/SDKs/WatchOS11.4.sdk/Developer/Library/Frameworks -c -j10 -enable-batch-mode -incremental -Xcc -ivfsstatcache -Xcc /Users/admin/builder/spi-builder-workspace/.derivedData/SDKStatCaches.noindex/watchos11.4-22T246-43efb940ff07ba2497b70ec94253f576.sdkstatcache -output-file-map /Users/admin/builder/spi-builder-workspace/.derivedData/Build/Intermediates.noindex/DragoDateTimePicker.build/Debug-watchos/DragoDateTimePicker.build/Objects-normal/armv7k/DragoDateTimePicker-OutputFileMap.json -use-frontend-parseable-output -save-temps -no-color-diagnostics -serialize-diagnostics -emit-dependencies -emit-module -emit-module-path /Users/admin/builder/spi-builder-workspace/.derivedData/Build/Intermediates.noindex/DragoDateTimePicker.build/Debug-watchos/DragoDateTimePicker.build/Objects-normal/armv7k/DragoDateTimePicker.swiftmodule -validate-clang-modules-once -clang-build-session-file /Users/admin/builder/spi-builder-workspace/.derivedData/ModuleCache.noindex/Session.modulevalidation -package-name spi_builder_workspace -Xcc -I/Users/admin/builder/spi-builder-workspace/.derivedData/Build/Intermediates.noindex/DragoDateTimePicker.build/Debug-watchos/DragoDateTimePicker.build/swift-overrides.hmap -emit-const-values -Xfrontend -const-gather-protocols-file -Xfrontend /Users/admin/builder/spi-builder-workspace/.derivedData/Build/Intermediates.noindex/DragoDateTimePicker.build/Debug-watchos/DragoDateTimePicker.build/Objects-normal/armv7k/DragoDateTimePicker_const_extract_protocols.json -Xcc -I/Users/admin/builder/spi-builder-workspace/.derivedData/Build/Products/Debug-watchos/include -Xcc -I/Users/admin/builder/spi-builder-workspace/.derivedData/Build/Intermediates.noindex/DragoDateTimePicker.build/Debug-watchos/DragoDateTimePicker.build/DerivedSources-normal/armv7k -Xcc -I/Users/admin/builder/spi-builder-workspace/.derivedData/Build/Intermediates.noindex/DragoDateTimePicker.build/Debug-watchos/DragoDateTimePicker.build/DerivedSources/armv7k -Xcc -I/Users/admin/builder/spi-builder-workspace/.derivedData/Build/Intermediates.noindex/DragoDateTimePicker.build/Debug-watchos/DragoDateTimePicker.build/DerivedSources -Xcc -DSWIFT_PACKAGE -Xcc -DDEBUG\=1 -emit-objc-header -emit-objc-header-path /Users/admin/builder/spi-builder-workspace/.derivedData/Build/Intermediates.noindex/DragoDateTimePicker.build/Debug-watchos/DragoDateTimePicker.build/Objects-normal/armv7k/DragoDateTimePicker-Swift.h -working-directory /Users/admin/builder/spi-builder-workspace/.swiftpm/xcode -experimental-emit-module-separately -disable-cmo
SwiftDriver DragoDateTimePicker normal arm64_32 com.apple.xcode.tools.swift.compiler (in target 'DragoDateTimePicker' from project 'DragoDateTimePicker')
    cd /Users/admin/builder/spi-builder-workspace/.swiftpm/xcode
    builtin-SwiftDriver -- /Applications/Xcode-16.3.0.app/Contents/Developer/Toolchains/XcodeDefault.xctoolchain/usr/bin/swiftc -module-name DragoDateTimePicker -Onone -enforce-exclusivity\=checked @/Users/admin/builder/spi-builder-workspace/.derivedData/Build/Intermediates.noindex/DragoDateTimePicker.build/Debug-watchos/DragoDateTimePicker.build/Objects-normal/arm64_32/DragoDateTimePicker.SwiftFileList -DSWIFT_PACKAGE -DDEBUG -stats-output-dir .stats -strict-concurrency\=complete -enable-upcoming-feature StrictConcurrency -enable-upcoming-feature DisableOutwardActorInference -enable-upcoming-feature GlobalActorIsolatedTypesUsability -enable-upcoming-feature InferSendableFromCaptures -plugin-path /Applications/Xcode-16.3.0.app/Contents/Developer/Toolchains/XcodeDefault.xctoolchain/usr/lib/swift/host/plugins/testing -enable-experimental-feature DebugDescriptionMacro -sdk /Applications/Xcode-16.3.0.app/Contents/Developer/Platforms/WatchOS.platform/Developer/SDKs/WatchOS11.4.sdk -target arm64_32-apple-watchos7.0 -g -module-cache-path /Users/admin/builder/spi-builder-workspace/.derivedData/ModuleCache.noindex -Xfrontend -serialize-debugging-options -enable-testing -index-store-path /Users/admin/builder/spi-builder-workspace/.derivedData/Index.noindex/DataStore -swift-version 5 -I /Users/admin/builder/spi-builder-workspace/.derivedData/Build/Products/Debug-watchos -I /Applications/Xcode-16.3.0.app/Contents/Developer/Platforms/WatchOS.platform/Developer/usr/lib -F /Users/admin/builder/spi-builder-workspace/.derivedData/Build/Products/Debug-watchos -F /Applications/Xcode-16.3.0.app/Contents/Developer/Platforms/WatchOS.platform/Developer/Library/Frameworks -F /Applications/Xcode-16.3.0.app/Contents/Developer/Platforms/WatchOS.platform/Developer/SDKs/WatchOS11.4.sdk/Developer/Library/Frameworks -c -j10 -enable-batch-mode -incremental -Xcc -ivfsstatcache -Xcc /Users/admin/builder/spi-builder-workspace/.derivedData/SDKStatCaches.noindex/watchos11.4-22T246-43efb940ff07ba2497b70ec94253f576.sdkstatcache -output-file-map /Users/admin/builder/spi-builder-workspace/.derivedData/Build/Intermediates.noindex/DragoDateTimePicker.build/Debug-watchos/DragoDateTimePicker.build/Objects-normal/arm64_32/DragoDateTimePicker-OutputFileMap.json -use-frontend-parseable-output -save-temps -no-color-diagnostics -serialize-diagnostics -emit-dependencies -emit-module -emit-module-path /Users/admin/builder/spi-builder-workspace/.derivedData/Build/Intermediates.noindex/DragoDateTimePicker.build/Debug-watchos/DragoDateTimePicker.build/Objects-normal/arm64_32/DragoDateTimePicker.swiftmodule -validate-clang-modules-once -clang-build-session-file /Users/admin/builder/spi-builder-workspace/.derivedData/ModuleCache.noindex/Session.modulevalidation -package-name spi_builder_workspace -Xcc -I/Users/admin/builder/spi-builder-workspace/.derivedData/Build/Intermediates.noindex/DragoDateTimePicker.build/Debug-watchos/DragoDateTimePicker.build/swift-overrides.hmap -emit-const-values -Xfrontend -const-gather-protocols-file -Xfrontend /Users/admin/builder/spi-builder-workspace/.derivedData/Build/Intermediates.noindex/DragoDateTimePicker.build/Debug-watchos/DragoDateTimePicker.build/Objects-normal/arm64_32/DragoDateTimePicker_const_extract_protocols.json -Xcc -I/Users/admin/builder/spi-builder-workspace/.derivedData/Build/Products/Debug-watchos/include -Xcc -I/Users/admin/builder/spi-builder-workspace/.derivedData/Build/Intermediates.noindex/DragoDateTimePicker.build/Debug-watchos/DragoDateTimePicker.build/DerivedSources-normal/arm64_32 -Xcc -I/Users/admin/builder/spi-builder-workspace/.derivedData/Build/Intermediates.noindex/DragoDateTimePicker.build/Debug-watchos/DragoDateTimePicker.build/DerivedSources/arm64_32 -Xcc -I/Users/admin/builder/spi-builder-workspace/.derivedData/Build/Intermediates.noindex/DragoDateTimePicker.build/Debug-watchos/DragoDateTimePicker.build/DerivedSources -Xcc -DSWIFT_PACKAGE -Xcc -DDEBUG\=1 -emit-objc-header -emit-objc-header-path /Users/admin/builder/spi-builder-workspace/.derivedData/Build/Intermediates.noindex/DragoDateTimePicker.build/Debug-watchos/DragoDateTimePicker.build/Objects-normal/arm64_32/DragoDateTimePicker-Swift.h -working-directory /Users/admin/builder/spi-builder-workspace/.swiftpm/xcode -experimental-emit-module-separately -disable-cmo
SwiftDriver DragoDateTimePicker normal arm64 com.apple.xcode.tools.swift.compiler (in target 'DragoDateTimePicker' from project 'DragoDateTimePicker')
    cd /Users/admin/builder/spi-builder-workspace/.swiftpm/xcode
    builtin-SwiftDriver -- /Applications/Xcode-16.3.0.app/Contents/Developer/Toolchains/XcodeDefault.xctoolchain/usr/bin/swiftc -module-name DragoDateTimePicker -Onone -enforce-exclusivity\=checked @/Users/admin/builder/spi-builder-workspace/.derivedData/Build/Intermediates.noindex/DragoDateTimePicker.build/Debug-watchos/DragoDateTimePicker.build/Objects-normal/arm64/DragoDateTimePicker.SwiftFileList -DSWIFT_PACKAGE -DDEBUG -stats-output-dir .stats -strict-concurrency\=complete -enable-upcoming-feature StrictConcurrency -enable-upcoming-feature DisableOutwardActorInference -enable-upcoming-feature GlobalActorIsolatedTypesUsability -enable-upcoming-feature InferSendableFromCaptures -plugin-path /Applications/Xcode-16.3.0.app/Contents/Developer/Toolchains/XcodeDefault.xctoolchain/usr/lib/swift/host/plugins/testing -enable-experimental-feature DebugDescriptionMacro -sdk /Applications/Xcode-16.3.0.app/Contents/Developer/Platforms/WatchOS.platform/Developer/SDKs/WatchOS11.4.sdk -target arm64-apple-watchos7.0 -g -module-cache-path /Users/admin/builder/spi-builder-workspace/.derivedData/ModuleCache.noindex -Xfrontend -serialize-debugging-options -enable-testing -index-store-path /Users/admin/builder/spi-builder-workspace/.derivedData/Index.noindex/DataStore -swift-version 5 -I /Users/admin/builder/spi-builder-workspace/.derivedData/Build/Products/Debug-watchos -I /Applications/Xcode-16.3.0.app/Contents/Developer/Platforms/WatchOS.platform/Developer/usr/lib -F /Users/admin/builder/spi-builder-workspace/.derivedData/Build/Products/Debug-watchos -F /Applications/Xcode-16.3.0.app/Contents/Developer/Platforms/WatchOS.platform/Developer/Library/Frameworks -F /Applications/Xcode-16.3.0.app/Contents/Developer/Platforms/WatchOS.platform/Developer/SDKs/WatchOS11.4.sdk/Developer/Library/Frameworks -c -j10 -enable-batch-mode -incremental -Xcc -ivfsstatcache -Xcc /Users/admin/builder/spi-builder-workspace/.derivedData/SDKStatCaches.noindex/watchos11.4-22T246-43efb940ff07ba2497b70ec94253f576.sdkstatcache -output-file-map /Users/admin/builder/spi-builder-workspace/.derivedData/Build/Intermediates.noindex/DragoDateTimePicker.build/Debug-watchos/DragoDateTimePicker.build/Objects-normal/arm64/DragoDateTimePicker-OutputFileMap.json -use-frontend-parseable-output -save-temps -no-color-diagnostics -serialize-diagnostics -emit-dependencies -emit-module -emit-module-path /Users/admin/builder/spi-builder-workspace/.derivedData/Build/Intermediates.noindex/DragoDateTimePicker.build/Debug-watchos/DragoDateTimePicker.build/Objects-normal/arm64/DragoDateTimePicker.swiftmodule -validate-clang-modules-once -clang-build-session-file /Users/admin/builder/spi-builder-workspace/.derivedData/ModuleCache.noindex/Session.modulevalidation -package-name spi_builder_workspace -Xcc -I/Users/admin/builder/spi-builder-workspace/.derivedData/Build/Intermediates.noindex/DragoDateTimePicker.build/Debug-watchos/DragoDateTimePicker.build/swift-overrides.hmap -emit-const-values -Xfrontend -const-gather-protocols-file -Xfrontend /Users/admin/builder/spi-builder-workspace/.derivedData/Build/Intermediates.noindex/DragoDateTimePicker.build/Debug-watchos/DragoDateTimePicker.build/Objects-normal/arm64/DragoDateTimePicker_const_extract_protocols.json -Xcc -I/Users/admin/builder/spi-builder-workspace/.derivedData/Build/Products/Debug-watchos/include -Xcc -I/Users/admin/builder/spi-builder-workspace/.derivedData/Build/Intermediates.noindex/DragoDateTimePicker.build/Debug-watchos/DragoDateTimePicker.build/DerivedSources-normal/arm64 -Xcc -I/Users/admin/builder/spi-builder-workspace/.derivedData/Build/Intermediates.noindex/DragoDateTimePicker.build/Debug-watchos/DragoDateTimePicker.build/DerivedSources/arm64 -Xcc -I/Users/admin/builder/spi-builder-workspace/.derivedData/Build/Intermediates.noindex/DragoDateTimePicker.build/Debug-watchos/DragoDateTimePicker.build/DerivedSources -Xcc -DSWIFT_PACKAGE -Xcc -DDEBUG\=1 -emit-objc-header -emit-objc-header-path /Users/admin/builder/spi-builder-workspace/.derivedData/Build/Intermediates.noindex/DragoDateTimePicker.build/Debug-watchos/DragoDateTimePicker.build/Objects-normal/arm64/DragoDateTimePicker-Swift.h -working-directory /Users/admin/builder/spi-builder-workspace/.swiftpm/xcode -experimental-emit-module-separately -disable-cmo
SwiftCompile normal arm64 Compiling\ DragoPickerController.swift /Users/admin/builder/spi-builder-workspace/Sources/DragoDateTimePicker/DragoPickerController.swift (in target 'DragoDateTimePicker' from project 'DragoDateTimePicker')
SwiftCompile normal arm64 /Users/admin/builder/spi-builder-workspace/Sources/DragoDateTimePicker/DragoPickerController.swift (in target 'DragoDateTimePicker' from project 'DragoDateTimePicker')
    cd /Users/admin/builder/spi-builder-workspace/.swiftpm/xcode

SwiftCompile normal arm64 Compiling\ DragoPickerResult.swift /Users/admin/builder/spi-builder-workspace/Sources/DragoDateTimePicker/DragoPickerResult.swift (in target 'DragoDateTimePicker' from project 'DragoDateTimePicker')
SwiftCompile normal arm64 /Users/admin/builder/spi-builder-workspace/Sources/DragoDateTimePicker/DragoPickerResult.swift (in target 'DragoDateTimePicker' from project 'DragoDateTimePicker')
    cd /Users/admin/builder/spi-builder-workspace/.swiftpm/xcode

SwiftCompile normal arm64 Compiling\ DragoTimeRangeSheet.swift /Users/admin/builder/spi-builder-workspace/Sources/DragoDateTimePicker/DragoTimeRangeSheet.swift (in target 'DragoDateTimePicker' from project 'DragoDateTimePicker')
SwiftCompile normal arm64 /Users/admin/builder/spi-builder-workspace/Sources/DragoDateTimePicker/DragoTimeRangeSheet.swift (in target 'DragoDateTimePicker' from project 'DragoDateTimePicker')
    cd /Users/admin/builder/spi-builder-workspace/.swiftpm/xcode

SwiftEmitModule normal arm64 Emitting\ module\ for\ DragoDateTimePicker (in target 'DragoDateTimePicker' from project 'DragoDateTimePicker')
Failed frontend command:
/Applications/Xcode-16.3.0.app/Contents/Developer/Toolchains/XcodeDefault.xctoolchain/usr/bin/swift-frontend -frontend -emit-module -experimental-skip-non-inlinable-function-bodies-without-types /Users/admin/builder/spi-builder-workspace/Sources/DragoDateTimePicker/DragoPickerConfig.swift /Users/admin/builder/spi-builder-workspace/Sources/DragoDateTimePicker/DragoPickerController.swift /Users/admin/builder/spi-builder-workspace/Sources/DragoDateTimePicker/DragoPickerResult.swift /Users/admin/builder/spi-builder-workspace/Sources/DragoDateTimePicker/DragoPickerView.swift /Users/admin/builder/spi-builder-workspace/Sources/DragoDateTimePicker/DragoTimeRangeSheet.swift /Users/admin/builder/spi-builder-workspace/Sources/DragoDateTimePicker/TimeListBuilder.swift -target arm64-apple-watchos7.0 -Xllvm -aarch64-use-tbi -enable-objc-interop -stack-check -sdk /Applications/Xcode-16.3.0.app/Contents/Developer/Platforms/WatchOS.platform/Developer/SDKs/WatchOS11.4.sdk -I /Users/admin/builder/spi-builder-workspace/.derivedData/Build/Products/Debug-watchos -I /Applications/Xcode-16.3.0.app/Contents/Developer/Platforms/WatchOS.platform/Developer/usr/lib -F /Users/admin/builder/spi-builder-workspace/.derivedData/Build/Products/Debug-watchos -F /Applications/Xcode-16.3.0.app/Contents/Developer/Platforms/WatchOS.platform/Developer/Library/Frameworks -F /Applications/Xcode-16.3.0.app/Contents/Developer/Platforms/WatchOS.platform/Developer/SDKs/WatchOS11.4.sdk/Developer/Library/Frameworks -no-color-diagnostics -enable-testing -g -debug-info-format\=dwarf -dwarf-version\=4 -module-cache-path /Users/admin/builder/spi-builder-workspace/.derivedData/ModuleCache.noindex -swift-version 5 -enforce-exclusivity\=checked -stats-output-dir /Users/admin/builder/spi-builder-workspace/.swiftpm/xcode/.stats -Onone -D SWIFT_PACKAGE -D DEBUG -serialize-debugging-options -const-gather-protocols-file /Users/admin/builder/spi-builder-workspace/.derivedData/Build/Intermediates.noindex/DragoDateTimePicker.build/Debug-watchos/DragoDateTimePicker.build/Objects-normal/arm64/DragoDateTimePicker_const_extract_protocols.json -enable-upcoming-feature StrictConcurrency -enable-upcoming-feature DisableOutwardActorInference -enable-upcoming-feature GlobalActorIsolatedTypesUsability -enable-upcoming-feature InferSendableFromCaptures -enable-experimental-feature DebugDescriptionMacro -strict-concurrency\=complete -empty-abi-descriptor -plugin-path /Applications/Xcode-16.3.0.app/Contents/Developer/Toolchains/XcodeDefault.xctoolchain/usr/lib/swift/host/plugins/testing -validate-clang-modules-once -clang-build-session-file /Users/admin/builder/spi-builder-workspace/.derivedData/ModuleCache.noindex/Session.modulevalidation -Xcc -working-directory -Xcc /Users/admin/builder/spi-builder-workspace/.swiftpm/xcode -resource-dir /Applications/Xcode-16.3.0.app/Contents/Developer/Toolchains/XcodeDefault.xctoolchain/usr/lib/swift -enable-anonymous-context-mangled-names -file-compilation-dir /Users/admin/builder/spi-builder-workspace/.swiftpm/xcode -Xcc -ivfsstatcache -Xcc /Users/admin/builder/spi-builder-workspace/.derivedData/SDKStatCaches.noindex/watchos11.4-22T246-43efb940ff07ba2497b70ec94253f576.sdkstatcache -Xcc -I/Users/admin/builder/spi-builder-workspace/.derivedData/Build/Intermediates.noindex/DragoDateTimePicker.build/Debug-watchos/DragoDateTimePicker.build/swift-overrides.hmap -Xcc -I/Users/admin/builder/spi-builder-workspace/.derivedData/Build/Products/Debug-watchos/include -Xcc -I/Users/admin/builder/spi-builder-workspace/.derivedData/Build/Intermediates.noindex/DragoDateTimePicker.build/Debug-watchos/DragoDateTimePicker.build/DerivedSources-normal/arm64 -Xcc -I/Users/admin/builder/spi-builder-workspace/.derivedData/Build/Intermediates.noindex/DragoDateTimePicker.build/Debug-watchos/DragoDateTimePicker.build/DerivedSources/arm64 -Xcc -I/Users/admin/builder/spi-builder-workspace/.derivedData/Build/Intermediates.noindex/DragoDateTimePicker.build/Debug-watchos/DragoDateTimePicker.build/DerivedSources -Xcc -DSWIFT_PACKAGE -Xcc -DDEBUG\=1 -module-name DragoDateTimePicker -package-name spi_builder_workspace -frontend-parseable-output -disable-clang-spi -target-sdk-version 11.4 -target-sdk-name watchos11.4 -external-plugin-path /Applications/Xcode-16.3.0.app/Contents/Developer/Platforms/WatchOS.platform/Developer/usr/lib/swift/host/plugins\#/Applications/Xcode-16.3.0.app/Contents/Developer/Platforms/WatchOS.platform/Developer/usr/bin/swift-plugin-server -external-plugin-path /Applications/Xcode-16.3.0.app/Contents/Developer/Platforms/WatchOS.platform/Developer/usr/local/lib/swift/host/plugins\#/Applications/Xcode-16.3.0.app/Contents/Developer/Platforms/WatchOS.platform/Developer/usr/bin/swift-plugin-server -in-process-plugin-server-path /Applications/Xcode-16.3.0.app/Contents/Developer/Toolchains/XcodeDefault.xctoolchain/usr/lib/swift/host/libSwiftInProcPluginServer.dylib -plugin-path /Applications/Xcode-16.3.0.app/Contents/Developer/Toolchains/XcodeDefault.xctoolchain/usr/lib/swift/host/plugins -plugin-path /Applications/Xcode-16.3.0.app/Contents/Developer/Toolchains/XcodeDefault.xctoolchain/usr/local/lib/swift/host/plugins -emit-module-doc-path /Users/admin/builder/spi-builder-workspace/.derivedData/Build/Intermediates.noindex/DragoDateTimePicker.build/Debug-watchos/DragoDateTimePicker.build/Objects-normal/arm64/DragoDateTimePicker.swiftdoc -emit-module-source-info-path /Users/admin/builder/spi-builder-workspace/.derivedData/Build/Intermediates.noindex/DragoDateTimePicker.build/Debug-watchos/DragoDateTimePicker.build/Objects-normal/arm64/DragoDateTimePicker.swiftsourceinfo -emit-objc-header-path /Users/admin/builder/spi-builder-workspace/.derivedData/Build/Intermediates.noindex/DragoDateTimePicker.build/Debug-watchos/DragoDateTimePicker.build/Objects-normal/arm64/DragoDateTimePicker-Swift.h -serialize-diagnostics-path /Users/admin/builder/spi-builder-workspace/.derivedData/Build/Intermediates.noindex/DragoDateTimePicker.build/Debug-watchos/DragoDateTimePicker.build/Objects-normal/arm64/DragoDateTimePicker-master-emit-module.dia -emit-dependencies-path /Users/admin/builder/spi-builder-workspace/.derivedData/Build/Intermediates.noindex/DragoDateTimePicker.build/Debug-watchos/DragoDateTimePicker.build/Objects-normal/arm64/DragoDateTimePicker-master-emit-module.d -o /Users/admin/builder/spi-builder-workspace/.derivedData/Build/Intermediates.noindex/DragoDateTimePicker.build/Debug-watchos/DragoDateTimePicker.build/Objects-normal/arm64/DragoDateTimePicker.swiftmodule -emit-abi-descriptor-path /Users/admin/builder/spi-builder-workspace/.derivedData/Build/Intermediates.noindex/DragoDateTimePicker.build/Debug-watchos/DragoDateTimePicker.build/Objects-normal/arm64/DragoDateTimePicker.abi.json
EmitSwiftModule normal arm64 (in target 'DragoDateTimePicker' from project 'DragoDateTimePicker')
    cd /Users/admin/builder/spi-builder-workspace/.swiftpm/xcode

/Users/admin/builder/spi-builder-workspace/Sources/DragoDateTimePicker/DragoPickerConfig.swift:45:49: error: type 'UIColor' has no member 'label'
    public var pickerTextColor:      UIColor = .label
                                               ~^~~~~
/Users/admin/builder/spi-builder-workspace/Sources/DragoDateTimePicker/DragoPickerConfig.swift:52:40: error: type 'UIColor' has no member 'systemBlue'
    public var okColor:     UIColor = .systemBlue
                                      ~^~~~~~~~~~
/Users/admin/builder/spi-builder-workspace/Sources/DragoDateTimePicker/DragoPickerConfig.swift:53:40: error: type 'UIColor' has no member 'systemGray'
    public var cancelColor: UIColor = .systemGray
                                      ~^~~~~~~~~~
/Users/admin/builder/spi-builder-workspace/Sources/DragoDateTimePicker/DragoPickerConfig.swift:59:39: error: type 'UIColor' has no member 'label'
    public var titleColor: UIColor = .label
                                     ~^~~~~
/Users/admin/builder/spi-builder-workspace/Sources/DragoDateTimePicker/DragoPickerController.swift:21:26: error: method does not override any method from its superclass
    public override func viewDidLoad() {
           ~~~~~~~~      ^
/Users/admin/builder/spi-builder-workspace/Sources/DragoDateTimePicker/DragoPickerController.swift:41:33: error: cannot find type 'UIView' in scope
    private func embed(_ child: UIView) {
                                ^~~~~~
/Applications/Xcode-16.3.0.app/Contents/Developer/Platforms/WatchOS.platform/Developer/SDKs/WatchOS11.4.sdk/System/Library/Frameworks/UIKit.framework/Headers/NSTextAttachment.h:23:1: note: interface 'UIView' forward declared here
@class UIView;
^
/Users/admin/builder/spi-builder-workspace/Sources/DragoDateTimePicker/DragoPickerController.swift:10:43: error: cannot find type 'UIViewController' in scope
public final class DragoPickerController: UIViewController {
                                          ^~~~~~~~~~~~~~~~
/Users/admin/builder/spi-builder-workspace/Sources/DragoDateTimePicker/DragoPickerView.swift:20:33: error: cannot find 'UIButton' in scope
    private let overlay       = UIButton()
                                ^~~~~~~~
/Users/admin/builder/spi-builder-workspace/Sources/DragoDateTimePicker/DragoPickerView.swift:21:33: error: cannot find 'UIView' in scope
    private let card          = UIView()
                                ^~~~~~
/Applications/Xcode-16.3.0.app/Contents/Developer/Platforms/WatchOS.platform/Developer/SDKs/WatchOS11.4.sdk/System/Library/Frameworks/UIKit.framework/Headers/NSTextAttachment.h:23:1: note: interface 'UIView' forward declared here
@class UIView;
^
/Users/admin/builder/spi-builder-workspace/Sources/DragoDateTimePicker/DragoPickerView.swift:22:33: error: cannot find 'UILabel' in scope
    private let titleLabel    = UILabel()
                                ^~~~~~~
/Users/admin/builder/spi-builder-workspace/Sources/DragoDateTimePicker/DragoPickerView.swift:23:33: error: cannot find 'UIView' in scope
    private let titleDivider  = UIView()
                                ^~~~~~
/Applications/Xcode-16.3.0.app/Contents/Developer/Platforms/WatchOS.platform/Developer/SDKs/WatchOS11.4.sdk/System/Library/Frameworks/UIKit.framework/Headers/NSTextAttachment.h:23:1: note: interface 'UIView' forward declared here
@class UIView;
^
/Users/admin/builder/spi-builder-workspace/Sources/DragoDateTimePicker/DragoPickerView.swift:24:33: error: cannot find 'UIView' in scope
    private let buttonDivider = UIView()
                                ^~~~~~
/Applications/Xcode-16.3.0.app/Contents/Developer/Platforms/WatchOS.platform/Developer/SDKs/WatchOS11.4.sdk/System/Library/Frameworks/UIKit.framework/Headers/NSTextAttachment.h:23:1: note: interface 'UIView' forward declared here
@class UIView;
^
/Users/admin/builder/spi-builder-workspace/Sources/DragoDateTimePicker/DragoPickerView.swift:25:33: error: cannot find 'UIButton' in scope
    private let cancelButton  = UIButton(type: .system)
                                ^~~~~~~~
/Users/admin/builder/spi-builder-workspace/Sources/DragoDateTimePicker/DragoPickerView.swift:25:49: error: cannot infer contextual base in reference to member 'system'
    private let cancelButton  = UIButton(type: .system)
                                               ~^~~~~~
/Users/admin/builder/spi-builder-workspace/Sources/DragoDateTimePicker/DragoPickerView.swift:26:33: error: cannot find 'UIButton' in scope
    private let okButton      = UIButton(type: .system)
                                ^~~~~~~~
/Users/admin/builder/spi-builder-workspace/Sources/DragoDateTimePicker/DragoPickerView.swift:26:49: error: cannot infer contextual base in reference to member 'system'
    private let okButton      = UIButton(type: .system)
                                               ~^~~~~~
/Users/admin/builder/spi-builder-workspace/Sources/DragoDateTimePicker/DragoPickerView.swift:27:33: error: cannot find 'UIStackView' in scope
    private let buttonStack   = UIStackView()
                                ^~~~~~~~~~~
/Users/admin/builder/spi-builder-workspace/Sources/DragoDateTimePicker/DragoPickerView.swift:29:29: error: cannot find type 'UIDatePicker' in scope
    private var datePicker: UIDatePicker?
                            ^~~~~~~~~~~~
/Users/admin/builder/spi-builder-workspace/Sources/DragoDateTimePicker/DragoPickerView.swift:15:37: error: cannot find type 'UIView' in scope
public final class DragoPickerView: UIView {
                                    ^~~~~~
/Applications/Xcode-16.3.0.app/Contents/Developer/Platforms/WatchOS.platform/Developer/SDKs/WatchOS11.4.sdk/System/Library/Frameworks/UIKit.framework/Headers/NSTextAttachment.h:23:1: note: interface 'UIView' forward declared here
@class UIView;
^
/Users/admin/builder/spi-builder-workspace/Sources/DragoDateTimePicker/DragoTimeRangeSheet.swift:21:32: error: cannot find 'UIButton' in scope
    private let overlay      = UIButton()
                               ^~~~~~~~
/Users/admin/builder/spi-builder-workspace/Sources/DragoDateTimePicker/DragoTimeRangeSheet.swift:22:32: error: cannot find 'UIView' in scope
    private let card         = UIView()
                               ^~~~~~
/Applications/Xcode-16.3.0.app/Contents/Developer/Platforms/WatchOS.platform/Developer/SDKs/WatchOS11.4.sdk/System/Library/Frameworks/UIKit.framework/Headers/NSTextAttachment.h:23:1: note: interface 'UIView' forward declared here
@class UIView;
^
/Users/admin/builder/spi-builder-workspace/Sources/DragoDateTimePicker/DragoTimeRangeSheet.swift:23:32: error: cannot find 'UIView' in scope
    private let handle       = UIView()
                               ^~~~~~
/Applications/Xcode-16.3.0.app/Contents/Developer/Platforms/WatchOS.platform/Developer/SDKs/WatchOS11.4.sdk/System/Library/Frameworks/UIKit.framework/Headers/NSTextAttachment.h:23:1: note: interface 'UIView' forward declared here
@class UIView;
^
/Users/admin/builder/spi-builder-workspace/Sources/DragoDateTimePicker/DragoTimeRangeSheet.swift:24:32: error: cannot find 'UILabel' in scope
    private let titleLabel   = UILabel()
                               ^~~~~~~
/Users/admin/builder/spi-builder-workspace/Sources/DragoDateTimePicker/DragoTimeRangeSheet.swift:25:32: error: cannot find 'UIView' in scope
    private let titleDivider = UIView()
                               ^~~~~~
/Applications/Xcode-16.3.0.app/Contents/Developer/Platforms/WatchOS.platform/Developer/SDKs/WatchOS11.4.sdk/System/Library/Frameworks/UIKit.framework/Headers/NSTextAttachment.h:23:1: note: interface 'UIView' forward declared here
@class UIView;
^
/Users/admin/builder/spi-builder-workspace/Sources/DragoDateTimePicker/DragoTimeRangeSheet.swift:28:31: error: cannot find 'UILabel' in scope
    private let startLabel  = UILabel()
                              ^~~~~~~
/Users/admin/builder/spi-builder-workspace/Sources/DragoDateTimePicker/DragoTimeRangeSheet.swift:29:31: error: cannot find 'UILabel' in scope
    private let endLabel    = UILabel()
                              ^~~~~~~
/Users/admin/builder/spi-builder-workspace/Sources/DragoDateTimePicker/DragoTimeRangeSheet.swift:30:31: error: cannot find 'UIPickerView' in scope
    private let startPicker = UIPickerView()
                              ^~~~~~~~~~~~
/Users/admin/builder/spi-builder-workspace/Sources/DragoDateTimePicker/DragoTimeRangeSheet.swift:31:31: error: cannot find 'UIPickerView' in scope
    private let endPicker   = UIPickerView()
                              ^~~~~~~~~~~~
/Users/admin/builder/spi-builder-workspace/Sources/DragoDateTimePicker/DragoTimeRangeSheet.swift:32:31: error: cannot find 'UIStackView' in scope
    private let pickerStack = UIStackView()
                              ^~~~~~~~~~~
/Users/admin/builder/spi-builder-workspace/Sources/DragoDateTimePicker/DragoTimeRangeSheet.swift:33:31: error: cannot find 'UIView' in scope
    private let topLine1    = UIView()
                              ^~~~~~
/Applications/Xcode-16.3.0.app/Contents/Developer/Platforms/WatchOS.platform/Developer/SDKs/WatchOS11.4.sdk/System/Library/Frameworks/UIKit.framework/Headers/NSTextAttachment.h:23:1: note: interface 'UIView' forward declared here
@class UIView;
^
/Users/admin/builder/spi-builder-workspace/Sources/DragoDateTimePicker/DragoTimeRangeSheet.swift:34:31: error: cannot find 'UIView' in scope
    private let topLine2    = UIView()
                              ^~~~~~
/Applications/Xcode-16.3.0.app/Contents/Developer/Platforms/WatchOS.platform/Developer/SDKs/WatchOS11.4.sdk/System/Library/Frameworks/UIKit.framework/Headers/NSTextAttachment.h:23:1: note: interface 'UIView' forward declared here
@class UIView;
^
/Users/admin/builder/spi-builder-workspace/Sources/DragoDateTimePicker/DragoTimeRangeSheet.swift:35:31: error: cannot find 'UIView' in scope
    private let bottomLine1 = UIView()
                              ^~~~~~
/Applications/Xcode-16.3.0.app/Contents/Developer/Platforms/WatchOS.platform/Developer/SDKs/WatchOS11.4.sdk/System/Library/Frameworks/UIKit.framework/Headers/NSTextAttachment.h:23:1: note: interface 'UIView' forward declared here
@class UIView;
^
/Users/admin/builder/spi-builder-workspace/Sources/DragoDateTimePicker/DragoTimeRangeSheet.swift:36:31: error: cannot find 'UIView' in scope
    private let bottomLine2 = UIView()
                              ^~~~~~
/Applications/Xcode-16.3.0.app/Contents/Developer/Platforms/WatchOS.platform/Developer/SDKs/WatchOS11.4.sdk/System/Library/Frameworks/UIKit.framework/Headers/NSTextAttachment.h:23:1: note: interface 'UIView' forward declared here
@class UIView;
^
/Users/admin/builder/spi-builder-workspace/Sources/DragoDateTimePicker/DragoTimeRangeSheet.swift:39:33: error: cannot find 'UIView' in scope
    private let buttonDivider = UIView()
                                ^~~~~~
/Applications/Xcode-16.3.0.app/Contents/Developer/Platforms/WatchOS.platform/Developer/SDKs/WatchOS11.4.sdk/System/Library/Frameworks/UIKit.framework/Headers/NSTextAttachment.h:23:1: note: interface 'UIView' forward declared here
@class UIView;
^
/Users/admin/builder/spi-builder-workspace/Sources/DragoDateTimePicker/DragoTimeRangeSheet.swift:40:33: error: cannot find 'UIButton' in scope
    private let cancelButton  = UIButton(type: .system)
                                ^~~~~~~~
/Users/admin/builder/spi-builder-workspace/Sources/DragoDateTimePicker/DragoTimeRangeSheet.swift:40:49: error: cannot infer contextual base in reference to member 'system'
    private let cancelButton  = UIButton(type: .system)
                                               ~^~~~~~
/Users/admin/builder/spi-builder-workspace/Sources/DragoDateTimePicker/DragoTimeRangeSheet.swift:41:33: error: cannot find 'UIButton' in scope
    private let doneButton    = UIButton(type: .system)
                                ^~~~~~~~
/Users/admin/builder/spi-builder-workspace/Sources/DragoDateTimePicker/DragoTimeRangeSheet.swift:41:49: error: cannot infer contextual base in reference to member 'system'
    private let doneButton    = UIButton(type: .system)
                                               ~^~~~~~
/Users/admin/builder/spi-builder-workspace/Sources/DragoDateTimePicker/DragoTimeRangeSheet.swift:42:33: error: cannot find 'UIStackView' in scope
    private let buttonStack   = UIStackView()
                                ^~~~~~~~~~~
/Users/admin/builder/spi-builder-workspace/Sources/DragoDateTimePicker/DragoTimeRangeSheet.swift:15:41: error: cannot find type 'UIView' in scope
public final class DragoTimeRangeSheet: UIView {
                                        ^~~~~~
/Applications/Xcode-16.3.0.app/Contents/Developer/Platforms/WatchOS.platform/Developer/SDKs/WatchOS11.4.sdk/System/Library/Frameworks/UIKit.framework/Headers/NSTextAttachment.h:23:1: note: interface 'UIView' forward declared here
@class UIView;
^
/Users/admin/builder/spi-builder-workspace/Sources/DragoDateTimePicker/DragoTimeRangeSheet.swift:295:32: error: cannot find type 'UIPickerViewDataSource' in scope
extension DragoTimeRangeSheet: UIPickerViewDataSource, UIPickerViewDelegate {
                               ^~~~~~~~~~~~~~~~~~~~~~
/Users/admin/builder/spi-builder-workspace/Sources/DragoDateTimePicker/DragoTimeRangeSheet.swift:295:56: error: cannot find type 'UIPickerViewDelegate' in scope
extension DragoTimeRangeSheet: UIPickerViewDataSource, UIPickerViewDelegate {
                                                       ^~~~~~~~~~~~~~~~~~~~
/Users/admin/builder/spi-builder-workspace/Sources/DragoDateTimePicker/DragoTimeRangeSheet.swift:297:51: error: cannot find type 'UIPickerView' in scope
    public func numberOfComponents(in pickerView: UIPickerView) -> Int { 1 }
                                                  ^~~~~~~~~~~~
/Users/admin/builder/spi-builder-workspace/Sources/DragoDateTimePicker/DragoTimeRangeSheet.swift:299:42: error: cannot find type 'UIPickerView' in scope
    public func pickerView(_ pickerView: UIPickerView, numberOfRowsInComponent component: Int) -> Int {
                                         ^~~~~~~~~~~~
/Users/admin/builder/spi-builder-workspace/Sources/DragoDateTimePicker/DragoTimeRangeSheet.swift:303:42: error: cannot find type 'UIPickerView' in scope
    public func pickerView(_ pickerView: UIPickerView, rowHeightForComponent component: Int) -> CGFloat {
                                         ^~~~~~~~~~~~
/Users/admin/builder/spi-builder-workspace/Sources/DragoDateTimePicker/DragoTimeRangeSheet.swift:307:132: error: cannot find type 'UIView' in scope
    public func pickerView(_ pickerView: UIPickerView, viewForRow row: Int, forComponent component: Int, reusing view: UIView?) -> UIView {
                                                                                                                                   ^~~~~~
/Applications/Xcode-16.3.0.app/Contents/Developer/Platforms/WatchOS.platform/Developer/SDKs/WatchOS11.4.sdk/System/Library/Frameworks/UIKit.framework/Headers/NSTextAttachment.h:23:1: note: interface 'UIView' forward declared here
@class UIView;
^
/Users/admin/builder/spi-builder-workspace/Sources/DragoDateTimePicker/DragoTimeRangeSheet.swift:307:42: error: cannot find type 'UIPickerView' in scope
    public func pickerView(_ pickerView: UIPickerView, viewForRow row: Int, forComponent component: Int, reusing view: UIView?) -> UIView {
                                         ^~~~~~~~~~~~
/Users/admin/builder/spi-builder-workspace/Sources/DragoDateTimePicker/DragoTimeRangeSheet.swift:307:120: error: cannot find type 'UIView' in scope
    public func pickerView(_ pickerView: UIPickerView, viewForRow row: Int, forComponent component: Int, reusing view: UIView?) -> UIView {
                                                                                                                       ^~~~~~
/Applications/Xcode-16.3.0.app/Contents/Developer/Platforms/WatchOS.platform/Developer/SDKs/WatchOS11.4.sdk/System/Library/Frameworks/UIKit.framework/Headers/NSTextAttachment.h:23:1: note: interface 'UIView' forward declared here
@class UIView;
^
/Users/admin/builder/spi-builder-workspace/Sources/DragoDateTimePicker/DragoTimeRangeSheet.swift:323:42: error: cannot find type 'UIPickerView' in scope
    public func pickerView(_ pickerView: UIPickerView, didSelectRow row: Int, inComponent component: Int) {
                                         ^~~~~~~~~~~~
SwiftCompile normal armv7k Compiling\ DragoPickerConfig.swift /Users/admin/builder/spi-builder-workspace/Sources/DragoDateTimePicker/DragoPickerConfig.swift (in target 'DragoDateTimePicker' from project 'DragoDateTimePicker')
SwiftCompile normal armv7k /Users/admin/builder/spi-builder-workspace/Sources/DragoDateTimePicker/DragoPickerConfig.swift (in target 'DragoDateTimePicker' from project 'DragoDateTimePicker')
    cd /Users/admin/builder/spi-builder-workspace/.swiftpm/xcode

SwiftEmitModule normal armv7k Emitting\ module\ for\ DragoDateTimePicker (in target 'DragoDateTimePicker' from project 'DragoDateTimePicker')
EmitSwiftModule normal armv7k (in target 'DragoDateTimePicker' from project 'DragoDateTimePicker')
    cd /Users/admin/builder/spi-builder-workspace/.swiftpm/xcode

SwiftCompile normal armv7k Compiling\ DragoPickerResult.swift /Users/admin/builder/spi-builder-workspace/Sources/DragoDateTimePicker/DragoPickerResult.swift (in target 'DragoDateTimePicker' from project 'DragoDateTimePicker')
SwiftCompile normal armv7k /Users/admin/builder/spi-builder-workspace/Sources/DragoDateTimePicker/DragoPickerResult.swift (in target 'DragoDateTimePicker' from project 'DragoDateTimePicker')
    cd /Users/admin/builder/spi-builder-workspace/.swiftpm/xcode

SwiftCompile normal arm64 Compiling\ TimeListBuilder.swift /Users/admin/builder/spi-builder-workspace/Sources/DragoDateTimePicker/TimeListBuilder.swift (in target 'DragoDateTimePicker' from project 'DragoDateTimePicker')
SwiftCompile normal arm64 /Users/admin/builder/spi-builder-workspace/Sources/DragoDateTimePicker/TimeListBuilder.swift (in target 'DragoDateTimePicker' from project 'DragoDateTimePicker')
    cd /Users/admin/builder/spi-builder-workspace/.swiftpm/xcode

SwiftCompile normal armv7k Compiling\ DragoPickerController.swift /Users/admin/builder/spi-builder-workspace/Sources/DragoDateTimePicker/DragoPickerController.swift (in target 'DragoDateTimePicker' from project 'DragoDateTimePicker')
SwiftCompile normal armv7k /Users/admin/builder/spi-builder-workspace/Sources/DragoDateTimePicker/DragoPickerController.swift (in target 'DragoDateTimePicker' from project 'DragoDateTimePicker')
    cd /Users/admin/builder/spi-builder-workspace/.swiftpm/xcode

SwiftCompile normal arm64 Compiling\ DragoPickerView.swift /Users/admin/builder/spi-builder-workspace/Sources/DragoDateTimePicker/DragoPickerView.swift (in target 'DragoDateTimePicker' from project 'DragoDateTimePicker')
SwiftCompile normal arm64 /Users/admin/builder/spi-builder-workspace/Sources/DragoDateTimePicker/DragoPickerView.swift (in target 'DragoDateTimePicker' from project 'DragoDateTimePicker')
    cd /Users/admin/builder/spi-builder-workspace/.swiftpm/xcode

SwiftEmitModule normal arm64_32 Emitting\ module\ for\ DragoDateTimePicker (in target 'DragoDateTimePicker' from project 'DragoDateTimePicker')
Command SwiftEmitModule failed with a nonzero exit code
** BUILD FAILED **
The following build commands failed:
	SwiftEmitModule normal arm64 Emitting\ module\ for\ DragoDateTimePicker (in target 'DragoDateTimePicker' from project 'DragoDateTimePicker')
	EmitSwiftModule normal arm64 (in target 'DragoDateTimePicker' from project 'DragoDateTimePicker')
	SwiftEmitModule normal arm64_32 Emitting\ module\ for\ DragoDateTimePicker (in target 'DragoDateTimePicker' from project 'DragoDateTimePicker')
	Building workspace spi-builder-workspace with scheme DragoDateTimePicker
(4 failures)
Command line invocation:
    /Applications/Xcode-16.3.0.app/Contents/Developer/usr/bin/xcodebuild -IDEClonedSourcePackagesDirPathOverride=/Users/admin/builder/spi-builder-workspace/.dependencies -resolvePackageDependencies
Resolve Package Graph
Resolved source packages:
  DragoDateTimePicker: /Users/admin/builder/spi-builder-workspace
resolved source packages: DragoDateTimePicker
{
  "dependencies" : [
  ],
  "manifest_display_name" : "DragoDateTimePicker",
  "name" : "DragoDateTimePicker",
  "path" : "/Users/admin/builder/spi-builder-workspace",
  "platforms" : [
    {
      "name" : "ios",
      "version" : "14.0"
    }
  ],
  "products" : [
    {
      "name" : "DragoDateTimePicker",
      "targets" : [
        "DragoDateTimePicker"
      ],
      "type" : {
        "library" : [
          "automatic"
        ]
      }
    }
  ],
  "targets" : [
    {
      "c99name" : "DragoDateTimePicker",
      "module_type" : "SwiftTarget",
      "name" : "DragoDateTimePicker",
      "path" : "Sources/DragoDateTimePicker",
      "product_memberships" : [
        "DragoDateTimePicker"
      ],
      "sources" : [
        "DragoPickerConfig.swift",
        "DragoPickerController.swift",
        "DragoPickerResult.swift",
        "DragoPickerView.swift",
        "DragoTimeRangeSheet.swift",
        "TimeListBuilder.swift"
      ],
      "type" : "library"
    }
  ],
  "tools_version" : "5.9"
}
{
  "workspace" : {
    "name" : "spi-builder-workspace",
    "schemes" : [
      "DragoDateTimePicker"
    ]
  }
}
Running build ...
env DEVELOPER_DIR=/Applications/Xcode-16.3.0.app xcrun xcodebuild -IDEClonedSourcePackagesDirPathOverride=$PWD/.dependencies -skipMacroValidation -skipPackagePluginValidation -derivedDataPath $PWD/.derivedData build -scheme DragoDateTimePicker -destination generic/platform=watchOS
Command line invocation:
    /Applications/Xcode-16.3.0.app/Contents/Developer/usr/bin/xcodebuild -IDEClonedSourcePackagesDirPathOverride=/Users/admin/builder/spi-builder-workspace/.dependencies -skipMacroValidation -skipPackagePluginValidation -derivedDataPath /Users/admin/builder/spi-builder-workspace/.derivedData build -scheme DragoDateTimePicker -destination generic/platform=watchOS
Resolve Package Graph
Resolved source packages:
  DragoDateTimePicker: /Users/admin/builder/spi-builder-workspace
ComputePackagePrebuildTargetDependencyGraph
Prepare packages
CreateBuildRequest
SendProjectDescription
CreateBuildOperation
ComputeTargetDependencyGraph
note: Building targets in dependency order
note: Target dependency graph (2 targets)
    Target 'DragoDateTimePicker' in project 'DragoDateTimePicker'
        ➜ Explicit dependency on target 'DragoDateTimePicker' in project 'DragoDateTimePicker'
    Target 'DragoDateTimePicker' in project 'DragoDateTimePicker' (no dependencies)
GatherProvisioningInputs
CreateBuildDescription
ExecuteExternalTool /Applications/Xcode-16.3.0.app/Contents/Developer/Toolchains/XcodeDefault.xctoolchain/usr/bin/clang -v -E -dM -isysroot /Applications/Xcode-16.3.0.app/Contents/Developer/Platforms/WatchOS.platform/Developer/SDKs/WatchOS11.4.sdk -x c -c /dev/null
ExecuteExternalTool /Applications/Xcode-16.3.0.app/Contents/Developer/Toolchains/XcodeDefault.xctoolchain/usr/bin/swiftc --version
ExecuteExternalTool /Applications/Xcode-16.3.0.app/Contents/Developer/Toolchains/XcodeDefault.xctoolchain/usr/bin/ld -version_details
Build description signature: 675b209ec3e6ece81593e1a25ef63299
Build description path: /Users/admin/builder/spi-builder-workspace/.derivedData/Build/Intermediates.noindex/XCBuildData/675b209ec3e6ece81593e1a25ef63299.xcbuilddata
ClangStatCache /Applications/Xcode-16.3.0.app/Contents/Developer/Toolchains/XcodeDefault.xctoolchain/usr/bin/clang-stat-cache /Applications/Xcode-16.3.0.app/Contents/Developer/Platforms/WatchOS.platform/Developer/SDKs/WatchOS11.4.sdk /Users/admin/builder/spi-builder-workspace/.derivedData/SDKStatCaches.noindex/watchos11.4-22T246-43efb940ff07ba2497b70ec94253f576.sdkstatcache
    cd /Users/admin/builder/spi-builder-workspace/.swiftpm/xcode
    /Applications/Xcode-16.3.0.app/Contents/Developer/Toolchains/XcodeDefault.xctoolchain/usr/bin/clang-stat-cache /Applications/Xcode-16.3.0.app/Contents/Developer/Platforms/WatchOS.platform/Developer/SDKs/WatchOS11.4.sdk -o /Users/admin/builder/spi-builder-workspace/.derivedData/SDKStatCaches.noindex/watchos11.4-22T246-43efb940ff07ba2497b70ec94253f576.sdkstatcache
SwiftDriver DragoDateTimePicker normal arm64_32 com.apple.xcode.tools.swift.compiler (in target 'DragoDateTimePicker' from project 'DragoDateTimePicker')
    cd /Users/admin/builder/spi-builder-workspace/.swiftpm/xcode
    builtin-SwiftDriver -- /Applications/Xcode-16.3.0.app/Contents/Developer/Toolchains/XcodeDefault.xctoolchain/usr/bin/swiftc -module-name DragoDateTimePicker -Onone -enforce-exclusivity\=checked @/Users/admin/builder/spi-builder-workspace/.derivedData/Build/Intermediates.noindex/DragoDateTimePicker.build/Debug-watchos/DragoDateTimePicker.build/Objects-normal/arm64_32/DragoDateTimePicker.SwiftFileList -DSWIFT_PACKAGE -DDEBUG -DXcode -plugin-path /Applications/Xcode-16.3.0.app/Contents/Developer/Toolchains/XcodeDefault.xctoolchain/usr/lib/swift/host/plugins/testing -enable-experimental-feature DebugDescriptionMacro -sdk /Applications/Xcode-16.3.0.app/Contents/Developer/Platforms/WatchOS.platform/Developer/SDKs/WatchOS11.4.sdk -target arm64_32-apple-watchos7.0 -g -module-cache-path /Users/admin/builder/spi-builder-workspace/.derivedData/ModuleCache.noindex -Xfrontend -serialize-debugging-options -enable-testing -index-store-path /Users/admin/builder/spi-builder-workspace/.derivedData/Index.noindex/DataStore -swift-version 5 -I /Users/admin/builder/spi-builder-workspace/.derivedData/Build/Products/Debug-watchos -I /Applications/Xcode-16.3.0.app/Contents/Developer/Platforms/WatchOS.platform/Developer/usr/lib -F /Users/admin/builder/spi-builder-workspace/.derivedData/Build/Products/Debug-watchos -F /Applications/Xcode-16.3.0.app/Contents/Developer/Platforms/WatchOS.platform/Developer/Library/Frameworks -F /Applications/Xcode-16.3.0.app/Contents/Developer/Platforms/WatchOS.platform/Developer/SDKs/WatchOS11.4.sdk/Developer/Library/Frameworks -c -j10 -enable-batch-mode -incremental -Xcc -ivfsstatcache -Xcc /Users/admin/builder/spi-builder-workspace/.derivedData/SDKStatCaches.noindex/watchos11.4-22T246-43efb940ff07ba2497b70ec94253f576.sdkstatcache -output-file-map /Users/admin/builder/spi-builder-workspace/.derivedData/Build/Intermediates.noindex/DragoDateTimePicker.build/Debug-watchos/DragoDateTimePicker.build/Objects-normal/arm64_32/DragoDateTimePicker-OutputFileMap.json -use-frontend-parseable-output -save-temps -no-color-diagnostics -serialize-diagnostics -emit-dependencies -emit-module -emit-module-path /Users/admin/builder/spi-builder-workspace/.derivedData/Build/Intermediates.noindex/DragoDateTimePicker.build/Debug-watchos/DragoDateTimePicker.build/Objects-normal/arm64_32/DragoDateTimePicker.swiftmodule -validate-clang-modules-once -clang-build-session-file /Users/admin/builder/spi-builder-workspace/.derivedData/ModuleCache.noindex/Session.modulevalidation -package-name spi_builder_workspace -Xcc -I/Users/admin/builder/spi-builder-workspace/.derivedData/Build/Intermediates.noindex/DragoDateTimePicker.build/Debug-watchos/DragoDateTimePicker.build/swift-overrides.hmap -emit-const-values -Xfrontend -const-gather-protocols-file -Xfrontend /Users/admin/builder/spi-builder-workspace/.derivedData/Build/Intermediates.noindex/DragoDateTimePicker.build/Debug-watchos/DragoDateTimePicker.build/Objects-normal/arm64_32/DragoDateTimePicker_const_extract_protocols.json -Xcc -I/Users/admin/builder/spi-builder-workspace/.derivedData/Build/Products/Debug-watchos/include -Xcc -I/Users/admin/builder/spi-builder-workspace/.derivedData/Build/Intermediates.noindex/DragoDateTimePicker.build/Debug-watchos/DragoDateTimePicker.build/DerivedSources-normal/arm64_32 -Xcc -I/Users/admin/builder/spi-builder-workspace/.derivedData/Build/Intermediates.noindex/DragoDateTimePicker.build/Debug-watchos/DragoDateTimePicker.build/DerivedSources/arm64_32 -Xcc -I/Users/admin/builder/spi-builder-workspace/.derivedData/Build/Intermediates.noindex/DragoDateTimePicker.build/Debug-watchos/DragoDateTimePicker.build/DerivedSources -Xcc -DSWIFT_PACKAGE -Xcc -DDEBUG\=1 -emit-objc-header -emit-objc-header-path /Users/admin/builder/spi-builder-workspace/.derivedData/Build/Intermediates.noindex/DragoDateTimePicker.build/Debug-watchos/DragoDateTimePicker.build/Objects-normal/arm64_32/DragoDateTimePicker-Swift.h -working-directory /Users/admin/builder/spi-builder-workspace/.swiftpm/xcode -experimental-emit-module-separately -disable-cmo
SwiftDriver DragoDateTimePicker normal armv7k com.apple.xcode.tools.swift.compiler (in target 'DragoDateTimePicker' from project 'DragoDateTimePicker')
    cd /Users/admin/builder/spi-builder-workspace/.swiftpm/xcode
    builtin-SwiftDriver -- /Applications/Xcode-16.3.0.app/Contents/Developer/Toolchains/XcodeDefault.xctoolchain/usr/bin/swiftc -module-name DragoDateTimePicker -Onone -enforce-exclusivity\=checked @/Users/admin/builder/spi-builder-workspace/.derivedData/Build/Intermediates.noindex/DragoDateTimePicker.build/Debug-watchos/DragoDateTimePicker.build/Objects-normal/armv7k/DragoDateTimePicker.SwiftFileList -DSWIFT_PACKAGE -DDEBUG -DXcode -plugin-path /Applications/Xcode-16.3.0.app/Contents/Developer/Toolchains/XcodeDefault.xctoolchain/usr/lib/swift/host/plugins/testing -enable-experimental-feature DebugDescriptionMacro -sdk /Applications/Xcode-16.3.0.app/Contents/Developer/Platforms/WatchOS.platform/Developer/SDKs/WatchOS11.4.sdk -target armv7k-apple-watchos7.0 -g -module-cache-path /Users/admin/builder/spi-builder-workspace/.derivedData/ModuleCache.noindex -Xfrontend -serialize-debugging-options -enable-testing -index-store-path /Users/admin/builder/spi-builder-workspace/.derivedData/Index.noindex/DataStore -swift-version 5 -I /Users/admin/builder/spi-builder-workspace/.derivedData/Build/Products/Debug-watchos -I /Applications/Xcode-16.3.0.app/Contents/Developer/Platforms/WatchOS.platform/Developer/usr/lib -F /Users/admin/builder/spi-builder-workspace/.derivedData/Build/Products/Debug-watchos -F /Applications/Xcode-16.3.0.app/Contents/Developer/Platforms/WatchOS.platform/Developer/Library/Frameworks -F /Applications/Xcode-16.3.0.app/Contents/Developer/Platforms/WatchOS.platform/Developer/SDKs/WatchOS11.4.sdk/Developer/Library/Frameworks -c -j10 -enable-batch-mode -incremental -Xcc -ivfsstatcache -Xcc /Users/admin/builder/spi-builder-workspace/.derivedData/SDKStatCaches.noindex/watchos11.4-22T246-43efb940ff07ba2497b70ec94253f576.sdkstatcache -output-file-map /Users/admin/builder/spi-builder-workspace/.derivedData/Build/Intermediates.noindex/DragoDateTimePicker.build/Debug-watchos/DragoDateTimePicker.build/Objects-normal/armv7k/DragoDateTimePicker-OutputFileMap.json -use-frontend-parseable-output -save-temps -no-color-diagnostics -serialize-diagnostics -emit-dependencies -emit-module -emit-module-path /Users/admin/builder/spi-builder-workspace/.derivedData/Build/Intermediates.noindex/DragoDateTimePicker.build/Debug-watchos/DragoDateTimePicker.build/Objects-normal/armv7k/DragoDateTimePicker.swiftmodule -validate-clang-modules-once -clang-build-session-file /Users/admin/builder/spi-builder-workspace/.derivedData/ModuleCache.noindex/Session.modulevalidation -package-name spi_builder_workspace -Xcc -I/Users/admin/builder/spi-builder-workspace/.derivedData/Build/Intermediates.noindex/DragoDateTimePicker.build/Debug-watchos/DragoDateTimePicker.build/swift-overrides.hmap -emit-const-values -Xfrontend -const-gather-protocols-file -Xfrontend /Users/admin/builder/spi-builder-workspace/.derivedData/Build/Intermediates.noindex/DragoDateTimePicker.build/Debug-watchos/DragoDateTimePicker.build/Objects-normal/armv7k/DragoDateTimePicker_const_extract_protocols.json -Xcc -I/Users/admin/builder/spi-builder-workspace/.derivedData/Build/Products/Debug-watchos/include -Xcc -I/Users/admin/builder/spi-builder-workspace/.derivedData/Build/Intermediates.noindex/DragoDateTimePicker.build/Debug-watchos/DragoDateTimePicker.build/DerivedSources-normal/armv7k -Xcc -I/Users/admin/builder/spi-builder-workspace/.derivedData/Build/Intermediates.noindex/DragoDateTimePicker.build/Debug-watchos/DragoDateTimePicker.build/DerivedSources/armv7k -Xcc -I/Users/admin/builder/spi-builder-workspace/.derivedData/Build/Intermediates.noindex/DragoDateTimePicker.build/Debug-watchos/DragoDateTimePicker.build/DerivedSources -Xcc -DSWIFT_PACKAGE -Xcc -DDEBUG\=1 -emit-objc-header -emit-objc-header-path /Users/admin/builder/spi-builder-workspace/.derivedData/Build/Intermediates.noindex/DragoDateTimePicker.build/Debug-watchos/DragoDateTimePicker.build/Objects-normal/armv7k/DragoDateTimePicker-Swift.h -working-directory /Users/admin/builder/spi-builder-workspace/.swiftpm/xcode -experimental-emit-module-separately -disable-cmo
SwiftDriver DragoDateTimePicker normal arm64 com.apple.xcode.tools.swift.compiler (in target 'DragoDateTimePicker' from project 'DragoDateTimePicker')
    cd /Users/admin/builder/spi-builder-workspace/.swiftpm/xcode
    builtin-SwiftDriver -- /Applications/Xcode-16.3.0.app/Contents/Developer/Toolchains/XcodeDefault.xctoolchain/usr/bin/swiftc -module-name DragoDateTimePicker -Onone -enforce-exclusivity\=checked @/Users/admin/builder/spi-builder-workspace/.derivedData/Build/Intermediates.noindex/DragoDateTimePicker.build/Debug-watchos/DragoDateTimePicker.build/Objects-normal/arm64/DragoDateTimePicker.SwiftFileList -DSWIFT_PACKAGE -DDEBUG -DXcode -plugin-path /Applications/Xcode-16.3.0.app/Contents/Developer/Toolchains/XcodeDefault.xctoolchain/usr/lib/swift/host/plugins/testing -enable-experimental-feature DebugDescriptionMacro -sdk /Applications/Xcode-16.3.0.app/Contents/Developer/Platforms/WatchOS.platform/Developer/SDKs/WatchOS11.4.sdk -target arm64-apple-watchos7.0 -g -module-cache-path /Users/admin/builder/spi-builder-workspace/.derivedData/ModuleCache.noindex -Xfrontend -serialize-debugging-options -enable-testing -index-store-path /Users/admin/builder/spi-builder-workspace/.derivedData/Index.noindex/DataStore -swift-version 5 -I /Users/admin/builder/spi-builder-workspace/.derivedData/Build/Products/Debug-watchos -I /Applications/Xcode-16.3.0.app/Contents/Developer/Platforms/WatchOS.platform/Developer/usr/lib -F /Users/admin/builder/spi-builder-workspace/.derivedData/Build/Products/Debug-watchos -F /Applications/Xcode-16.3.0.app/Contents/Developer/Platforms/WatchOS.platform/Developer/Library/Frameworks -F /Applications/Xcode-16.3.0.app/Contents/Developer/Platforms/WatchOS.platform/Developer/SDKs/WatchOS11.4.sdk/Developer/Library/Frameworks -c -j10 -enable-batch-mode -incremental -Xcc -ivfsstatcache -Xcc /Users/admin/builder/spi-builder-workspace/.derivedData/SDKStatCaches.noindex/watchos11.4-22T246-43efb940ff07ba2497b70ec94253f576.sdkstatcache -output-file-map /Users/admin/builder/spi-builder-workspace/.derivedData/Build/Intermediates.noindex/DragoDateTimePicker.build/Debug-watchos/DragoDateTimePicker.build/Objects-normal/arm64/DragoDateTimePicker-OutputFileMap.json -use-frontend-parseable-output -save-temps -no-color-diagnostics -serialize-diagnostics -emit-dependencies -emit-module -emit-module-path /Users/admin/builder/spi-builder-workspace/.derivedData/Build/Intermediates.noindex/DragoDateTimePicker.build/Debug-watchos/DragoDateTimePicker.build/Objects-normal/arm64/DragoDateTimePicker.swiftmodule -validate-clang-modules-once -clang-build-session-file /Users/admin/builder/spi-builder-workspace/.derivedData/ModuleCache.noindex/Session.modulevalidation -package-name spi_builder_workspace -Xcc -I/Users/admin/builder/spi-builder-workspace/.derivedData/Build/Intermediates.noindex/DragoDateTimePicker.build/Debug-watchos/DragoDateTimePicker.build/swift-overrides.hmap -emit-const-values -Xfrontend -const-gather-protocols-file -Xfrontend /Users/admin/builder/spi-builder-workspace/.derivedData/Build/Intermediates.noindex/DragoDateTimePicker.build/Debug-watchos/DragoDateTimePicker.build/Objects-normal/arm64/DragoDateTimePicker_const_extract_protocols.json -Xcc -I/Users/admin/builder/spi-builder-workspace/.derivedData/Build/Products/Debug-watchos/include -Xcc -I/Users/admin/builder/spi-builder-workspace/.derivedData/Build/Intermediates.noindex/DragoDateTimePicker.build/Debug-watchos/DragoDateTimePicker.build/DerivedSources-normal/arm64 -Xcc -I/Users/admin/builder/spi-builder-workspace/.derivedData/Build/Intermediates.noindex/DragoDateTimePicker.build/Debug-watchos/DragoDateTimePicker.build/DerivedSources/arm64 -Xcc -I/Users/admin/builder/spi-builder-workspace/.derivedData/Build/Intermediates.noindex/DragoDateTimePicker.build/Debug-watchos/DragoDateTimePicker.build/DerivedSources -Xcc -DSWIFT_PACKAGE -Xcc -DDEBUG\=1 -emit-objc-header -emit-objc-header-path /Users/admin/builder/spi-builder-workspace/.derivedData/Build/Intermediates.noindex/DragoDateTimePicker.build/Debug-watchos/DragoDateTimePicker.build/Objects-normal/arm64/DragoDateTimePicker-Swift.h -working-directory /Users/admin/builder/spi-builder-workspace/.swiftpm/xcode -experimental-emit-module-separately -disable-cmo
SwiftCompile normal arm64 Compiling\ DragoPickerResult.swift /Users/admin/builder/spi-builder-workspace/Sources/DragoDateTimePicker/DragoPickerResult.swift (in target 'DragoDateTimePicker' from project 'DragoDateTimePicker')
SwiftCompile normal arm64 /Users/admin/builder/spi-builder-workspace/Sources/DragoDateTimePicker/DragoPickerResult.swift (in target 'DragoDateTimePicker' from project 'DragoDateTimePicker')
    cd /Users/admin/builder/spi-builder-workspace/.swiftpm/xcode

SwiftCompile normal arm64 Compiling\ TimeListBuilder.swift /Users/admin/builder/spi-builder-workspace/Sources/DragoDateTimePicker/TimeListBuilder.swift (in target 'DragoDateTimePicker' from project 'DragoDateTimePicker')
SwiftCompile normal arm64 /Users/admin/builder/spi-builder-workspace/Sources/DragoDateTimePicker/TimeListBuilder.swift (in target 'DragoDateTimePicker' from project 'DragoDateTimePicker')
    cd /Users/admin/builder/spi-builder-workspace/.swiftpm/xcode

SwiftCompile normal arm64 Compiling\ DragoTimeRangeSheet.swift /Users/admin/builder/spi-builder-workspace/Sources/DragoDateTimePicker/DragoTimeRangeSheet.swift (in target 'DragoDateTimePicker' from project 'DragoDateTimePicker')
SwiftCompile normal arm64 /Users/admin/builder/spi-builder-workspace/Sources/DragoDateTimePicker/DragoTimeRangeSheet.swift (in target 'DragoDateTimePicker' from project 'DragoDateTimePicker')
    cd /Users/admin/builder/spi-builder-workspace/.swiftpm/xcode

SwiftCompile normal arm64 Compiling\ DragoPickerConfig.swift /Users/admin/builder/spi-builder-workspace/Sources/DragoDateTimePicker/DragoPickerConfig.swift (in target 'DragoDateTimePicker' from project 'DragoDateTimePicker')
SwiftCompile normal arm64 /Users/admin/builder/spi-builder-workspace/Sources/DragoDateTimePicker/DragoPickerConfig.swift (in target 'DragoDateTimePicker' from project 'DragoDateTimePicker')
    cd /Users/admin/builder/spi-builder-workspace/.swiftpm/xcode

SwiftCompile normal arm64 Compiling\ DragoPickerController.swift /Users/admin/builder/spi-builder-workspace/Sources/DragoDateTimePicker/DragoPickerController.swift (in target 'DragoDateTimePicker' from project 'DragoDateTimePicker')
SwiftCompile normal arm64 /Users/admin/builder/spi-builder-workspace/Sources/DragoDateTimePicker/DragoPickerController.swift (in target 'DragoDateTimePicker' from project 'DragoDateTimePicker')
    cd /Users/admin/builder/spi-builder-workspace/.swiftpm/xcode

SwiftCompile normal arm64 Compiling\ DragoPickerView.swift /Users/admin/builder/spi-builder-workspace/Sources/DragoDateTimePicker/DragoPickerView.swift (in target 'DragoDateTimePicker' from project 'DragoDateTimePicker')
SwiftCompile normal arm64 /Users/admin/builder/spi-builder-workspace/Sources/DragoDateTimePicker/DragoPickerView.swift (in target 'DragoDateTimePicker' from project 'DragoDateTimePicker')
    cd /Users/admin/builder/spi-builder-workspace/.swiftpm/xcode

SwiftEmitModule normal armv7k Emitting\ module\ for\ DragoDateTimePicker (in target 'DragoDateTimePicker' from project 'DragoDateTimePicker')
Failed frontend command:
/Applications/Xcode-16.3.0.app/Contents/Developer/Toolchains/XcodeDefault.xctoolchain/usr/bin/swift-frontend -frontend -emit-module -experimental-skip-non-inlinable-function-bodies-without-types /Users/admin/builder/spi-builder-workspace/Sources/DragoDateTimePicker/DragoPickerConfig.swift /Users/admin/builder/spi-builder-workspace/Sources/DragoDateTimePicker/DragoPickerController.swift /Users/admin/builder/spi-builder-workspace/Sources/DragoDateTimePicker/DragoPickerResult.swift /Users/admin/builder/spi-builder-workspace/Sources/DragoDateTimePicker/DragoPickerView.swift /Users/admin/builder/spi-builder-workspace/Sources/DragoDateTimePicker/DragoTimeRangeSheet.swift /Users/admin/builder/spi-builder-workspace/Sources/DragoDateTimePicker/TimeListBuilder.swift -target armv7k-apple-watchos7.0 -enable-objc-interop -stack-check -sdk /Applications/Xcode-16.3.0.app/Contents/Developer/Platforms/WatchOS.platform/Developer/SDKs/WatchOS11.4.sdk -I /Users/admin/builder/spi-builder-workspace/.derivedData/Build/Products/Debug-watchos -I /Applications/Xcode-16.3.0.app/Contents/Developer/Platforms/WatchOS.platform/Developer/usr/lib -F /Users/admin/builder/spi-builder-workspace/.derivedData/Build/Products/Debug-watchos -F /Applications/Xcode-16.3.0.app/Contents/Developer/Platforms/WatchOS.platform/Developer/Library/Frameworks -F /Applications/Xcode-16.3.0.app/Contents/Developer/Platforms/WatchOS.platform/Developer/SDKs/WatchOS11.4.sdk/Developer/Library/Frameworks -no-color-diagnostics -enable-testing -g -debug-info-format\=dwarf -dwarf-version\=4 -module-cache-path /Users/admin/builder/spi-builder-workspace/.derivedData/ModuleCache.noindex -swift-version 5 -enforce-exclusivity\=checked -Onone -D SWIFT_PACKAGE -D DEBUG -D Xcode -serialize-debugging-options -const-gather-protocols-file /Users/admin/builder/spi-builder-workspace/.derivedData/Build/Intermediates.noindex/DragoDateTimePicker.build/Debug-watchos/DragoDateTimePicker.build/Objects-normal/armv7k/DragoDateTimePicker_const_extract_protocols.json -enable-experimental-feature DebugDescriptionMacro -empty-abi-descriptor -plugin-path /Applications/Xcode-16.3.0.app/Contents/Developer/Toolchains/XcodeDefault.xctoolchain/usr/lib/swift/host/plugins/testing -validate-clang-modules-once -clang-build-session-file /Users/admin/builder/spi-builder-workspace/.derivedData/ModuleCache.noindex/Session.modulevalidation -Xcc -working-directory -Xcc /Users/admin/builder/spi-builder-workspace/.swiftpm/xcode -resource-dir /Applications/Xcode-16.3.0.app/Contents/Developer/Toolchains/XcodeDefault.xctoolchain/usr/lib/swift -enable-anonymous-context-mangled-names -file-compilation-dir /Users/admin/builder/spi-builder-workspace/.swiftpm/xcode -Xcc -ivfsstatcache -Xcc /Users/admin/builder/spi-builder-workspace/.derivedData/SDKStatCaches.noindex/watchos11.4-22T246-43efb940ff07ba2497b70ec94253f576.sdkstatcache -Xcc -I/Users/admin/builder/spi-builder-workspace/.derivedData/Build/Intermediates.noindex/DragoDateTimePicker.build/Debug-watchos/DragoDateTimePicker.build/swift-overrides.hmap -Xcc -I/Users/admin/builder/spi-builder-workspace/.derivedData/Build/Products/Debug-watchos/include -Xcc -I/Users/admin/builder/spi-builder-workspace/.derivedData/Build/Intermediates.noindex/DragoDateTimePicker.build/Debug-watchos/DragoDateTimePicker.build/DerivedSources-normal/armv7k -Xcc -I/Users/admin/builder/spi-builder-workspace/.derivedData/Build/Intermediates.noindex/DragoDateTimePicker.build/Debug-watchos/DragoDateTimePicker.build/DerivedSources/armv7k -Xcc -I/Users/admin/builder/spi-builder-workspace/.derivedData/Build/Intermediates.noindex/DragoDateTimePicker.build/Debug-watchos/DragoDateTimePicker.build/DerivedSources -Xcc -DSWIFT_PACKAGE -Xcc -DDEBUG\=1 -module-name DragoDateTimePicker -package-name spi_builder_workspace -frontend-parseable-output -disable-clang-spi -target-sdk-version 11.4 -target-sdk-name watchos11.4 -external-plugin-path /Applications/Xcode-16.3.0.app/Contents/Developer/Platforms/WatchOS.platform/Developer/usr/lib/swift/host/plugins\#/Applications/Xcode-16.3.0.app/Contents/Developer/Platforms/WatchOS.platform/Developer/usr/bin/swift-plugin-server -external-plugin-path /Applications/Xcode-16.3.0.app/Contents/Developer/Platforms/WatchOS.platform/Developer/usr/local/lib/swift/host/plugins\#/Applications/Xcode-16.3.0.app/Contents/Developer/Platforms/WatchOS.platform/Developer/usr/bin/swift-plugin-server -in-process-plugin-server-path /Applications/Xcode-16.3.0.app/Contents/Developer/Toolchains/XcodeDefault.xctoolchain/usr/lib/swift/host/libSwiftInProcPluginServer.dylib -plugin-path /Applications/Xcode-16.3.0.app/Contents/Developer/Toolchains/XcodeDefault.xctoolchain/usr/lib/swift/host/plugins -plugin-path /Applications/Xcode-16.3.0.app/Contents/Developer/Toolchains/XcodeDefault.xctoolchain/usr/local/lib/swift/host/plugins -emit-module-doc-path /Users/admin/builder/spi-builder-workspace/.derivedData/Build/Intermediates.noindex/DragoDateTimePicker.build/Debug-watchos/DragoDateTimePicker.build/Objects-normal/armv7k/DragoDateTimePicker.swiftdoc -emit-module-source-info-path /Users/admin/builder/spi-builder-workspace/.derivedData/Build/Intermediates.noindex/DragoDateTimePicker.build/Debug-watchos/DragoDateTimePicker.build/Objects-normal/armv7k/DragoDateTimePicker.swiftsourceinfo -emit-objc-header-path /Users/admin/builder/spi-builder-workspace/.derivedData/Build/Intermediates.noindex/DragoDateTimePicker.build/Debug-watchos/DragoDateTimePicker.build/Objects-normal/armv7k/DragoDateTimePicker-Swift.h -serialize-diagnostics-path /Users/admin/builder/spi-builder-workspace/.derivedData/Build/Intermediates.noindex/DragoDateTimePicker.build/Debug-watchos/DragoDateTimePicker.build/Objects-normal/armv7k/DragoDateTimePicker-master-emit-module.dia -emit-dependencies-path /Users/admin/builder/spi-builder-workspace/.derivedData/Build/Intermediates.noindex/DragoDateTimePicker.build/Debug-watchos/DragoDateTimePicker.build/Objects-normal/armv7k/DragoDateTimePicker-master-emit-module.d -o /Users/admin/builder/spi-builder-workspace/.derivedData/Build/Intermediates.noindex/DragoDateTimePicker.build/Debug-watchos/DragoDateTimePicker.build/Objects-normal/armv7k/DragoDateTimePicker.swiftmodule -emit-abi-descriptor-path /Users/admin/builder/spi-builder-workspace/.derivedData/Build/Intermediates.noindex/DragoDateTimePicker.build/Debug-watchos/DragoDateTimePicker.build/Objects-normal/armv7k/DragoDateTimePicker.abi.json
EmitSwiftModule normal armv7k (in target 'DragoDateTimePicker' from project 'DragoDateTimePicker')
    cd /Users/admin/builder/spi-builder-workspace/.swiftpm/xcode

/Users/admin/builder/spi-builder-workspace/Sources/DragoDateTimePicker/DragoPickerConfig.swift:45:49: error: type 'UIColor' has no member 'label'
    public var pickerTextColor:      UIColor = .label
                                               ~^~~~~
/Users/admin/builder/spi-builder-workspace/Sources/DragoDateTimePicker/DragoPickerConfig.swift:52:40: error: type 'UIColor' has no member 'systemBlue'
    public var okColor:     UIColor = .systemBlue
                                      ~^~~~~~~~~~
/Users/admin/builder/spi-builder-workspace/Sources/DragoDateTimePicker/DragoPickerConfig.swift:53:40: error: type 'UIColor' has no member 'systemGray'
    public var cancelColor: UIColor = .systemGray
                                      ~^~~~~~~~~~
/Users/admin/builder/spi-builder-workspace/Sources/DragoDateTimePicker/DragoPickerConfig.swift:59:39: error: type 'UIColor' has no member 'label'
    public var titleColor: UIColor = .label
                                     ~^~~~~
/Users/admin/builder/spi-builder-workspace/Sources/DragoDateTimePicker/DragoPickerController.swift:21:26: error: method does not override any method from its superclass
    public override func viewDidLoad() {
           ~~~~~~~~      ^
/Users/admin/builder/spi-builder-workspace/Sources/DragoDateTimePicker/DragoPickerController.swift:41:33: error: cannot find type 'UIView' in scope
    private func embed(_ child: UIView) {
                                ^~~~~~
/Applications/Xcode-16.3.0.app/Contents/Developer/Platforms/WatchOS.platform/Developer/SDKs/WatchOS11.4.sdk/System/Library/Frameworks/UIKit.framework/Headers/NSTextAttachment.h:23:1: note: interface 'UIView' forward declared here
@class UIView;
^
/Users/admin/builder/spi-builder-workspace/Sources/DragoDateTimePicker/DragoPickerController.swift:10:43: error: cannot find type 'UIViewController' in scope
public final class DragoPickerController: UIViewController {
                                          ^~~~~~~~~~~~~~~~
/Users/admin/builder/spi-builder-workspace/Sources/DragoDateTimePicker/DragoPickerView.swift:20:33: error: cannot find 'UIButton' in scope
    private let overlay       = UIButton()
                                ^~~~~~~~
/Users/admin/builder/spi-builder-workspace/Sources/DragoDateTimePicker/DragoPickerView.swift:21:33: error: cannot find 'UIView' in scope
    private let card          = UIView()
                                ^~~~~~
/Applications/Xcode-16.3.0.app/Contents/Developer/Platforms/WatchOS.platform/Developer/SDKs/WatchOS11.4.sdk/System/Library/Frameworks/UIKit.framework/Headers/NSTextAttachment.h:23:1: note: interface 'UIView' forward declared here
@class UIView;
^
/Users/admin/builder/spi-builder-workspace/Sources/DragoDateTimePicker/DragoPickerView.swift:22:33: error: cannot find 'UILabel' in scope
    private let titleLabel    = UILabel()
                                ^~~~~~~
/Users/admin/builder/spi-builder-workspace/Sources/DragoDateTimePicker/DragoPickerView.swift:23:33: error: cannot find 'UIView' in scope
    private let titleDivider  = UIView()
                                ^~~~~~
/Applications/Xcode-16.3.0.app/Contents/Developer/Platforms/WatchOS.platform/Developer/SDKs/WatchOS11.4.sdk/System/Library/Frameworks/UIKit.framework/Headers/NSTextAttachment.h:23:1: note: interface 'UIView' forward declared here
@class UIView;
^
/Users/admin/builder/spi-builder-workspace/Sources/DragoDateTimePicker/DragoPickerView.swift:24:33: error: cannot find 'UIView' in scope
    private let buttonDivider = UIView()
                                ^~~~~~
/Applications/Xcode-16.3.0.app/Contents/Developer/Platforms/WatchOS.platform/Developer/SDKs/WatchOS11.4.sdk/System/Library/Frameworks/UIKit.framework/Headers/NSTextAttachment.h:23:1: note: interface 'UIView' forward declared here
@class UIView;
^
/Users/admin/builder/spi-builder-workspace/Sources/DragoDateTimePicker/DragoPickerView.swift:25:33: error: cannot find 'UIButton' in scope
    private let cancelButton  = UIButton(type: .system)
                                ^~~~~~~~
/Users/admin/builder/spi-builder-workspace/Sources/DragoDateTimePicker/DragoPickerView.swift:25:49: error: cannot infer contextual base in reference to member 'system'
    private let cancelButton  = UIButton(type: .system)
                                               ~^~~~~~
/Users/admin/builder/spi-builder-workspace/Sources/DragoDateTimePicker/DragoPickerView.swift:26:33: error: cannot find 'UIButton' in scope
    private let okButton      = UIButton(type: .system)
                                ^~~~~~~~
/Users/admin/builder/spi-builder-workspace/Sources/DragoDateTimePicker/DragoPickerView.swift:26:49: error: cannot infer contextual base in reference to member 'system'
    private let okButton      = UIButton(type: .system)
                                               ~^~~~~~
/Users/admin/builder/spi-builder-workspace/Sources/DragoDateTimePicker/DragoPickerView.swift:27:33: error: cannot find 'UIStackView' in scope
    private let buttonStack   = UIStackView()
                                ^~~~~~~~~~~
/Users/admin/builder/spi-builder-workspace/Sources/DragoDateTimePicker/DragoPickerView.swift:29:29: error: cannot find type 'UIDatePicker' in scope
    private var datePicker: UIDatePicker?
                            ^~~~~~~~~~~~
/Users/admin/builder/spi-builder-workspace/Sources/DragoDateTimePicker/DragoPickerView.swift:15:37: error: cannot find type 'UIView' in scope
public final class DragoPickerView: UIView {
                                    ^~~~~~
/Applications/Xcode-16.3.0.app/Contents/Developer/Platforms/WatchOS.platform/Developer/SDKs/WatchOS11.4.sdk/System/Library/Frameworks/UIKit.framework/Headers/NSTextAttachment.h:23:1: note: interface 'UIView' forward declared here
@class UIView;
^
/Users/admin/builder/spi-builder-workspace/Sources/DragoDateTimePicker/DragoTimeRangeSheet.swift:21:32: error: cannot find 'UIButton' in scope
    private let overlay      = UIButton()
                               ^~~~~~~~
/Users/admin/builder/spi-builder-workspace/Sources/DragoDateTimePicker/DragoTimeRangeSheet.swift:22:32: error: cannot find 'UIView' in scope
    private let card         = UIView()
                               ^~~~~~
/Applications/Xcode-16.3.0.app/Contents/Developer/Platforms/WatchOS.platform/Developer/SDKs/WatchOS11.4.sdk/System/Library/Frameworks/UIKit.framework/Headers/NSTextAttachment.h:23:1: note: interface 'UIView' forward declared here
@class UIView;
^
/Users/admin/builder/spi-builder-workspace/Sources/DragoDateTimePicker/DragoTimeRangeSheet.swift:23:32: error: cannot find 'UIView' in scope
    private let handle       = UIView()
                               ^~~~~~
/Applications/Xcode-16.3.0.app/Contents/Developer/Platforms/WatchOS.platform/Developer/SDKs/WatchOS11.4.sdk/System/Library/Frameworks/UIKit.framework/Headers/NSTextAttachment.h:23:1: note: interface 'UIView' forward declared here
@class UIView;
^
/Users/admin/builder/spi-builder-workspace/Sources/DragoDateTimePicker/DragoTimeRangeSheet.swift:24:32: error: cannot find 'UILabel' in scope
    private let titleLabel   = UILabel()
                               ^~~~~~~
/Users/admin/builder/spi-builder-workspace/Sources/DragoDateTimePicker/DragoTimeRangeSheet.swift:25:32: error: cannot find 'UIView' in scope
    private let titleDivider = UIView()
                               ^~~~~~
/Applications/Xcode-16.3.0.app/Contents/Developer/Platforms/WatchOS.platform/Developer/SDKs/WatchOS11.4.sdk/System/Library/Frameworks/UIKit.framework/Headers/NSTextAttachment.h:23:1: note: interface 'UIView' forward declared here
@class UIView;
^
/Users/admin/builder/spi-builder-workspace/Sources/DragoDateTimePicker/DragoTimeRangeSheet.swift:28:31: error: cannot find 'UILabel' in scope
    private let startLabel  = UILabel()
                              ^~~~~~~
/Users/admin/builder/spi-builder-workspace/Sources/DragoDateTimePicker/DragoTimeRangeSheet.swift:29:31: error: cannot find 'UILabel' in scope
    private let endLabel    = UILabel()
                              ^~~~~~~
/Users/admin/builder/spi-builder-workspace/Sources/DragoDateTimePicker/DragoTimeRangeSheet.swift:30:31: error: cannot find 'UIPickerView' in scope
    private let startPicker = UIPickerView()
                              ^~~~~~~~~~~~
/Users/admin/builder/spi-builder-workspace/Sources/DragoDateTimePicker/DragoTimeRangeSheet.swift:31:31: error: cannot find 'UIPickerView' in scope
    private let endPicker   = UIPickerView()
                              ^~~~~~~~~~~~
/Users/admin/builder/spi-builder-workspace/Sources/DragoDateTimePicker/DragoTimeRangeSheet.swift:32:31: error: cannot find 'UIStackView' in scope
    private let pickerStack = UIStackView()
                              ^~~~~~~~~~~
/Users/admin/builder/spi-builder-workspace/Sources/DragoDateTimePicker/DragoTimeRangeSheet.swift:33:31: error: cannot find 'UIView' in scope
    private let topLine1    = UIView()
                              ^~~~~~
/Applications/Xcode-16.3.0.app/Contents/Developer/Platforms/WatchOS.platform/Developer/SDKs/WatchOS11.4.sdk/System/Library/Frameworks/UIKit.framework/Headers/NSTextAttachment.h:23:1: note: interface 'UIView' forward declared here
@class UIView;
^
/Users/admin/builder/spi-builder-workspace/Sources/DragoDateTimePicker/DragoTimeRangeSheet.swift:34:31: error: cannot find 'UIView' in scope
    private let topLine2    = UIView()
                              ^~~~~~
/Applications/Xcode-16.3.0.app/Contents/Developer/Platforms/WatchOS.platform/Developer/SDKs/WatchOS11.4.sdk/System/Library/Frameworks/UIKit.framework/Headers/NSTextAttachment.h:23:1: note: interface 'UIView' forward declared here
@class UIView;
^
/Users/admin/builder/spi-builder-workspace/Sources/DragoDateTimePicker/DragoTimeRangeSheet.swift:35:31: error: cannot find 'UIView' in scope
    private let bottomLine1 = UIView()
                              ^~~~~~
/Applications/Xcode-16.3.0.app/Contents/Developer/Platforms/WatchOS.platform/Developer/SDKs/WatchOS11.4.sdk/System/Library/Frameworks/UIKit.framework/Headers/NSTextAttachment.h:23:1: note: interface 'UIView' forward declared here
@class UIView;
^
/Users/admin/builder/spi-builder-workspace/Sources/DragoDateTimePicker/DragoTimeRangeSheet.swift:36:31: error: cannot find 'UIView' in scope
    private let bottomLine2 = UIView()
                              ^~~~~~
/Applications/Xcode-16.3.0.app/Contents/Developer/Platforms/WatchOS.platform/Developer/SDKs/WatchOS11.4.sdk/System/Library/Frameworks/UIKit.framework/Headers/NSTextAttachment.h:23:1: note: interface 'UIView' forward declared here
@class UIView;
^
/Users/admin/builder/spi-builder-workspace/Sources/DragoDateTimePicker/DragoTimeRangeSheet.swift:39:33: error: cannot find 'UIView' in scope
    private let buttonDivider = UIView()
                                ^~~~~~
/Applications/Xcode-16.3.0.app/Contents/Developer/Platforms/WatchOS.platform/Developer/SDKs/WatchOS11.4.sdk/System/Library/Frameworks/UIKit.framework/Headers/NSTextAttachment.h:23:1: note: interface 'UIView' forward declared here
@class UIView;
^
/Users/admin/builder/spi-builder-workspace/Sources/DragoDateTimePicker/DragoTimeRangeSheet.swift:40:33: error: cannot find 'UIButton' in scope
    private let cancelButton  = UIButton(type: .system)
                                ^~~~~~~~
/Users/admin/builder/spi-builder-workspace/Sources/DragoDateTimePicker/DragoTimeRangeSheet.swift:40:49: error: cannot infer contextual base in reference to member 'system'
    private let cancelButton  = UIButton(type: .system)
                                               ~^~~~~~
/Users/admin/builder/spi-builder-workspace/Sources/DragoDateTimePicker/DragoTimeRangeSheet.swift:41:33: error: cannot find 'UIButton' in scope
    private let doneButton    = UIButton(type: .system)
                                ^~~~~~~~
/Users/admin/builder/spi-builder-workspace/Sources/DragoDateTimePicker/DragoTimeRangeSheet.swift:41:49: error: cannot infer contextual base in reference to member 'system'
    private let doneButton    = UIButton(type: .system)
                                               ~^~~~~~
/Users/admin/builder/spi-builder-workspace/Sources/DragoDateTimePicker/DragoTimeRangeSheet.swift:42:33: error: cannot find 'UIStackView' in scope
    private let buttonStack   = UIStackView()
                                ^~~~~~~~~~~
/Users/admin/builder/spi-builder-workspace/Sources/DragoDateTimePicker/DragoTimeRangeSheet.swift:15:41: error: cannot find type 'UIView' in scope
public final class DragoTimeRangeSheet: UIView {
                                        ^~~~~~
/Applications/Xcode-16.3.0.app/Contents/Developer/Platforms/WatchOS.platform/Developer/SDKs/WatchOS11.4.sdk/System/Library/Frameworks/UIKit.framework/Headers/NSTextAttachment.h:23:1: note: interface 'UIView' forward declared here
@class UIView;
^
/Users/admin/builder/spi-builder-workspace/Sources/DragoDateTimePicker/DragoTimeRangeSheet.swift:295:32: error: cannot find type 'UIPickerViewDataSource' in scope
extension DragoTimeRangeSheet: UIPickerViewDataSource, UIPickerViewDelegate {
                               ^~~~~~~~~~~~~~~~~~~~~~
/Users/admin/builder/spi-builder-workspace/Sources/DragoDateTimePicker/DragoTimeRangeSheet.swift:295:56: error: cannot find type 'UIPickerViewDelegate' in scope
extension DragoTimeRangeSheet: UIPickerViewDataSource, UIPickerViewDelegate {
                                                       ^~~~~~~~~~~~~~~~~~~~
/Users/admin/builder/spi-builder-workspace/Sources/DragoDateTimePicker/DragoTimeRangeSheet.swift:297:51: error: cannot find type 'UIPickerView' in scope
    public func numberOfComponents(in pickerView: UIPickerView) -> Int { 1 }
                                                  ^~~~~~~~~~~~
/Users/admin/builder/spi-builder-workspace/Sources/DragoDateTimePicker/DragoTimeRangeSheet.swift:299:42: error: cannot find type 'UIPickerView' in scope
    public func pickerView(_ pickerView: UIPickerView, numberOfRowsInComponent component: Int) -> Int {
                                         ^~~~~~~~~~~~
/Users/admin/builder/spi-builder-workspace/Sources/DragoDateTimePicker/DragoTimeRangeSheet.swift:303:42: error: cannot find type 'UIPickerView' in scope
    public func pickerView(_ pickerView: UIPickerView, rowHeightForComponent component: Int) -> CGFloat {
                                         ^~~~~~~~~~~~
/Users/admin/builder/spi-builder-workspace/Sources/DragoDateTimePicker/DragoTimeRangeSheet.swift:307:132: error: cannot find type 'UIView' in scope
    public func pickerView(_ pickerView: UIPickerView, viewForRow row: Int, forComponent component: Int, reusing view: UIView?) -> UIView {
                                                                                                                                   ^~~~~~
/Applications/Xcode-16.3.0.app/Contents/Developer/Platforms/WatchOS.platform/Developer/SDKs/WatchOS11.4.sdk/System/Library/Frameworks/UIKit.framework/Headers/NSTextAttachment.h:23:1: note: interface 'UIView' forward declared here
@class UIView;
^
/Users/admin/builder/spi-builder-workspace/Sources/DragoDateTimePicker/DragoTimeRangeSheet.swift:307:42: error: cannot find type 'UIPickerView' in scope
    public func pickerView(_ pickerView: UIPickerView, viewForRow row: Int, forComponent component: Int, reusing view: UIView?) -> UIView {
                                         ^~~~~~~~~~~~
/Users/admin/builder/spi-builder-workspace/Sources/DragoDateTimePicker/DragoTimeRangeSheet.swift:307:120: error: cannot find type 'UIView' in scope
    public func pickerView(_ pickerView: UIPickerView, viewForRow row: Int, forComponent component: Int, reusing view: UIView?) -> UIView {
                                                                                                                       ^~~~~~
/Applications/Xcode-16.3.0.app/Contents/Developer/Platforms/WatchOS.platform/Developer/SDKs/WatchOS11.4.sdk/System/Library/Frameworks/UIKit.framework/Headers/NSTextAttachment.h:23:1: note: interface 'UIView' forward declared here
@class UIView;
^
/Users/admin/builder/spi-builder-workspace/Sources/DragoDateTimePicker/DragoTimeRangeSheet.swift:323:42: error: cannot find type 'UIPickerView' in scope
    public func pickerView(_ pickerView: UIPickerView, didSelectRow row: Int, inComponent component: Int) {
                                         ^~~~~~~~~~~~
SwiftEmitModule normal arm64 Emitting\ module\ for\ DragoDateTimePicker (in target 'DragoDateTimePicker' from project 'DragoDateTimePicker')
Failed frontend command:
/Applications/Xcode-16.3.0.app/Contents/Developer/Toolchains/XcodeDefault.xctoolchain/usr/bin/swift-frontend -frontend -emit-module -experimental-skip-non-inlinable-function-bodies-without-types /Users/admin/builder/spi-builder-workspace/Sources/DragoDateTimePicker/DragoPickerConfig.swift /Users/admin/builder/spi-builder-workspace/Sources/DragoDateTimePicker/DragoPickerController.swift /Users/admin/builder/spi-builder-workspace/Sources/DragoDateTimePicker/DragoPickerResult.swift /Users/admin/builder/spi-builder-workspace/Sources/DragoDateTimePicker/DragoPickerView.swift /Users/admin/builder/spi-builder-workspace/Sources/DragoDateTimePicker/DragoTimeRangeSheet.swift /Users/admin/builder/spi-builder-workspace/Sources/DragoDateTimePicker/TimeListBuilder.swift -target arm64-apple-watchos7.0 -Xllvm -aarch64-use-tbi -enable-objc-interop -stack-check -sdk /Applications/Xcode-16.3.0.app/Contents/Developer/Platforms/WatchOS.platform/Developer/SDKs/WatchOS11.4.sdk -I /Users/admin/builder/spi-builder-workspace/.derivedData/Build/Products/Debug-watchos -I /Applications/Xcode-16.3.0.app/Contents/Developer/Platforms/WatchOS.platform/Developer/usr/lib -F /Users/admin/builder/spi-builder-workspace/.derivedData/Build/Products/Debug-watchos -F /Applications/Xcode-16.3.0.app/Contents/Developer/Platforms/WatchOS.platform/Developer/Library/Frameworks -F /Applications/Xcode-16.3.0.app/Contents/Developer/Platforms/WatchOS.platform/Developer/SDKs/WatchOS11.4.sdk/Developer/Library/Frameworks -no-color-diagnostics -enable-testing -g -debug-info-format\=dwarf -dwarf-version\=4 -module-cache-path /Users/admin/builder/spi-builder-workspace/.derivedData/ModuleCache.noindex -swift-version 5 -enforce-exclusivity\=checked -Onone -D SWIFT_PACKAGE -D DEBUG -D Xcode -serialize-debugging-options -const-gather-protocols-file /Users/admin/builder/spi-builder-workspace/.derivedData/Build/Intermediates.noindex/DragoDateTimePicker.build/Debug-watchos/DragoDateTimePicker.build/Objects-normal/arm64/DragoDateTimePicker_const_extract_protocols.json -enable-experimental-feature DebugDescriptionMacro -empty-abi-descriptor -plugin-path /Applications/Xcode-16.3.0.app/Contents/Developer/Toolchains/XcodeDefault.xctoolchain/usr/lib/swift/host/plugins/testing -validate-clang-modules-once -clang-build-session-file /Users/admin/builder/spi-builder-workspace/.derivedData/ModuleCache.noindex/Session.modulevalidation -Xcc -working-directory -Xcc /Users/admin/builder/spi-builder-workspace/.swiftpm/xcode -resource-dir /Applications/Xcode-16.3.0.app/Contents/Developer/Toolchains/XcodeDefault.xctoolchain/usr/lib/swift -enable-anonymous-context-mangled-names -file-compilation-dir /Users/admin/builder/spi-builder-workspace/.swiftpm/xcode -Xcc -ivfsstatcache -Xcc /Users/admin/builder/spi-builder-workspace/.derivedData/SDKStatCaches.noindex/watchos11.4-22T246-43efb940ff07ba2497b70ec94253f576.sdkstatcache -Xcc -I/Users/admin/builder/spi-builder-workspace/.derivedData/Build/Intermediates.noindex/DragoDateTimePicker.build/Debug-watchos/DragoDateTimePicker.build/swift-overrides.hmap -Xcc -I/Users/admin/builder/spi-builder-workspace/.derivedData/Build/Products/Debug-watchos/include -Xcc -I/Users/admin/builder/spi-builder-workspace/.derivedData/Build/Intermediates.noindex/DragoDateTimePicker.build/Debug-watchos/DragoDateTimePicker.build/DerivedSources-normal/arm64 -Xcc -I/Users/admin/builder/spi-builder-workspace/.derivedData/Build/Intermediates.noindex/DragoDateTimePicker.build/Debug-watchos/DragoDateTimePicker.build/DerivedSources/arm64 -Xcc -I/Users/admin/builder/spi-builder-workspace/.derivedData/Build/Intermediates.noindex/DragoDateTimePicker.build/Debug-watchos/DragoDateTimePicker.build/DerivedSources -Xcc -DSWIFT_PACKAGE -Xcc -DDEBUG\=1 -module-name DragoDateTimePicker -package-name spi_builder_workspace -frontend-parseable-output -disable-clang-spi -target-sdk-version 11.4 -target-sdk-name watchos11.4 -external-plugin-path /Applications/Xcode-16.3.0.app/Contents/Developer/Platforms/WatchOS.platform/Developer/usr/lib/swift/host/plugins\#/Applications/Xcode-16.3.0.app/Contents/Developer/Platforms/WatchOS.platform/Developer/usr/bin/swift-plugin-server -external-plugin-path /Applications/Xcode-16.3.0.app/Contents/Developer/Platforms/WatchOS.platform/Developer/usr/local/lib/swift/host/plugins\#/Applications/Xcode-16.3.0.app/Contents/Developer/Platforms/WatchOS.platform/Developer/usr/bin/swift-plugin-server -in-process-plugin-server-path /Applications/Xcode-16.3.0.app/Contents/Developer/Toolchains/XcodeDefault.xctoolchain/usr/lib/swift/host/libSwiftInProcPluginServer.dylib -plugin-path /Applications/Xcode-16.3.0.app/Contents/Developer/Toolchains/XcodeDefault.xctoolchain/usr/lib/swift/host/plugins -plugin-path /Applications/Xcode-16.3.0.app/Contents/Developer/Toolchains/XcodeDefault.xctoolchain/usr/local/lib/swift/host/plugins -emit-module-doc-path /Users/admin/builder/spi-builder-workspace/.derivedData/Build/Intermediates.noindex/DragoDateTimePicker.build/Debug-watchos/DragoDateTimePicker.build/Objects-normal/arm64/DragoDateTimePicker.swiftdoc -emit-module-source-info-path /Users/admin/builder/spi-builder-workspace/.derivedData/Build/Intermediates.noindex/DragoDateTimePicker.build/Debug-watchos/DragoDateTimePicker.build/Objects-normal/arm64/DragoDateTimePicker.swiftsourceinfo -emit-objc-header-path /Users/admin/builder/spi-builder-workspace/.derivedData/Build/Intermediates.noindex/DragoDateTimePicker.build/Debug-watchos/DragoDateTimePicker.build/Objects-normal/arm64/DragoDateTimePicker-Swift.h -serialize-diagnostics-path /Users/admin/builder/spi-builder-workspace/.derivedData/Build/Intermediates.noindex/DragoDateTimePicker.build/Debug-watchos/DragoDateTimePicker.build/Objects-normal/arm64/DragoDateTimePicker-master-emit-module.dia -emit-dependencies-path /Users/admin/builder/spi-builder-workspace/.derivedData/Build/Intermediates.noindex/DragoDateTimePicker.build/Debug-watchos/DragoDateTimePicker.build/Objects-normal/arm64/DragoDateTimePicker-master-emit-module.d -o /Users/admin/builder/spi-builder-workspace/.derivedData/Build/Intermediates.noindex/DragoDateTimePicker.build/Debug-watchos/DragoDateTimePicker.build/Objects-normal/arm64/DragoDateTimePicker.swiftmodule -emit-abi-descriptor-path /Users/admin/builder/spi-builder-workspace/.derivedData/Build/Intermediates.noindex/DragoDateTimePicker.build/Debug-watchos/DragoDateTimePicker.build/Objects-normal/arm64/DragoDateTimePicker.abi.json
EmitSwiftModule normal arm64 (in target 'DragoDateTimePicker' from project 'DragoDateTimePicker')
    cd /Users/admin/builder/spi-builder-workspace/.swiftpm/xcode

/Users/admin/builder/spi-builder-workspace/Sources/DragoDateTimePicker/DragoPickerConfig.swift:45:49: error: type 'UIColor' has no member 'label'
    public var pickerTextColor:      UIColor = .label
                                               ~^~~~~
/Users/admin/builder/spi-builder-workspace/Sources/DragoDateTimePicker/DragoPickerConfig.swift:52:40: error: type 'UIColor' has no member 'systemBlue'
    public var okColor:     UIColor = .systemBlue
                                      ~^~~~~~~~~~
/Users/admin/builder/spi-builder-workspace/Sources/DragoDateTimePicker/DragoPickerConfig.swift:53:40: error: type 'UIColor' has no member 'systemGray'
    public var cancelColor: UIColor = .systemGray
                                      ~^~~~~~~~~~
/Users/admin/builder/spi-builder-workspace/Sources/DragoDateTimePicker/DragoPickerConfig.swift:59:39: error: type 'UIColor' has no member 'label'
    public var titleColor: UIColor = .label
                                     ~^~~~~
/Users/admin/builder/spi-builder-workspace/Sources/DragoDateTimePicker/DragoPickerController.swift:21:26: error: method does not override any method from its superclass
    public override func viewDidLoad() {
           ~~~~~~~~      ^
/Users/admin/builder/spi-builder-workspace/Sources/DragoDateTimePicker/DragoPickerController.swift:41:33: error: cannot find type 'UIView' in scope
    private func embed(_ child: UIView) {
                                ^~~~~~
/Applications/Xcode-16.3.0.app/Contents/Developer/Platforms/WatchOS.platform/Developer/SDKs/WatchOS11.4.sdk/System/Library/Frameworks/UIKit.framework/Headers/NSTextAttachment.h:23:1: note: interface 'UIView' forward declared here
@class UIView;
^
/Users/admin/builder/spi-builder-workspace/Sources/DragoDateTimePicker/DragoPickerController.swift:10:43: error: cannot find type 'UIViewController' in scope
public final class DragoPickerController: UIViewController {
                                          ^~~~~~~~~~~~~~~~
/Users/admin/builder/spi-builder-workspace/Sources/DragoDateTimePicker/DragoPickerView.swift:20:33: error: cannot find 'UIButton' in scope
    private let overlay       = UIButton()
                                ^~~~~~~~
/Users/admin/builder/spi-builder-workspace/Sources/DragoDateTimePicker/DragoPickerView.swift:21:33: error: cannot find 'UIView' in scope
    private let card          = UIView()
                                ^~~~~~
/Applications/Xcode-16.3.0.app/Contents/Developer/Platforms/WatchOS.platform/Developer/SDKs/WatchOS11.4.sdk/System/Library/Frameworks/UIKit.framework/Headers/NSTextAttachment.h:23:1: note: interface 'UIView' forward declared here
@class UIView;
^
/Users/admin/builder/spi-builder-workspace/Sources/DragoDateTimePicker/DragoPickerView.swift:22:33: error: cannot find 'UILabel' in scope
    private let titleLabel    = UILabel()
                                ^~~~~~~
/Users/admin/builder/spi-builder-workspace/Sources/DragoDateTimePicker/DragoPickerView.swift:23:33: error: cannot find 'UIView' in scope
    private let titleDivider  = UIView()
                                ^~~~~~
/Applications/Xcode-16.3.0.app/Contents/Developer/Platforms/WatchOS.platform/Developer/SDKs/WatchOS11.4.sdk/System/Library/Frameworks/UIKit.framework/Headers/NSTextAttachment.h:23:1: note: interface 'UIView' forward declared here
@class UIView;
^
/Users/admin/builder/spi-builder-workspace/Sources/DragoDateTimePicker/DragoPickerView.swift:24:33: error: cannot find 'UIView' in scope
    private let buttonDivider = UIView()
                                ^~~~~~
/Applications/Xcode-16.3.0.app/Contents/Developer/Platforms/WatchOS.platform/Developer/SDKs/WatchOS11.4.sdk/System/Library/Frameworks/UIKit.framework/Headers/NSTextAttachment.h:23:1: note: interface 'UIView' forward declared here
@class UIView;
^
/Users/admin/builder/spi-builder-workspace/Sources/DragoDateTimePicker/DragoPickerView.swift:25:33: error: cannot find 'UIButton' in scope
    private let cancelButton  = UIButton(type: .system)
                                ^~~~~~~~
/Users/admin/builder/spi-builder-workspace/Sources/DragoDateTimePicker/DragoPickerView.swift:25:49: error: cannot infer contextual base in reference to member 'system'
    private let cancelButton  = UIButton(type: .system)
                                               ~^~~~~~
/Users/admin/builder/spi-builder-workspace/Sources/DragoDateTimePicker/DragoPickerView.swift:26:33: error: cannot find 'UIButton' in scope
    private let okButton      = UIButton(type: .system)
                                ^~~~~~~~
/Users/admin/builder/spi-builder-workspace/Sources/DragoDateTimePicker/DragoPickerView.swift:26:49: error: cannot infer contextual base in reference to member 'system'
    private let okButton      = UIButton(type: .system)
                                               ~^~~~~~
/Users/admin/builder/spi-builder-workspace/Sources/DragoDateTimePicker/DragoPickerView.swift:27:33: error: cannot find 'UIStackView' in scope
    private let buttonStack   = UIStackView()
                                ^~~~~~~~~~~
/Users/admin/builder/spi-builder-workspace/Sources/DragoDateTimePicker/DragoPickerView.swift:29:29: error: cannot find type 'UIDatePicker' in scope
    private var datePicker: UIDatePicker?
                            ^~~~~~~~~~~~
/Users/admin/builder/spi-builder-workspace/Sources/DragoDateTimePicker/DragoPickerView.swift:15:37: error: cannot find type 'UIView' in scope
public final class DragoPickerView: UIView {
                                    ^~~~~~
/Applications/Xcode-16.3.0.app/Contents/Developer/Platforms/WatchOS.platform/Developer/SDKs/WatchOS11.4.sdk/System/Library/Frameworks/UIKit.framework/Headers/NSTextAttachment.h:23:1: note: interface 'UIView' forward declared here
@class UIView;
^
/Users/admin/builder/spi-builder-workspace/Sources/DragoDateTimePicker/DragoTimeRangeSheet.swift:21:32: error: cannot find 'UIButton' in scope
    private let overlay      = UIButton()
                               ^~~~~~~~
/Users/admin/builder/spi-builder-workspace/Sources/DragoDateTimePicker/DragoTimeRangeSheet.swift:22:32: error: cannot find 'UIView' in scope
    private let card         = UIView()
                               ^~~~~~
/Applications/Xcode-16.3.0.app/Contents/Developer/Platforms/WatchOS.platform/Developer/SDKs/WatchOS11.4.sdk/System/Library/Frameworks/UIKit.framework/Headers/NSTextAttachment.h:23:1: note: interface 'UIView' forward declared here
@class UIView;
^
/Users/admin/builder/spi-builder-workspace/Sources/DragoDateTimePicker/DragoTimeRangeSheet.swift:23:32: error: cannot find 'UIView' in scope
    private let handle       = UIView()
                               ^~~~~~
/Applications/Xcode-16.3.0.app/Contents/Developer/Platforms/WatchOS.platform/Developer/SDKs/WatchOS11.4.sdk/System/Library/Frameworks/UIKit.framework/Headers/NSTextAttachment.h:23:1: note: interface 'UIView' forward declared here
@class UIView;
^
/Users/admin/builder/spi-builder-workspace/Sources/DragoDateTimePicker/DragoTimeRangeSheet.swift:24:32: error: cannot find 'UILabel' in scope
    private let titleLabel   = UILabel()
                               ^~~~~~~
/Users/admin/builder/spi-builder-workspace/Sources/DragoDateTimePicker/DragoTimeRangeSheet.swift:25:32: error: cannot find 'UIView' in scope
    private let titleDivider = UIView()
                               ^~~~~~
/Applications/Xcode-16.3.0.app/Contents/Developer/Platforms/WatchOS.platform/Developer/SDKs/WatchOS11.4.sdk/System/Library/Frameworks/UIKit.framework/Headers/NSTextAttachment.h:23:1: note: interface 'UIView' forward declared here
@class UIView;
^
/Users/admin/builder/spi-builder-workspace/Sources/DragoDateTimePicker/DragoTimeRangeSheet.swift:28:31: error: cannot find 'UILabel' in scope
    private let startLabel  = UILabel()
                              ^~~~~~~
/Users/admin/builder/spi-builder-workspace/Sources/DragoDateTimePicker/DragoTimeRangeSheet.swift:29:31: error: cannot find 'UILabel' in scope
    private let endLabel    = UILabel()
                              ^~~~~~~
/Users/admin/builder/spi-builder-workspace/Sources/DragoDateTimePicker/DragoTimeRangeSheet.swift:30:31: error: cannot find 'UIPickerView' in scope
    private let startPicker = UIPickerView()
                              ^~~~~~~~~~~~
/Users/admin/builder/spi-builder-workspace/Sources/DragoDateTimePicker/DragoTimeRangeSheet.swift:31:31: error: cannot find 'UIPickerView' in scope
    private let endPicker   = UIPickerView()
                              ^~~~~~~~~~~~
/Users/admin/builder/spi-builder-workspace/Sources/DragoDateTimePicker/DragoTimeRangeSheet.swift:32:31: error: cannot find 'UIStackView' in scope
    private let pickerStack = UIStackView()
                              ^~~~~~~~~~~
/Users/admin/builder/spi-builder-workspace/Sources/DragoDateTimePicker/DragoTimeRangeSheet.swift:33:31: error: cannot find 'UIView' in scope
    private let topLine1    = UIView()
                              ^~~~~~
/Applications/Xcode-16.3.0.app/Contents/Developer/Platforms/WatchOS.platform/Developer/SDKs/WatchOS11.4.sdk/System/Library/Frameworks/UIKit.framework/Headers/NSTextAttachment.h:23:1: note: interface 'UIView' forward declared here
@class UIView;
^
/Users/admin/builder/spi-builder-workspace/Sources/DragoDateTimePicker/DragoTimeRangeSheet.swift:34:31: error: cannot find 'UIView' in scope
    private let topLine2    = UIView()
                              ^~~~~~
/Applications/Xcode-16.3.0.app/Contents/Developer/Platforms/WatchOS.platform/Developer/SDKs/WatchOS11.4.sdk/System/Library/Frameworks/UIKit.framework/Headers/NSTextAttachment.h:23:1: note: interface 'UIView' forward declared here
@class UIView;
^
/Users/admin/builder/spi-builder-workspace/Sources/DragoDateTimePicker/DragoTimeRangeSheet.swift:35:31: error: cannot find 'UIView' in scope
    private let bottomLine1 = UIView()
                              ^~~~~~
/Applications/Xcode-16.3.0.app/Contents/Developer/Platforms/WatchOS.platform/Developer/SDKs/WatchOS11.4.sdk/System/Library/Frameworks/UIKit.framework/Headers/NSTextAttachment.h:23:1: note: interface 'UIView' forward declared here
@class UIView;
^
/Users/admin/builder/spi-builder-workspace/Sources/DragoDateTimePicker/DragoTimeRangeSheet.swift:36:31: error: cannot find 'UIView' in scope
    private let bottomLine2 = UIView()
                              ^~~~~~
/Applications/Xcode-16.3.0.app/Contents/Developer/Platforms/WatchOS.platform/Developer/SDKs/WatchOS11.4.sdk/System/Library/Frameworks/UIKit.framework/Headers/NSTextAttachment.h:23:1: note: interface 'UIView' forward declared here
@class UIView;
^
/Users/admin/builder/spi-builder-workspace/Sources/DragoDateTimePicker/DragoTimeRangeSheet.swift:39:33: error: cannot find 'UIView' in scope
    private let buttonDivider = UIView()
                                ^~~~~~
/Applications/Xcode-16.3.0.app/Contents/Developer/Platforms/WatchOS.platform/Developer/SDKs/WatchOS11.4.sdk/System/Library/Frameworks/UIKit.framework/Headers/NSTextAttachment.h:23:1: note: interface 'UIView' forward declared here
@class UIView;
^
/Users/admin/builder/spi-builder-workspace/Sources/DragoDateTimePicker/DragoTimeRangeSheet.swift:40:33: error: cannot find 'UIButton' in scope
    private let cancelButton  = UIButton(type: .system)
                                ^~~~~~~~
/Users/admin/builder/spi-builder-workspace/Sources/DragoDateTimePicker/DragoTimeRangeSheet.swift:40:49: error: cannot infer contextual base in reference to member 'system'
    private let cancelButton  = UIButton(type: .system)
                                               ~^~~~~~
/Users/admin/builder/spi-builder-workspace/Sources/DragoDateTimePicker/DragoTimeRangeSheet.swift:41:33: error: cannot find 'UIButton' in scope
    private let doneButton    = UIButton(type: .system)
                                ^~~~~~~~
/Users/admin/builder/spi-builder-workspace/Sources/DragoDateTimePicker/DragoTimeRangeSheet.swift:41:49: error: cannot infer contextual base in reference to member 'system'
    private let doneButton    = UIButton(type: .system)
                                               ~^~~~~~
/Users/admin/builder/spi-builder-workspace/Sources/DragoDateTimePicker/DragoTimeRangeSheet.swift:42:33: error: cannot find 'UIStackView' in scope
    private let buttonStack   = UIStackView()
                                ^~~~~~~~~~~
/Users/admin/builder/spi-builder-workspace/Sources/DragoDateTimePicker/DragoTimeRangeSheet.swift:15:41: error: cannot find type 'UIView' in scope
public final class DragoTimeRangeSheet: UIView {
                                        ^~~~~~
/Applications/Xcode-16.3.0.app/Contents/Developer/Platforms/WatchOS.platform/Developer/SDKs/WatchOS11.4.sdk/System/Library/Frameworks/UIKit.framework/Headers/NSTextAttachment.h:23:1: note: interface 'UIView' forward declared here
@class UIView;
^
/Users/admin/builder/spi-builder-workspace/Sources/DragoDateTimePicker/DragoTimeRangeSheet.swift:295:32: error: cannot find type 'UIPickerViewDataSource' in scope
extension DragoTimeRangeSheet: UIPickerViewDataSource, UIPickerViewDelegate {
                               ^~~~~~~~~~~~~~~~~~~~~~
/Users/admin/builder/spi-builder-workspace/Sources/DragoDateTimePicker/DragoTimeRangeSheet.swift:295:56: error: cannot find type 'UIPickerViewDelegate' in scope
extension DragoTimeRangeSheet: UIPickerViewDataSource, UIPickerViewDelegate {
                                                       ^~~~~~~~~~~~~~~~~~~~
/Users/admin/builder/spi-builder-workspace/Sources/DragoDateTimePicker/DragoTimeRangeSheet.swift:297:51: error: cannot find type 'UIPickerView' in scope
    public func numberOfComponents(in pickerView: UIPickerView) -> Int { 1 }
                                                  ^~~~~~~~~~~~
/Users/admin/builder/spi-builder-workspace/Sources/DragoDateTimePicker/DragoTimeRangeSheet.swift:299:42: error: cannot find type 'UIPickerView' in scope
    public func pickerView(_ pickerView: UIPickerView, numberOfRowsInComponent component: Int) -> Int {
                                         ^~~~~~~~~~~~
/Users/admin/builder/spi-builder-workspace/Sources/DragoDateTimePicker/DragoTimeRangeSheet.swift:303:42: error: cannot find type 'UIPickerView' in scope
    public func pickerView(_ pickerView: UIPickerView, rowHeightForComponent component: Int) -> CGFloat {
                                         ^~~~~~~~~~~~
/Users/admin/builder/spi-builder-workspace/Sources/DragoDateTimePicker/DragoTimeRangeSheet.swift:307:132: error: cannot find type 'UIView' in scope
    public func pickerView(_ pickerView: UIPickerView, viewForRow row: Int, forComponent component: Int, reusing view: UIView?) -> UIView {
                                                                                                                                   ^~~~~~
/Applications/Xcode-16.3.0.app/Contents/Developer/Platforms/WatchOS.platform/Developer/SDKs/WatchOS11.4.sdk/System/Library/Frameworks/UIKit.framework/Headers/NSTextAttachment.h:23:1: note: interface 'UIView' forward declared here
@class UIView;
^
/Users/admin/builder/spi-builder-workspace/Sources/DragoDateTimePicker/DragoTimeRangeSheet.swift:307:42: error: cannot find type 'UIPickerView' in scope
    public func pickerView(_ pickerView: UIPickerView, viewForRow row: Int, forComponent component: Int, reusing view: UIView?) -> UIView {
                                         ^~~~~~~~~~~~
/Users/admin/builder/spi-builder-workspace/Sources/DragoDateTimePicker/DragoTimeRangeSheet.swift:307:120: error: cannot find type 'UIView' in scope
    public func pickerView(_ pickerView: UIPickerView, viewForRow row: Int, forComponent component: Int, reusing view: UIView?) -> UIView {
                                                                                                                       ^~~~~~
/Applications/Xcode-16.3.0.app/Contents/Developer/Platforms/WatchOS.platform/Developer/SDKs/WatchOS11.4.sdk/System/Library/Frameworks/UIKit.framework/Headers/NSTextAttachment.h:23:1: note: interface 'UIView' forward declared here
@class UIView;
^
/Users/admin/builder/spi-builder-workspace/Sources/DragoDateTimePicker/DragoTimeRangeSheet.swift:323:42: error: cannot find type 'UIPickerView' in scope
    public func pickerView(_ pickerView: UIPickerView, didSelectRow row: Int, inComponent component: Int) {
                                         ^~~~~~~~~~~~
SwiftEmitModule normal arm64_32 Emitting\ module\ for\ DragoDateTimePicker (in target 'DragoDateTimePicker' from project 'DragoDateTimePicker')
EmitSwiftModule normal arm64_32 (in target 'DragoDateTimePicker' from project 'DragoDateTimePicker')
    cd /Users/admin/builder/spi-builder-workspace/.swiftpm/xcode

SwiftCompile normal armv7k Compiling\ DragoPickerController.swift /Users/admin/builder/spi-builder-workspace/Sources/DragoDateTimePicker/DragoPickerController.swift (in target 'DragoDateTimePicker' from project 'DragoDateTimePicker')
SwiftCompile normal armv7k /Users/admin/builder/spi-builder-workspace/Sources/DragoDateTimePicker/DragoPickerController.swift (in target 'DragoDateTimePicker' from project 'DragoDateTimePicker')
    cd /Users/admin/builder/spi-builder-workspace/.swiftpm/xcode

SwiftCompile normal armv7k Compiling\ DragoPickerResult.swift /Users/admin/builder/spi-builder-workspace/Sources/DragoDateTimePicker/DragoPickerResult.swift (in target 'DragoDateTimePicker' from project 'DragoDateTimePicker')
Command SwiftCompile failed with a nonzero exit code
** BUILD FAILED **
The following build commands failed:
	SwiftEmitModule normal armv7k Emitting\ module\ for\ DragoDateTimePicker (in target 'DragoDateTimePicker' from project 'DragoDateTimePicker')
	EmitSwiftModule normal armv7k (in target 'DragoDateTimePicker' from project 'DragoDateTimePicker')
	SwiftEmitModule normal arm64 Emitting\ module\ for\ DragoDateTimePicker (in target 'DragoDateTimePicker' from project 'DragoDateTimePicker')
	EmitSwiftModule normal arm64 (in target 'DragoDateTimePicker' from project 'DragoDateTimePicker')
	SwiftCompile normal armv7k Compiling\ DragoPickerResult.swift /Users/admin/builder/spi-builder-workspace/Sources/DragoDateTimePicker/DragoPickerResult.swift (in target 'DragoDateTimePicker' from project 'DragoDateTimePicker')
	Building workspace spi-builder-workspace with scheme DragoDateTimePicker
(6 failures)
BUILD FAILURE 6.1 watchOS