Build Information
Failed to build ArtAdk, reference main (c1376c), with Swift 6.3 for Android on 29 Sep 2026 15:56:59 UTC.
Build Command
bash -c docker run --pull=always --rm -v "checkouts-54344845-0":/host -w "$PWD" -e JAVA_HOME="/root/.sdkman/candidates/java/current" -e SPI_BUILD="1" -e SPI_PROCESSING="1" registry.gitlab.com/saguaro1/spi-images:android-6.3-latest swift build --swift-sdk aarch64-unknown-linux-android28 2>&1Build Log
========================================
RunAll
========================================
Builder version: 5.1.0
Interrupt handler set up.
========================================
Checkout
========================================
Clone URL: https://github.com/aiotrixdev/art-swift-adk.git
Reference: main
Initialized empty Git repository in /host/spi-builder-workspace/.git/
hint: Using 'master' as the name for the initial branch. This default branch name
hint: is subject to change. To configure the initial branch name to use in all
hint: of your new repositories, which will suppress this warning, call:
hint:
hint: git config --global init.defaultBranch <name>
hint:
hint: Names commonly chosen instead of 'master' are 'main', 'trunk' and
hint: 'development'. The just-created branch can be renamed via this command:
hint:
hint: git branch -m <name>
From https://github.com/aiotrixdev/art-swift-adk
* branch main -> FETCH_HEAD
* [new branch] main -> origin/main
HEAD is now at c1376c9 Merge pull request #12 from aiotrixdev/release/release-1
Cloned https://github.com/aiotrixdev/art-swift-adk.git
Revision (git rev-parse @):
c1376c953ae2f99582ced80285ece84685d53c5b
SPI manifest file found: $PWD/.spi.yml
SUCCESS checkout https://github.com/aiotrixdev/art-swift-adk.git at main
========================================
Build
========================================
Selected platform: android
Swift version: 6.3
Building package at path: $PWD
https://github.com/aiotrixdev/art-swift-adk.git
Running build ...
bash -c docker run --pull=always --rm -v "checkouts-54344845-0":/host -w "$PWD" -e JAVA_HOME="/root/.sdkman/candidates/java/current" -e SPI_BUILD="1" -e SPI_PROCESSING="1" registry.gitlab.com/saguaro1/spi-images:android-6.3-latest swift build --swift-sdk aarch64-unknown-linux-android28 2>&1
android-6.3-latest: Pulling from saguaro1/spi-images
Digest: sha256:8ca9e1e6d70fd53f5b05e4f64d92569d697563f7f457a1485802bc9eb2cd1382
Status: Image is up to date for registry.gitlab.com/saguaro1/spi-images:android-6.3-latest
Fetching https://github.com/bitmark-inc/tweetnacl-swiftwrap
[1/421] Fetching tweetnacl-swiftwrap
Fetched https://github.com/bitmark-inc/tweetnacl-swiftwrap from cache (0.54s)
Computing version for https://github.com/bitmark-inc/tweetnacl-swiftwrap
Computed https://github.com/bitmark-inc/tweetnacl-swiftwrap at 1.1.0 (1.43s)
Creating working copy for https://github.com/bitmark-inc/tweetnacl-swiftwrap
Working copy of https://github.com/bitmark-inc/tweetnacl-swiftwrap resolved at 1.1.0
Building for debugging...
[0/5] Write sources
[3/5] Compiling CTweetNacl ctweetnacl.c
[4/5] Write swift-version-272D24FF697CF451.txt
[6/8] Compiling TweetNacl Constant.swift
[7/8] Emitting module TweetNacl
[8/8] Compiling TweetNacl TweetNacl.swift
/host/spi-builder-workspace/.build/checkouts/tweetnacl-swiftwrap/Sources/TweetNacl/TweetNacl.swift:62:20: error: cannot find 'SecRandomCopyBytes' in scope
60 | var randomData = Data(count: count)
61 | let result = randomData.withUnsafeMutableBytes {
62 | return SecRandomCopyBytes(kSecRandomDefault, count, $0)
| `- error: cannot find 'SecRandomCopyBytes' in scope
63 | }
64 | guard result == errSecSuccess else {
/host/spi-builder-workspace/.build/checkouts/tweetnacl-swiftwrap/Sources/TweetNacl/TweetNacl.swift:62:39: error: cannot find 'kSecRandomDefault' in scope
60 | var randomData = Data(count: count)
61 | let result = randomData.withUnsafeMutableBytes {
62 | return SecRandomCopyBytes(kSecRandomDefault, count, $0)
| `- error: cannot find 'kSecRandomDefault' in scope
63 | }
64 | guard result == errSecSuccess else {
/host/spi-builder-workspace/.build/checkouts/tweetnacl-swiftwrap/Sources/TweetNacl/TweetNacl.swift:64:25: error: cannot find 'errSecSuccess' in scope
62 | return SecRandomCopyBytes(kSecRandomDefault, count, $0)
63 | }
64 | guard result == errSecSuccess else {
| `- error: cannot find 'errSecSuccess' in scope
65 | throw NaclUtilError.internalError
66 | }
BUILD FAILURE 6.3 android