Build Information
Failed to build TextForSpeech, reference v0.23.0 (089c38), with Swift 6.4 for watchOS using Xcode 27.0 on 25 Sep 2026 08:05:23 UTC.
Build Command
env DEVELOPER_DIR=/Applications/Xcode-27.0.0-Release.Candidate.app xcrun xcodebuild -IDEClonedSourcePackagesDirPathOverride=$PWD/.dependencies -skipMacroValidation -skipPackagePluginValidation -derivedDataPath $PWD/.derivedData build -scheme TextForSpeech -destination generic/platform=watchOSBuild Log
SwiftCompile normal arm64_32 /Users/admin/builder/spi-builder-workspace/.dependencies/checkouts/SwiftSoup/Sources/OrderedSet.swift (in target 'SwiftSoup' from project 'SwiftSoup')
cd /Users/admin/builder/spi-builder-workspace/.swiftpm/xcode
builtin-SwiftPerFileCompile OrderedSet.swift
SwiftCompile normal arm64_32 /Users/admin/builder/spi-builder-workspace/.dependencies/checkouts/SwiftSoup/Sources/ParseError.swift (in target 'SwiftSoup' from project 'SwiftSoup')
cd /Users/admin/builder/spi-builder-workspace/.swiftpm/xcode
builtin-SwiftPerFileCompile ParseError.swift
SwiftCompile normal arm64_32 /Users/admin/builder/spi-builder-workspace/.dependencies/checkouts/SwiftSoup/Sources/ParseErrorList.swift (in target 'SwiftSoup' from project 'SwiftSoup')
cd /Users/admin/builder/spi-builder-workspace/.swiftpm/xcode
builtin-SwiftPerFileCompile ParseErrorList.swift
SwiftCompile normal arm64_32 /Users/admin/builder/spi-builder-workspace/.dependencies/checkouts/SwiftSoup/Sources/ParseSettings.swift (in target 'SwiftSoup' from project 'SwiftSoup')
cd /Users/admin/builder/spi-builder-workspace/.swiftpm/xcode
builtin-SwiftPerFileCompile ParseSettings.swift
SwiftCompile normal arm64_32 /Users/admin/builder/spi-builder-workspace/.dependencies/checkouts/SwiftSoup/Sources/Parser.swift (in target 'SwiftSoup' from project 'SwiftSoup')
cd /Users/admin/builder/spi-builder-workspace/.swiftpm/xcode
builtin-SwiftPerFileCompile Parser.swift
SwiftCompile normal arm64_32 /Users/admin/builder/spi-builder-workspace/.dependencies/checkouts/SwiftSoup/Sources/ParsingStrings.swift (in target 'SwiftSoup' from project 'SwiftSoup')
cd /Users/admin/builder/spi-builder-workspace/.swiftpm/xcode
builtin-SwiftPerFileCompile ParsingStrings.swift
SwiftDriverJobDiscovery normal arm64_32 Compiling CharacterReader.swift, Cleaner.swift, Collector.swift, CombiningEvaluator.swift, Comment.swift, CssSelector.swift (in target 'SwiftSoup' from project 'SwiftSoup')
SwiftCompile normal arm64 Compiling\ String.swift,\ StringBuilder.swift,\ StringUtil.swift,\ StructuralEvaluator.swift,\ SwiftSoup.swift,\ Tag.swift /Users/admin/builder/spi-builder-workspace/.dependencies/checkouts/SwiftSoup/Sources/String.swift /Users/admin/builder/spi-builder-workspace/.dependencies/checkouts/SwiftSoup/Sources/StringBuilder.swift /Users/admin/builder/spi-builder-workspace/.dependencies/checkouts/SwiftSoup/Sources/StringUtil.swift /Users/admin/builder/spi-builder-workspace/.dependencies/checkouts/SwiftSoup/Sources/StructuralEvaluator.swift /Users/admin/builder/spi-builder-workspace/.dependencies/checkouts/SwiftSoup/Sources/SwiftSoup.swift /Users/admin/builder/spi-builder-workspace/.dependencies/checkouts/SwiftSoup/Sources/Tag.swift (in target 'SwiftSoup' from project 'SwiftSoup')
SwiftCompile normal arm64 /Users/admin/builder/spi-builder-workspace/.dependencies/checkouts/SwiftSoup/Sources/String.swift (in target 'SwiftSoup' from project 'SwiftSoup')
cd /Users/admin/builder/spi-builder-workspace/.swiftpm/xcode
builtin-SwiftPerFileCompile String.swift
SwiftCompile normal arm64 /Users/admin/builder/spi-builder-workspace/.dependencies/checkouts/SwiftSoup/Sources/StringBuilder.swift (in target 'SwiftSoup' from project 'SwiftSoup')
cd /Users/admin/builder/spi-builder-workspace/.swiftpm/xcode
builtin-SwiftPerFileCompile StringBuilder.swift
SwiftCompile normal arm64 /Users/admin/builder/spi-builder-workspace/.dependencies/checkouts/SwiftSoup/Sources/StringUtil.swift (in target 'SwiftSoup' from project 'SwiftSoup')
cd /Users/admin/builder/spi-builder-workspace/.swiftpm/xcode
builtin-SwiftPerFileCompile StringUtil.swift
SwiftCompile normal arm64 /Users/admin/builder/spi-builder-workspace/.dependencies/checkouts/SwiftSoup/Sources/StructuralEvaluator.swift (in target 'SwiftSoup' from project 'SwiftSoup')
cd /Users/admin/builder/spi-builder-workspace/.swiftpm/xcode
builtin-SwiftPerFileCompile StructuralEvaluator.swift
SwiftCompile normal arm64 /Users/admin/builder/spi-builder-workspace/.dependencies/checkouts/SwiftSoup/Sources/SwiftSoup.swift (in target 'SwiftSoup' from project 'SwiftSoup')
cd /Users/admin/builder/spi-builder-workspace/.swiftpm/xcode
builtin-SwiftPerFileCompile SwiftSoup.swift
SwiftCompile normal arm64 /Users/admin/builder/spi-builder-workspace/.dependencies/checkouts/SwiftSoup/Sources/Tag.swift (in target 'SwiftSoup' from project 'SwiftSoup')
cd /Users/admin/builder/spi-builder-workspace/.swiftpm/xcode
builtin-SwiftPerFileCompile Tag.swift
SwiftDriverJobDiscovery normal arm64 Compiling Attribute.swift, Attributes.swift, BinarySearch.swift, BooleanAttribute.swift, ByteSlice.swift, CharacterExt.swift (in target 'SwiftSoup' from project 'SwiftSoup')
SwiftCompile normal arm64 Compiling\ Elements.swift,\ Entities.swift,\ Evaluator.swift,\ Exception.swift,\ FormElement.swift,\ HtmlTreeBuilder.swift /Users/admin/builder/spi-builder-workspace/.dependencies/checkouts/SwiftSoup/Sources/Elements.swift /Users/admin/builder/spi-builder-workspace/.dependencies/checkouts/SwiftSoup/Sources/Entities.swift /Users/admin/builder/spi-builder-workspace/.dependencies/checkouts/SwiftSoup/Sources/Evaluator.swift /Users/admin/builder/spi-builder-workspace/.dependencies/checkouts/SwiftSoup/Sources/Exception.swift /Users/admin/builder/spi-builder-workspace/.dependencies/checkouts/SwiftSoup/Sources/FormElement.swift /Users/admin/builder/spi-builder-workspace/.dependencies/checkouts/SwiftSoup/Sources/HtmlTreeBuilder.swift (in target 'SwiftSoup' from project 'SwiftSoup')
SwiftCompile normal arm64 /Users/admin/builder/spi-builder-workspace/.dependencies/checkouts/SwiftSoup/Sources/Elements.swift (in target 'SwiftSoup' from project 'SwiftSoup')
cd /Users/admin/builder/spi-builder-workspace/.swiftpm/xcode
builtin-SwiftPerFileCompile Elements.swift
SwiftCompile normal arm64 /Users/admin/builder/spi-builder-workspace/.dependencies/checkouts/SwiftSoup/Sources/Entities.swift (in target 'SwiftSoup' from project 'SwiftSoup')
cd /Users/admin/builder/spi-builder-workspace/.swiftpm/xcode
builtin-SwiftPerFileCompile Entities.swift
SwiftCompile normal arm64 /Users/admin/builder/spi-builder-workspace/.dependencies/checkouts/SwiftSoup/Sources/Evaluator.swift (in target 'SwiftSoup' from project 'SwiftSoup')
cd /Users/admin/builder/spi-builder-workspace/.swiftpm/xcode
builtin-SwiftPerFileCompile Evaluator.swift
SwiftCompile normal arm64 /Users/admin/builder/spi-builder-workspace/.dependencies/checkouts/SwiftSoup/Sources/Exception.swift (in target 'SwiftSoup' from project 'SwiftSoup')
cd /Users/admin/builder/spi-builder-workspace/.swiftpm/xcode
builtin-SwiftPerFileCompile Exception.swift
SwiftCompile normal arm64 /Users/admin/builder/spi-builder-workspace/.dependencies/checkouts/SwiftSoup/Sources/FormElement.swift (in target 'SwiftSoup' from project 'SwiftSoup')
cd /Users/admin/builder/spi-builder-workspace/.swiftpm/xcode
builtin-SwiftPerFileCompile FormElement.swift
SwiftCompile normal arm64 /Users/admin/builder/spi-builder-workspace/.dependencies/checkouts/SwiftSoup/Sources/HtmlTreeBuilder.swift (in target 'SwiftSoup' from project 'SwiftSoup')
cd /Users/admin/builder/spi-builder-workspace/.swiftpm/xcode
builtin-SwiftPerFileCompile HtmlTreeBuilder.swift
SwiftCompile normal arm64 Compiling\ UTF8Arrays.swift,\ UnicodeScalar.swift,\ Validate.swift,\ Whitelist.swift,\ XmlDeclaration.swift,\ XmlTreeBuilder.swift /Users/admin/builder/spi-builder-workspace/.dependencies/checkouts/SwiftSoup/Sources/UTF8Arrays.swift /Users/admin/builder/spi-builder-workspace/.dependencies/checkouts/SwiftSoup/Sources/UnicodeScalar.swift /Users/admin/builder/spi-builder-workspace/.dependencies/checkouts/SwiftSoup/Sources/Validate.swift /Users/admin/builder/spi-builder-workspace/.dependencies/checkouts/SwiftSoup/Sources/Whitelist.swift /Users/admin/builder/spi-builder-workspace/.dependencies/checkouts/SwiftSoup/Sources/XmlDeclaration.swift /Users/admin/builder/spi-builder-workspace/.dependencies/checkouts/SwiftSoup/Sources/XmlTreeBuilder.swift (in target 'SwiftSoup' from project 'SwiftSoup')
SwiftCompile normal arm64 /Users/admin/builder/spi-builder-workspace/.dependencies/checkouts/SwiftSoup/Sources/UTF8Arrays.swift (in target 'SwiftSoup' from project 'SwiftSoup')
cd /Users/admin/builder/spi-builder-workspace/.swiftpm/xcode
builtin-SwiftPerFileCompile UTF8Arrays.swift
SwiftCompile normal arm64 /Users/admin/builder/spi-builder-workspace/.dependencies/checkouts/SwiftSoup/Sources/UnicodeScalar.swift (in target 'SwiftSoup' from project 'SwiftSoup')
cd /Users/admin/builder/spi-builder-workspace/.swiftpm/xcode
builtin-SwiftPerFileCompile UnicodeScalar.swift
SwiftCompile normal arm64 /Users/admin/builder/spi-builder-workspace/.dependencies/checkouts/SwiftSoup/Sources/Validate.swift (in target 'SwiftSoup' from project 'SwiftSoup')
cd /Users/admin/builder/spi-builder-workspace/.swiftpm/xcode
builtin-SwiftPerFileCompile Validate.swift
SwiftCompile normal arm64 /Users/admin/builder/spi-builder-workspace/.dependencies/checkouts/SwiftSoup/Sources/Whitelist.swift (in target 'SwiftSoup' from project 'SwiftSoup')
cd /Users/admin/builder/spi-builder-workspace/.swiftpm/xcode
builtin-SwiftPerFileCompile Whitelist.swift
SwiftCompile normal arm64 /Users/admin/builder/spi-builder-workspace/.dependencies/checkouts/SwiftSoup/Sources/XmlDeclaration.swift (in target 'SwiftSoup' from project 'SwiftSoup')
cd /Users/admin/builder/spi-builder-workspace/.swiftpm/xcode
builtin-SwiftPerFileCompile XmlDeclaration.swift
SwiftCompile normal arm64 /Users/admin/builder/spi-builder-workspace/.dependencies/checkouts/SwiftSoup/Sources/XmlTreeBuilder.swift (in target 'SwiftSoup' from project 'SwiftSoup')
cd /Users/admin/builder/spi-builder-workspace/.swiftpm/xcode
builtin-SwiftPerFileCompile XmlTreeBuilder.swift
SwiftDriverJobDiscovery normal arm64 Compiling HtmlTreeBuilderState.swift, LRUCache.swift, Mutex.swift, Node.swift, NodeTraversor.swift, NodeVisitor.swift (in target 'SwiftSoup' from project 'SwiftSoup')
SwiftDriverJobDiscovery normal arm64 Compiling CharacterReader.swift, Cleaner.swift, Collector.swift, CombiningEvaluator.swift, Comment.swift, CssSelector.swift (in target 'SwiftSoup' from project 'SwiftSoup')
SwiftCompile normal arm64_32 Compiling\ Pattern.swift,\ Profiler.swift,\ QueryParser.swift,\ QueryParserCache.swift,\ SourceRange.swift,\ StreamReader.swift /Users/admin/builder/spi-builder-workspace/.dependencies/checkouts/SwiftSoup/Sources/Pattern.swift /Users/admin/builder/spi-builder-workspace/.dependencies/checkouts/SwiftSoup/Sources/Profiler.swift /Users/admin/builder/spi-builder-workspace/.dependencies/checkouts/SwiftSoup/Sources/QueryParser.swift /Users/admin/builder/spi-builder-workspace/.dependencies/checkouts/SwiftSoup/Sources/QueryParserCache.swift /Users/admin/builder/spi-builder-workspace/.dependencies/checkouts/SwiftSoup/Sources/SourceRange.swift /Users/admin/builder/spi-builder-workspace/.dependencies/checkouts/SwiftSoup/Sources/StreamReader.swift (in target 'SwiftSoup' from project 'SwiftSoup')
SwiftCompile normal arm64_32 /Users/admin/builder/spi-builder-workspace/.dependencies/checkouts/SwiftSoup/Sources/Pattern.swift (in target 'SwiftSoup' from project 'SwiftSoup')
cd /Users/admin/builder/spi-builder-workspace/.swiftpm/xcode
builtin-SwiftPerFileCompile Pattern.swift
SwiftCompile normal arm64_32 /Users/admin/builder/spi-builder-workspace/.dependencies/checkouts/SwiftSoup/Sources/Profiler.swift (in target 'SwiftSoup' from project 'SwiftSoup')
cd /Users/admin/builder/spi-builder-workspace/.swiftpm/xcode
builtin-SwiftPerFileCompile Profiler.swift
SwiftCompile normal arm64_32 /Users/admin/builder/spi-builder-workspace/.dependencies/checkouts/SwiftSoup/Sources/QueryParser.swift (in target 'SwiftSoup' from project 'SwiftSoup')
cd /Users/admin/builder/spi-builder-workspace/.swiftpm/xcode
builtin-SwiftPerFileCompile QueryParser.swift
SwiftCompile normal arm64_32 /Users/admin/builder/spi-builder-workspace/.dependencies/checkouts/SwiftSoup/Sources/QueryParserCache.swift (in target 'SwiftSoup' from project 'SwiftSoup')
cd /Users/admin/builder/spi-builder-workspace/.swiftpm/xcode
builtin-SwiftPerFileCompile QueryParserCache.swift
SwiftCompile normal arm64_32 /Users/admin/builder/spi-builder-workspace/.dependencies/checkouts/SwiftSoup/Sources/SourceRange.swift (in target 'SwiftSoup' from project 'SwiftSoup')
cd /Users/admin/builder/spi-builder-workspace/.swiftpm/xcode
builtin-SwiftPerFileCompile SourceRange.swift
SwiftCompile normal arm64_32 /Users/admin/builder/spi-builder-workspace/.dependencies/checkouts/SwiftSoup/Sources/StreamReader.swift (in target 'SwiftSoup' from project 'SwiftSoup')
cd /Users/admin/builder/spi-builder-workspace/.swiftpm/xcode
builtin-SwiftPerFileCompile StreamReader.swift
SwiftCompile normal arm64_32 Compiling\ DataNode.swift,\ DebugTrace.swift,\ Document.swift,\ DocumentType.swift,\ Element.swift,\ ElementQuery.swift /Users/admin/builder/spi-builder-workspace/.dependencies/checkouts/SwiftSoup/Sources/DataNode.swift /Users/admin/builder/spi-builder-workspace/.dependencies/checkouts/SwiftSoup/Sources/DebugTrace.swift /Users/admin/builder/spi-builder-workspace/.dependencies/checkouts/SwiftSoup/Sources/Document.swift /Users/admin/builder/spi-builder-workspace/.dependencies/checkouts/SwiftSoup/Sources/DocumentType.swift /Users/admin/builder/spi-builder-workspace/.dependencies/checkouts/SwiftSoup/Sources/Element.swift /Users/admin/builder/spi-builder-workspace/.dependencies/checkouts/SwiftSoup/Sources/ElementQuery.swift (in target 'SwiftSoup' from project 'SwiftSoup')
SwiftCompile normal arm64_32 /Users/admin/builder/spi-builder-workspace/.dependencies/checkouts/SwiftSoup/Sources/DataNode.swift (in target 'SwiftSoup' from project 'SwiftSoup')
cd /Users/admin/builder/spi-builder-workspace/.swiftpm/xcode
builtin-SwiftPerFileCompile DataNode.swift
SwiftCompile normal arm64_32 /Users/admin/builder/spi-builder-workspace/.dependencies/checkouts/SwiftSoup/Sources/DebugTrace.swift (in target 'SwiftSoup' from project 'SwiftSoup')
cd /Users/admin/builder/spi-builder-workspace/.swiftpm/xcode
builtin-SwiftPerFileCompile DebugTrace.swift
SwiftCompile normal arm64_32 /Users/admin/builder/spi-builder-workspace/.dependencies/checkouts/SwiftSoup/Sources/Document.swift (in target 'SwiftSoup' from project 'SwiftSoup')
cd /Users/admin/builder/spi-builder-workspace/.swiftpm/xcode
builtin-SwiftPerFileCompile Document.swift
SwiftCompile normal arm64_32 /Users/admin/builder/spi-builder-workspace/.dependencies/checkouts/SwiftSoup/Sources/DocumentType.swift (in target 'SwiftSoup' from project 'SwiftSoup')
cd /Users/admin/builder/spi-builder-workspace/.swiftpm/xcode
builtin-SwiftPerFileCompile DocumentType.swift
SwiftCompile normal arm64_32 /Users/admin/builder/spi-builder-workspace/.dependencies/checkouts/SwiftSoup/Sources/Element.swift (in target 'SwiftSoup' from project 'SwiftSoup')
cd /Users/admin/builder/spi-builder-workspace/.swiftpm/xcode
builtin-SwiftPerFileCompile Element.swift
SwiftCompile normal arm64_32 /Users/admin/builder/spi-builder-workspace/.dependencies/checkouts/SwiftSoup/Sources/ElementQuery.swift (in target 'SwiftSoup' from project 'SwiftSoup')
cd /Users/admin/builder/spi-builder-workspace/.swiftpm/xcode
builtin-SwiftPerFileCompile ElementQuery.swift
SwiftDriverJobDiscovery normal arm64 Compiling DataNode.swift, DebugTrace.swift, Document.swift, DocumentType.swift, Element.swift, ElementQuery.swift (in target 'SwiftSoup' from project 'SwiftSoup')
SwiftCompile normal arm64 Compiling\ OrderedSet.swift,\ ParseError.swift,\ ParseErrorList.swift,\ ParseSettings.swift,\ Parser.swift,\ ParsingStrings.swift /Users/admin/builder/spi-builder-workspace/.dependencies/checkouts/SwiftSoup/Sources/OrderedSet.swift /Users/admin/builder/spi-builder-workspace/.dependencies/checkouts/SwiftSoup/Sources/ParseError.swift /Users/admin/builder/spi-builder-workspace/.dependencies/checkouts/SwiftSoup/Sources/ParseErrorList.swift /Users/admin/builder/spi-builder-workspace/.dependencies/checkouts/SwiftSoup/Sources/ParseSettings.swift /Users/admin/builder/spi-builder-workspace/.dependencies/checkouts/SwiftSoup/Sources/Parser.swift /Users/admin/builder/spi-builder-workspace/.dependencies/checkouts/SwiftSoup/Sources/ParsingStrings.swift (in target 'SwiftSoup' from project 'SwiftSoup')
SwiftCompile normal arm64 /Users/admin/builder/spi-builder-workspace/.dependencies/checkouts/SwiftSoup/Sources/OrderedSet.swift (in target 'SwiftSoup' from project 'SwiftSoup')
cd /Users/admin/builder/spi-builder-workspace/.swiftpm/xcode
builtin-SwiftPerFileCompile OrderedSet.swift
SwiftCompile normal arm64 /Users/admin/builder/spi-builder-workspace/.dependencies/checkouts/SwiftSoup/Sources/ParseError.swift (in target 'SwiftSoup' from project 'SwiftSoup')
cd /Users/admin/builder/spi-builder-workspace/.swiftpm/xcode
builtin-SwiftPerFileCompile ParseError.swift
SwiftCompile normal arm64 /Users/admin/builder/spi-builder-workspace/.dependencies/checkouts/SwiftSoup/Sources/ParseErrorList.swift (in target 'SwiftSoup' from project 'SwiftSoup')
cd /Users/admin/builder/spi-builder-workspace/.swiftpm/xcode
builtin-SwiftPerFileCompile ParseErrorList.swift
SwiftCompile normal arm64 /Users/admin/builder/spi-builder-workspace/.dependencies/checkouts/SwiftSoup/Sources/ParseSettings.swift (in target 'SwiftSoup' from project 'SwiftSoup')
cd /Users/admin/builder/spi-builder-workspace/.swiftpm/xcode
builtin-SwiftPerFileCompile ParseSettings.swift
SwiftCompile normal arm64 /Users/admin/builder/spi-builder-workspace/.dependencies/checkouts/SwiftSoup/Sources/Parser.swift (in target 'SwiftSoup' from project 'SwiftSoup')
cd /Users/admin/builder/spi-builder-workspace/.swiftpm/xcode
builtin-SwiftPerFileCompile Parser.swift
SwiftCompile normal arm64 /Users/admin/builder/spi-builder-workspace/.dependencies/checkouts/SwiftSoup/Sources/ParsingStrings.swift (in target 'SwiftSoup' from project 'SwiftSoup')
cd /Users/admin/builder/spi-builder-workspace/.swiftpm/xcode
builtin-SwiftPerFileCompile ParsingStrings.swift
SwiftDriverJobDiscovery normal arm64_32 Compiling OrderedSet.swift, ParseError.swift, ParseErrorList.swift, ParseSettings.swift, Parser.swift, ParsingStrings.swift (in target 'SwiftSoup' from project 'SwiftSoup')
SwiftCompile normal arm64 Compiling\ Pattern.swift,\ Profiler.swift,\ QueryParser.swift,\ QueryParserCache.swift,\ SourceRange.swift,\ StreamReader.swift /Users/admin/builder/spi-builder-workspace/.dependencies/checkouts/SwiftSoup/Sources/Pattern.swift /Users/admin/builder/spi-builder-workspace/.dependencies/checkouts/SwiftSoup/Sources/Profiler.swift /Users/admin/builder/spi-builder-workspace/.dependencies/checkouts/SwiftSoup/Sources/QueryParser.swift /Users/admin/builder/spi-builder-workspace/.dependencies/checkouts/SwiftSoup/Sources/QueryParserCache.swift /Users/admin/builder/spi-builder-workspace/.dependencies/checkouts/SwiftSoup/Sources/SourceRange.swift /Users/admin/builder/spi-builder-workspace/.dependencies/checkouts/SwiftSoup/Sources/StreamReader.swift (in target 'SwiftSoup' from project 'SwiftSoup')
SwiftCompile normal arm64 /Users/admin/builder/spi-builder-workspace/.dependencies/checkouts/SwiftSoup/Sources/Pattern.swift (in target 'SwiftSoup' from project 'SwiftSoup')
cd /Users/admin/builder/spi-builder-workspace/.swiftpm/xcode
builtin-SwiftPerFileCompile Pattern.swift
SwiftCompile normal arm64 /Users/admin/builder/spi-builder-workspace/.dependencies/checkouts/SwiftSoup/Sources/Profiler.swift (in target 'SwiftSoup' from project 'SwiftSoup')
cd /Users/admin/builder/spi-builder-workspace/.swiftpm/xcode
builtin-SwiftPerFileCompile Profiler.swift
SwiftCompile normal arm64 /Users/admin/builder/spi-builder-workspace/.dependencies/checkouts/SwiftSoup/Sources/QueryParser.swift (in target 'SwiftSoup' from project 'SwiftSoup')
cd /Users/admin/builder/spi-builder-workspace/.swiftpm/xcode
builtin-SwiftPerFileCompile QueryParser.swift
SwiftCompile normal arm64 /Users/admin/builder/spi-builder-workspace/.dependencies/checkouts/SwiftSoup/Sources/QueryParserCache.swift (in target 'SwiftSoup' from project 'SwiftSoup')
cd /Users/admin/builder/spi-builder-workspace/.swiftpm/xcode
builtin-SwiftPerFileCompile QueryParserCache.swift
SwiftCompile normal arm64 /Users/admin/builder/spi-builder-workspace/.dependencies/checkouts/SwiftSoup/Sources/SourceRange.swift (in target 'SwiftSoup' from project 'SwiftSoup')
cd /Users/admin/builder/spi-builder-workspace/.swiftpm/xcode
builtin-SwiftPerFileCompile SourceRange.swift
SwiftCompile normal arm64 /Users/admin/builder/spi-builder-workspace/.dependencies/checkouts/SwiftSoup/Sources/StreamReader.swift (in target 'SwiftSoup' from project 'SwiftSoup')
cd /Users/admin/builder/spi-builder-workspace/.swiftpm/xcode
builtin-SwiftPerFileCompile StreamReader.swift
SwiftDriverJobDiscovery normal arm64_32 Compiling Elements.swift, Entities.swift, Evaluator.swift, Exception.swift, FormElement.swift, HtmlTreeBuilder.swift (in target 'SwiftSoup' from project 'SwiftSoup')
SwiftCompile normal arm64_32 Compiling\ String.swift,\ StringBuilder.swift,\ StringUtil.swift,\ StructuralEvaluator.swift,\ SwiftSoup.swift,\ Tag.swift /Users/admin/builder/spi-builder-workspace/.dependencies/checkouts/SwiftSoup/Sources/String.swift /Users/admin/builder/spi-builder-workspace/.dependencies/checkouts/SwiftSoup/Sources/StringBuilder.swift /Users/admin/builder/spi-builder-workspace/.dependencies/checkouts/SwiftSoup/Sources/StringUtil.swift /Users/admin/builder/spi-builder-workspace/.dependencies/checkouts/SwiftSoup/Sources/StructuralEvaluator.swift /Users/admin/builder/spi-builder-workspace/.dependencies/checkouts/SwiftSoup/Sources/SwiftSoup.swift /Users/admin/builder/spi-builder-workspace/.dependencies/checkouts/SwiftSoup/Sources/Tag.swift (in target 'SwiftSoup' from project 'SwiftSoup')
SwiftCompile normal arm64_32 /Users/admin/builder/spi-builder-workspace/.dependencies/checkouts/SwiftSoup/Sources/String.swift (in target 'SwiftSoup' from project 'SwiftSoup')
cd /Users/admin/builder/spi-builder-workspace/.swiftpm/xcode
builtin-SwiftPerFileCompile String.swift
SwiftCompile normal arm64_32 /Users/admin/builder/spi-builder-workspace/.dependencies/checkouts/SwiftSoup/Sources/StringBuilder.swift (in target 'SwiftSoup' from project 'SwiftSoup')
cd /Users/admin/builder/spi-builder-workspace/.swiftpm/xcode
builtin-SwiftPerFileCompile StringBuilder.swift
SwiftCompile normal arm64_32 /Users/admin/builder/spi-builder-workspace/.dependencies/checkouts/SwiftSoup/Sources/StringUtil.swift (in target 'SwiftSoup' from project 'SwiftSoup')
cd /Users/admin/builder/spi-builder-workspace/.swiftpm/xcode
builtin-SwiftPerFileCompile StringUtil.swift
SwiftCompile normal arm64_32 /Users/admin/builder/spi-builder-workspace/.dependencies/checkouts/SwiftSoup/Sources/StructuralEvaluator.swift (in target 'SwiftSoup' from project 'SwiftSoup')
cd /Users/admin/builder/spi-builder-workspace/.swiftpm/xcode
builtin-SwiftPerFileCompile StructuralEvaluator.swift
SwiftCompile normal arm64_32 /Users/admin/builder/spi-builder-workspace/.dependencies/checkouts/SwiftSoup/Sources/SwiftSoup.swift (in target 'SwiftSoup' from project 'SwiftSoup')
cd /Users/admin/builder/spi-builder-workspace/.swiftpm/xcode
builtin-SwiftPerFileCompile SwiftSoup.swift
SwiftCompile normal arm64_32 /Users/admin/builder/spi-builder-workspace/.dependencies/checkouts/SwiftSoup/Sources/Tag.swift (in target 'SwiftSoup' from project 'SwiftSoup')
cd /Users/admin/builder/spi-builder-workspace/.swiftpm/xcode
builtin-SwiftPerFileCompile Tag.swift
SwiftDriverJobDiscovery normal arm64_32 Compiling Pattern.swift, Profiler.swift, QueryParser.swift, QueryParserCache.swift, SourceRange.swift, StreamReader.swift (in target 'SwiftSoup' from project 'SwiftSoup')
SwiftCompile normal arm64_32 Compiling\ Attribute.swift,\ Attributes.swift,\ BinarySearch.swift,\ BooleanAttribute.swift,\ ByteSlice.swift,\ CharacterExt.swift /Users/admin/builder/spi-builder-workspace/.dependencies/checkouts/SwiftSoup/Sources/Attribute.swift /Users/admin/builder/spi-builder-workspace/.dependencies/checkouts/SwiftSoup/Sources/Attributes.swift /Users/admin/builder/spi-builder-workspace/.dependencies/checkouts/SwiftSoup/Sources/BinarySearch.swift /Users/admin/builder/spi-builder-workspace/.dependencies/checkouts/SwiftSoup/Sources/BooleanAttribute.swift /Users/admin/builder/spi-builder-workspace/.dependencies/checkouts/SwiftSoup/Sources/ByteSlice.swift /Users/admin/builder/spi-builder-workspace/.dependencies/checkouts/SwiftSoup/Sources/CharacterExt.swift (in target 'SwiftSoup' from project 'SwiftSoup')
SwiftCompile normal arm64_32 /Users/admin/builder/spi-builder-workspace/.dependencies/checkouts/SwiftSoup/Sources/Attribute.swift (in target 'SwiftSoup' from project 'SwiftSoup')
cd /Users/admin/builder/spi-builder-workspace/.swiftpm/xcode
builtin-SwiftPerFileCompile Attribute.swift
SwiftCompile normal arm64_32 /Users/admin/builder/spi-builder-workspace/.dependencies/checkouts/SwiftSoup/Sources/Attributes.swift (in target 'SwiftSoup' from project 'SwiftSoup')
cd /Users/admin/builder/spi-builder-workspace/.swiftpm/xcode
builtin-SwiftPerFileCompile Attributes.swift
SwiftCompile normal arm64_32 /Users/admin/builder/spi-builder-workspace/.dependencies/checkouts/SwiftSoup/Sources/BinarySearch.swift (in target 'SwiftSoup' from project 'SwiftSoup')
cd /Users/admin/builder/spi-builder-workspace/.swiftpm/xcode
builtin-SwiftPerFileCompile BinarySearch.swift
SwiftCompile normal arm64_32 /Users/admin/builder/spi-builder-workspace/.dependencies/checkouts/SwiftSoup/Sources/BooleanAttribute.swift (in target 'SwiftSoup' from project 'SwiftSoup')
cd /Users/admin/builder/spi-builder-workspace/.swiftpm/xcode
builtin-SwiftPerFileCompile BooleanAttribute.swift
SwiftCompile normal arm64_32 /Users/admin/builder/spi-builder-workspace/.dependencies/checkouts/SwiftSoup/Sources/ByteSlice.swift (in target 'SwiftSoup' from project 'SwiftSoup')
cd /Users/admin/builder/spi-builder-workspace/.swiftpm/xcode
builtin-SwiftPerFileCompile ByteSlice.swift
SwiftCompile normal arm64_32 /Users/admin/builder/spi-builder-workspace/.dependencies/checkouts/SwiftSoup/Sources/CharacterExt.swift (in target 'SwiftSoup' from project 'SwiftSoup')
cd /Users/admin/builder/spi-builder-workspace/.swiftpm/xcode
builtin-SwiftPerFileCompile CharacterExt.swift
SwiftDriverJobDiscovery normal arm64 Compiling TextNode.swift, Token.swift, TokenQueue.swift, Tokeniser.swift, TokeniserState.swift, TreeBuilder.swift (in target 'SwiftSoup' from project 'SwiftSoup')
SwiftCompile normal arm64 Compiling\ CollectionExtensions.swift,\ StringExtensions.swift,\ MarkupVisitor.swift,\ MarkupWalker.swift,\ HTMLFormatter.swift,\ MarkupFormatter.swift,\ MarkupTreeDumper.swift /Users/admin/builder/spi-builder-workspace/.dependencies/checkouts/swift-markdown/Sources/Markdown/Utility/CollectionExtensions.swift /Users/admin/builder/spi-builder-workspace/.dependencies/checkouts/swift-markdown/Sources/Markdown/Utility/StringExtensions.swift /Users/admin/builder/spi-builder-workspace/.dependencies/checkouts/swift-markdown/Sources/Markdown/Visitor/MarkupVisitor.swift /Users/admin/builder/spi-builder-workspace/.dependencies/checkouts/swift-markdown/Sources/Markdown/Walker/MarkupWalker.swift /Users/admin/builder/spi-builder-workspace/.dependencies/checkouts/swift-markdown/Sources/Markdown/Walker/Walkers/HTMLFormatter.swift /Users/admin/builder/spi-builder-workspace/.dependencies/checkouts/swift-markdown/Sources/Markdown/Walker/Walkers/MarkupFormatter.swift /Users/admin/builder/spi-builder-workspace/.dependencies/checkouts/swift-markdown/Sources/Markdown/Walker/Walkers/MarkupTreeDumper.swift (in target 'Markdown' from project 'swift-markdown')
SwiftCompile normal arm64 /Users/admin/builder/spi-builder-workspace/.dependencies/checkouts/swift-markdown/Sources/Markdown/Utility/CollectionExtensions.swift (in target 'Markdown' from project 'swift-markdown')
cd /Users/admin/builder/spi-builder-workspace/.swiftpm/xcode
builtin-SwiftPerFileCompile CollectionExtensions.swift
SwiftCompile normal arm64 /Users/admin/builder/spi-builder-workspace/.dependencies/checkouts/swift-markdown/Sources/Markdown/Utility/StringExtensions.swift (in target 'Markdown' from project 'swift-markdown')
cd /Users/admin/builder/spi-builder-workspace/.swiftpm/xcode
builtin-SwiftPerFileCompile StringExtensions.swift
SwiftCompile normal arm64 /Users/admin/builder/spi-builder-workspace/.dependencies/checkouts/swift-markdown/Sources/Markdown/Visitor/MarkupVisitor.swift (in target 'Markdown' from project 'swift-markdown')
cd /Users/admin/builder/spi-builder-workspace/.swiftpm/xcode
builtin-SwiftPerFileCompile MarkupVisitor.swift
SwiftCompile normal arm64 /Users/admin/builder/spi-builder-workspace/.dependencies/checkouts/swift-markdown/Sources/Markdown/Walker/MarkupWalker.swift (in target 'Markdown' from project 'swift-markdown')
cd /Users/admin/builder/spi-builder-workspace/.swiftpm/xcode
builtin-SwiftPerFileCompile MarkupWalker.swift
SwiftCompile normal arm64 /Users/admin/builder/spi-builder-workspace/.dependencies/checkouts/swift-markdown/Sources/Markdown/Walker/Walkers/HTMLFormatter.swift (in target 'Markdown' from project 'swift-markdown')
cd /Users/admin/builder/spi-builder-workspace/.swiftpm/xcode
builtin-SwiftPerFileCompile HTMLFormatter.swift
SwiftCompile normal arm64 /Users/admin/builder/spi-builder-workspace/.dependencies/checkouts/swift-markdown/Sources/Markdown/Walker/Walkers/MarkupFormatter.swift (in target 'Markdown' from project 'swift-markdown')
cd /Users/admin/builder/spi-builder-workspace/.swiftpm/xcode
builtin-SwiftPerFileCompile MarkupFormatter.swift
SwiftCompile normal arm64 /Users/admin/builder/spi-builder-workspace/.dependencies/checkouts/swift-markdown/Sources/Markdown/Walker/Walkers/MarkupTreeDumper.swift (in target 'Markdown' from project 'swift-markdown')
cd /Users/admin/builder/spi-builder-workspace/.swiftpm/xcode
builtin-SwiftPerFileCompile MarkupTreeDumper.swift
SwiftDriverJobDiscovery normal arm64 Compiling Pattern.swift, Profiler.swift, QueryParser.swift, QueryParserCache.swift, SourceRange.swift, StreamReader.swift (in target 'SwiftSoup' from project 'SwiftSoup')
SwiftCompile normal arm64 Compiling\ CodeBlock.swift,\ HTMLBlock.swift,\ Heading.swift,\ ThematicBreak.swift,\ Table.swift,\ TableBody.swift,\ TableCell.swift /Users/admin/builder/spi-builder-workspace/.dependencies/checkouts/swift-markdown/Sources/Markdown/Block\ Nodes/Leaf\ Blocks/CodeBlock.swift /Users/admin/builder/spi-builder-workspace/.dependencies/checkouts/swift-markdown/Sources/Markdown/Block\ Nodes/Leaf\ Blocks/HTMLBlock.swift /Users/admin/builder/spi-builder-workspace/.dependencies/checkouts/swift-markdown/Sources/Markdown/Block\ Nodes/Leaf\ Blocks/Heading.swift /Users/admin/builder/spi-builder-workspace/.dependencies/checkouts/swift-markdown/Sources/Markdown/Block\ Nodes/Leaf\ Blocks/ThematicBreak.swift /Users/admin/builder/spi-builder-workspace/.dependencies/checkouts/swift-markdown/Sources/Markdown/Block\ Nodes/Tables/Table.swift /Users/admin/builder/spi-builder-workspace/.dependencies/checkouts/swift-markdown/Sources/Markdown/Block\ Nodes/Tables/TableBody.swift /Users/admin/builder/spi-builder-workspace/.dependencies/checkouts/swift-markdown/Sources/Markdown/Block\ Nodes/Tables/TableCell.swift (in target 'Markdown' from project 'swift-markdown')
SwiftCompile normal arm64 /Users/admin/builder/spi-builder-workspace/.dependencies/checkouts/swift-markdown/Sources/Markdown/Block\ Nodes/Leaf\ Blocks/CodeBlock.swift (in target 'Markdown' from project 'swift-markdown')
cd /Users/admin/builder/spi-builder-workspace/.swiftpm/xcode
builtin-SwiftPerFileCompile CodeBlock.swift
SwiftCompile normal arm64 /Users/admin/builder/spi-builder-workspace/.dependencies/checkouts/swift-markdown/Sources/Markdown/Block\ Nodes/Leaf\ Blocks/HTMLBlock.swift (in target 'Markdown' from project 'swift-markdown')
cd /Users/admin/builder/spi-builder-workspace/.swiftpm/xcode
builtin-SwiftPerFileCompile HTMLBlock.swift
SwiftCompile normal arm64 /Users/admin/builder/spi-builder-workspace/.dependencies/checkouts/swift-markdown/Sources/Markdown/Block\ Nodes/Leaf\ Blocks/Heading.swift (in target 'Markdown' from project 'swift-markdown')
cd /Users/admin/builder/spi-builder-workspace/.swiftpm/xcode
builtin-SwiftPerFileCompile Heading.swift
SwiftCompile normal arm64 /Users/admin/builder/spi-builder-workspace/.dependencies/checkouts/swift-markdown/Sources/Markdown/Block\ Nodes/Leaf\ Blocks/ThematicBreak.swift (in target 'Markdown' from project 'swift-markdown')
cd /Users/admin/builder/spi-builder-workspace/.swiftpm/xcode
builtin-SwiftPerFileCompile ThematicBreak.swift
SwiftCompile normal arm64 /Users/admin/builder/spi-builder-workspace/.dependencies/checkouts/swift-markdown/Sources/Markdown/Block\ Nodes/Tables/Table.swift (in target 'Markdown' from project 'swift-markdown')
cd /Users/admin/builder/spi-builder-workspace/.swiftpm/xcode
builtin-SwiftPerFileCompile Table.swift
SwiftCompile normal arm64 /Users/admin/builder/spi-builder-workspace/.dependencies/checkouts/swift-markdown/Sources/Markdown/Block\ Nodes/Tables/TableBody.swift (in target 'Markdown' from project 'swift-markdown')
cd /Users/admin/builder/spi-builder-workspace/.swiftpm/xcode
builtin-SwiftPerFileCompile TableBody.swift
SwiftCompile normal arm64 /Users/admin/builder/spi-builder-workspace/.dependencies/checkouts/swift-markdown/Sources/Markdown/Block\ Nodes/Tables/TableCell.swift (in target 'Markdown' from project 'swift-markdown')
cd /Users/admin/builder/spi-builder-workspace/.swiftpm/xcode
builtin-SwiftPerFileCompile TableCell.swift
SwiftDriverJobDiscovery normal arm64 Compiling OrderedSet.swift, ParseError.swift, ParseErrorList.swift, ParseSettings.swift, Parser.swift, ParsingStrings.swift (in target 'SwiftSoup' from project 'SwiftSoup')
SwiftCompile normal arm64 Compiling\ PlainTextConvertibleMarkup.swift,\ RawMarkup.swift,\ BlockDirective.swift,\ BlockQuote.swift,\ CustomBlock.swift,\ DoxygenAbstract.swift,\ DoxygenDiscussion.swift /Users/admin/builder/spi-builder-workspace/.dependencies/checkouts/swift-markdown/Sources/Markdown/Base/PlainTextConvertibleMarkup.swift /Users/admin/builder/spi-builder-workspace/.dependencies/checkouts/swift-markdown/Sources/Markdown/Base/RawMarkup.swift /Users/admin/builder/spi-builder-workspace/.dependencies/checkouts/swift-markdown/Sources/Markdown/Block\ Nodes/Block\ Container\ Blocks/BlockDirective.swift /Users/admin/builder/spi-builder-workspace/.dependencies/checkouts/swift-markdown/Sources/Markdown/Block\ Nodes/Block\ Container\ Blocks/BlockQuote.swift /Users/admin/builder/spi-builder-workspace/.dependencies/checkouts/swift-markdown/Sources/Markdown/Block\ Nodes/Block\ Container\ Blocks/CustomBlock.swift /Users/admin/builder/spi-builder-workspace/.dependencies/checkouts/swift-markdown/Sources/Markdown/Block\ Nodes/Block\ Container\ Blocks/Doxygen\ Commands/DoxygenAbstract.swift /Users/admin/builder/spi-builder-workspace/.dependencies/checkouts/swift-markdown/Sources/Markdown/Block\ Nodes/Block\ Container\ Blocks/Doxygen\ Commands/DoxygenDiscussion.swift (in target 'Markdown' from project 'swift-markdown')
SwiftCompile normal arm64 /Users/admin/builder/spi-builder-workspace/.dependencies/checkouts/swift-markdown/Sources/Markdown/Base/PlainTextConvertibleMarkup.swift (in target 'Markdown' from project 'swift-markdown')
cd /Users/admin/builder/spi-builder-workspace/.swiftpm/xcode
builtin-SwiftPerFileCompile PlainTextConvertibleMarkup.swift
SwiftCompile normal arm64 /Users/admin/builder/spi-builder-workspace/.dependencies/checkouts/swift-markdown/Sources/Markdown/Base/RawMarkup.swift (in target 'Markdown' from project 'swift-markdown')
cd /Users/admin/builder/spi-builder-workspace/.swiftpm/xcode
builtin-SwiftPerFileCompile RawMarkup.swift
SwiftCompile normal arm64 /Users/admin/builder/spi-builder-workspace/.dependencies/checkouts/swift-markdown/Sources/Markdown/Block\ Nodes/Block\ Container\ Blocks/BlockDirective.swift (in target 'Markdown' from project 'swift-markdown')
cd /Users/admin/builder/spi-builder-workspace/.swiftpm/xcode
builtin-SwiftPerFileCompile BlockDirective.swift
SwiftCompile normal arm64 /Users/admin/builder/spi-builder-workspace/.dependencies/checkouts/swift-markdown/Sources/Markdown/Block\ Nodes/Block\ Container\ Blocks/BlockQuote.swift (in target 'Markdown' from project 'swift-markdown')
cd /Users/admin/builder/spi-builder-workspace/.swiftpm/xcode
builtin-SwiftPerFileCompile BlockQuote.swift
SwiftCompile normal arm64 /Users/admin/builder/spi-builder-workspace/.dependencies/checkouts/swift-markdown/Sources/Markdown/Block\ Nodes/Block\ Container\ Blocks/CustomBlock.swift (in target 'Markdown' from project 'swift-markdown')
cd /Users/admin/builder/spi-builder-workspace/.swiftpm/xcode
builtin-SwiftPerFileCompile CustomBlock.swift
SwiftCompile normal arm64 /Users/admin/builder/spi-builder-workspace/.dependencies/checkouts/swift-markdown/Sources/Markdown/Block\ Nodes/Block\ Container\ Blocks/Doxygen\ Commands/DoxygenAbstract.swift (in target 'Markdown' from project 'swift-markdown')
cd /Users/admin/builder/spi-builder-workspace/.swiftpm/xcode
builtin-SwiftPerFileCompile DoxygenAbstract.swift
SwiftCompile normal arm64 /Users/admin/builder/spi-builder-workspace/.dependencies/checkouts/swift-markdown/Sources/Markdown/Block\ Nodes/Block\ Container\ Blocks/Doxygen\ Commands/DoxygenDiscussion.swift (in target 'Markdown' from project 'swift-markdown')
cd /Users/admin/builder/spi-builder-workspace/.swiftpm/xcode
builtin-SwiftPerFileCompile DoxygenDiscussion.swift
SwiftDriverJobDiscovery normal arm64_32 Compiling HtmlTreeBuilderState.swift, LRUCache.swift, Mutex.swift, Node.swift, NodeTraversor.swift, NodeVisitor.swift (in target 'SwiftSoup' from project 'SwiftSoup')
SwiftCompile normal arm64 Compiling\ TableCellContainer.swift,\ TableHead.swift,\ TableRow.swift,\ Replacement.swift,\ SourceLocation.swift,\ Emphasis.swift,\ Image.swift /Users/admin/builder/spi-builder-workspace/.dependencies/checkouts/swift-markdown/Sources/Markdown/Block\ Nodes/Tables/TableCellContainer.swift /Users/admin/builder/spi-builder-workspace/.dependencies/checkouts/swift-markdown/Sources/Markdown/Block\ Nodes/Tables/TableHead.swift /Users/admin/builder/spi-builder-workspace/.dependencies/checkouts/swift-markdown/Sources/Markdown/Block\ Nodes/Tables/TableRow.swift /Users/admin/builder/spi-builder-workspace/.dependencies/checkouts/swift-markdown/Sources/Markdown/Infrastructure/Replacement.swift /Users/admin/builder/spi-builder-workspace/.dependencies/checkouts/swift-markdown/Sources/Markdown/Infrastructure/SourceLocation.swift /Users/admin/builder/spi-builder-workspace/.dependencies/checkouts/swift-markdown/Sources/Markdown/Inline\ Nodes/Inline\ Containers/Emphasis.swift /Users/admin/builder/spi-builder-workspace/.dependencies/checkouts/swift-markdown/Sources/Markdown/Inline\ Nodes/Inline\ Containers/Image.swift (in target 'Markdown' from project 'swift-markdown')
SwiftCompile normal arm64 /Users/admin/builder/spi-builder-workspace/.dependencies/checkouts/swift-markdown/Sources/Markdown/Block\ Nodes/Tables/TableCellContainer.swift (in target 'Markdown' from project 'swift-markdown')
cd /Users/admin/builder/spi-builder-workspace/.swiftpm/xcode
builtin-SwiftPerFileCompile TableCellContainer.swift
SwiftCompile normal arm64 /Users/admin/builder/spi-builder-workspace/.dependencies/checkouts/swift-markdown/Sources/Markdown/Block\ Nodes/Tables/TableHead.swift (in target 'Markdown' from project 'swift-markdown')
cd /Users/admin/builder/spi-builder-workspace/.swiftpm/xcode
builtin-SwiftPerFileCompile TableHead.swift
SwiftCompile normal arm64 /Users/admin/builder/spi-builder-workspace/.dependencies/checkouts/swift-markdown/Sources/Markdown/Block\ Nodes/Tables/TableRow.swift (in target 'Markdown' from project 'swift-markdown')
cd /Users/admin/builder/spi-builder-workspace/.swiftpm/xcode
builtin-SwiftPerFileCompile TableRow.swift
SwiftCompile normal arm64 /Users/admin/builder/spi-builder-workspace/.dependencies/checkouts/swift-markdown/Sources/Markdown/Infrastructure/Replacement.swift (in target 'Markdown' from project 'swift-markdown')
cd /Users/admin/builder/spi-builder-workspace/.swiftpm/xcode
builtin-SwiftPerFileCompile Replacement.swift
SwiftCompile normal arm64 /Users/admin/builder/spi-builder-workspace/.dependencies/checkouts/swift-markdown/Sources/Markdown/Infrastructure/SourceLocation.swift (in target 'Markdown' from project 'swift-markdown')
cd /Users/admin/builder/spi-builder-workspace/.swiftpm/xcode
builtin-SwiftPerFileCompile SourceLocation.swift
SwiftCompile normal arm64 /Users/admin/builder/spi-builder-workspace/.dependencies/checkouts/swift-markdown/Sources/Markdown/Inline\ Nodes/Inline\ Containers/Emphasis.swift (in target 'Markdown' from project 'swift-markdown')
cd /Users/admin/builder/spi-builder-workspace/.swiftpm/xcode
builtin-SwiftPerFileCompile Emphasis.swift
SwiftCompile normal arm64 /Users/admin/builder/spi-builder-workspace/.dependencies/checkouts/swift-markdown/Sources/Markdown/Inline\ Nodes/Inline\ Containers/Image.swift (in target 'Markdown' from project 'swift-markdown')
cd /Users/admin/builder/spi-builder-workspace/.swiftpm/xcode
builtin-SwiftPerFileCompile Image.swift
SwiftDriverJobDiscovery normal arm64 Compiling UTF8Arrays.swift, UnicodeScalar.swift, Validate.swift, Whitelist.swift, XmlDeclaration.swift, XmlTreeBuilder.swift (in target 'SwiftSoup' from project 'SwiftSoup')
SwiftDriverJobDiscovery normal arm64 Compiling CodeBlock.swift, HTMLBlock.swift, Heading.swift, ThematicBreak.swift, Table.swift, TableBody.swift, TableCell.swift (in target 'Markdown' from project 'swift-markdown')
SwiftCompile normal arm64 Compiling\ InlineAttributes.swift,\ Link.swift,\ Strikethrough.swift,\ Strong.swift,\ CustomInline.swift,\ InlineCode.swift,\ InlineHTML.swift /Users/admin/builder/spi-builder-workspace/.dependencies/checkouts/swift-markdown/Sources/Markdown/Inline\ Nodes/Inline\ Containers/InlineAttributes.swift /Users/admin/builder/spi-builder-workspace/.dependencies/checkouts/swift-markdown/Sources/Markdown/Inline\ Nodes/Inline\ Containers/Link.swift /Users/admin/builder/spi-builder-workspace/.dependencies/checkouts/swift-markdown/Sources/Markdown/Inline\ Nodes/Inline\ Containers/Strikethrough.swift /Users/admin/builder/spi-builder-workspace/.dependencies/checkouts/swift-markdown/Sources/Markdown/Inline\ Nodes/Inline\ Containers/Strong.swift /Users/admin/builder/spi-builder-workspace/.dependencies/checkouts/swift-markdown/Sources/Markdown/Inline\ Nodes/Inline\ Leaves/CustomInline.swift /Users/admin/builder/spi-builder-workspace/.dependencies/checkouts/swift-markdown/Sources/Markdown/Inline\ Nodes/Inline\ Leaves/InlineCode.swift /Users/admin/builder/spi-builder-workspace/.dependencies/checkouts/swift-markdown/Sources/Markdown/Inline\ Nodes/Inline\ Leaves/InlineHTML.swift (in target 'Markdown' from project 'swift-markdown')
SwiftCompile normal arm64 /Users/admin/builder/spi-builder-workspace/.dependencies/checkouts/swift-markdown/Sources/Markdown/Inline\ Nodes/Inline\ Containers/InlineAttributes.swift (in target 'Markdown' from project 'swift-markdown')
cd /Users/admin/builder/spi-builder-workspace/.swiftpm/xcode
builtin-SwiftPerFileCompile InlineAttributes.swift
SwiftCompile normal arm64 /Users/admin/builder/spi-builder-workspace/.dependencies/checkouts/swift-markdown/Sources/Markdown/Inline\ Nodes/Inline\ Containers/Link.swift (in target 'Markdown' from project 'swift-markdown')
cd /Users/admin/builder/spi-builder-workspace/.swiftpm/xcode
builtin-SwiftPerFileCompile Link.swift
SwiftCompile normal arm64 /Users/admin/builder/spi-builder-workspace/.dependencies/checkouts/swift-markdown/Sources/Markdown/Inline\ Nodes/Inline\ Containers/Strikethrough.swift (in target 'Markdown' from project 'swift-markdown')
cd /Users/admin/builder/spi-builder-workspace/.swiftpm/xcode
builtin-SwiftPerFileCompile Strikethrough.swift
SwiftCompile normal arm64 /Users/admin/builder/spi-builder-workspace/.dependencies/checkouts/swift-markdown/Sources/Markdown/Inline\ Nodes/Inline\ Containers/Strong.swift (in target 'Markdown' from project 'swift-markdown')
cd /Users/admin/builder/spi-builder-workspace/.swiftpm/xcode
builtin-SwiftPerFileCompile Strong.swift
SwiftCompile normal arm64 /Users/admin/builder/spi-builder-workspace/.dependencies/checkouts/swift-markdown/Sources/Markdown/Inline\ Nodes/Inline\ Leaves/CustomInline.swift (in target 'Markdown' from project 'swift-markdown')
cd /Users/admin/builder/spi-builder-workspace/.swiftpm/xcode
builtin-SwiftPerFileCompile CustomInline.swift
SwiftCompile normal arm64 /Users/admin/builder/spi-builder-workspace/.dependencies/checkouts/swift-markdown/Sources/Markdown/Inline\ Nodes/Inline\ Leaves/InlineCode.swift (in target 'Markdown' from project 'swift-markdown')
cd /Users/admin/builder/spi-builder-workspace/.swiftpm/xcode
builtin-SwiftPerFileCompile InlineCode.swift
SwiftCompile normal arm64 /Users/admin/builder/spi-builder-workspace/.dependencies/checkouts/swift-markdown/Sources/Markdown/Inline\ Nodes/Inline\ Leaves/InlineHTML.swift (in target 'Markdown' from project 'swift-markdown')
cd /Users/admin/builder/spi-builder-workspace/.swiftpm/xcode
builtin-SwiftPerFileCompile InlineHTML.swift
SwiftDriverJobDiscovery normal arm64 Compiling TableCellContainer.swift, TableHead.swift, TableRow.swift, Replacement.swift, SourceLocation.swift, Emphasis.swift, Image.swift (in target 'Markdown' from project 'swift-markdown')
SwiftCompile normal arm64 Compiling\ DoxygenNote.swift,\ DoxygenParameter.swift,\ DoxygenReturns.swift,\ ListItem.swift,\ OrderedList.swift,\ UnorderedList.swift,\ Paragraph.swift /Users/admin/builder/spi-builder-workspace/.dependencies/checkouts/swift-markdown/Sources/Markdown/Block\ Nodes/Block\ Container\ Blocks/Doxygen\ Commands/DoxygenNote.swift /Users/admin/builder/spi-builder-workspace/.dependencies/checkouts/swift-markdown/Sources/Markdown/Block\ Nodes/Block\ Container\ Blocks/Doxygen\ Commands/DoxygenParameter.swift /Users/admin/builder/spi-builder-workspace/.dependencies/checkouts/swift-markdown/Sources/Markdown/Block\ Nodes/Block\ Container\ Blocks/Doxygen\ Commands/DoxygenReturns.swift /Users/admin/builder/spi-builder-workspace/.dependencies/checkouts/swift-markdown/Sources/Markdown/Block\ Nodes/Block\ Container\ Blocks/ListItem.swift /Users/admin/builder/spi-builder-workspace/.dependencies/checkouts/swift-markdown/Sources/Markdown/Block\ Nodes/Block\ Container\ Blocks/OrderedList.swift /Users/admin/builder/spi-builder-workspace/.dependencies/checkouts/swift-markdown/Sources/Markdown/Block\ Nodes/Block\ Container\ Blocks/UnorderedList.swift /Users/admin/builder/spi-builder-workspace/.dependencies/checkouts/swift-markdown/Sources/Markdown/Block\ Nodes/Inline\ Container\ Blocks/Paragraph.swift (in target 'Markdown' from project 'swift-markdown')
SwiftCompile normal arm64 /Users/admin/builder/spi-builder-workspace/.dependencies/checkouts/swift-markdown/Sources/Markdown/Block\ Nodes/Block\ Container\ Blocks/Doxygen\ Commands/DoxygenNote.swift (in target 'Markdown' from project 'swift-markdown')
cd /Users/admin/builder/spi-builder-workspace/.swiftpm/xcode
builtin-SwiftPerFileCompile DoxygenNote.swift
SwiftCompile normal arm64 /Users/admin/builder/spi-builder-workspace/.dependencies/checkouts/swift-markdown/Sources/Markdown/Block\ Nodes/Block\ Container\ Blocks/Doxygen\ Commands/DoxygenParameter.swift (in target 'Markdown' from project 'swift-markdown')
cd /Users/admin/builder/spi-builder-workspace/.swiftpm/xcode
builtin-SwiftPerFileCompile DoxygenParameter.swift
SwiftCompile normal arm64 /Users/admin/builder/spi-builder-workspace/.dependencies/checkouts/swift-markdown/Sources/Markdown/Block\ Nodes/Block\ Container\ Blocks/Doxygen\ Commands/DoxygenReturns.swift (in target 'Markdown' from project 'swift-markdown')
cd /Users/admin/builder/spi-builder-workspace/.swiftpm/xcode
builtin-SwiftPerFileCompile DoxygenReturns.swift
SwiftCompile normal arm64 /Users/admin/builder/spi-builder-workspace/.dependencies/checkouts/swift-markdown/Sources/Markdown/Block\ Nodes/Block\ Container\ Blocks/ListItem.swift (in target 'Markdown' from project 'swift-markdown')
cd /Users/admin/builder/spi-builder-workspace/.swiftpm/xcode
builtin-SwiftPerFileCompile ListItem.swift
SwiftCompile normal arm64 /Users/admin/builder/spi-builder-workspace/.dependencies/checkouts/swift-markdown/Sources/Markdown/Block\ Nodes/Block\ Container\ Blocks/OrderedList.swift (in target 'Markdown' from project 'swift-markdown')
cd /Users/admin/builder/spi-builder-workspace/.swiftpm/xcode
builtin-SwiftPerFileCompile OrderedList.swift
SwiftCompile normal arm64 /Users/admin/builder/spi-builder-workspace/.dependencies/checkouts/swift-markdown/Sources/Markdown/Block\ Nodes/Block\ Container\ Blocks/UnorderedList.swift (in target 'Markdown' from project 'swift-markdown')
cd /Users/admin/builder/spi-builder-workspace/.swiftpm/xcode
builtin-SwiftPerFileCompile UnorderedList.swift
SwiftCompile normal arm64 /Users/admin/builder/spi-builder-workspace/.dependencies/checkouts/swift-markdown/Sources/Markdown/Block\ Nodes/Inline\ Container\ Blocks/Paragraph.swift (in target 'Markdown' from project 'swift-markdown')
cd /Users/admin/builder/spi-builder-workspace/.swiftpm/xcode
builtin-SwiftPerFileCompile Paragraph.swift
SwiftDriverJobDiscovery normal arm64 Compiling PlainTextConvertibleMarkup.swift, RawMarkup.swift, BlockDirective.swift, BlockQuote.swift, CustomBlock.swift, DoxygenAbstract.swift, DoxygenDiscussion.swift (in target 'Markdown' from project 'swift-markdown')
SwiftCompile normal arm64 Compiling\ LazySplitLines.swift,\ ParseOptions.swift,\ RangeAdjuster.swift,\ RangerTracker.swift,\ MarkupRewriter.swift,\ BasicBlockContainer.swift,\ BasicInlineContainer.swift /Users/admin/builder/spi-builder-workspace/.dependencies/checkouts/swift-markdown/Sources/Markdown/Parser/LazySplitLines.swift /Users/admin/builder/spi-builder-workspace/.dependencies/checkouts/swift-markdown/Sources/Markdown/Parser/ParseOptions.swift /Users/admin/builder/spi-builder-workspace/.dependencies/checkouts/swift-markdown/Sources/Markdown/Parser/RangeAdjuster.swift /Users/admin/builder/spi-builder-workspace/.dependencies/checkouts/swift-markdown/Sources/Markdown/Parser/RangerTracker.swift /Users/admin/builder/spi-builder-workspace/.dependencies/checkouts/swift-markdown/Sources/Markdown/Rewriter/MarkupRewriter.swift /Users/admin/builder/spi-builder-workspace/.dependencies/checkouts/swift-markdown/Sources/Markdown/Structural\ Restrictions/BasicBlockContainer.swift /Users/admin/builder/spi-builder-workspace/.dependencies/checkouts/swift-markdown/Sources/Markdown/Structural\ Restrictions/BasicInlineContainer.swift (in target 'Markdown' from project 'swift-markdown')
SwiftCompile normal arm64 /Users/admin/builder/spi-builder-workspace/.dependencies/checkouts/swift-markdown/Sources/Markdown/Parser/LazySplitLines.swift (in target 'Markdown' from project 'swift-markdown')
cd /Users/admin/builder/spi-builder-workspace/.swiftpm/xcode
builtin-SwiftPerFileCompile LazySplitLines.swift
SwiftCompile normal arm64 /Users/admin/builder/spi-builder-workspace/.dependencies/checkouts/swift-markdown/Sources/Markdown/Parser/ParseOptions.swift (in target 'Markdown' from project 'swift-markdown')
cd /Users/admin/builder/spi-builder-workspace/.swiftpm/xcode
builtin-SwiftPerFileCompile ParseOptions.swift
SwiftCompile normal arm64 /Users/admin/builder/spi-builder-workspace/.dependencies/checkouts/swift-markdown/Sources/Markdown/Parser/RangeAdjuster.swift (in target 'Markdown' from project 'swift-markdown')
cd /Users/admin/builder/spi-builder-workspace/.swiftpm/xcode
builtin-SwiftPerFileCompile RangeAdjuster.swift
SwiftCompile normal arm64 /Users/admin/builder/spi-builder-workspace/.dependencies/checkouts/swift-markdown/Sources/Markdown/Parser/RangerTracker.swift (in target 'Markdown' from project 'swift-markdown')
cd /Users/admin/builder/spi-builder-workspace/.swiftpm/xcode
builtin-SwiftPerFileCompile RangerTracker.swift
SwiftCompile normal arm64 /Users/admin/builder/spi-builder-workspace/.dependencies/checkouts/swift-markdown/Sources/Markdown/Rewriter/MarkupRewriter.swift (in target 'Markdown' from project 'swift-markdown')
cd /Users/admin/builder/spi-builder-workspace/.swiftpm/xcode
builtin-SwiftPerFileCompile MarkupRewriter.swift
SwiftCompile normal arm64 /Users/admin/builder/spi-builder-workspace/.dependencies/checkouts/swift-markdown/Sources/Markdown/Structural\ Restrictions/BasicBlockContainer.swift (in target 'Markdown' from project 'swift-markdown')
cd /Users/admin/builder/spi-builder-workspace/.swiftpm/xcode
builtin-SwiftPerFileCompile BasicBlockContainer.swift
SwiftCompile normal arm64 /Users/admin/builder/spi-builder-workspace/.dependencies/checkouts/swift-markdown/Sources/Markdown/Structural\ Restrictions/BasicInlineContainer.swift (in target 'Markdown' from project 'swift-markdown')
cd /Users/admin/builder/spi-builder-workspace/.swiftpm/xcode
builtin-SwiftPerFileCompile BasicInlineContainer.swift
SwiftDriverJobDiscovery normal arm64 Compiling String.swift, StringBuilder.swift, StringUtil.swift, StructuralEvaluator.swift, SwiftSoup.swift, Tag.swift (in target 'SwiftSoup' from project 'SwiftSoup')
SwiftCompile normal arm64 Compiling\ LineBreak.swift,\ SoftBreak.swift,\ SymbolLink.swift,\ Text.swift,\ Aside.swift,\ BlockDirectiveParser.swift,\ CommonMarkConverter.swift /Users/admin/builder/spi-builder-workspace/.dependencies/checkouts/swift-markdown/Sources/Markdown/Inline\ Nodes/Inline\ Leaves/LineBreak.swift /Users/admin/builder/spi-builder-workspace/.dependencies/checkouts/swift-markdown/Sources/Markdown/Inline\ Nodes/Inline\ Leaves/SoftBreak.swift /Users/admin/builder/spi-builder-workspace/.dependencies/checkouts/swift-markdown/Sources/Markdown/Inline\ Nodes/Inline\ Leaves/SymbolLink.swift /Users/admin/builder/spi-builder-workspace/.dependencies/checkouts/swift-markdown/Sources/Markdown/Inline\ Nodes/Inline\ Leaves/Text.swift /Users/admin/builder/spi-builder-workspace/.dependencies/checkouts/swift-markdown/Sources/Markdown/Interpretive\ Nodes/Aside.swift /Users/admin/builder/spi-builder-workspace/.dependencies/checkouts/swift-markdown/Sources/Markdown/Parser/BlockDirectiveParser.swift /Users/admin/builder/spi-builder-workspace/.dependencies/checkouts/swift-markdown/Sources/Markdown/Parser/CommonMarkConverter.swift (in target 'Markdown' from project 'swift-markdown')
SwiftCompile normal arm64 /Users/admin/builder/spi-builder-workspace/.dependencies/checkouts/swift-markdown/Sources/Markdown/Inline\ Nodes/Inline\ Leaves/LineBreak.swift (in target 'Markdown' from project 'swift-markdown')
cd /Users/admin/builder/spi-builder-workspace/.swiftpm/xcode
builtin-SwiftPerFileCompile LineBreak.swift
SwiftCompile normal arm64 /Users/admin/builder/spi-builder-workspace/.dependencies/checkouts/swift-markdown/Sources/Markdown/Inline\ Nodes/Inline\ Leaves/SoftBreak.swift (in target 'Markdown' from project 'swift-markdown')
cd /Users/admin/builder/spi-builder-workspace/.swiftpm/xcode
builtin-SwiftPerFileCompile SoftBreak.swift
SwiftCompile normal arm64 /Users/admin/builder/spi-builder-workspace/.dependencies/checkouts/swift-markdown/Sources/Markdown/Inline\ Nodes/Inline\ Leaves/SymbolLink.swift (in target 'Markdown' from project 'swift-markdown')
cd /Users/admin/builder/spi-builder-workspace/.swiftpm/xcode
builtin-SwiftPerFileCompile SymbolLink.swift
SwiftCompile normal arm64 /Users/admin/builder/spi-builder-workspace/.dependencies/checkouts/swift-markdown/Sources/Markdown/Inline\ Nodes/Inline\ Leaves/Text.swift (in target 'Markdown' from project 'swift-markdown')
cd /Users/admin/builder/spi-builder-workspace/.swiftpm/xcode
builtin-SwiftPerFileCompile Text.swift
SwiftCompile normal arm64 /Users/admin/builder/spi-builder-workspace/.dependencies/checkouts/swift-markdown/Sources/Markdown/Interpretive\ Nodes/Aside.swift (in target 'Markdown' from project 'swift-markdown')
cd /Users/admin/builder/spi-builder-workspace/.swiftpm/xcode
builtin-SwiftPerFileCompile Aside.swift
SwiftCompile normal arm64 /Users/admin/builder/spi-builder-workspace/.dependencies/checkouts/swift-markdown/Sources/Markdown/Parser/BlockDirectiveParser.swift (in target 'Markdown' from project 'swift-markdown')
cd /Users/admin/builder/spi-builder-workspace/.swiftpm/xcode
builtin-SwiftPerFileCompile BlockDirectiveParser.swift
SwiftCompile normal arm64 /Users/admin/builder/spi-builder-workspace/.dependencies/checkouts/swift-markdown/Sources/Markdown/Parser/CommonMarkConverter.swift (in target 'Markdown' from project 'swift-markdown')
cd /Users/admin/builder/spi-builder-workspace/.swiftpm/xcode
builtin-SwiftPerFileCompile CommonMarkConverter.swift
SwiftDriverJobDiscovery normal arm64_32 Compiling Attribute.swift, Attributes.swift, BinarySearch.swift, BooleanAttribute.swift, ByteSlice.swift, CharacterExt.swift (in target 'SwiftSoup' from project 'SwiftSoup')
SwiftCompile normal arm64 Compiling\ BlockContainer.swift,\ BlockMarkup.swift,\ InlineContainer.swift,\ InlineMarkup.swift,\ ListItemContainer.swift,\ AtomicCounter.swift,\ CharacterExtensions.swift /Users/admin/builder/spi-builder-workspace/.dependencies/checkouts/swift-markdown/Sources/Markdown/Structural\ Restrictions/BlockContainer.swift /Users/admin/builder/spi-builder-workspace/.dependencies/checkouts/swift-markdown/Sources/Markdown/Structural\ Restrictions/BlockMarkup.swift /Users/admin/builder/spi-builder-workspace/.dependencies/checkouts/swift-markdown/Sources/Markdown/Structural\ Restrictions/InlineContainer.swift /Users/admin/builder/spi-builder-workspace/.dependencies/checkouts/swift-markdown/Sources/Markdown/Structural\ Restrictions/InlineMarkup.swift /Users/admin/builder/spi-builder-workspace/.dependencies/checkouts/swift-markdown/Sources/Markdown/Structural\ Restrictions/ListItemContainer.swift /Users/admin/builder/spi-builder-workspace/.dependencies/checkouts/swift-markdown/Sources/Markdown/Utility/AtomicCounter.swift /Users/admin/builder/spi-builder-workspace/.dependencies/checkouts/swift-markdown/Sources/Markdown/Utility/CharacterExtensions.swift (in target 'Markdown' from project 'swift-markdown')
SwiftCompile normal arm64 /Users/admin/builder/spi-builder-workspace/.dependencies/checkouts/swift-markdown/Sources/Markdown/Structural\ Restrictions/BlockContainer.swift (in target 'Markdown' from project 'swift-markdown')
cd /Users/admin/builder/spi-builder-workspace/.swiftpm/xcode
builtin-SwiftPerFileCompile BlockContainer.swift
SwiftCompile normal arm64 /Users/admin/builder/spi-builder-workspace/.dependencies/checkouts/swift-markdown/Sources/Markdown/Structural\ Restrictions/BlockMarkup.swift (in target 'Markdown' from project 'swift-markdown')
cd /Users/admin/builder/spi-builder-workspace/.swiftpm/xcode
builtin-SwiftPerFileCompile BlockMarkup.swift
SwiftCompile normal arm64 /Users/admin/builder/spi-builder-workspace/.dependencies/checkouts/swift-markdown/Sources/Markdown/Structural\ Restrictions/InlineContainer.swift (in target 'Markdown' from project 'swift-markdown')
cd /Users/admin/builder/spi-builder-workspace/.swiftpm/xcode
builtin-SwiftPerFileCompile InlineContainer.swift
SwiftCompile normal arm64 /Users/admin/builder/spi-builder-workspace/.dependencies/checkouts/swift-markdown/Sources/Markdown/Structural\ Restrictions/InlineMarkup.swift (in target 'Markdown' from project 'swift-markdown')
cd /Users/admin/builder/spi-builder-workspace/.swiftpm/xcode
builtin-SwiftPerFileCompile InlineMarkup.swift
SwiftCompile normal arm64 /Users/admin/builder/spi-builder-workspace/.dependencies/checkouts/swift-markdown/Sources/Markdown/Structural\ Restrictions/ListItemContainer.swift (in target 'Markdown' from project 'swift-markdown')
cd /Users/admin/builder/spi-builder-workspace/.swiftpm/xcode
builtin-SwiftPerFileCompile ListItemContainer.swift
SwiftCompile normal arm64 /Users/admin/builder/spi-builder-workspace/.dependencies/checkouts/swift-markdown/Sources/Markdown/Utility/AtomicCounter.swift (in target 'Markdown' from project 'swift-markdown')
cd /Users/admin/builder/spi-builder-workspace/.swiftpm/xcode
builtin-SwiftPerFileCompile AtomicCounter.swift
SwiftCompile normal arm64 /Users/admin/builder/spi-builder-workspace/.dependencies/checkouts/swift-markdown/Sources/Markdown/Utility/CharacterExtensions.swift (in target 'Markdown' from project 'swift-markdown')
cd /Users/admin/builder/spi-builder-workspace/.swiftpm/xcode
builtin-SwiftPerFileCompile CharacterExtensions.swift
SwiftCompile normal arm64_32 Compiling\ LineBreak.swift,\ SoftBreak.swift,\ SymbolLink.swift,\ Text.swift,\ Aside.swift,\ BlockDirectiveParser.swift,\ CommonMarkConverter.swift /Users/admin/builder/spi-builder-workspace/.dependencies/checkouts/swift-markdown/Sources/Markdown/Inline\ Nodes/Inline\ Leaves/LineBreak.swift /Users/admin/builder/spi-builder-workspace/.dependencies/checkouts/swift-markdown/Sources/Markdown/Inline\ Nodes/Inline\ Leaves/SoftBreak.swift /Users/admin/builder/spi-builder-workspace/.dependencies/checkouts/swift-markdown/Sources/Markdown/Inline\ Nodes/Inline\ Leaves/SymbolLink.swift /Users/admin/builder/spi-builder-workspace/.dependencies/checkouts/swift-markdown/Sources/Markdown/Inline\ Nodes/Inline\ Leaves/Text.swift /Users/admin/builder/spi-builder-workspace/.dependencies/checkouts/swift-markdown/Sources/Markdown/Interpretive\ Nodes/Aside.swift /Users/admin/builder/spi-builder-workspace/.dependencies/checkouts/swift-markdown/Sources/Markdown/Parser/BlockDirectiveParser.swift /Users/admin/builder/spi-builder-workspace/.dependencies/checkouts/swift-markdown/Sources/Markdown/Parser/CommonMarkConverter.swift (in target 'Markdown' from project 'swift-markdown')
SwiftCompile normal arm64_32 /Users/admin/builder/spi-builder-workspace/.dependencies/checkouts/swift-markdown/Sources/Markdown/Inline\ Nodes/Inline\ Leaves/LineBreak.swift (in target 'Markdown' from project 'swift-markdown')
cd /Users/admin/builder/spi-builder-workspace/.swiftpm/xcode
builtin-SwiftPerFileCompile LineBreak.swift
SwiftCompile normal arm64_32 /Users/admin/builder/spi-builder-workspace/.dependencies/checkouts/swift-markdown/Sources/Markdown/Inline\ Nodes/Inline\ Leaves/SoftBreak.swift (in target 'Markdown' from project 'swift-markdown')
cd /Users/admin/builder/spi-builder-workspace/.swiftpm/xcode
builtin-SwiftPerFileCompile SoftBreak.swift
SwiftCompile normal arm64_32 /Users/admin/builder/spi-builder-workspace/.dependencies/checkouts/swift-markdown/Sources/Markdown/Inline\ Nodes/Inline\ Leaves/SymbolLink.swift (in target 'Markdown' from project 'swift-markdown')
cd /Users/admin/builder/spi-builder-workspace/.swiftpm/xcode
builtin-SwiftPerFileCompile SymbolLink.swift
SwiftCompile normal arm64_32 /Users/admin/builder/spi-builder-workspace/.dependencies/checkouts/swift-markdown/Sources/Markdown/Inline\ Nodes/Inline\ Leaves/Text.swift (in target 'Markdown' from project 'swift-markdown')
cd /Users/admin/builder/spi-builder-workspace/.swiftpm/xcode
builtin-SwiftPerFileCompile Text.swift
SwiftCompile normal arm64_32 /Users/admin/builder/spi-builder-workspace/.dependencies/checkouts/swift-markdown/Sources/Markdown/Interpretive\ Nodes/Aside.swift (in target 'Markdown' from project 'swift-markdown')
cd /Users/admin/builder/spi-builder-workspace/.swiftpm/xcode
builtin-SwiftPerFileCompile Aside.swift
SwiftCompile normal arm64_32 /Users/admin/builder/spi-builder-workspace/.dependencies/checkouts/swift-markdown/Sources/Markdown/Parser/BlockDirectiveParser.swift (in target 'Markdown' from project 'swift-markdown')
cd /Users/admin/builder/spi-builder-workspace/.swiftpm/xcode
builtin-SwiftPerFileCompile BlockDirectiveParser.swift
SwiftCompile normal arm64_32 /Users/admin/builder/spi-builder-workspace/.dependencies/checkouts/swift-markdown/Sources/Markdown/Parser/CommonMarkConverter.swift (in target 'Markdown' from project 'swift-markdown')
cd /Users/admin/builder/spi-builder-workspace/.swiftpm/xcode
builtin-SwiftPerFileCompile CommonMarkConverter.swift
SwiftDriverJobDiscovery normal arm64 Compiling InlineAttributes.swift, Link.swift, Strikethrough.swift, Strong.swift, CustomInline.swift, InlineCode.swift, InlineHTML.swift (in target 'Markdown' from project 'swift-markdown')
SwiftCompile normal arm64 Compiling\ ChildIndexPath.swift,\ DirectiveArgument.swift,\ Document.swift,\ LiteralMarkup.swift,\ Markup.swift,\ MarkupChildren.swift,\ MarkupData.swift /Users/admin/builder/spi-builder-workspace/.dependencies/checkouts/swift-markdown/Sources/Markdown/Base/ChildIndexPath.swift /Users/admin/builder/spi-builder-workspace/.dependencies/checkouts/swift-markdown/Sources/Markdown/Base/DirectiveArgument.swift /Users/admin/builder/spi-builder-workspace/.dependencies/checkouts/swift-markdown/Sources/Markdown/Base/Document.swift /Users/admin/builder/spi-builder-workspace/.dependencies/checkouts/swift-markdown/Sources/Markdown/Base/LiteralMarkup.swift /Users/admin/builder/spi-builder-workspace/.dependencies/checkouts/swift-markdown/Sources/Markdown/Base/Markup.swift /Users/admin/builder/spi-builder-workspace/.dependencies/checkouts/swift-markdown/Sources/Markdown/Base/MarkupChildren.swift /Users/admin/builder/spi-builder-workspace/.dependencies/checkouts/swift-markdown/Sources/Markdown/Base/MarkupData.swift (in target 'Markdown' from project 'swift-markdown')
SwiftCompile normal arm64 /Users/admin/builder/spi-builder-workspace/.dependencies/checkouts/swift-markdown/Sources/Markdown/Base/ChildIndexPath.swift (in target 'Markdown' from project 'swift-markdown')
cd /Users/admin/builder/spi-builder-workspace/.swiftpm/xcode
builtin-SwiftPerFileCompile ChildIndexPath.swift
SwiftCompile normal arm64 /Users/admin/builder/spi-builder-workspace/.dependencies/checkouts/swift-markdown/Sources/Markdown/Base/DirectiveArgument.swift (in target 'Markdown' from project 'swift-markdown')
cd /Users/admin/builder/spi-builder-workspace/.swiftpm/xcode
builtin-SwiftPerFileCompile DirectiveArgument.swift
SwiftCompile normal arm64 /Users/admin/builder/spi-builder-workspace/.dependencies/checkouts/swift-markdown/Sources/Markdown/Base/Document.swift (in target 'Markdown' from project 'swift-markdown')
cd /Users/admin/builder/spi-builder-workspace/.swiftpm/xcode
builtin-SwiftPerFileCompile Document.swift
SwiftCompile normal arm64 /Users/admin/builder/spi-builder-workspace/.dependencies/checkouts/swift-markdown/Sources/Markdown/Base/LiteralMarkup.swift (in target 'Markdown' from project 'swift-markdown')
cd /Users/admin/builder/spi-builder-workspace/.swiftpm/xcode
builtin-SwiftPerFileCompile LiteralMarkup.swift
SwiftCompile normal arm64 /Users/admin/builder/spi-builder-workspace/.dependencies/checkouts/swift-markdown/Sources/Markdown/Base/Markup.swift (in target 'Markdown' from project 'swift-markdown')
cd /Users/admin/builder/spi-builder-workspace/.swiftpm/xcode
builtin-SwiftPerFileCompile Markup.swift
SwiftCompile normal arm64 /Users/admin/builder/spi-builder-workspace/.dependencies/checkouts/swift-markdown/Sources/Markdown/Base/MarkupChildren.swift (in target 'Markdown' from project 'swift-markdown')
cd /Users/admin/builder/spi-builder-workspace/.swiftpm/xcode
builtin-SwiftPerFileCompile MarkupChildren.swift
SwiftCompile normal arm64 /Users/admin/builder/spi-builder-workspace/.dependencies/checkouts/swift-markdown/Sources/Markdown/Base/MarkupData.swift (in target 'Markdown' from project 'swift-markdown')
cd /Users/admin/builder/spi-builder-workspace/.swiftpm/xcode
builtin-SwiftPerFileCompile MarkupData.swift
SwiftDriverJobDiscovery normal arm64 Compiling DoxygenNote.swift, DoxygenParameter.swift, DoxygenReturns.swift, ListItem.swift, OrderedList.swift, UnorderedList.swift, Paragraph.swift (in target 'Markdown' from project 'swift-markdown')
SwiftCompile normal arm64_32 Compiling\ PlainTextConvertibleMarkup.swift,\ RawMarkup.swift,\ BlockDirective.swift,\ BlockQuote.swift,\ CustomBlock.swift,\ DoxygenAbstract.swift,\ DoxygenDiscussion.swift /Users/admin/builder/spi-builder-workspace/.dependencies/checkouts/swift-markdown/Sources/Markdown/Base/PlainTextConvertibleMarkup.swift /Users/admin/builder/spi-builder-workspace/.dependencies/checkouts/swift-markdown/Sources/Markdown/Base/RawMarkup.swift /Users/admin/builder/spi-builder-workspace/.dependencies/checkouts/swift-markdown/Sources/Markdown/Block\ Nodes/Block\ Container\ Blocks/BlockDirective.swift /Users/admin/builder/spi-builder-workspace/.dependencies/checkouts/swift-markdown/Sources/Markdown/Block\ Nodes/Block\ Container\ Blocks/BlockQuote.swift /Users/admin/builder/spi-builder-workspace/.dependencies/checkouts/swift-markdown/Sources/Markdown/Block\ Nodes/Block\ Container\ Blocks/CustomBlock.swift /Users/admin/builder/spi-builder-workspace/.dependencies/checkouts/swift-markdown/Sources/Markdown/Block\ Nodes/Block\ Container\ Blocks/Doxygen\ Commands/DoxygenAbstract.swift /Users/admin/builder/spi-builder-workspace/.dependencies/checkouts/swift-markdown/Sources/Markdown/Block\ Nodes/Block\ Container\ Blocks/Doxygen\ Commands/DoxygenDiscussion.swift (in target 'Markdown' from project 'swift-markdown')
SwiftCompile normal arm64_32 /Users/admin/builder/spi-builder-workspace/.dependencies/checkouts/swift-markdown/Sources/Markdown/Base/PlainTextConvertibleMarkup.swift (in target 'Markdown' from project 'swift-markdown')
cd /Users/admin/builder/spi-builder-workspace/.swiftpm/xcode
builtin-SwiftPerFileCompile PlainTextConvertibleMarkup.swift
SwiftCompile normal arm64_32 /Users/admin/builder/spi-builder-workspace/.dependencies/checkouts/swift-markdown/Sources/Markdown/Base/RawMarkup.swift (in target 'Markdown' from project 'swift-markdown')
cd /Users/admin/builder/spi-builder-workspace/.swiftpm/xcode
builtin-SwiftPerFileCompile RawMarkup.swift
SwiftCompile normal arm64_32 /Users/admin/builder/spi-builder-workspace/.dependencies/checkouts/swift-markdown/Sources/Markdown/Block\ Nodes/Block\ Container\ Blocks/BlockDirective.swift (in target 'Markdown' from project 'swift-markdown')
cd /Users/admin/builder/spi-builder-workspace/.swiftpm/xcode
builtin-SwiftPerFileCompile BlockDirective.swift
SwiftCompile normal arm64_32 /Users/admin/builder/spi-builder-workspace/.dependencies/checkouts/swift-markdown/Sources/Markdown/Block\ Nodes/Block\ Container\ Blocks/BlockQuote.swift (in target 'Markdown' from project 'swift-markdown')
cd /Users/admin/builder/spi-builder-workspace/.swiftpm/xcode
builtin-SwiftPerFileCompile BlockQuote.swift
SwiftCompile normal arm64_32 /Users/admin/builder/spi-builder-workspace/.dependencies/checkouts/swift-markdown/Sources/Markdown/Block\ Nodes/Block\ Container\ Blocks/CustomBlock.swift (in target 'Markdown' from project 'swift-markdown')
cd /Users/admin/builder/spi-builder-workspace/.swiftpm/xcode
builtin-SwiftPerFileCompile CustomBlock.swift
SwiftCompile normal arm64_32 /Users/admin/builder/spi-builder-workspace/.dependencies/checkouts/swift-markdown/Sources/Markdown/Block\ Nodes/Block\ Container\ Blocks/Doxygen\ Commands/DoxygenAbstract.swift (in target 'Markdown' from project 'swift-markdown')
cd /Users/admin/builder/spi-builder-workspace/.swiftpm/xcode
builtin-SwiftPerFileCompile DoxygenAbstract.swift
SwiftCompile normal arm64_32 /Users/admin/builder/spi-builder-workspace/.dependencies/checkouts/swift-markdown/Sources/Markdown/Block\ Nodes/Block\ Container\ Blocks/Doxygen\ Commands/DoxygenDiscussion.swift (in target 'Markdown' from project 'swift-markdown')
cd /Users/admin/builder/spi-builder-workspace/.swiftpm/xcode
builtin-SwiftPerFileCompile DoxygenDiscussion.swift
SwiftDriverJobDiscovery normal arm64_32 Compiling TextNode.swift, Token.swift, TokenQueue.swift, Tokeniser.swift, TokeniserState.swift, TreeBuilder.swift (in target 'SwiftSoup' from project 'SwiftSoup')
SwiftCompile normal arm64_32 Compiling\ InlineAttributes.swift,\ Link.swift,\ Strikethrough.swift,\ Strong.swift,\ CustomInline.swift,\ InlineCode.swift,\ InlineHTML.swift /Users/admin/builder/spi-builder-workspace/.dependencies/checkouts/swift-markdown/Sources/Markdown/Inline\ Nodes/Inline\ Containers/InlineAttributes.swift /Users/admin/builder/spi-builder-workspace/.dependencies/checkouts/swift-markdown/Sources/Markdown/Inline\ Nodes/Inline\ Containers/Link.swift /Users/admin/builder/spi-builder-workspace/.dependencies/checkouts/swift-markdown/Sources/Markdown/Inline\ Nodes/Inline\ Containers/Strikethrough.swift /Users/admin/builder/spi-builder-workspace/.dependencies/checkouts/swift-markdown/Sources/Markdown/Inline\ Nodes/Inline\ Containers/Strong.swift /Users/admin/builder/spi-builder-workspace/.dependencies/checkouts/swift-markdown/Sources/Markdown/Inline\ Nodes/Inline\ Leaves/CustomInline.swift /Users/admin/builder/spi-builder-workspace/.dependencies/checkouts/swift-markdown/Sources/Markdown/Inline\ Nodes/Inline\ Leaves/InlineCode.swift /Users/admin/builder/spi-builder-workspace/.dependencies/checkouts/swift-markdown/Sources/Markdown/Inline\ Nodes/Inline\ Leaves/InlineHTML.swift (in target 'Markdown' from project 'swift-markdown')
SwiftCompile normal arm64_32 /Users/admin/builder/spi-builder-workspace/.dependencies/checkouts/swift-markdown/Sources/Markdown/Inline\ Nodes/Inline\ Containers/InlineAttributes.swift (in target 'Markdown' from project 'swift-markdown')
cd /Users/admin/builder/spi-builder-workspace/.swiftpm/xcode
builtin-SwiftPerFileCompile InlineAttributes.swift
SwiftCompile normal arm64_32 /Users/admin/builder/spi-builder-workspace/.dependencies/checkouts/swift-markdown/Sources/Markdown/Inline\ Nodes/Inline\ Containers/Link.swift (in target 'Markdown' from project 'swift-markdown')
cd /Users/admin/builder/spi-builder-workspace/.swiftpm/xcode
builtin-SwiftPerFileCompile Link.swift
SwiftCompile normal arm64_32 /Users/admin/builder/spi-builder-workspace/.dependencies/checkouts/swift-markdown/Sources/Markdown/Inline\ Nodes/Inline\ Containers/Strikethrough.swift (in target 'Markdown' from project 'swift-markdown')
cd /Users/admin/builder/spi-builder-workspace/.swiftpm/xcode
builtin-SwiftPerFileCompile Strikethrough.swift
SwiftCompile normal arm64_32 /Users/admin/builder/spi-builder-workspace/.dependencies/checkouts/swift-markdown/Sources/Markdown/Inline\ Nodes/Inline\ Containers/Strong.swift (in target 'Markdown' from project 'swift-markdown')
cd /Users/admin/builder/spi-builder-workspace/.swiftpm/xcode
builtin-SwiftPerFileCompile Strong.swift
SwiftCompile normal arm64_32 /Users/admin/builder/spi-builder-workspace/.dependencies/checkouts/swift-markdown/Sources/Markdown/Inline\ Nodes/Inline\ Leaves/CustomInline.swift (in target 'Markdown' from project 'swift-markdown')
cd /Users/admin/builder/spi-builder-workspace/.swiftpm/xcode
builtin-SwiftPerFileCompile CustomInline.swift
SwiftCompile normal arm64_32 /Users/admin/builder/spi-builder-workspace/.dependencies/checkouts/swift-markdown/Sources/Markdown/Inline\ Nodes/Inline\ Leaves/InlineCode.swift (in target 'Markdown' from project 'swift-markdown')
cd /Users/admin/builder/spi-builder-workspace/.swiftpm/xcode
builtin-SwiftPerFileCompile InlineCode.swift
SwiftCompile normal arm64_32 /Users/admin/builder/spi-builder-workspace/.dependencies/checkouts/swift-markdown/Sources/Markdown/Inline\ Nodes/Inline\ Leaves/InlineHTML.swift (in target 'Markdown' from project 'swift-markdown')
cd /Users/admin/builder/spi-builder-workspace/.swiftpm/xcode
builtin-SwiftPerFileCompile InlineHTML.swift
SwiftDriverJobDiscovery normal arm64 Compiling LazySplitLines.swift, ParseOptions.swift, RangeAdjuster.swift, RangerTracker.swift, MarkupRewriter.swift, BasicBlockContainer.swift, BasicInlineContainer.swift (in target 'Markdown' from project 'swift-markdown')
SwiftDriverJobDiscovery normal arm64 Compiling CollectionExtensions.swift, StringExtensions.swift, MarkupVisitor.swift, MarkupWalker.swift, HTMLFormatter.swift, MarkupFormatter.swift, MarkupTreeDumper.swift (in target 'Markdown' from project 'swift-markdown')
SwiftDriver TextForSpeech normal arm64 com.apple.xcode.tools.swift.compiler (in target 'TextForSpeech' from project 'TextForSpeech')
cd /Users/admin/builder/spi-builder-workspace/.swiftpm/xcode
builtin-SwiftDriver -- /Applications/Xcode-27.0.0-Release.Candidate.app/Contents/Developer/Toolchains/XcodeDefault.xctoolchain/usr/bin/swiftc -parse-as-library -module-name TextForSpeech -Onone @/Users/admin/builder/spi-builder-workspace/.derivedData/Build/Intermediates.noindex/TextForSpeech.build/Debug-watchos/TextForSpeech-t.build/Objects-normal/arm64/TextForSpeech.SwiftFileList -DSWIFT_PACKAGE -DDEBUG -DSWIFT_MODULE_RESOURCE_BUNDLE_UNAVAILABLE -Xcc -fmodule-map-file\=/Users/admin/builder/spi-builder-workspace/.dependencies/checkouts/swift-cmark/src/include/module.modulemap -Xcc -fmodule-map-file\=/Users/admin/builder/spi-builder-workspace/.dependencies/checkouts/swift-cmark/extensions/include/module.modulemap -Xcc -fmodule-map-file\=/Users/admin/builder/spi-builder-workspace/.dependencies/checkouts/swift-markdown/Sources/CAtomic/include/module.modulemap -DXcode -plugin-path /Applications/Xcode-27.0.0-Release.Candidate.app/Contents/Developer/Toolchains/XcodeDefault.xctoolchain/usr/lib/swift/host/plugins/testing -enable-experimental-feature DebugDescriptionMacro -sdk /Applications/Xcode-27.0.0-Release.Candidate.app/Contents/Developer/Platforms/WatchOS.platform/Developer/SDKs/WatchOS27.0.sdk -target arm64-apple-watchos10.0 -g -module-cache-path /Users/admin/builder/spi-builder-workspace/.derivedData/ModuleCache.noindex -Xfrontend -serialize-debugging-options -profile-coverage-mapping -profile-generate -enable-testing -index-store-path /Users/admin/builder/spi-builder-workspace/.derivedData/Index.noindex/DataStore -Xcc -D_LIBCPP_HARDENING_MODE\=_LIBCPP_HARDENING_MODE_DEBUG -swift-version 6 -I /Users/admin/builder/spi-builder-workspace/.derivedData/Build/Products/Debug-watchos -Isystem /Applications/Xcode-27.0.0-Release.Candidate.app/Contents/Developer/Platforms/WatchOS.platform/Developer/usr/lib -F /Users/admin/builder/spi-builder-workspace/.derivedData/Build/Products/Debug-watchos/PackageFrameworks -F /Users/admin/builder/spi-builder-workspace/.derivedData/Build/Products/Debug-watchos -F /Applications/Xcode-27.0.0-Release.Candidate.app/Contents/Developer/Platforms/WatchOS.platform/Developer/Library/Frameworks -F /Applications/Xcode-27.0.0-Release.Candidate.app/Contents/Developer/Platforms/WatchOS.platform/Developer/SDKs/WatchOS27.0.sdk/Developer/Library/Frameworks -c -j10 -enable-batch-mode -incremental -Xcc -ivfsstatcache -Xcc /Users/admin/builder/spi-builder-workspace/.derivedData/SDKStatCaches.noindex/watchos27.0-24R360-e829b21a6f8c9b70876ba0858053c04477534ef55a1706bf4c1112bbb242f0a2.sdkstatcache -output-file-map /Users/admin/builder/spi-builder-workspace/.derivedData/Build/Intermediates.noindex/TextForSpeech.build/Debug-watchos/TextForSpeech-t.build/Objects-normal/arm64/TextForSpeech-OutputFileMap.json -save-temps -no-color-diagnostics -explicit-module-build -module-cache-path /Users/admin/builder/spi-builder-workspace/.derivedData/Build/Intermediates.noindex/SwiftExplicitPrecompiledModules -clang-scanner-module-cache-path /Users/admin/builder/spi-builder-workspace/.derivedData/ModuleCache.noindex -sdk-module-cache-path /Users/admin/builder/spi-builder-workspace/.derivedData/SDKExplicitPrecompiledModules -emit-dependencies -emit-module -emit-module-path /Users/admin/builder/spi-builder-workspace/.derivedData/Build/Intermediates.noindex/TextForSpeech.build/Debug-watchos/TextForSpeech-t.build/Objects-normal/arm64/TextForSpeech.swiftmodule -serialize-diagnostics -dependency-scan-serialize-diagnostics-path /Users/admin/builder/spi-builder-workspace/.derivedData/Build/Intermediates.noindex/TextForSpeech.build/Debug-watchos/TextForSpeech-t.build/Objects-normal/arm64/TextForSpeech-dependency-scan.dia -validate-clang-modules-once -clang-build-session-file /Users/admin/builder/spi-builder-workspace/.derivedData/ModuleCache.noindex/Session.modulevalidation -Xcc -fmodules-prune-interval\=86400 -Xcc -fmodules-prune-after\=345600 -package-name spi_builder_workspace -emit-const-values -const-gather-protocols-list /Users/admin/builder/spi-builder-workspace/.derivedData/Build/Intermediates.noindex/TextForSpeech.build/Debug-watchos/TextForSpeech-t.build/Objects-normal/arm64/TextForSpeech_const_extract_protocols.json -Xcc -I/Users/admin/builder/spi-builder-workspace/.dependencies/checkouts/swift-cmark/src/include -Xcc -I/Users/admin/builder/spi-builder-workspace/.dependencies/checkouts/swift-cmark/extensions/include -Xcc -I/Users/admin/builder/spi-builder-workspace/.dependencies/checkouts/swift-markdown/Sources/CAtomic/include -Xcc -I/Users/admin/builder/spi-builder-workspace/.derivedData/Build/Products/Debug-watchos/include -Xcc -I/Users/admin/builder/spi-builder-workspace/.derivedData/Build/Intermediates.noindex/TextForSpeech.build/Debug-watchos/TextForSpeech-t.build/DerivedSources-normal/arm64 -Xcc -I/Users/admin/builder/spi-builder-workspace/.derivedData/Build/Intermediates.noindex/TextForSpeech.build/Debug-watchos/TextForSpeech-t.build/DerivedSources/arm64 -Xcc -I/Users/admin/builder/spi-builder-workspace/.derivedData/Build/Intermediates.noindex/TextForSpeech.build/Debug-watchos/TextForSpeech-t.build/DerivedSources -Xcc -DSWIFT_PACKAGE -Xcc -DDEBUG\=1 -emit-objc-header -emit-objc-header-path /Users/admin/builder/spi-builder-workspace/.derivedData/Build/Intermediates.noindex/TextForSpeech.build/Debug-watchos/TextForSpeech-t.build/Objects-normal/arm64/TextForSpeech-Swift.h -working-directory /Users/admin/builder/spi-builder-workspace/.swiftpm/xcode -experimental-emit-module-separately -disable-cmo
SwiftDriver TextForSpeech normal arm64_32 com.apple.xcode.tools.swift.compiler (in target 'TextForSpeech' from project 'TextForSpeech')
cd /Users/admin/builder/spi-builder-workspace/.swiftpm/xcode
builtin-SwiftDriver -- /Applications/Xcode-27.0.0-Release.Candidate.app/Contents/Developer/Toolchains/XcodeDefault.xctoolchain/usr/bin/swiftc -parse-as-library -module-name TextForSpeech -Onone @/Users/admin/builder/spi-builder-workspace/.derivedData/Build/Intermediates.noindex/TextForSpeech.build/Debug-watchos/TextForSpeech-t.build/Objects-normal/arm64_32/TextForSpeech.SwiftFileList -DSWIFT_PACKAGE -DDEBUG -DSWIFT_MODULE_RESOURCE_BUNDLE_UNAVAILABLE -Xcc -fmodule-map-file\=/Users/admin/builder/spi-builder-workspace/.dependencies/checkouts/swift-cmark/src/include/module.modulemap -Xcc -fmodule-map-file\=/Users/admin/builder/spi-builder-workspace/.dependencies/checkouts/swift-cmark/extensions/include/module.modulemap -Xcc -fmodule-map-file\=/Users/admin/builder/spi-builder-workspace/.dependencies/checkouts/swift-markdown/Sources/CAtomic/include/module.modulemap -DXcode -plugin-path /Applications/Xcode-27.0.0-Release.Candidate.app/Contents/Developer/Toolchains/XcodeDefault.xctoolchain/usr/lib/swift/host/plugins/testing -enable-experimental-feature DebugDescriptionMacro -sdk /Applications/Xcode-27.0.0-Release.Candidate.app/Contents/Developer/Platforms/WatchOS.platform/Developer/SDKs/WatchOS27.0.sdk -target arm64_32-apple-watchos10.0 -g -module-cache-path /Users/admin/builder/spi-builder-workspace/.derivedData/ModuleCache.noindex -Xfrontend -serialize-debugging-options -profile-coverage-mapping -profile-generate -enable-testing -index-store-path /Users/admin/builder/spi-builder-workspace/.derivedData/Index.noindex/DataStore -Xcc -D_LIBCPP_HARDENING_MODE\=_LIBCPP_HARDENING_MODE_DEBUG -swift-version 6 -I /Users/admin/builder/spi-builder-workspace/.derivedData/Build/Products/Debug-watchos -Isystem /Applications/Xcode-27.0.0-Release.Candidate.app/Contents/Developer/Platforms/WatchOS.platform/Developer/usr/lib -F /Users/admin/builder/spi-builder-workspace/.derivedData/Build/Products/Debug-watchos/PackageFrameworks -F /Users/admin/builder/spi-builder-workspace/.derivedData/Build/Products/Debug-watchos -F /Applications/Xcode-27.0.0-Release.Candidate.app/Contents/Developer/Platforms/WatchOS.platform/Developer/Library/Frameworks -F /Applications/Xcode-27.0.0-Release.Candidate.app/Contents/Developer/Platforms/WatchOS.platform/Developer/SDKs/WatchOS27.0.sdk/Developer/Library/Frameworks -c -j10 -enable-batch-mode -incremental -Xcc -ivfsstatcache -Xcc /Users/admin/builder/spi-builder-workspace/.derivedData/SDKStatCaches.noindex/watchos27.0-24R360-e829b21a6f8c9b70876ba0858053c04477534ef55a1706bf4c1112bbb242f0a2.sdkstatcache -output-file-map /Users/admin/builder/spi-builder-workspace/.derivedData/Build/Intermediates.noindex/TextForSpeech.build/Debug-watchos/TextForSpeech-t.build/Objects-normal/arm64_32/TextForSpeech-OutputFileMap.json -save-temps -no-color-diagnostics -explicit-module-build -module-cache-path /Users/admin/builder/spi-builder-workspace/.derivedData/Build/Intermediates.noindex/SwiftExplicitPrecompiledModules -clang-scanner-module-cache-path /Users/admin/builder/spi-builder-workspace/.derivedData/ModuleCache.noindex -sdk-module-cache-path /Users/admin/builder/spi-builder-workspace/.derivedData/SDKExplicitPrecompiledModules -emit-dependencies -emit-module -emit-module-path /Users/admin/builder/spi-builder-workspace/.derivedData/Build/Intermediates.noindex/TextForSpeech.build/Debug-watchos/TextForSpeech-t.build/Objects-normal/arm64_32/TextForSpeech.swiftmodule -serialize-diagnostics -dependency-scan-serialize-diagnostics-path /Users/admin/builder/spi-builder-workspace/.derivedData/Build/Intermediates.noindex/TextForSpeech.build/Debug-watchos/TextForSpeech-t.build/Objects-normal/arm64_32/TextForSpeech-dependency-scan.dia -validate-clang-modules-once -clang-build-session-file /Users/admin/builder/spi-builder-workspace/.derivedData/ModuleCache.noindex/Session.modulevalidation -Xcc -fmodules-prune-interval\=86400 -Xcc -fmodules-prune-after\=345600 -package-name spi_builder_workspace -emit-const-values -const-gather-protocols-list /Users/admin/builder/spi-builder-workspace/.derivedData/Build/Intermediates.noindex/TextForSpeech.build/Debug-watchos/TextForSpeech-t.build/Objects-normal/arm64_32/TextForSpeech_const_extract_protocols.json -Xcc -I/Users/admin/builder/spi-builder-workspace/.dependencies/checkouts/swift-cmark/src/include -Xcc -I/Users/admin/builder/spi-builder-workspace/.dependencies/checkouts/swift-cmark/extensions/include -Xcc -I/Users/admin/builder/spi-builder-workspace/.dependencies/checkouts/swift-markdown/Sources/CAtomic/include -Xcc -I/Users/admin/builder/spi-builder-workspace/.derivedData/Build/Products/Debug-watchos/include -Xcc -I/Users/admin/builder/spi-builder-workspace/.derivedData/Build/Intermediates.noindex/TextForSpeech.build/Debug-watchos/TextForSpeech-t.build/DerivedSources-normal/arm64_32 -Xcc -I/Users/admin/builder/spi-builder-workspace/.derivedData/Build/Intermediates.noindex/TextForSpeech.build/Debug-watchos/TextForSpeech-t.build/DerivedSources/arm64_32 -Xcc -I/Users/admin/builder/spi-builder-workspace/.derivedData/Build/Intermediates.noindex/TextForSpeech.build/Debug-watchos/TextForSpeech-t.build/DerivedSources -Xcc -DSWIFT_PACKAGE -Xcc -DDEBUG\=1 -emit-objc-header -emit-objc-header-path /Users/admin/builder/spi-builder-workspace/.derivedData/Build/Intermediates.noindex/TextForSpeech.build/Debug-watchos/TextForSpeech-t.build/Objects-normal/arm64_32/TextForSpeech-Swift.h -working-directory /Users/admin/builder/spi-builder-workspace/.swiftpm/xcode -experimental-emit-module-separately -disable-cmo
SwiftDriverJobDiscovery normal arm64 Compiling BlockContainer.swift, BlockMarkup.swift, InlineContainer.swift, InlineMarkup.swift, ListItemContainer.swift, AtomicCounter.swift, CharacterExtensions.swift (in target 'Markdown' from project 'swift-markdown')
SwiftDriverJobDiscovery normal arm64_32 Compiling DataNode.swift, DebugTrace.swift, Document.swift, DocumentType.swift, Element.swift, ElementQuery.swift (in target 'SwiftSoup' from project 'SwiftSoup')
SwiftExplicitDependencyGeneratePcm arm64 /Users/admin/builder/spi-builder-workspace/.derivedData/SDKExplicitPrecompiledModules/NaturalLanguage-BJX7VKDH8NKXCIXL8AIBE29W9.pcm
SwiftExplicitDependencyGeneratePcm arm64 /Users/admin/builder/spi-builder-workspace/.derivedData/Build/Intermediates.noindex/SwiftExplicitPrecompiledModules/cmark_gfm-F4ZIY0BNPSS6P1SV04GV7JHAA.pcm
SwiftExplicitDependencyGeneratePcm arm64 /Users/admin/builder/spi-builder-workspace/.derivedData/SDKExplicitPrecompiledModules/UniformTypeIdentifiers-47SS6PHE8KOUZX5UOQUNKH397.pcm
SwiftExplicitDependencyGeneratePcm arm64_32 /Users/admin/builder/spi-builder-workspace/.derivedData/SDKExplicitPrecompiledModules/NaturalLanguage-DAS8WQV6FCI56LYLF1X5QKS3I.pcm
SwiftExplicitDependencyGeneratePcm arm64_32 /Users/admin/builder/spi-builder-workspace/.derivedData/SDKExplicitPrecompiledModules/UniformTypeIdentifiers-EH256724QTCKT0XATY095QHVP.pcm
SwiftExplicitDependencyGeneratePcm arm64_32 /Users/admin/builder/spi-builder-workspace/.derivedData/SDKExplicitPrecompiledModules/CoreGraphics-A4WOQTM8SYZAQP223LI6RRPEK.pcm
SwiftExplicitDependencyGeneratePcm arm64_32 /Users/admin/builder/spi-builder-workspace/.derivedData/Build/Intermediates.noindex/SwiftExplicitPrecompiledModules/cmark_gfm-D0NB4AF5SKJR5DDP9NZHBBGRJ.pcm
SwiftDriverJobDiscovery normal arm64_32 Compiling InlineAttributes.swift, Link.swift, Strikethrough.swift, Strong.swift, CustomInline.swift, InlineCode.swift, InlineHTML.swift (in target 'Markdown' from project 'swift-markdown')
SwiftExplicitDependencyGeneratePcm arm64 /Users/admin/builder/spi-builder-workspace/.derivedData/SDKExplicitPrecompiledModules/CoreGraphics-5488DA9QVJJ7QOFXPYOYIYFUX.pcm
SwiftExplicitDependencyGeneratePcm arm64 /Users/admin/builder/spi-builder-workspace/.derivedData/Build/Intermediates.noindex/SwiftExplicitPrecompiledModules/CAtomic-7NIKQLOGENA4NS82D0EQJ93JS.pcm
SwiftExplicitDependencyGeneratePcm arm64 /Users/admin/builder/spi-builder-workspace/.derivedData/Build/Intermediates.noindex/SwiftExplicitPrecompiledModules/cmark_gfm_extensions-5DXBY5UK82CCBUJZU0T4C826J.pcm
SwiftExplicitDependencyGeneratePcm arm64_32 /Users/admin/builder/spi-builder-workspace/.derivedData/Build/Intermediates.noindex/SwiftExplicitPrecompiledModules/cmark_gfm_extensions-B2D0KX0W47SJ0VM6HYGP9J7CZ.pcm
SwiftDriverJobDiscovery normal arm64 Compiling ChildIndexPath.swift, DirectiveArgument.swift, Document.swift, LiteralMarkup.swift, Markup.swift, MarkupChildren.swift, MarkupData.swift (in target 'Markdown' from project 'swift-markdown')
SwiftExplicitDependencyGeneratePcm arm64_32 /Users/admin/builder/spi-builder-workspace/.derivedData/Build/Intermediates.noindex/SwiftExplicitPrecompiledModules/CAtomic-6JSEAAIH0BDH0LE6D80IOA83.pcm
SwiftExplicitDependencyGeneratePcm arm64_32 /Users/admin/builder/spi-builder-workspace/.derivedData/SDKExplicitPrecompiledModules/ImageIO-1Y1Q4PQ9AWXOU9XVEVXMK77JZ.pcm
SwiftExplicitDependencyGeneratePcm arm64_32 /Users/admin/builder/spi-builder-workspace/.derivedData/SDKExplicitPrecompiledModules/CoreVideo-BX0NALWCB2F1YOTF0NZGV9FWU.pcm
SwiftExplicitDependencyGeneratePcm arm64 /Users/admin/builder/spi-builder-workspace/.derivedData/SDKExplicitPrecompiledModules/CoreVideo-2YRZ292TS6QDW2V2V92NZMPWM.pcm
SwiftExplicitDependencyGeneratePcm arm64 /Users/admin/builder/spi-builder-workspace/.derivedData/SDKExplicitPrecompiledModules/ImageIO-EE4TF8Z36B37IKXD8A42499DY.pcm
SwiftDriverJobDiscovery normal arm64_32 Compiling PlainTextConvertibleMarkup.swift, RawMarkup.swift, BlockDirective.swift, BlockQuote.swift, CustomBlock.swift, DoxygenAbstract.swift, DoxygenDiscussion.swift (in target 'Markdown' from project 'swift-markdown')
SwiftDriverJobDiscovery normal arm64 Compiling Elements.swift, Entities.swift, Evaluator.swift, Exception.swift, FormElement.swift, HtmlTreeBuilder.swift (in target 'SwiftSoup' from project 'SwiftSoup')
SwiftDriver\ Compilation SwiftSoup normal arm64 com.apple.xcode.tools.swift.compiler (in target 'SwiftSoup' from project 'SwiftSoup')
cd /Users/admin/builder/spi-builder-workspace/.swiftpm/xcode
builtin-Swift-Compilation -- /Applications/Xcode-27.0.0-Release.Candidate.app/Contents/Developer/Toolchains/XcodeDefault.xctoolchain/usr/bin/swiftc -parse-as-library -module-name SwiftSoup -Onone @/Users/admin/builder/spi-builder-workspace/.derivedData/Build/Intermediates.noindex/SwiftSoup.build/Debug-watchos/SwiftSoup-t.build/Objects-normal/arm64/SwiftSoup.SwiftFileList -DSWIFT_PACKAGE -DDEBUG -DSWIFT_MODULE_RESOURCE_BUNDLE_UNAVAILABLE -DXcode -plugin-path /Applications/Xcode-27.0.0-Release.Candidate.app/Contents/Developer/Toolchains/XcodeDefault.xctoolchain/usr/lib/swift/host/plugins/testing -enable-experimental-feature DebugDescriptionMacro -sdk /Applications/Xcode-27.0.0-Release.Candidate.app/Contents/Developer/Platforms/WatchOS.platform/Developer/SDKs/WatchOS27.0.sdk -target arm64-apple-watchos9.0 -g -module-cache-path /Users/admin/builder/spi-builder-workspace/.derivedData/ModuleCache.noindex -Xfrontend -serialize-debugging-options -profile-coverage-mapping -profile-generate -enable-testing -suppress-warnings -index-store-path /Users/admin/builder/spi-builder-workspace/.derivedData/Index.noindex/DataStore -Xcc -D_LIBCPP_HARDENING_MODE\=_LIBCPP_HARDENING_MODE_DEBUG -swift-version 6 -I /Users/admin/builder/spi-builder-workspace/.derivedData/Build/Products/Debug-watchos -Isystem /Applications/Xcode-27.0.0-Release.Candidate.app/Contents/Developer/Platforms/WatchOS.platform/Developer/usr/lib -F /Users/admin/builder/spi-builder-workspace/.derivedData/Build/Products/Debug-watchos -F /Applications/Xcode-27.0.0-Release.Candidate.app/Contents/Developer/Platforms/WatchOS.platform/Developer/Library/Frameworks -F /Applications/Xcode-27.0.0-Release.Candidate.app/Contents/Developer/Platforms/WatchOS.platform/Developer/SDKs/WatchOS27.0.sdk/Developer/Library/Frameworks -c -j10 -enable-batch-mode -incremental -Xcc -ivfsstatcache -Xcc /Users/admin/builder/spi-builder-workspace/.derivedData/SDKStatCaches.noindex/watchos27.0-24R360-e829b21a6f8c9b70876ba0858053c04477534ef55a1706bf4c1112bbb242f0a2.sdkstatcache -output-file-map /Users/admin/builder/spi-builder-workspace/.derivedData/Build/Intermediates.noindex/SwiftSoup.build/Debug-watchos/SwiftSoup-t.build/Objects-normal/arm64/SwiftSoup-OutputFileMap.json -save-temps -no-color-diagnostics -explicit-module-build -module-cache-path /Users/admin/builder/spi-builder-workspace/.derivedData/Build/Intermediates.noindex/SwiftExplicitPrecompiledModules -clang-scanner-module-cache-path /Users/admin/builder/spi-builder-workspace/.derivedData/ModuleCache.noindex -sdk-module-cache-path /Users/admin/builder/spi-builder-workspace/.derivedData/SDKExplicitPrecompiledModules -emit-dependencies -emit-module -emit-module-path /Users/admin/builder/spi-builder-workspace/.derivedData/Build/Intermediates.noindex/SwiftSoup.build/Debug-watchos/SwiftSoup-t.build/Objects-normal/arm64/SwiftSoup.swiftmodule -serialize-diagnostics -dependency-scan-serialize-diagnostics-path /Users/admin/builder/spi-builder-workspace/.derivedData/Build/Intermediates.noindex/SwiftSoup.build/Debug-watchos/SwiftSoup-t.build/Objects-normal/arm64/SwiftSoup-dependency-scan.dia -user-module-version 2.13.9 -validate-clang-modules-once -clang-build-session-file /Users/admin/builder/spi-builder-workspace/.derivedData/ModuleCache.noindex/Session.modulevalidation -Xcc -fmodules-prune-interval\=86400 -Xcc -fmodules-prune-after\=345600 -package-name swiftsoup -emit-const-values -const-gather-protocols-list /Users/admin/builder/spi-builder-workspace/.derivedData/Build/Intermediates.noindex/SwiftSoup.build/Debug-watchos/SwiftSoup-t.build/Objects-normal/arm64/SwiftSoup_const_extract_protocols.json -Xcc -I/Users/admin/builder/spi-builder-workspace/.derivedData/Build/Products/Debug-watchos/include -Xcc -I/Users/admin/builder/spi-builder-workspace/.derivedData/Build/Intermediates.noindex/SwiftSoup.build/Debug-watchos/SwiftSoup-t.build/DerivedSources-normal/arm64 -Xcc -I/Users/admin/builder/spi-builder-workspace/.derivedData/Build/Intermediates.noindex/SwiftSoup.build/Debug-watchos/SwiftSoup-t.build/DerivedSources/arm64 -Xcc -I/Users/admin/builder/spi-builder-workspace/.derivedData/Build/Intermediates.noindex/SwiftSoup.build/Debug-watchos/SwiftSoup-t.build/DerivedSources -Xcc -DSWIFT_PACKAGE -Xcc -DDEBUG\=1 -emit-objc-header -emit-objc-header-path /Users/admin/builder/spi-builder-workspace/.derivedData/Build/Intermediates.noindex/SwiftSoup.build/Debug-watchos/SwiftSoup-t.build/Objects-normal/arm64/SwiftSoup-Swift.h -working-directory /Users/admin/builder/spi-builder-workspace/.swiftpm/xcode -experimental-emit-module-separately -disable-cmo
Ld /Users/admin/builder/spi-builder-workspace/.derivedData/Build/Intermediates.noindex/SwiftSoup.build/Debug-watchos/SwiftSoup-t.build/Objects-normal/arm64/Binary/SwiftSoup.o normal arm64 (in target 'SwiftSoup' from project 'SwiftSoup')
cd /Users/admin/builder/spi-builder-workspace/.dependencies/checkouts/SwiftSoup
/Applications/Xcode-27.0.0-Release.Candidate.app/Contents/Developer/Toolchains/XcodeDefault.xctoolchain/usr/bin/clang -Xlinker -reproducible -target arm64-apple-watchos9.0 -r -isysroot /Applications/Xcode-27.0.0-Release.Candidate.app/Contents/Developer/Platforms/WatchOS.platform/Developer/SDKs/WatchOS27.0.sdk -O0 -w -Xlinker -no_warn_duplicate_libraries -F/Users/admin/builder/spi-builder-workspace/.derivedData/Build/Intermediates.noindex/EagerLinkingTBDs/Debug-watchos -F/Users/admin/builder/spi-builder-workspace/.derivedData/Build/Products/Debug-watchos -iframework /Applications/Xcode-27.0.0-Release.Candidate.app/Contents/Developer/Platforms/WatchOS.platform/Developer/Library/Frameworks -iframework /Applications/Xcode-27.0.0-Release.Candidate.app/Contents/Developer/Platforms/WatchOS.platform/Developer/SDKs/WatchOS27.0.sdk/Developer/Library/Frameworks -filelist /Users/admin/builder/spi-builder-workspace/.derivedData/Build/Intermediates.noindex/SwiftSoup.build/Debug-watchos/SwiftSoup-t.build/Objects-normal/arm64/SwiftSoup.LinkFileList -nostdlib -Xlinker -object_path_lto -Xlinker /Users/admin/builder/spi-builder-workspace/.derivedData/Build/Intermediates.noindex/SwiftSoup.build/Debug-watchos/SwiftSoup-t.build/Objects-normal/arm64/SwiftSoup_lto.o -Xlinker -no_deduplicate -Xlinker -debug_variant -Xlinker -dependency_info -Xlinker /Users/admin/builder/spi-builder-workspace/.derivedData/Build/Intermediates.noindex/SwiftSoup.build/Debug-watchos/SwiftSoup-t.build/Objects-normal/arm64/SwiftSoup_dependency_info.dat -fobjc-link-runtime -L/Applications/Xcode-27.0.0-Release.Candidate.app/Contents/Developer/Toolchains/XcodeDefault.xctoolchain/usr/lib/swift/watchos -L/usr/lib/swift -Xlinker -add_ast_path -Xlinker /Users/admin/builder/spi-builder-workspace/.derivedData/Build/Intermediates.noindex/SwiftSoup.build/Debug-watchos/SwiftSoup-t.build/Objects-normal/arm64/SwiftSoup.swiftmodule -o /Users/admin/builder/spi-builder-workspace/.derivedData/Build/Intermediates.noindex/SwiftSoup.build/Debug-watchos/SwiftSoup-t.build/Objects-normal/arm64/Binary/SwiftSoup.o
SwiftCompile normal arm64_32 Compiling\ TextNormalizer+PathContext.swift,\ TextNormalizer+SpeechHelpers.swift,\ TextNormalizer.swift,\ TextSummarizer+CodexExec.swift,\ TextSummarizer.swift /Users/admin/builder/spi-builder-workspace/Sources/TextForSpeech/Normalization/TextNormalizer+PathContext.swift /Users/admin/builder/spi-builder-workspace/Sources/TextForSpeech/Normalization/TextNormalizer+SpeechHelpers.swift /Users/admin/builder/spi-builder-workspace/Sources/TextForSpeech/Normalization/TextNormalizer.swift /Users/admin/builder/spi-builder-workspace/Sources/TextForSpeech/Normalization/TextSummarizer+CodexExec.swift /Users/admin/builder/spi-builder-workspace/Sources/TextForSpeech/Normalization/TextSummarizer.swift (in target 'TextForSpeech' from project 'TextForSpeech')
SwiftCompile normal arm64_32 /Users/admin/builder/spi-builder-workspace/Sources/TextForSpeech/Normalization/TextNormalizer+PathContext.swift (in target 'TextForSpeech' from project 'TextForSpeech')
cd /Users/admin/builder/spi-builder-workspace/.swiftpm/xcode
builtin-SwiftPerFileCompile TextNormalizer+PathContext.swift
SwiftCompile normal arm64_32 /Users/admin/builder/spi-builder-workspace/Sources/TextForSpeech/Normalization/TextNormalizer+SpeechHelpers.swift (in target 'TextForSpeech' from project 'TextForSpeech')
cd /Users/admin/builder/spi-builder-workspace/.swiftpm/xcode
builtin-SwiftPerFileCompile TextNormalizer+SpeechHelpers.swift
SwiftCompile normal arm64_32 /Users/admin/builder/spi-builder-workspace/Sources/TextForSpeech/Normalization/TextNormalizer.swift (in target 'TextForSpeech' from project 'TextForSpeech')
cd /Users/admin/builder/spi-builder-workspace/.swiftpm/xcode
builtin-SwiftPerFileCompile TextNormalizer.swift
SwiftCompile normal arm64_32 /Users/admin/builder/spi-builder-workspace/Sources/TextForSpeech/Normalization/TextSummarizer+CodexExec.swift (in target 'TextForSpeech' from project 'TextForSpeech')
cd /Users/admin/builder/spi-builder-workspace/.swiftpm/xcode
builtin-SwiftPerFileCompile TextSummarizer+CodexExec.swift
SwiftCompile normal arm64_32 /Users/admin/builder/spi-builder-workspace/Sources/TextForSpeech/Normalization/TextSummarizer.swift (in target 'TextForSpeech' from project 'TextForSpeech')
cd /Users/admin/builder/spi-builder-workspace/.swiftpm/xcode
builtin-SwiftPerFileCompile TextSummarizer.swift
SwiftEmitModule normal arm64_32 Emitting\ module\ for\ TextForSpeech (in target 'TextForSpeech' from project 'TextForSpeech')
/Users/admin/builder/spi-builder-workspace/Sources/TextForSpeech/Normalization/TextSummarizer.swift:273:19: error: 'SystemLanguageModel' is unavailable in watchOS
271 | #if canImport(FoundationModels)
272 | @available(macOS 26.0, iOS 26.0, *)
273 | private extension SystemLanguageModel.Availability {
| `- error: 'SystemLanguageModel' is unavailable in watchOS
274 | var textForSpeechSummaryDescription: String {
275 | switch self {
FoundationModels.SystemLanguageModel:4:20: note: 'SystemLanguageModel' has been explicitly marked unavailable here
2 | @available(tvOS, unavailable)
3 | @available(watchOS, unavailable)
4 | final public class SystemLanguageModel : Sendable {
| `- note: 'SystemLanguageModel' has been explicitly marked unavailable here
5 | @objc deinit
6 | }
Failed frontend command:
/Applications/Xcode-27.0.0-Release.Candidate.app/Contents/Developer/Toolchains/XcodeDefault.xctoolchain/usr/bin/swift-frontend -frontend -emit-module -experimental-skip-non-inlinable-function-bodies-without-types /Users/admin/builder/spi-builder-workspace/Sources/TextForSpeech/API/NormalizationAPI.swift /Users/admin/builder/spi-builder-workspace/Sources/TextForSpeech/Models/BuiltInProfileStyle.swift /Users/admin/builder/spi-builder-workspace/Sources/TextForSpeech/Models/BuiltInProfiles.swift /Users/admin/builder/spi-builder-workspace/Sources/TextForSpeech/Models/BuiltInProfiles/BuiltInExtensionAliases.swift /Users/admin/builder/spi-builder-workspace/Sources/TextForSpeech/Models/BuiltInProfiles/BuiltInScalarPronunciations.swift /Users/admin/builder/spi-builder-workspace/Sources/TextForSpeech/Models/BuiltInProfiles/BuiltInStylePresets.swift /Users/admin/builder/spi-builder-workspace/Sources/TextForSpeech/Models/BuiltInProfiles/BuiltInTokenTransforms.swift /Users/admin/builder/spi-builder-workspace/Sources/TextForSpeech/Models/Format.swift /Users/admin/builder/spi-builder-workspace/Sources/TextForSpeech/Models/Profile.swift /Users/admin/builder/spi-builder-workspace/Sources/TextForSpeech/Models/Replacement.swift /Users/admin/builder/spi-builder-workspace/Sources/TextForSpeech/Models/RequestContext.swift /Users/admin/builder/spi-builder-workspace/Sources/TextForSpeech/Models/SummarizationProvider.swift /Users/admin/builder/spi-builder-workspace/Sources/TextForSpeech/Normalization/FormatDetection.swift /Users/admin/builder/spi-builder-workspace/Sources/TextForSpeech/Normalization/Formatting.swift /Users/admin/builder/spi-builder-workspace/Sources/TextForSpeech/Normalization/MarkdownNormalizationPasses.swift /Users/admin/builder/spi-builder-workspace/Sources/TextForSpeech/Normalization/ParsingUtilities.swift /Users/admin/builder/spi-builder-workspace/Sources/TextForSpeech/Normalization/ReplacementRuleEngine.swift /Users/admin/builder/spi-builder-workspace/Sources/TextForSpeech/Normalization/ReplacementRuleMatching.swift /Users/admin/builder/spi-builder-workspace/Sources/TextForSpeech/Normalization/SemanticTextAnnotations.swift /Users/admin/builder/spi-builder-workspace/Sources/TextForSpeech/Normalization/SourceNormalizer.swift /Users/admin/builder/spi-builder-workspace/Sources/TextForSpeech/Normalization/SpeechConversion.swift /Users/admin/builder/spi-builder-workspace/Sources/TextForSpeech/Normalization/StructuredDocumentDetection.swift /Users/admin/builder/spi-builder-workspace/Sources/TextForSpeech/Normalization/TextNormalizer+Detection.swift /Users/admin/builder/spi-builder-workspace/Sources/TextForSpeech/Normalization/TextNormalizer+Heuristics.swift /Users/admin/builder/spi-builder-workspace/Sources/TextForSpeech/Normalization/TextNormalizer+PathCompaction.swift /Users/admin/builder/spi-builder-workspace/Sources/TextForSpeech/Normalization/TextNormalizer+PathContext.swift /Users/admin/builder/spi-builder-workspace/Sources/TextForSpeech/Normalization/TextNormalizer+SpeechHelpers.swift /Users/admin/builder/spi-builder-workspace/Sources/TextForSpeech/Normalization/TextNormalizer.swift /Users/admin/builder/spi-builder-workspace/Sources/TextForSpeech/Normalization/TextSummarizer+CodexExec.swift /Users/admin/builder/spi-builder-workspace/Sources/TextForSpeech/Normalization/TextSummarizer.swift /Users/admin/builder/spi-builder-workspace/Sources/TextForSpeech/Normalization/TokenNormalizationPasses.swift /Users/admin/builder/spi-builder-workspace/Sources/TextForSpeech/Runtime/Errors.swift /Users/admin/builder/spi-builder-workspace/Sources/TextForSpeech/Runtime/PersistedState.swift /Users/admin/builder/spi-builder-workspace/Sources/TextForSpeech/Runtime/TextForSpeechRuntime+Normalization.swift /Users/admin/builder/spi-builder-workspace/Sources/TextForSpeech/Runtime/TextForSpeechRuntime+NormalizationOperations.swift /Users/admin/builder/spi-builder-workspace/Sources/TextForSpeech/Runtime/TextForSpeechRuntime+Persistence.swift /Users/admin/builder/spi-builder-workspace/Sources/TextForSpeech/Runtime/TextForSpeechRuntime+PersistenceOperations.swift /Users/admin/builder/spi-builder-workspace/Sources/TextForSpeech/Runtime/TextForSpeechRuntime+Profiles.swift /Users/admin/builder/spi-builder-workspace/Sources/TextForSpeech/Runtime/TextForSpeechRuntime+ProfilesMutations.swift /Users/admin/builder/spi-builder-workspace/Sources/TextForSpeech/Runtime/TextForSpeechRuntime+ProfilesQueries.swift /Users/admin/builder/spi-builder-workspace/Sources/TextForSpeech/Runtime/TextForSpeechRuntime+Storage.swift /Users/admin/builder/spi-builder-workspace/Sources/TextForSpeech/Runtime/TextForSpeechRuntime+Style.swift /Users/admin/builder/spi-builder-workspace/Sources/TextForSpeech/Runtime/TextForSpeechRuntime+StyleOperations.swift /Users/admin/builder/spi-builder-workspace/Sources/TextForSpeech/Runtime/TextForSpeechRuntime+SummarizationProvider.swift /Users/admin/builder/spi-builder-workspace/Sources/TextForSpeech/Runtime/TextForSpeechRuntime.swift /Users/admin/builder/spi-builder-workspace/Sources/TextForSpeech/TextForSpeech.swift -target arm64_32-apple-watchos10.0 -module-can-import-version FoundationModels 2.0.68.1 0 -disable-cross-import-overlay-search -load-resolved-plugin /Applications/Xcode-27.0.0-Release.Candidate.app/Contents/Developer/Platforms/WatchOS.platform/Developer/usr/lib/swift/host/plugins/libFoundationMacros.dylib\#/Applications/Xcode-27.0.0-Release.Candidate.app/Contents/Developer/Platforms/WatchOS.platform/Developer/usr/bin/swift-plugin-server\#FoundationMacros -load-resolved-plugin /Applications/Xcode-27.0.0-Release.Candidate.app/Contents/Developer/Platforms/WatchOS.platform/Developer/usr/lib/swift/host/plugins/libFoundationModelsMacros.dylib\#/Applications/Xcode-27.0.0-Release.Candidate.app/Contents/Developer/Platforms/WatchOS.platform/Developer/usr/bin/swift-plugin-server\#FoundationModelsMacros -load-resolved-plugin /Applications/Xcode-27.0.0-Release.Candidate.app/Contents/Developer/Platforms/WatchOS.platform/Developer/usr/lib/swift/host/plugins/libObservationMacros.dylib\#/Applications/Xcode-27.0.0-Release.Candidate.app/Contents/Developer/Platforms/WatchOS.platform/Developer/usr/bin/swift-plugin-server\#ObservationMacros -load-resolved-plugin /Applications/Xcode-27.0.0-Release.Candidate.app/Contents/Developer/Platforms/WatchOS.platform/Developer/usr/lib/swift/host/plugins/libSwiftMacros.dylib\#/Applications/Xcode-27.0.0-Release.Candidate.app/Contents/Developer/Platforms/WatchOS.platform/Developer/usr/bin/swift-plugin-server\#SwiftMacros -disable-implicit-swift-modules -Xcc -fno-implicit-modules -Xcc -fno-implicit-module-maps -explicit-swift-module-map-file /Users/admin/builder/spi-builder-workspace/.derivedData/Build/Intermediates.noindex/TextForSpeech.build/Debug-watchos/TextForSpeech-t.build/Objects-normal/arm64_32/TextForSpeech-dependencies-2.json -enable-objc-interop -sdk /Applications/Xcode-27.0.0-Release.Candidate.app/Contents/Developer/Platforms/WatchOS.platform/Developer/SDKs/WatchOS27.0.sdk -I /Users/admin/builder/spi-builder-workspace/.derivedData/Build/Products/Debug-watchos -Isystem /Applications/Xcode-27.0.0-Release.Candidate.app/Contents/Developer/Platforms/WatchOS.platform/Developer/usr/lib -F /Users/admin/builder/spi-builder-workspace/.derivedData/Build/Products/Debug-watchos/PackageFrameworks -F /Users/admin/builder/spi-builder-workspace/.derivedData/Build/Products/Debug-watchos -F /Applications/Xcode-27.0.0-Release.Candidate.app/Contents/Developer/Platforms/WatchOS.platform/Developer/Library/Frameworks -F /Applications/Xcode-27.0.0-Release.Candidate.app/Contents/Developer/Platforms/WatchOS.platform/Developer/SDKs/WatchOS27.0.sdk/Developer/Library/Frameworks -module-cache-path /Users/admin/builder/spi-builder-workspace/.derivedData/Build/Intermediates.noindex/SwiftExplicitPrecompiledModules -no-color-diagnostics -Xcc -fno-color-diagnostics -enable-testing -g -debug-info-format\=dwarf -dwarf-version\=4 -profile-generate -profile-coverage-mapping -swift-version 6 -Onone -D SWIFT_PACKAGE -D DEBUG -D SWIFT_MODULE_RESOURCE_BUNDLE_UNAVAILABLE -D Xcode -serialize-debugging-options -enable-experimental-feature DebugDescriptionMacro -empty-abi-descriptor -validate-clang-modules-once -clang-build-session-file /Users/admin/builder/spi-builder-workspace/.derivedData/ModuleCache.noindex/Session.modulevalidation -Xcc -working-directory -Xcc /Users/admin/builder/spi-builder-workspace/.swiftpm/xcode -enable-anonymous-context-mangled-names -file-compilation-dir /Users/admin/builder/spi-builder-workspace/.swiftpm/xcode -Xcc -fmodule-map-file\=/Users/admin/builder/spi-builder-workspace/.dependencies/checkouts/swift-cmark/src/include/module.modulemap -Xcc -fmodule-map-file\=/Users/admin/builder/spi-builder-workspace/.dependencies/checkouts/swift-cmark/extensions/include/module.modulemap -Xcc -fmodule-map-file\=/Users/admin/builder/spi-builder-workspace/.dependencies/checkouts/swift-markdown/Sources/CAtomic/include/module.modulemap -Xcc -D_LIBCPP_HARDENING_MODE\=_LIBCPP_HARDENING_MODE_DEBUG -Xcc -ivfsstatcache -Xcc /Users/admin/builder/spi-builder-workspace/.derivedData/SDKStatCaches.noindex/watchos27.0-24R360-e829b21a6f8c9b70876ba0858053c04477534ef55a1706bf4c1112bbb242f0a2.sdkstatcache -Xcc -fmodules-prune-interval\=86400 -Xcc -fmodules-prune-after\=345600 -Xcc -I/Users/admin/builder/spi-builder-workspace/.dependencies/checkouts/swift-cmark/src/include -Xcc -I/Users/admin/builder/spi-builder-workspace/.dependencies/checkouts/swift-cmark/extensions/include -Xcc -I/Users/admin/builder/spi-builder-workspace/.dependencies/checkouts/swift-markdown/Sources/CAtomic/include -Xcc -I/Users/admin/builder/spi-builder-workspace/.derivedData/Build/Products/Debug-watchos/include -Xcc -I/Users/admin/builder/spi-builder-workspace/.derivedData/Build/Intermediates.noindex/TextForSpeech.build/Debug-watchos/TextForSpeech-t.build/DerivedSources-normal/arm64_32 -Xcc -I/Users/admin/builder/spi-builder-workspace/.derivedData/Build/Intermediates.noindex/TextForSpeech.build/Debug-watchos/TextForSpeech-t.build/DerivedSources/arm64_32 -Xcc -I/Users/admin/builder/spi-builder-workspace/.derivedData/Build/Intermediates.noindex/TextForSpeech.build/Debug-watchos/TextForSpeech-t.build/DerivedSources -Xcc -DSWIFT_PACKAGE -Xcc -DDEBUG\=1 -no-auto-bridging-header-chaining -module-name TextForSpeech -package-name spi_builder_workspace -const-gather-protocols-file /Users/admin/builder/spi-builder-workspace/.derivedData/Build/Intermediates.noindex/TextForSpeech.build/Debug-watchos/TextForSpeech-t.build/Objects-normal/arm64_32/TextForSpeech_const_extract_protocols.json -disable-clang-spi -clang-target arm64_32-apple-watchos27.0 -target-sdk-version 27.0 -target-sdk-name watchos27.0 -in-process-plugin-server-path /Applications/Xcode-27.0.0-Release.Candidate.app/Contents/Developer/Toolchains/XcodeDefault.xctoolchain/usr/lib/swift/host/libSwiftInProcPluginServer.dylib -emit-module-doc-path /Users/admin/builder/spi-builder-workspace/.derivedData/Build/Intermediates.noindex/TextForSpeech.build/Debug-watchos/TextForSpeech-t.build/Objects-normal/arm64_32/TextForSpeech.swiftdoc -emit-module-source-info-path /Users/admin/builder/spi-builder-workspace/.derivedData/Build/Intermediates.noindex/TextForSpeech.build/Debug-watchos/TextForSpeech-t.build/Objects-normal/arm64_32/TextForSpeech.swiftsourceinfo -emit-objc-header-path /Users/admin/builder/spi-builder-workspace/.derivedData/Build/Intermediates.noindex/TextForSpeech.build/Debug-watchos/TextForSpeech-t.build/Objects-normal/arm64_32/TextForSpeech-Swift.h -serialize-diagnostics-path /Users/admin/builder/spi-builder-workspace/.derivedData/Build/Intermediates.noindex/TextForSpeech.build/Debug-watchos/TextForSpeech-t.build/Objects-normal/arm64_32/TextForSpeech-primary-emit-module.dia -emit-dependencies-path /Users/admin/builder/spi-builder-workspace/.derivedData/Build/Intermediates.noindex/TextForSpeech.build/Debug-watchos/TextForSpeech-t.build/Objects-normal/arm64_32/TextForSpeech-primary-emit-module.d -parse-as-library -o /Users/admin/builder/spi-builder-workspace/.derivedData/Build/Intermediates.noindex/TextForSpeech.build/Debug-watchos/TextForSpeech-t.build/Objects-normal/arm64_32/TextForSpeech.swiftmodule -emit-abi-descriptor-path /Users/admin/builder/spi-builder-workspace/.derivedData/Build/Intermediates.noindex/TextForSpeech.build/Debug-watchos/TextForSpeech-t.build/Objects-normal/arm64_32/TextForSpeech.abi.json
SwiftCompile normal arm64_32 (in target 'TextForSpeech' from project 'TextForSpeech')
cd /Users/admin/builder/spi-builder-workspace/.swiftpm/xcode
SwiftCompile normal arm64_32 Compiling\ NormalizationAPI.swift,\ BuiltInProfileStyle.swift,\ BuiltInProfiles.swift,\ BuiltInExtensionAliases.swift,\ BuiltInScalarPronunciations.swift /Users/admin/builder/spi-builder-workspace/Sources/TextForSpeech/API/NormalizationAPI.swift /Users/admin/builder/spi-builder-workspace/Sources/TextForSpeech/Models/BuiltInProfileStyle.swift /Users/admin/builder/spi-builder-workspace/Sources/TextForSpeech/Models/BuiltInProfiles.swift /Users/admin/builder/spi-builder-workspace/Sources/TextForSpeech/Models/BuiltInProfiles/BuiltInExtensionAliases.swift /Users/admin/builder/spi-builder-workspace/Sources/TextForSpeech/Models/BuiltInProfiles/BuiltInScalarPronunciations.swift (in target 'TextForSpeech' from project 'TextForSpeech')
SwiftCompile normal arm64_32 /Users/admin/builder/spi-builder-workspace/Sources/TextForSpeech/API/NormalizationAPI.swift (in target 'TextForSpeech' from project 'TextForSpeech')
cd /Users/admin/builder/spi-builder-workspace/.swiftpm/xcode
builtin-SwiftPerFileCompile NormalizationAPI.swift
SwiftCompile normal arm64_32 /Users/admin/builder/spi-builder-workspace/Sources/TextForSpeech/Models/BuiltInProfileStyle.swift (in target 'TextForSpeech' from project 'TextForSpeech')
cd /Users/admin/builder/spi-builder-workspace/.swiftpm/xcode
builtin-SwiftPerFileCompile BuiltInProfileStyle.swift
SwiftCompile normal arm64_32 /Users/admin/builder/spi-builder-workspace/Sources/TextForSpeech/Models/BuiltInProfiles.swift (in target 'TextForSpeech' from project 'TextForSpeech')
cd /Users/admin/builder/spi-builder-workspace/.swiftpm/xcode
builtin-SwiftPerFileCompile BuiltInProfiles.swift
SwiftCompile normal arm64_32 /Users/admin/builder/spi-builder-workspace/Sources/TextForSpeech/Models/BuiltInProfiles/BuiltInExtensionAliases.swift (in target 'TextForSpeech' from project 'TextForSpeech')
cd /Users/admin/builder/spi-builder-workspace/.swiftpm/xcode
builtin-SwiftPerFileCompile BuiltInExtensionAliases.swift
SwiftCompile normal arm64_32 /Users/admin/builder/spi-builder-workspace/Sources/TextForSpeech/Models/BuiltInProfiles/BuiltInScalarPronunciations.swift (in target 'TextForSpeech' from project 'TextForSpeech')
cd /Users/admin/builder/spi-builder-workspace/.swiftpm/xcode
builtin-SwiftPerFileCompile BuiltInScalarPronunciations.swift
SwiftCompile normal arm64_32 Compiling\ TokenNormalizationPasses.swift,\ Errors.swift,\ PersistedState.swift,\ TextForSpeechRuntime+Normalization.swift /Users/admin/builder/spi-builder-workspace/Sources/TextForSpeech/Normalization/TokenNormalizationPasses.swift /Users/admin/builder/spi-builder-workspace/Sources/TextForSpeech/Runtime/Errors.swift /Users/admin/builder/spi-builder-workspace/Sources/TextForSpeech/Runtime/PersistedState.swift /Users/admin/builder/spi-builder-workspace/Sources/TextForSpeech/Runtime/TextForSpeechRuntime+Normalization.swift (in target 'TextForSpeech' from project 'TextForSpeech')
SwiftCompile normal arm64_32 /Users/admin/builder/spi-builder-workspace/Sources/TextForSpeech/Normalization/TokenNormalizationPasses.swift (in target 'TextForSpeech' from project 'TextForSpeech')
cd /Users/admin/builder/spi-builder-workspace/.swiftpm/xcode
builtin-SwiftPerFileCompile TokenNormalizationPasses.swift
SwiftCompile normal arm64_32 /Users/admin/builder/spi-builder-workspace/Sources/TextForSpeech/Runtime/Errors.swift (in target 'TextForSpeech' from project 'TextForSpeech')
cd /Users/admin/builder/spi-builder-workspace/.swiftpm/xcode
builtin-SwiftPerFileCompile Errors.swift
SwiftCompile normal arm64_32 /Users/admin/builder/spi-builder-workspace/Sources/TextForSpeech/Runtime/PersistedState.swift (in target 'TextForSpeech' from project 'TextForSpeech')
cd /Users/admin/builder/spi-builder-workspace/.swiftpm/xcode
builtin-SwiftPerFileCompile PersistedState.swift
SwiftCompile normal arm64_32 /Users/admin/builder/spi-builder-workspace/Sources/TextForSpeech/Runtime/TextForSpeechRuntime+Normalization.swift (in target 'TextForSpeech' from project 'TextForSpeech')
cd /Users/admin/builder/spi-builder-workspace/.swiftpm/xcode
builtin-SwiftPerFileCompile TextForSpeechRuntime+Normalization.swift
SwiftCompile normal arm64_32 Compiling\ ParsingUtilities.swift,\ ReplacementRuleEngine.swift,\ ReplacementRuleMatching.swift,\ SemanticTextAnnotations.swift,\ SourceNormalizer.swift /Users/admin/builder/spi-builder-workspace/Sources/TextForSpeech/Normalization/ParsingUtilities.swift /Users/admin/builder/spi-builder-workspace/Sources/TextForSpeech/Normalization/ReplacementRuleEngine.swift /Users/admin/builder/spi-builder-workspace/Sources/TextForSpeech/Normalization/ReplacementRuleMatching.swift /Users/admin/builder/spi-builder-workspace/Sources/TextForSpeech/Normalization/SemanticTextAnnotations.swift /Users/admin/builder/spi-builder-workspace/Sources/TextForSpeech/Normalization/SourceNormalizer.swift (in target 'TextForSpeech' from project 'TextForSpeech')
SwiftCompile normal arm64_32 /Users/admin/builder/spi-builder-workspace/Sources/TextForSpeech/Normalization/ParsingUtilities.swift (in target 'TextForSpeech' from project 'TextForSpeech')
cd /Users/admin/builder/spi-builder-workspace/.swiftpm/xcode
builtin-SwiftPerFileCompile ParsingUtilities.swift
SwiftCompile normal arm64_32 /Users/admin/builder/spi-builder-workspace/Sources/TextForSpeech/Normalization/ReplacementRuleEngine.swift (in target 'TextForSpeech' from project 'TextForSpeech')
cd /Users/admin/builder/spi-builder-workspace/.swiftpm/xcode
builtin-SwiftPerFileCompile ReplacementRuleEngine.swift
SwiftCompile normal arm64_32 /Users/admin/builder/spi-builder-workspace/Sources/TextForSpeech/Normalization/ReplacementRuleMatching.swift (in target 'TextForSpeech' from project 'TextForSpeech')
cd /Users/admin/builder/spi-builder-workspace/.swiftpm/xcode
builtin-SwiftPerFileCompile ReplacementRuleMatching.swift
SwiftCompile normal arm64_32 /Users/admin/builder/spi-builder-workspace/Sources/TextForSpeech/Normalization/SemanticTextAnnotations.swift (in target 'TextForSpeech' from project 'TextForSpeech')
cd /Users/admin/builder/spi-builder-workspace/.swiftpm/xcode
builtin-SwiftPerFileCompile SemanticTextAnnotations.swift
SwiftCompile normal arm64_32 /Users/admin/builder/spi-builder-workspace/Sources/TextForSpeech/Normalization/SourceNormalizer.swift (in target 'TextForSpeech' from project 'TextForSpeech')
cd /Users/admin/builder/spi-builder-workspace/.swiftpm/xcode
builtin-SwiftPerFileCompile SourceNormalizer.swift
SwiftCompile normal arm64_32 Compiling\ SpeechConversion.swift,\ StructuredDocumentDetection.swift,\ TextNormalizer+Detection.swift,\ TextNormalizer+Heuristics.swift,\ TextNormalizer+PathCompaction.swift /Users/admin/builder/spi-builder-workspace/Sources/TextForSpeech/Normalization/SpeechConversion.swift /Users/admin/builder/spi-builder-workspace/Sources/TextForSpeech/Normalization/StructuredDocumentDetection.swift /Users/admin/builder/spi-builder-workspace/Sources/TextForSpeech/Normalization/TextNormalizer+Detection.swift /Users/admin/builder/spi-builder-workspace/Sources/TextForSpeech/Normalization/TextNormalizer+Heuristics.swift /Users/admin/builder/spi-builder-workspace/Sources/TextForSpeech/Normalization/TextNormalizer+PathCompaction.swift (in target 'TextForSpeech' from project 'TextForSpeech')
SwiftCompile normal arm64_32 /Users/admin/builder/spi-builder-workspace/Sources/TextForSpeech/Normalization/SpeechConversion.swift (in target 'TextForSpeech' from project 'TextForSpeech')
cd /Users/admin/builder/spi-builder-workspace/.swiftpm/xcode
builtin-SwiftPerFileCompile SpeechConversion.swift
SwiftCompile normal arm64_32 /Users/admin/builder/spi-builder-workspace/Sources/TextForSpeech/Normalization/StructuredDocumentDetection.swift (in target 'TextForSpeech' from project 'TextForSpeech')
cd /Users/admin/builder/spi-builder-workspace/.swiftpm/xcode
builtin-SwiftPerFileCompile StructuredDocumentDetection.swift
SwiftCompile normal arm64_32 /Users/admin/builder/spi-builder-workspace/Sources/TextForSpeech/Normalization/TextNormalizer+Detection.swift (in target 'TextForSpeech' from project 'TextForSpeech')
cd /Users/admin/builder/spi-builder-workspace/.swiftpm/xcode
builtin-SwiftPerFileCompile TextNormalizer+Detection.swift
SwiftCompile normal arm64_32 /Users/admin/builder/spi-builder-workspace/Sources/TextForSpeech/Normalization/TextNormalizer+Heuristics.swift (in target 'TextForSpeech' from project 'TextForSpeech')
cd /Users/admin/builder/spi-builder-workspace/.swiftpm/xcode
builtin-SwiftPerFileCompile TextNormalizer+Heuristics.swift
SwiftCompile normal arm64_32 /Users/admin/builder/spi-builder-workspace/Sources/TextForSpeech/Normalization/TextNormalizer+PathCompaction.swift (in target 'TextForSpeech' from project 'TextForSpeech')
cd /Users/admin/builder/spi-builder-workspace/.swiftpm/xcode
builtin-SwiftPerFileCompile TextNormalizer+PathCompaction.swift
SwiftCompile normal arm64_32 Compiling\ BuiltInStylePresets.swift,\ BuiltInTokenTransforms.swift,\ Format.swift,\ Profile.swift,\ Replacement.swift /Users/admin/builder/spi-builder-workspace/Sources/TextForSpeech/Models/BuiltInProfiles/BuiltInStylePresets.swift /Users/admin/builder/spi-builder-workspace/Sources/TextForSpeech/Models/BuiltInProfiles/BuiltInTokenTransforms.swift /Users/admin/builder/spi-builder-workspace/Sources/TextForSpeech/Models/Format.swift /Users/admin/builder/spi-builder-workspace/Sources/TextForSpeech/Models/Profile.swift /Users/admin/builder/spi-builder-workspace/Sources/TextForSpeech/Models/Replacement.swift (in target 'TextForSpeech' from project 'TextForSpeech')
SwiftCompile normal arm64_32 /Users/admin/builder/spi-builder-workspace/Sources/TextForSpeech/Models/BuiltInProfiles/BuiltInStylePresets.swift (in target 'TextForSpeech' from project 'TextForSpeech')
cd /Users/admin/builder/spi-builder-workspace/.swiftpm/xcode
builtin-SwiftPerFileCompile BuiltInStylePresets.swift
SwiftCompile normal arm64_32 /Users/admin/builder/spi-builder-workspace/Sources/TextForSpeech/Models/BuiltInProfiles/BuiltInTokenTransforms.swift (in target 'TextForSpeech' from project 'TextForSpeech')
cd /Users/admin/builder/spi-builder-workspace/.swiftpm/xcode
builtin-SwiftPerFileCompile BuiltInTokenTransforms.swift
SwiftCompile normal arm64_32 /Users/admin/builder/spi-builder-workspace/Sources/TextForSpeech/Models/Format.swift (in target 'TextForSpeech' from project 'TextForSpeech')
cd /Users/admin/builder/spi-builder-workspace/.swiftpm/xcode
builtin-SwiftPerFileCompile Format.swift
SwiftCompile normal arm64_32 /Users/admin/builder/spi-builder-workspace/Sources/TextForSpeech/Models/Profile.swift (in target 'TextForSpeech' from project 'TextForSpeech')
cd /Users/admin/builder/spi-builder-workspace/.swiftpm/xcode
builtin-SwiftPerFileCompile Profile.swift
SwiftCompile normal arm64_32 /Users/admin/builder/spi-builder-workspace/Sources/TextForSpeech/Models/Replacement.swift (in target 'TextForSpeech' from project 'TextForSpeech')
cd /Users/admin/builder/spi-builder-workspace/.swiftpm/xcode
builtin-SwiftPerFileCompile Replacement.swift
SwiftEmitModule normal arm64 Emitting\ module\ for\ TextForSpeech (in target 'TextForSpeech' from project 'TextForSpeech')
SwiftCompile normal arm64 (in target 'TextForSpeech' from project 'TextForSpeech')
cd /Users/admin/builder/spi-builder-workspace/.swiftpm/xcode
SwiftDriverJobDiscovery normal arm64_32 Compiling NormalizationAPI.swift, BuiltInProfileStyle.swift, BuiltInProfiles.swift, BuiltInExtensionAliases.swift, BuiltInScalarPronunciations.swift (in target 'TextForSpeech' from project 'TextForSpeech')
SwiftCompile normal arm64 Compiling\ TextNormalizer+PathContext.swift,\ TextNormalizer+SpeechHelpers.swift,\ TextNormalizer.swift,\ TextSummarizer+CodexExec.swift,\ TextSummarizer.swift /Users/admin/builder/spi-builder-workspace/Sources/TextForSpeech/Normalization/TextNormalizer+PathContext.swift /Users/admin/builder/spi-builder-workspace/Sources/TextForSpeech/Normalization/TextNormalizer+SpeechHelpers.swift /Users/admin/builder/spi-builder-workspace/Sources/TextForSpeech/Normalization/TextNormalizer.swift /Users/admin/builder/spi-builder-workspace/Sources/TextForSpeech/Normalization/TextSummarizer+CodexExec.swift /Users/admin/builder/spi-builder-workspace/Sources/TextForSpeech/Normalization/TextSummarizer.swift (in target 'TextForSpeech' from project 'TextForSpeech')
SwiftCompile normal arm64 /Users/admin/builder/spi-builder-workspace/Sources/TextForSpeech/Normalization/TextNormalizer+PathContext.swift (in target 'TextForSpeech' from project 'TextForSpeech')
cd /Users/admin/builder/spi-builder-workspace/.swiftpm/xcode
builtin-SwiftPerFileCompile TextNormalizer+PathContext.swift
SwiftCompile normal arm64 /Users/admin/builder/spi-builder-workspace/Sources/TextForSpeech/Normalization/TextNormalizer+SpeechHelpers.swift (in target 'TextForSpeech' from project 'TextForSpeech')
cd /Users/admin/builder/spi-builder-workspace/.swiftpm/xcode
builtin-SwiftPerFileCompile TextNormalizer+SpeechHelpers.swift
SwiftCompile normal arm64 /Users/admin/builder/spi-builder-workspace/Sources/TextForSpeech/Normalization/TextNormalizer.swift (in target 'TextForSpeech' from project 'TextForSpeech')
cd /Users/admin/builder/spi-builder-workspace/.swiftpm/xcode
builtin-SwiftPerFileCompile TextNormalizer.swift
SwiftCompile normal arm64 /Users/admin/builder/spi-builder-workspace/Sources/TextForSpeech/Normalization/TextSummarizer+CodexExec.swift (in target 'TextForSpeech' from project 'TextForSpeech')
cd /Users/admin/builder/spi-builder-workspace/.swiftpm/xcode
builtin-SwiftPerFileCompile TextSummarizer+CodexExec.swift
SwiftCompile normal arm64 /Users/admin/builder/spi-builder-workspace/Sources/TextForSpeech/Normalization/TextSummarizer.swift (in target 'TextForSpeech' from project 'TextForSpeech')
cd /Users/admin/builder/spi-builder-workspace/.swiftpm/xcode
builtin-SwiftPerFileCompile TextSummarizer.swift
PruneExplicitPrecompiledModules /Users/admin/builder/spi-builder-workspace/.derivedData/Build/Intermediates.noindex/ExplicitPrecompiledModules
PruneExplicitPrecompiledModules /Users/admin/builder/spi-builder-workspace/.derivedData/SDKExplicitPrecompiledModules
PruneExplicitPrecompiledModules /Users/admin/builder/spi-builder-workspace/.derivedData/Build/Intermediates.noindex/SwiftExplicitPrecompiledModules
2026-09-25 04:05:06.066 xcodebuild[761:4604] [MT] IDERunDestination: Supported platforms for the buildables in the current scheme is empty.
** BUILD FAILED **
The following build commands failed:
SwiftEmitModule normal arm64_32 Emitting\ module\ for\ TextForSpeech (in target 'TextForSpeech' from project 'TextForSpeech')
SwiftCompile normal arm64_32 (in target 'TextForSpeech' from project 'TextForSpeech')
Building workspace TextForSpeech with scheme TextForSpeech
(3 failures)
Command line invocation:
/Applications/Xcode-27.0.0-Release.Candidate.app/Contents/Developer/usr/bin/xcodebuild -IDEClonedSourcePackagesDirPathOverride=/Users/admin/builder/spi-builder-workspace/.dependencies -resolvePackageDependencies
Resolve Package Graph
Resolved source packages:
swift-markdown: https://github.com/swiftlang/swift-markdown.git @ 0.9.0
cmark-gfm: https://github.com/swiftlang/swift-cmark.git @ 0.9.0
TextForSpeech: /Users/admin/builder/spi-builder-workspace
SwiftSoup: https://github.com/scinfu/SwiftSoup.git @ 2.13.9
resolved source packages: swift-markdown, cmark-gfm, TextForSpeech, SwiftSoup
2026-09-25 04:05:18.466 xcodebuild[1099:6115] [MT] IDERunDestination: Supported platforms for the buildables in the current scheme is empty.
{
"dependencies" : [
{
"identity" : "swift-markdown",
"requirement" : {
"range" : [
{
"lower_bound" : "0.7.3",
"upper_bound" : "1.0.0"
}
]
},
"type" : "sourceControl",
"url" : "https://github.com/swiftlang/swift-markdown.git"
},
{
"identity" : "swiftsoup",
"requirement" : {
"range" : [
{
"lower_bound" : "2.13.4",
"upper_bound" : "3.0.0"
}
]
},
"type" : "sourceControl",
"url" : "https://github.com/scinfu/SwiftSoup.git"
}
],
"manifest_display_name" : "TextForSpeech",
"name" : "TextForSpeech",
"path" : "/Users/admin/builder/spi-builder-workspace",
"platforms" : [
{
"name" : "ios",
"version" : "17.0"
},
{
"name" : "macos",
"version" : "14.0"
}
],
"products" : [
{
"name" : "TextForSpeech",
"targets" : [
"TextForSpeech"
],
"type" : {
"library" : [
"automatic"
]
}
}
],
"swift_languages_versions" : [
"6"
],
"targets" : [
{
"c99name" : "TextForSpeechTests",
"module_type" : "SwiftTarget",
"name" : "TextForSpeechTests",
"path" : "Tests/TextForSpeechTests",
"sources" : [
"Models/ProfileTests.swift",
"Normalization/EndToEndNormalizationTests.swift",
"Normalization/FormatDetectionTests.swift",
"Normalization/MarkdownAndURLNormalizationTests.swift",
"Normalization/ParsingUtilitiesTests.swift",
"Normalization/PathAndIdentifierNormalizationTests.swift",
"Normalization/SemanticTextAnnotationsTests.swift",
"Normalization/StructuredDocumentDetectionTests.swift",
"Normalization/SummaryProviderSecurityTests.swift",
"Runtime/RuntimeTests.swift"
],
"target_dependencies" : [
"TextForSpeech"
],
"type" : "test"
},
{
"c99name" : "TextForSpeech",
"module_type" : "SwiftTarget",
"name" : "TextForSpeech",
"path" : "Sources/TextForSpeech",
"product_dependencies" : [
"Markdown",
"SwiftSoup"
],
"product_memberships" : [
"TextForSpeech"
],
"sources" : [
"API/NormalizationAPI.swift",
"Models/BuiltInProfileStyle.swift",
"Models/BuiltInProfiles.swift",
"Models/BuiltInProfiles/BuiltInExtensionAliases.swift",
"Models/BuiltInProfiles/BuiltInScalarPronunciations.swift",
"Models/BuiltInProfiles/BuiltInStylePresets.swift",
"Models/BuiltInProfiles/BuiltInTokenTransforms.swift",
"Models/Format.swift",
"Models/Profile.swift",
"Models/Replacement.swift",
"Models/RequestContext.swift",
"Models/SummarizationProvider.swift",
"Normalization/FormatDetection.swift",
"Normalization/Formatting.swift",
"Normalization/MarkdownNormalizationPasses.swift",
"Normalization/ParsingUtilities.swift",
"Normalization/ReplacementRuleEngine.swift",
"Normalization/ReplacementRuleMatching.swift",
"Normalization/SemanticTextAnnotations.swift",
"Normalization/SourceNormalizer.swift",
"Normalization/SpeechConversion.swift",
"Normalization/StructuredDocumentDetection.swift",
"Normalization/TextNormalizer+Detection.swift",
"Normalization/TextNormalizer+Heuristics.swift",
"Normalization/TextNormalizer+PathCompaction.swift",
"Normalization/TextNormalizer+PathContext.swift",
"Normalization/TextNormalizer+SpeechHelpers.swift",
"Normalization/TextNormalizer.swift",
"Normalization/TextSummarizer+CodexExec.swift",
"Normalization/TextSummarizer.swift",
"Normalization/TokenNormalizationPasses.swift",
"Runtime/Errors.swift",
"Runtime/PersistedState.swift",
"Runtime/TextForSpeechRuntime+Normalization.swift",
"Runtime/TextForSpeechRuntime+NormalizationOperations.swift",
"Runtime/TextForSpeechRuntime+Persistence.swift",
"Runtime/TextForSpeechRuntime+PersistenceOperations.swift",
"Runtime/TextForSpeechRuntime+Profiles.swift",
"Runtime/TextForSpeechRuntime+ProfilesMutations.swift",
"Runtime/TextForSpeechRuntime+ProfilesQueries.swift",
"Runtime/TextForSpeechRuntime+Storage.swift",
"Runtime/TextForSpeechRuntime+Style.swift",
"Runtime/TextForSpeechRuntime+StyleOperations.swift",
"Runtime/TextForSpeechRuntime+SummarizationProvider.swift",
"Runtime/TextForSpeechRuntime.swift",
"TextForSpeech.swift"
],
"type" : "library"
}
],
"tools_version" : "6.2"
}
{
"workspace" : {
"name" : "TextForSpeech",
"schemes" : [
"TextForSpeech"
]
}
}
2026-09-25 04:05:19.965 xcodebuild[1107:6182] [MT] IDERunDestination: Supported platforms for the buildables in the current scheme is empty.
Running build ...
env DEVELOPER_DIR=/Applications/Xcode-27.0.0-Release.Candidate.app xcrun xcodebuild -IDEClonedSourcePackagesDirPathOverride=$PWD/.dependencies -skipMacroValidation -skipPackagePluginValidation -derivedDataPath $PWD/.derivedData build -scheme TextForSpeech -destination generic/platform=watchOS
Command line invocation:
/Applications/Xcode-27.0.0-Release.Candidate.app/Contents/Developer/usr/bin/xcodebuild -IDEClonedSourcePackagesDirPathOverride=/Users/admin/builder/spi-builder-workspace/.dependencies -skipMacroValidation -skipPackagePluginValidation -derivedDataPath /Users/admin/builder/spi-builder-workspace/.derivedData build -scheme TextForSpeech -destination generic/platform=watchOS
Resolve Package Graph
Resolved source packages:
TextForSpeech: /Users/admin/builder/spi-builder-workspace
cmark-gfm: https://github.com/swiftlang/swift-cmark.git @ 0.9.0
swift-markdown: https://github.com/swiftlang/swift-markdown.git @ 0.9.0
SwiftSoup: https://github.com/scinfu/SwiftSoup.git @ 2.13.9
ComputePackagePrebuildTargetDependencyGraph
Prepare packages
CreateBuildRequest
SendProjectDescription
CreateBuildOperation
ComputeTargetDependencyGraph
note: Building targets in dependency order
note: Target dependency graph (11 targets)
Target 'TextForSpeech-product' in project 'TextForSpeech'
➜ Explicit dependency on target 'TextForSpeech' in project 'TextForSpeech'
➜ Explicit dependency on target 'Markdown-product' in project 'swift-markdown'
➜ Explicit dependency on target 'SwiftSoup-product' in project 'SwiftSoup'
Target 'TextForSpeech' in project 'TextForSpeech'
➜ Explicit dependency on target 'Markdown-product' in project 'swift-markdown'
➜ Explicit dependency on target 'SwiftSoup-product' in project 'SwiftSoup'
Target 'SwiftSoup-product' in project 'SwiftSoup'
➜ Explicit dependency on target 'SwiftSoup' in project 'SwiftSoup'
Target 'SwiftSoup' in project 'SwiftSoup' (no dependencies)
Target 'Markdown-product' in project 'swift-markdown'
➜ Explicit dependency on target 'Markdown' in project 'swift-markdown'
➜ Explicit dependency on target 'CAtomic' in project 'swift-markdown'
➜ Explicit dependency on target 'cmark-gfm-product' in project 'cmark-gfm'
➜ Explicit dependency on target 'cmark-gfm-extensions-product' in project 'cmark-gfm'
Target 'Markdown' in project 'swift-markdown'
➜ Explicit dependency on target 'CAtomic' in project 'swift-markdown'
➜ Explicit dependency on target 'cmark-gfm-product' in project 'cmark-gfm'
➜ Explicit dependency on target 'cmark-gfm-extensions-product' in project 'cmark-gfm'
Target 'cmark-gfm-extensions-product' in project 'cmark-gfm'
➜ Explicit dependency on target 'cmark-gfm-extensions' in project 'cmark-gfm'
➜ Explicit dependency on target 'cmark-gfm' in project 'cmark-gfm'
Target 'cmark-gfm-extensions' in project 'cmark-gfm'
➜ Explicit dependency on target 'cmark-gfm' in project 'cmark-gfm'
Target 'cmark-gfm-product' in project 'cmark-gfm'
➜ Explicit dependency on target 'cmark-gfm' in project 'cmark-gfm'
Target 'cmark-gfm' in project 'cmark-gfm' (no dependencies)
Target 'CAtomic' in project 'swift-markdown' (no dependencies)
GatherProvisioningInputs
CreateBuildDescription
ClangStatCache /Applications/Xcode-27.0.0-Release.Candidate.app/Contents/Developer/Toolchains/XcodeDefault.xctoolchain/usr/bin/clang-stat-cache /Applications/Xcode-27.0.0-Release.Candidate.app/Contents/Developer/Platforms/WatchOS.platform/Developer/SDKs/WatchOS27.0.sdk /Users/admin/builder/spi-builder-workspace/.derivedData/SDKStatCaches.noindex/watchos27.0-24R360-e829b21a6f8c9b70876ba0858053c04477534ef55a1706bf4c1112bbb242f0a2.sdkstatcache
cd /Users/admin/builder/spi-builder-workspace/.swiftpm/xcode
/Applications/Xcode-27.0.0-Release.Candidate.app/Contents/Developer/Toolchains/XcodeDefault.xctoolchain/usr/bin/clang-stat-cache /Applications/Xcode-27.0.0-Release.Candidate.app/Contents/Developer/Platforms/WatchOS.platform/Developer/SDKs/WatchOS27.0.sdk -o /Users/admin/builder/spi-builder-workspace/.derivedData/SDKStatCaches.noindex/watchos27.0-24R360-e829b21a6f8c9b70876ba0858053c04477534ef55a1706bf4c1112bbb242f0a2.sdkstatcache
SwiftDriver TextForSpeech normal arm64_32 com.apple.xcode.tools.swift.compiler (in target 'TextForSpeech' from project 'TextForSpeech')
cd /Users/admin/builder/spi-builder-workspace/.swiftpm/xcode
builtin-SwiftDriver -- /Applications/Xcode-27.0.0-Release.Candidate.app/Contents/Developer/Toolchains/XcodeDefault.xctoolchain/usr/bin/swiftc -parse-as-library -module-name TextForSpeech -Onone @/Users/admin/builder/spi-builder-workspace/.derivedData/Build/Intermediates.noindex/TextForSpeech.build/Debug-watchos/TextForSpeech-t.build/Objects-normal/arm64_32/TextForSpeech.SwiftFileList -DSWIFT_PACKAGE -DDEBUG -DSWIFT_MODULE_RESOURCE_BUNDLE_UNAVAILABLE -Xcc -fmodule-map-file\=/Users/admin/builder/spi-builder-workspace/.dependencies/checkouts/swift-cmark/src/include/module.modulemap -Xcc -fmodule-map-file\=/Users/admin/builder/spi-builder-workspace/.dependencies/checkouts/swift-cmark/extensions/include/module.modulemap -Xcc -fmodule-map-file\=/Users/admin/builder/spi-builder-workspace/.dependencies/checkouts/swift-markdown/Sources/CAtomic/include/module.modulemap -DXcode -plugin-path /Applications/Xcode-27.0.0-Release.Candidate.app/Contents/Developer/Toolchains/XcodeDefault.xctoolchain/usr/lib/swift/host/plugins/testing -enable-experimental-feature DebugDescriptionMacro -sdk /Applications/Xcode-27.0.0-Release.Candidate.app/Contents/Developer/Platforms/WatchOS.platform/Developer/SDKs/WatchOS27.0.sdk -target arm64_32-apple-watchos10.0 -g -module-cache-path /Users/admin/builder/spi-builder-workspace/.derivedData/ModuleCache.noindex -Xfrontend -serialize-debugging-options -profile-coverage-mapping -profile-generate -enable-testing -index-store-path /Users/admin/builder/spi-builder-workspace/.derivedData/Index.noindex/DataStore -Xcc -D_LIBCPP_HARDENING_MODE\=_LIBCPP_HARDENING_MODE_DEBUG -swift-version 6 -I /Users/admin/builder/spi-builder-workspace/.derivedData/Build/Products/Debug-watchos -Isystem /Applications/Xcode-27.0.0-Release.Candidate.app/Contents/Developer/Platforms/WatchOS.platform/Developer/usr/lib -F /Users/admin/builder/spi-builder-workspace/.derivedData/Build/Products/Debug-watchos/PackageFrameworks -F /Users/admin/builder/spi-builder-workspace/.derivedData/Build/Products/Debug-watchos -F /Applications/Xcode-27.0.0-Release.Candidate.app/Contents/Developer/Platforms/WatchOS.platform/Developer/Library/Frameworks -F /Applications/Xcode-27.0.0-Release.Candidate.app/Contents/Developer/Platforms/WatchOS.platform/Developer/SDKs/WatchOS27.0.sdk/Developer/Library/Frameworks -c -j10 -enable-batch-mode -incremental -Xcc -ivfsstatcache -Xcc /Users/admin/builder/spi-builder-workspace/.derivedData/SDKStatCaches.noindex/watchos27.0-24R360-e829b21a6f8c9b70876ba0858053c04477534ef55a1706bf4c1112bbb242f0a2.sdkstatcache -output-file-map /Users/admin/builder/spi-builder-workspace/.derivedData/Build/Intermediates.noindex/TextForSpeech.build/Debug-watchos/TextForSpeech-t.build/Objects-normal/arm64_32/TextForSpeech-OutputFileMap.json -save-temps -no-color-diagnostics -explicit-module-build -module-cache-path /Users/admin/builder/spi-builder-workspace/.derivedData/Build/Intermediates.noindex/SwiftExplicitPrecompiledModules -clang-scanner-module-cache-path /Users/admin/builder/spi-builder-workspace/.derivedData/ModuleCache.noindex -sdk-module-cache-path /Users/admin/builder/spi-builder-workspace/.derivedData/SDKExplicitPrecompiledModules -emit-dependencies -emit-module -emit-module-path /Users/admin/builder/spi-builder-workspace/.derivedData/Build/Intermediates.noindex/TextForSpeech.build/Debug-watchos/TextForSpeech-t.build/Objects-normal/arm64_32/TextForSpeech.swiftmodule -serialize-diagnostics -dependency-scan-serialize-diagnostics-path /Users/admin/builder/spi-builder-workspace/.derivedData/Build/Intermediates.noindex/TextForSpeech.build/Debug-watchos/TextForSpeech-t.build/Objects-normal/arm64_32/TextForSpeech-dependency-scan.dia -validate-clang-modules-once -clang-build-session-file /Users/admin/builder/spi-builder-workspace/.derivedData/ModuleCache.noindex/Session.modulevalidation -Xcc -fmodules-prune-interval\=86400 -Xcc -fmodules-prune-after\=345600 -package-name spi_builder_workspace -emit-const-values -const-gather-protocols-list /Users/admin/builder/spi-builder-workspace/.derivedData/Build/Intermediates.noindex/TextForSpeech.build/Debug-watchos/TextForSpeech-t.build/Objects-normal/arm64_32/TextForSpeech_const_extract_protocols.json -Xcc -I/Users/admin/builder/spi-builder-workspace/.dependencies/checkouts/swift-cmark/src/include -Xcc -I/Users/admin/builder/spi-builder-workspace/.dependencies/checkouts/swift-cmark/extensions/include -Xcc -I/Users/admin/builder/spi-builder-workspace/.dependencies/checkouts/swift-markdown/Sources/CAtomic/include -Xcc -I/Users/admin/builder/spi-builder-workspace/.derivedData/Build/Products/Debug-watchos/include -Xcc -I/Users/admin/builder/spi-builder-workspace/.derivedData/Build/Intermediates.noindex/TextForSpeech.build/Debug-watchos/TextForSpeech-t.build/DerivedSources-normal/arm64_32 -Xcc -I/Users/admin/builder/spi-builder-workspace/.derivedData/Build/Intermediates.noindex/TextForSpeech.build/Debug-watchos/TextForSpeech-t.build/DerivedSources/arm64_32 -Xcc -I/Users/admin/builder/spi-builder-workspace/.derivedData/Build/Intermediates.noindex/TextForSpeech.build/Debug-watchos/TextForSpeech-t.build/DerivedSources -Xcc -DSWIFT_PACKAGE -Xcc -DDEBUG\=1 -emit-objc-header -emit-objc-header-path /Users/admin/builder/spi-builder-workspace/.derivedData/Build/Intermediates.noindex/TextForSpeech.build/Debug-watchos/TextForSpeech-t.build/Objects-normal/arm64_32/TextForSpeech-Swift.h -working-directory /Users/admin/builder/spi-builder-workspace/.swiftpm/xcode -experimental-emit-module-separately -disable-cmo
SwiftDriver Markdown normal arm64_32 com.apple.xcode.tools.swift.compiler (in target 'Markdown' from project 'swift-markdown')
cd /Users/admin/builder/spi-builder-workspace/.swiftpm/xcode
builtin-SwiftDriver -- /Applications/Xcode-27.0.0-Release.Candidate.app/Contents/Developer/Toolchains/XcodeDefault.xctoolchain/usr/bin/swiftc -parse-as-library -module-name Markdown -Onone @/Users/admin/builder/spi-builder-workspace/.derivedData/Build/Intermediates.noindex/swift-markdown.build/Debug-watchos/Markdown-t.build/Objects-normal/arm64_32/Markdown.SwiftFileList -DSWIFT_PACKAGE -DDEBUG -DSWIFT_MODULE_RESOURCE_BUNDLE_UNAVAILABLE -Xcc -fmodule-map-file\=/Users/admin/builder/spi-builder-workspace/.dependencies/checkouts/swift-cmark/src/include/module.modulemap -Xcc -fmodule-map-file\=/Users/admin/builder/spi-builder-workspace/.dependencies/checkouts/swift-cmark/extensions/include/module.modulemap -Xcc -fmodule-map-file\=/Users/admin/builder/spi-builder-workspace/.dependencies/checkouts/swift-markdown/Sources/CAtomic/include/module.modulemap -DXcode -plugin-path /Applications/Xcode-27.0.0-Release.Candidate.app/Contents/Developer/Toolchains/XcodeDefault.xctoolchain/usr/lib/swift/host/plugins/testing -enable-experimental-feature DebugDescriptionMacro -sdk /Applications/Xcode-27.0.0-Release.Candidate.app/Contents/Developer/Platforms/WatchOS.platform/Developer/SDKs/WatchOS27.0.sdk -target arm64_32-apple-watchos9.0 -g -module-cache-path /Users/admin/builder/spi-builder-workspace/.derivedData/ModuleCache.noindex -Xfrontend -serialize-debugging-options -profile-coverage-mapping -profile-generate -enable-testing -suppress-warnings -index-store-path /Users/admin/builder/spi-builder-workspace/.derivedData/Index.noindex/DataStore -Xcc -D_LIBCPP_HARDENING_MODE\=_LIBCPP_HARDENING_MODE_DEBUG -swift-version 5 -I /Users/admin/builder/spi-builder-workspace/.derivedData/Build/Products/Debug-watchos -Isystem /Applications/Xcode-27.0.0-Release.Candidate.app/Contents/Developer/Platforms/WatchOS.platform/Developer/usr/lib -F /Users/admin/builder/spi-builder-workspace/.derivedData/Build/Products/Debug-watchos/PackageFrameworks -F /Users/admin/builder/spi-builder-workspace/.derivedData/Build/Products/Debug-watchos -F /Applications/Xcode-27.0.0-Release.Candidate.app/Contents/Developer/Platforms/WatchOS.platform/Developer/Library/Frameworks -F /Applications/Xcode-27.0.0-Release.Candidate.app/Contents/Developer/Platforms/WatchOS.platform/Developer/SDKs/WatchOS27.0.sdk/Developer/Library/Frameworks -c -j10 -enable-batch-mode -incremental -Xcc -ivfsstatcache -Xcc /Users/admin/builder/spi-builder-workspace/.derivedData/SDKStatCaches.noindex/watchos27.0-24R360-e829b21a6f8c9b70876ba0858053c04477534ef55a1706bf4c1112bbb242f0a2.sdkstatcache -output-file-map /Users/admin/builder/spi-builder-workspace/.derivedData/Build/Intermediates.noindex/swift-markdown.build/Debug-watchos/Markdown-t.build/Objects-normal/arm64_32/Markdown-OutputFileMap.json -save-temps -no-color-diagnostics -explicit-module-build -module-cache-path /Users/admin/builder/spi-builder-workspace/.derivedData/Build/Intermediates.noindex/SwiftExplicitPrecompiledModules -clang-scanner-module-cache-path /Users/admin/builder/spi-builder-workspace/.derivedData/ModuleCache.noindex -sdk-module-cache-path /Users/admin/builder/spi-builder-workspace/.derivedData/SDKExplicitPrecompiledModules -emit-dependencies -emit-module -emit-module-path /Users/admin/builder/spi-builder-workspace/.derivedData/Build/Intermediates.noindex/swift-markdown.build/Debug-watchos/Markdown-t.build/Objects-normal/arm64_32/Markdown.swiftmodule -serialize-diagnostics -dependency-scan-serialize-diagnostics-path /Users/admin/builder/spi-builder-workspace/.derivedData/Build/Intermediates.noindex/swift-markdown.build/Debug-watchos/Markdown-t.build/Objects-normal/arm64_32/Markdown-dependency-scan.dia -user-module-version 0.9.0 -validate-clang-modules-once -clang-build-session-file /Users/admin/builder/spi-builder-workspace/.derivedData/ModuleCache.noindex/Session.modulevalidation -Xcc -fmodules-prune-interval\=86400 -Xcc -fmodules-prune-after\=345600 -package-name swift_markdown -emit-const-values -const-gather-protocols-list /Users/admin/builder/spi-builder-workspace/.derivedData/Build/Intermediates.noindex/swift-markdown.build/Debug-watchos/Markdown-t.build/Objects-normal/arm64_32/Markdown_const_extract_protocols.json -Xcc -I/Users/admin/builder/spi-builder-workspace/.dependencies/checkouts/swift-cmark/src/include -Xcc -I/Users/admin/builder/spi-builder-workspace/.dependencies/checkouts/swift-cmark/extensions/include -Xcc -I/Users/admin/builder/spi-builder-workspace/.dependencies/checkouts/swift-markdown/Sources/CAtomic/include -Xcc -I/Users/admin/builder/spi-builder-workspace/.derivedData/Build/Products/Debug-watchos/include -Xcc -I/Users/admin/builder/spi-builder-workspace/.derivedData/Build/Intermediates.noindex/swift-markdown.build/Debug-watchos/Markdown-t.build/DerivedSources-normal/arm64_32 -Xcc -I/Users/admin/builder/spi-builder-workspace/.derivedData/Build/Intermediates.noindex/swift-markdown.build/Debug-watchos/Markdown-t.build/DerivedSources/arm64_32 -Xcc -I/Users/admin/builder/spi-builder-workspace/.derivedData/Build/Intermediates.noindex/swift-markdown.build/Debug-watchos/Markdown-t.build/DerivedSources -Xcc -DSWIFT_PACKAGE -Xcc -DDEBUG\=1 -emit-objc-header -emit-objc-header-path /Users/admin/builder/spi-builder-workspace/.derivedData/Build/Intermediates.noindex/swift-markdown.build/Debug-watchos/Markdown-t.build/Objects-normal/arm64_32/Markdown-Swift.h -working-directory /Users/admin/builder/spi-builder-workspace/.swiftpm/xcode -experimental-emit-module-separately -disable-cmo
SwiftDriver Markdown normal arm64 com.apple.xcode.tools.swift.compiler (in target 'Markdown' from project 'swift-markdown')
cd /Users/admin/builder/spi-builder-workspace/.swiftpm/xcode
builtin-SwiftDriver -- /Applications/Xcode-27.0.0-Release.Candidate.app/Contents/Developer/Toolchains/XcodeDefault.xctoolchain/usr/bin/swiftc -parse-as-library -module-name Markdown -Onone @/Users/admin/builder/spi-builder-workspace/.derivedData/Build/Intermediates.noindex/swift-markdown.build/Debug-watchos/Markdown-t.build/Objects-normal/arm64/Markdown.SwiftFileList -DSWIFT_PACKAGE -DDEBUG -DSWIFT_MODULE_RESOURCE_BUNDLE_UNAVAILABLE -Xcc -fmodule-map-file\=/Users/admin/builder/spi-builder-workspace/.dependencies/checkouts/swift-cmark/src/include/module.modulemap -Xcc -fmodule-map-file\=/Users/admin/builder/spi-builder-workspace/.dependencies/checkouts/swift-cmark/extensions/include/module.modulemap -Xcc -fmodule-map-file\=/Users/admin/builder/spi-builder-workspace/.dependencies/checkouts/swift-markdown/Sources/CAtomic/include/module.modulemap -DXcode -plugin-path /Applications/Xcode-27.0.0-Release.Candidate.app/Contents/Developer/Toolchains/XcodeDefault.xctoolchain/usr/lib/swift/host/plugins/testing -enable-experimental-feature DebugDescriptionMacro -sdk /Applications/Xcode-27.0.0-Release.Candidate.app/Contents/Developer/Platforms/WatchOS.platform/Developer/SDKs/WatchOS27.0.sdk -target arm64-apple-watchos9.0 -g -module-cache-path /Users/admin/builder/spi-builder-workspace/.derivedData/ModuleCache.noindex -Xfrontend -serialize-debugging-options -profile-coverage-mapping -profile-generate -enable-testing -suppress-warnings -index-store-path /Users/admin/builder/spi-builder-workspace/.derivedData/Index.noindex/DataStore -Xcc -D_LIBCPP_HARDENING_MODE\=_LIBCPP_HARDENING_MODE_DEBUG -swift-version 5 -I /Users/admin/builder/spi-builder-workspace/.derivedData/Build/Products/Debug-watchos -Isystem /Applications/Xcode-27.0.0-Release.Candidate.app/Contents/Developer/Platforms/WatchOS.platform/Developer/usr/lib -F /Users/admin/builder/spi-builder-workspace/.derivedData/Build/Products/Debug-watchos/PackageFrameworks -F /Users/admin/builder/spi-builder-workspace/.derivedData/Build/Products/Debug-watchos -F /Applications/Xcode-27.0.0-Release.Candidate.app/Contents/Developer/Platforms/WatchOS.platform/Developer/Library/Frameworks -F /Applications/Xcode-27.0.0-Release.Candidate.app/Contents/Developer/Platforms/WatchOS.platform/Developer/SDKs/WatchOS27.0.sdk/Developer/Library/Frameworks -c -j10 -enable-batch-mode -incremental -Xcc -ivfsstatcache -Xcc /Users/admin/builder/spi-builder-workspace/.derivedData/SDKStatCaches.noindex/watchos27.0-24R360-e829b21a6f8c9b70876ba0858053c04477534ef55a1706bf4c1112bbb242f0a2.sdkstatcache -output-file-map /Users/admin/builder/spi-builder-workspace/.derivedData/Build/Intermediates.noindex/swift-markdown.build/Debug-watchos/Markdown-t.build/Objects-normal/arm64/Markdown-OutputFileMap.json -save-temps -no-color-diagnostics -explicit-module-build -module-cache-path /Users/admin/builder/spi-builder-workspace/.derivedData/Build/Intermediates.noindex/SwiftExplicitPrecompiledModules -clang-scanner-module-cache-path /Users/admin/builder/spi-builder-workspace/.derivedData/ModuleCache.noindex -sdk-module-cache-path /Users/admin/builder/spi-builder-workspace/.derivedData/SDKExplicitPrecompiledModules -emit-dependencies -emit-module -emit-module-path /Users/admin/builder/spi-builder-workspace/.derivedData/Build/Intermediates.noindex/swift-markdown.build/Debug-watchos/Markdown-t.build/Objects-normal/arm64/Markdown.swiftmodule -serialize-diagnostics -dependency-scan-serialize-diagnostics-path /Users/admin/builder/spi-builder-workspace/.derivedData/Build/Intermediates.noindex/swift-markdown.build/Debug-watchos/Markdown-t.build/Objects-normal/arm64/Markdown-dependency-scan.dia -user-module-version 0.9.0 -validate-clang-modules-once -clang-build-session-file /Users/admin/builder/spi-builder-workspace/.derivedData/ModuleCache.noindex/Session.modulevalidation -Xcc -fmodules-prune-interval\=86400 -Xcc -fmodules-prune-after\=345600 -package-name swift_markdown -emit-const-values -const-gather-protocols-list /Users/admin/builder/spi-builder-workspace/.derivedData/Build/Intermediates.noindex/swift-markdown.build/Debug-watchos/Markdown-t.build/Objects-normal/arm64/Markdown_const_extract_protocols.json -Xcc -I/Users/admin/builder/spi-builder-workspace/.dependencies/checkouts/swift-cmark/src/include -Xcc -I/Users/admin/builder/spi-builder-workspace/.dependencies/checkouts/swift-cmark/extensions/include -Xcc -I/Users/admin/builder/spi-builder-workspace/.dependencies/checkouts/swift-markdown/Sources/CAtomic/include -Xcc -I/Users/admin/builder/spi-builder-workspace/.derivedData/Build/Products/Debug-watchos/include -Xcc -I/Users/admin/builder/spi-builder-workspace/.derivedData/Build/Intermediates.noindex/swift-markdown.build/Debug-watchos/Markdown-t.build/DerivedSources-normal/arm64 -Xcc -I/Users/admin/builder/spi-builder-workspace/.derivedData/Build/Intermediates.noindex/swift-markdown.build/Debug-watchos/Markdown-t.build/DerivedSources/arm64 -Xcc -I/Users/admin/builder/spi-builder-workspace/.derivedData/Build/Intermediates.noindex/swift-markdown.build/Debug-watchos/Markdown-t.build/DerivedSources -Xcc -DSWIFT_PACKAGE -Xcc -DDEBUG\=1 -emit-objc-header -emit-objc-header-path /Users/admin/builder/spi-builder-workspace/.derivedData/Build/Intermediates.noindex/swift-markdown.build/Debug-watchos/Markdown-t.build/Objects-normal/arm64/Markdown-Swift.h -working-directory /Users/admin/builder/spi-builder-workspace/.swiftpm/xcode -experimental-emit-module-separately -disable-cmo
SwiftDriver TextForSpeech normal arm64 com.apple.xcode.tools.swift.compiler (in target 'TextForSpeech' from project 'TextForSpeech')
cd /Users/admin/builder/spi-builder-workspace/.swiftpm/xcode
builtin-SwiftDriver -- /Applications/Xcode-27.0.0-Release.Candidate.app/Contents/Developer/Toolchains/XcodeDefault.xctoolchain/usr/bin/swiftc -parse-as-library -module-name TextForSpeech -Onone @/Users/admin/builder/spi-builder-workspace/.derivedData/Build/Intermediates.noindex/TextForSpeech.build/Debug-watchos/TextForSpeech-t.build/Objects-normal/arm64/TextForSpeech.SwiftFileList -DSWIFT_PACKAGE -DDEBUG -DSWIFT_MODULE_RESOURCE_BUNDLE_UNAVAILABLE -Xcc -fmodule-map-file\=/Users/admin/builder/spi-builder-workspace/.dependencies/checkouts/swift-cmark/src/include/module.modulemap -Xcc -fmodule-map-file\=/Users/admin/builder/spi-builder-workspace/.dependencies/checkouts/swift-cmark/extensions/include/module.modulemap -Xcc -fmodule-map-file\=/Users/admin/builder/spi-builder-workspace/.dependencies/checkouts/swift-markdown/Sources/CAtomic/include/module.modulemap -DXcode -plugin-path /Applications/Xcode-27.0.0-Release.Candidate.app/Contents/Developer/Toolchains/XcodeDefault.xctoolchain/usr/lib/swift/host/plugins/testing -enable-experimental-feature DebugDescriptionMacro -sdk /Applications/Xcode-27.0.0-Release.Candidate.app/Contents/Developer/Platforms/WatchOS.platform/Developer/SDKs/WatchOS27.0.sdk -target arm64-apple-watchos10.0 -g -module-cache-path /Users/admin/builder/spi-builder-workspace/.derivedData/ModuleCache.noindex -Xfrontend -serialize-debugging-options -profile-coverage-mapping -profile-generate -enable-testing -index-store-path /Users/admin/builder/spi-builder-workspace/.derivedData/Index.noindex/DataStore -Xcc -D_LIBCPP_HARDENING_MODE\=_LIBCPP_HARDENING_MODE_DEBUG -swift-version 6 -I /Users/admin/builder/spi-builder-workspace/.derivedData/Build/Products/Debug-watchos -Isystem /Applications/Xcode-27.0.0-Release.Candidate.app/Contents/Developer/Platforms/WatchOS.platform/Developer/usr/lib -F /Users/admin/builder/spi-builder-workspace/.derivedData/Build/Products/Debug-watchos/PackageFrameworks -F /Users/admin/builder/spi-builder-workspace/.derivedData/Build/Products/Debug-watchos -F /Applications/Xcode-27.0.0-Release.Candidate.app/Contents/Developer/Platforms/WatchOS.platform/Developer/Library/Frameworks -F /Applications/Xcode-27.0.0-Release.Candidate.app/Contents/Developer/Platforms/WatchOS.platform/Developer/SDKs/WatchOS27.0.sdk/Developer/Library/Frameworks -c -j10 -enable-batch-mode -incremental -Xcc -ivfsstatcache -Xcc /Users/admin/builder/spi-builder-workspace/.derivedData/SDKStatCaches.noindex/watchos27.0-24R360-e829b21a6f8c9b70876ba0858053c04477534ef55a1706bf4c1112bbb242f0a2.sdkstatcache -output-file-map /Users/admin/builder/spi-builder-workspace/.derivedData/Build/Intermediates.noindex/TextForSpeech.build/Debug-watchos/TextForSpeech-t.build/Objects-normal/arm64/TextForSpeech-OutputFileMap.json -save-temps -no-color-diagnostics -explicit-module-build -module-cache-path /Users/admin/builder/spi-builder-workspace/.derivedData/Build/Intermediates.noindex/SwiftExplicitPrecompiledModules -clang-scanner-module-cache-path /Users/admin/builder/spi-builder-workspace/.derivedData/ModuleCache.noindex -sdk-module-cache-path /Users/admin/builder/spi-builder-workspace/.derivedData/SDKExplicitPrecompiledModules -emit-dependencies -emit-module -emit-module-path /Users/admin/builder/spi-builder-workspace/.derivedData/Build/Intermediates.noindex/TextForSpeech.build/Debug-watchos/TextForSpeech-t.build/Objects-normal/arm64/TextForSpeech.swiftmodule -serialize-diagnostics -dependency-scan-serialize-diagnostics-path /Users/admin/builder/spi-builder-workspace/.derivedData/Build/Intermediates.noindex/TextForSpeech.build/Debug-watchos/TextForSpeech-t.build/Objects-normal/arm64/TextForSpeech-dependency-scan.dia -validate-clang-modules-once -clang-build-session-file /Users/admin/builder/spi-builder-workspace/.derivedData/ModuleCache.noindex/Session.modulevalidation -Xcc -fmodules-prune-interval\=86400 -Xcc -fmodules-prune-after\=345600 -package-name spi_builder_workspace -emit-const-values -const-gather-protocols-list /Users/admin/builder/spi-builder-workspace/.derivedData/Build/Intermediates.noindex/TextForSpeech.build/Debug-watchos/TextForSpeech-t.build/Objects-normal/arm64/TextForSpeech_const_extract_protocols.json -Xcc -I/Users/admin/builder/spi-builder-workspace/.dependencies/checkouts/swift-cmark/src/include -Xcc -I/Users/admin/builder/spi-builder-workspace/.dependencies/checkouts/swift-cmark/extensions/include -Xcc -I/Users/admin/builder/spi-builder-workspace/.dependencies/checkouts/swift-markdown/Sources/CAtomic/include -Xcc -I/Users/admin/builder/spi-builder-workspace/.derivedData/Build/Products/Debug-watchos/include -Xcc -I/Users/admin/builder/spi-builder-workspace/.derivedData/Build/Intermediates.noindex/TextForSpeech.build/Debug-watchos/TextForSpeech-t.build/DerivedSources-normal/arm64 -Xcc -I/Users/admin/builder/spi-builder-workspace/.derivedData/Build/Intermediates.noindex/TextForSpeech.build/Debug-watchos/TextForSpeech-t.build/DerivedSources/arm64 -Xcc -I/Users/admin/builder/spi-builder-workspace/.derivedData/Build/Intermediates.noindex/TextForSpeech.build/Debug-watchos/TextForSpeech-t.build/DerivedSources -Xcc -DSWIFT_PACKAGE -Xcc -DDEBUG\=1 -emit-objc-header -emit-objc-header-path /Users/admin/builder/spi-builder-workspace/.derivedData/Build/Intermediates.noindex/TextForSpeech.build/Debug-watchos/TextForSpeech-t.build/Objects-normal/arm64/TextForSpeech-Swift.h -working-directory /Users/admin/builder/spi-builder-workspace/.swiftpm/xcode -experimental-emit-module-separately -disable-cmo
SwiftDriver SwiftSoup normal arm64_32 com.apple.xcode.tools.swift.compiler (in target 'SwiftSoup' from project 'SwiftSoup')
cd /Users/admin/builder/spi-builder-workspace/.swiftpm/xcode
builtin-SwiftDriver -- /Applications/Xcode-27.0.0-Release.Candidate.app/Contents/Developer/Toolchains/XcodeDefault.xctoolchain/usr/bin/swiftc -parse-as-library -module-name SwiftSoup -Onone @/Users/admin/builder/spi-builder-workspace/.derivedData/Build/Intermediates.noindex/SwiftSoup.build/Debug-watchos/SwiftSoup-t.build/Objects-normal/arm64_32/SwiftSoup.SwiftFileList -DSWIFT_PACKAGE -DDEBUG -DSWIFT_MODULE_RESOURCE_BUNDLE_UNAVAILABLE -DXcode -plugin-path /Applications/Xcode-27.0.0-Release.Candidate.app/Contents/Developer/Toolchains/XcodeDefault.xctoolchain/usr/lib/swift/host/plugins/testing -enable-experimental-feature DebugDescriptionMacro -sdk /Applications/Xcode-27.0.0-Release.Candidate.app/Contents/Developer/Platforms/WatchOS.platform/Developer/SDKs/WatchOS27.0.sdk -target arm64_32-apple-watchos9.0 -g -module-cache-path /Users/admin/builder/spi-builder-workspace/.derivedData/ModuleCache.noindex -Xfrontend -serialize-debugging-options -profile-coverage-mapping -profile-generate -enable-testing -suppress-warnings -index-store-path /Users/admin/builder/spi-builder-workspace/.derivedData/Index.noindex/DataStore -Xcc -D_LIBCPP_HARDENING_MODE\=_LIBCPP_HARDENING_MODE_DEBUG -swift-version 6 -I /Users/admin/builder/spi-builder-workspace/.derivedData/Build/Products/Debug-watchos -Isystem /Applications/Xcode-27.0.0-Release.Candidate.app/Contents/Developer/Platforms/WatchOS.platform/Developer/usr/lib -F /Users/admin/builder/spi-builder-workspace/.derivedData/Build/Products/Debug-watchos -F /Applications/Xcode-27.0.0-Release.Candidate.app/Contents/Developer/Platforms/WatchOS.platform/Developer/Library/Frameworks -F /Applications/Xcode-27.0.0-Release.Candidate.app/Contents/Developer/Platforms/WatchOS.platform/Developer/SDKs/WatchOS27.0.sdk/Developer/Library/Frameworks -c -j10 -enable-batch-mode -incremental -Xcc -ivfsstatcache -Xcc /Users/admin/builder/spi-builder-workspace/.derivedData/SDKStatCaches.noindex/watchos27.0-24R360-e829b21a6f8c9b70876ba0858053c04477534ef55a1706bf4c1112bbb242f0a2.sdkstatcache -output-file-map /Users/admin/builder/spi-builder-workspace/.derivedData/Build/Intermediates.noindex/SwiftSoup.build/Debug-watchos/SwiftSoup-t.build/Objects-normal/arm64_32/SwiftSoup-OutputFileMap.json -save-temps -no-color-diagnostics -explicit-module-build -module-cache-path /Users/admin/builder/spi-builder-workspace/.derivedData/Build/Intermediates.noindex/SwiftExplicitPrecompiledModules -clang-scanner-module-cache-path /Users/admin/builder/spi-builder-workspace/.derivedData/ModuleCache.noindex -sdk-module-cache-path /Users/admin/builder/spi-builder-workspace/.derivedData/SDKExplicitPrecompiledModules -emit-dependencies -emit-module -emit-module-path /Users/admin/builder/spi-builder-workspace/.derivedData/Build/Intermediates.noindex/SwiftSoup.build/Debug-watchos/SwiftSoup-t.build/Objects-normal/arm64_32/SwiftSoup.swiftmodule -serialize-diagnostics -dependency-scan-serialize-diagnostics-path /Users/admin/builder/spi-builder-workspace/.derivedData/Build/Intermediates.noindex/SwiftSoup.build/Debug-watchos/SwiftSoup-t.build/Objects-normal/arm64_32/SwiftSoup-dependency-scan.dia -user-module-version 2.13.9 -validate-clang-modules-once -clang-build-session-file /Users/admin/builder/spi-builder-workspace/.derivedData/ModuleCache.noindex/Session.modulevalidation -Xcc -fmodules-prune-interval\=86400 -Xcc -fmodules-prune-after\=345600 -package-name swiftsoup -emit-const-values -const-gather-protocols-list /Users/admin/builder/spi-builder-workspace/.derivedData/Build/Intermediates.noindex/SwiftSoup.build/Debug-watchos/SwiftSoup-t.build/Objects-normal/arm64_32/SwiftSoup_const_extract_protocols.json -Xcc -I/Users/admin/builder/spi-builder-workspace/.derivedData/Build/Products/Debug-watchos/include -Xcc -I/Users/admin/builder/spi-builder-workspace/.derivedData/Build/Intermediates.noindex/SwiftSoup.build/Debug-watchos/SwiftSoup-t.build/DerivedSources-normal/arm64_32 -Xcc -I/Users/admin/builder/spi-builder-workspace/.derivedData/Build/Intermediates.noindex/SwiftSoup.build/Debug-watchos/SwiftSoup-t.build/DerivedSources/arm64_32 -Xcc -I/Users/admin/builder/spi-builder-workspace/.derivedData/Build/Intermediates.noindex/SwiftSoup.build/Debug-watchos/SwiftSoup-t.build/DerivedSources -Xcc -DSWIFT_PACKAGE -Xcc -DDEBUG\=1 -emit-objc-header -emit-objc-header-path /Users/admin/builder/spi-builder-workspace/.derivedData/Build/Intermediates.noindex/SwiftSoup.build/Debug-watchos/SwiftSoup-t.build/Objects-normal/arm64_32/SwiftSoup-Swift.h -working-directory /Users/admin/builder/spi-builder-workspace/.swiftpm/xcode -experimental-emit-module-separately -disable-cmo
SwiftCompile normal arm64 Compiling\ ParsingUtilities.swift,\ ReplacementRuleEngine.swift,\ ReplacementRuleMatching.swift,\ SemanticTextAnnotations.swift,\ SourceNormalizer.swift /Users/admin/builder/spi-builder-workspace/Sources/TextForSpeech/Normalization/ParsingUtilities.swift /Users/admin/builder/spi-builder-workspace/Sources/TextForSpeech/Normalization/ReplacementRuleEngine.swift /Users/admin/builder/spi-builder-workspace/Sources/TextForSpeech/Normalization/ReplacementRuleMatching.swift /Users/admin/builder/spi-builder-workspace/Sources/TextForSpeech/Normalization/SemanticTextAnnotations.swift /Users/admin/builder/spi-builder-workspace/Sources/TextForSpeech/Normalization/SourceNormalizer.swift (in target 'TextForSpeech' from project 'TextForSpeech')
SwiftCompile normal arm64 /Users/admin/builder/spi-builder-workspace/Sources/TextForSpeech/Normalization/ParsingUtilities.swift (in target 'TextForSpeech' from project 'TextForSpeech')
cd /Users/admin/builder/spi-builder-workspace/.swiftpm/xcode
builtin-SwiftPerFileCompile ParsingUtilities.swift
SwiftCompile normal arm64 /Users/admin/builder/spi-builder-workspace/Sources/TextForSpeech/Normalization/ReplacementRuleEngine.swift (in target 'TextForSpeech' from project 'TextForSpeech')
cd /Users/admin/builder/spi-builder-workspace/.swiftpm/xcode
builtin-SwiftPerFileCompile ReplacementRuleEngine.swift
SwiftCompile normal arm64 /Users/admin/builder/spi-builder-workspace/Sources/TextForSpeech/Normalization/ReplacementRuleMatching.swift (in target 'TextForSpeech' from project 'TextForSpeech')
cd /Users/admin/builder/spi-builder-workspace/.swiftpm/xcode
builtin-SwiftPerFileCompile ReplacementRuleMatching.swift
SwiftCompile normal arm64 /Users/admin/builder/spi-builder-workspace/Sources/TextForSpeech/Normalization/SemanticTextAnnotations.swift (in target 'TextForSpeech' from project 'TextForSpeech')
cd /Users/admin/builder/spi-builder-workspace/.swiftpm/xcode
builtin-SwiftPerFileCompile SemanticTextAnnotations.swift
SwiftCompile normal arm64 /Users/admin/builder/spi-builder-workspace/Sources/TextForSpeech/Normalization/SourceNormalizer.swift (in target 'TextForSpeech' from project 'TextForSpeech')
cd /Users/admin/builder/spi-builder-workspace/.swiftpm/xcode
builtin-SwiftPerFileCompile SourceNormalizer.swift
SwiftCompile normal arm64 Compiling\ RequestContext.swift,\ SummarizationProvider.swift,\ FormatDetection.swift,\ Formatting.swift,\ MarkdownNormalizationPasses.swift /Users/admin/builder/spi-builder-workspace/Sources/TextForSpeech/Models/RequestContext.swift /Users/admin/builder/spi-builder-workspace/Sources/TextForSpeech/Models/SummarizationProvider.swift /Users/admin/builder/spi-builder-workspace/Sources/TextForSpeech/Normalization/FormatDetection.swift /Users/admin/builder/spi-builder-workspace/Sources/TextForSpeech/Normalization/Formatting.swift /Users/admin/builder/spi-builder-workspace/Sources/TextForSpeech/Normalization/MarkdownNormalizationPasses.swift (in target 'TextForSpeech' from project 'TextForSpeech')
SwiftCompile normal arm64 /Users/admin/builder/spi-builder-workspace/Sources/TextForSpeech/Models/RequestContext.swift (in target 'TextForSpeech' from project 'TextForSpeech')
cd /Users/admin/builder/spi-builder-workspace/.swiftpm/xcode
builtin-SwiftPerFileCompile RequestContext.swift
SwiftCompile normal arm64 /Users/admin/builder/spi-builder-workspace/Sources/TextForSpeech/Models/SummarizationProvider.swift (in target 'TextForSpeech' from project 'TextForSpeech')
cd /Users/admin/builder/spi-builder-workspace/.swiftpm/xcode
builtin-SwiftPerFileCompile SummarizationProvider.swift
SwiftCompile normal arm64 /Users/admin/builder/spi-builder-workspace/Sources/TextForSpeech/Normalization/FormatDetection.swift (in target 'TextForSpeech' from project 'TextForSpeech')
cd /Users/admin/builder/spi-builder-workspace/.swiftpm/xcode
builtin-SwiftPerFileCompile FormatDetection.swift
SwiftCompile normal arm64 /Users/admin/builder/spi-builder-workspace/Sources/TextForSpeech/Normalization/Formatting.swift (in target 'TextForSpeech' from project 'TextForSpeech')
cd /Users/admin/builder/spi-builder-workspace/.swiftpm/xcode
builtin-SwiftPerFileCompile Formatting.swift
SwiftCompile normal arm64 /Users/admin/builder/spi-builder-workspace/Sources/TextForSpeech/Normalization/MarkdownNormalizationPasses.swift (in target 'TextForSpeech' from project 'TextForSpeech')
cd /Users/admin/builder/spi-builder-workspace/.swiftpm/xcode
builtin-SwiftPerFileCompile MarkdownNormalizationPasses.swift
SwiftCompile normal arm64 Compiling\ BuiltInStylePresets.swift,\ BuiltInTokenTransforms.swift,\ Format.swift,\ Profile.swift,\ Replacement.swift /Users/admin/builder/spi-builder-workspace/Sources/TextForSpeech/Models/BuiltInProfiles/BuiltInStylePresets.swift /Users/admin/builder/spi-builder-workspace/Sources/TextForSpeech/Models/BuiltInProfiles/BuiltInTokenTransforms.swift /Users/admin/builder/spi-builder-workspace/Sources/TextForSpeech/Models/Format.swift /Users/admin/builder/spi-builder-workspace/Sources/TextForSpeech/Models/Profile.swift /Users/admin/builder/spi-builder-workspace/Sources/TextForSpeech/Models/Replacement.swift (in target 'TextForSpeech' from project 'TextForSpeech')
SwiftCompile normal arm64 /Users/admin/builder/spi-builder-workspace/Sources/TextForSpeech/Models/BuiltInProfiles/BuiltInStylePresets.swift (in target 'TextForSpeech' from project 'TextForSpeech')
cd /Users/admin/builder/spi-builder-workspace/.swiftpm/xcode
builtin-SwiftPerFileCompile BuiltInStylePresets.swift
SwiftCompile normal arm64 /Users/admin/builder/spi-builder-workspace/Sources/TextForSpeech/Models/BuiltInProfiles/BuiltInTokenTransforms.swift (in target 'TextForSpeech' from project 'TextForSpeech')
cd /Users/admin/builder/spi-builder-workspace/.swiftpm/xcode
builtin-SwiftPerFileCompile BuiltInTokenTransforms.swift
SwiftCompile normal arm64 /Users/admin/builder/spi-builder-workspace/Sources/TextForSpeech/Models/Format.swift (in target 'TextForSpeech' from project 'TextForSpeech')
cd /Users/admin/builder/spi-builder-workspace/.swiftpm/xcode
builtin-SwiftPerFileCompile Format.swift
SwiftCompile normal arm64 /Users/admin/builder/spi-builder-workspace/Sources/TextForSpeech/Models/Profile.swift (in target 'TextForSpeech' from project 'TextForSpeech')
cd /Users/admin/builder/spi-builder-workspace/.swiftpm/xcode
builtin-SwiftPerFileCompile Profile.swift
SwiftCompile normal arm64 /Users/admin/builder/spi-builder-workspace/Sources/TextForSpeech/Models/Replacement.swift (in target 'TextForSpeech' from project 'TextForSpeech')
cd /Users/admin/builder/spi-builder-workspace/.swiftpm/xcode
builtin-SwiftPerFileCompile Replacement.swift
SwiftCompile normal arm64 Compiling\ NormalizationAPI.swift,\ BuiltInProfileStyle.swift,\ BuiltInProfiles.swift,\ BuiltInExtensionAliases.swift,\ BuiltInScalarPronunciations.swift /Users/admin/builder/spi-builder-workspace/Sources/TextForSpeech/API/NormalizationAPI.swift /Users/admin/builder/spi-builder-workspace/Sources/TextForSpeech/Models/BuiltInProfileStyle.swift /Users/admin/builder/spi-builder-workspace/Sources/TextForSpeech/Models/BuiltInProfiles.swift /Users/admin/builder/spi-builder-workspace/Sources/TextForSpeech/Models/BuiltInProfiles/BuiltInExtensionAliases.swift /Users/admin/builder/spi-builder-workspace/Sources/TextForSpeech/Models/BuiltInProfiles/BuiltInScalarPronunciations.swift (in target 'TextForSpeech' from project 'TextForSpeech')
SwiftCompile normal arm64 /Users/admin/builder/spi-builder-workspace/Sources/TextForSpeech/API/NormalizationAPI.swift (in target 'TextForSpeech' from project 'TextForSpeech')
cd /Users/admin/builder/spi-builder-workspace/.swiftpm/xcode
builtin-SwiftPerFileCompile NormalizationAPI.swift
SwiftCompile normal arm64 /Users/admin/builder/spi-builder-workspace/Sources/TextForSpeech/Models/BuiltInProfileStyle.swift (in target 'TextForSpeech' from project 'TextForSpeech')
cd /Users/admin/builder/spi-builder-workspace/.swiftpm/xcode
builtin-SwiftPerFileCompile BuiltInProfileStyle.swift
SwiftCompile normal arm64 /Users/admin/builder/spi-builder-workspace/Sources/TextForSpeech/Models/BuiltInProfiles.swift (in target 'TextForSpeech' from project 'TextForSpeech')
cd /Users/admin/builder/spi-builder-workspace/.swiftpm/xcode
builtin-SwiftPerFileCompile BuiltInProfiles.swift
SwiftCompile normal arm64 /Users/admin/builder/spi-builder-workspace/Sources/TextForSpeech/Models/BuiltInProfiles/BuiltInExtensionAliases.swift (in target 'TextForSpeech' from project 'TextForSpeech')
cd /Users/admin/builder/spi-builder-workspace/.swiftpm/xcode
builtin-SwiftPerFileCompile BuiltInExtensionAliases.swift
SwiftCompile normal arm64 /Users/admin/builder/spi-builder-workspace/Sources/TextForSpeech/Models/BuiltInProfiles/BuiltInScalarPronunciations.swift (in target 'TextForSpeech' from project 'TextForSpeech')
cd /Users/admin/builder/spi-builder-workspace/.swiftpm/xcode
builtin-SwiftPerFileCompile BuiltInScalarPronunciations.swift
SwiftCompile normal arm64 Compiling\ SpeechConversion.swift,\ StructuredDocumentDetection.swift,\ TextNormalizer+Detection.swift,\ TextNormalizer+Heuristics.swift,\ TextNormalizer+PathCompaction.swift /Users/admin/builder/spi-builder-workspace/Sources/TextForSpeech/Normalization/SpeechConversion.swift /Users/admin/builder/spi-builder-workspace/Sources/TextForSpeech/Normalization/StructuredDocumentDetection.swift /Users/admin/builder/spi-builder-workspace/Sources/TextForSpeech/Normalization/TextNormalizer+Detection.swift /Users/admin/builder/spi-builder-workspace/Sources/TextForSpeech/Normalization/TextNormalizer+Heuristics.swift /Users/admin/builder/spi-builder-workspace/Sources/TextForSpeech/Normalization/TextNormalizer+PathCompaction.swift (in target 'TextForSpeech' from project 'TextForSpeech')
SwiftCompile normal arm64 /Users/admin/builder/spi-builder-workspace/Sources/TextForSpeech/Normalization/SpeechConversion.swift (in target 'TextForSpeech' from project 'TextForSpeech')
cd /Users/admin/builder/spi-builder-workspace/.swiftpm/xcode
builtin-SwiftPerFileCompile SpeechConversion.swift
SwiftCompile normal arm64 /Users/admin/builder/spi-builder-workspace/Sources/TextForSpeech/Normalization/StructuredDocumentDetection.swift (in target 'TextForSpeech' from project 'TextForSpeech')
cd /Users/admin/builder/spi-builder-workspace/.swiftpm/xcode
builtin-SwiftPerFileCompile StructuredDocumentDetection.swift
SwiftCompile normal arm64 /Users/admin/builder/spi-builder-workspace/Sources/TextForSpeech/Normalization/TextNormalizer+Detection.swift (in target 'TextForSpeech' from project 'TextForSpeech')
cd /Users/admin/builder/spi-builder-workspace/.swiftpm/xcode
builtin-SwiftPerFileCompile TextNormalizer+Detection.swift
SwiftCompile normal arm64 /Users/admin/builder/spi-builder-workspace/Sources/TextForSpeech/Normalization/TextNormalizer+Heuristics.swift (in target 'TextForSpeech' from project 'TextForSpeech')
cd /Users/admin/builder/spi-builder-workspace/.swiftpm/xcode
builtin-SwiftPerFileCompile TextNormalizer+Heuristics.swift
SwiftCompile normal arm64 /Users/admin/builder/spi-builder-workspace/Sources/TextForSpeech/Normalization/TextNormalizer+PathCompaction.swift (in target 'TextForSpeech' from project 'TextForSpeech')
cd /Users/admin/builder/spi-builder-workspace/.swiftpm/xcode
builtin-SwiftPerFileCompile TextNormalizer+PathCompaction.swift
SwiftCompile normal arm64 Compiling\ TextNormalizer+PathContext.swift,\ TextNormalizer+SpeechHelpers.swift,\ TextNormalizer.swift,\ TextSummarizer+CodexExec.swift,\ TextSummarizer.swift /Users/admin/builder/spi-builder-workspace/Sources/TextForSpeech/Normalization/TextNormalizer+PathContext.swift /Users/admin/builder/spi-builder-workspace/Sources/TextForSpeech/Normalization/TextNormalizer+SpeechHelpers.swift /Users/admin/builder/spi-builder-workspace/Sources/TextForSpeech/Normalization/TextNormalizer.swift /Users/admin/builder/spi-builder-workspace/Sources/TextForSpeech/Normalization/TextSummarizer+CodexExec.swift /Users/admin/builder/spi-builder-workspace/Sources/TextForSpeech/Normalization/TextSummarizer.swift (in target 'TextForSpeech' from project 'TextForSpeech')
SwiftCompile normal arm64 /Users/admin/builder/spi-builder-workspace/Sources/TextForSpeech/Normalization/TextNormalizer+PathContext.swift (in target 'TextForSpeech' from project 'TextForSpeech')
cd /Users/admin/builder/spi-builder-workspace/.swiftpm/xcode
builtin-SwiftPerFileCompile TextNormalizer+PathContext.swift
SwiftCompile normal arm64 /Users/admin/builder/spi-builder-workspace/Sources/TextForSpeech/Normalization/TextNormalizer+SpeechHelpers.swift (in target 'TextForSpeech' from project 'TextForSpeech')
cd /Users/admin/builder/spi-builder-workspace/.swiftpm/xcode
builtin-SwiftPerFileCompile TextNormalizer+SpeechHelpers.swift
SwiftCompile normal arm64 /Users/admin/builder/spi-builder-workspace/Sources/TextForSpeech/Normalization/TextNormalizer.swift (in target 'TextForSpeech' from project 'TextForSpeech')
cd /Users/admin/builder/spi-builder-workspace/.swiftpm/xcode
builtin-SwiftPerFileCompile TextNormalizer.swift
SwiftCompile normal arm64 /Users/admin/builder/spi-builder-workspace/Sources/TextForSpeech/Normalization/TextSummarizer+CodexExec.swift (in target 'TextForSpeech' from project 'TextForSpeech')
cd /Users/admin/builder/spi-builder-workspace/.swiftpm/xcode
builtin-SwiftPerFileCompile TextSummarizer+CodexExec.swift
SwiftCompile normal arm64 /Users/admin/builder/spi-builder-workspace/Sources/TextForSpeech/Normalization/TextSummarizer.swift (in target 'TextForSpeech' from project 'TextForSpeech')
cd /Users/admin/builder/spi-builder-workspace/.swiftpm/xcode
builtin-SwiftPerFileCompile TextSummarizer.swift
SwiftEmitModule normal arm64 Emitting\ module\ for\ TextForSpeech (in target 'TextForSpeech' from project 'TextForSpeech')
/Users/admin/builder/spi-builder-workspace/Sources/TextForSpeech/Normalization/TextSummarizer.swift:273:19: error: 'SystemLanguageModel' is unavailable in watchOS
271 | #if canImport(FoundationModels)
272 | @available(macOS 26.0, iOS 26.0, *)
273 | private extension SystemLanguageModel.Availability {
| `- error: 'SystemLanguageModel' is unavailable in watchOS
274 | var textForSpeechSummaryDescription: String {
275 | switch self {
FoundationModels.SystemLanguageModel:4:20: note: 'SystemLanguageModel' has been explicitly marked unavailable here
2 | @available(tvOS, unavailable)
3 | @available(watchOS, unavailable)
4 | final public class SystemLanguageModel : Sendable {
| `- note: 'SystemLanguageModel' has been explicitly marked unavailable here
5 | @objc deinit
6 | }
Failed frontend command:
/Applications/Xcode-27.0.0-Release.Candidate.app/Contents/Developer/Toolchains/XcodeDefault.xctoolchain/usr/bin/swift-frontend -frontend -emit-module -experimental-skip-non-inlinable-function-bodies-without-types /Users/admin/builder/spi-builder-workspace/Sources/TextForSpeech/API/NormalizationAPI.swift /Users/admin/builder/spi-builder-workspace/Sources/TextForSpeech/Models/BuiltInProfileStyle.swift /Users/admin/builder/spi-builder-workspace/Sources/TextForSpeech/Models/BuiltInProfiles.swift /Users/admin/builder/spi-builder-workspace/Sources/TextForSpeech/Models/BuiltInProfiles/BuiltInExtensionAliases.swift /Users/admin/builder/spi-builder-workspace/Sources/TextForSpeech/Models/BuiltInProfiles/BuiltInScalarPronunciations.swift /Users/admin/builder/spi-builder-workspace/Sources/TextForSpeech/Models/BuiltInProfiles/BuiltInStylePresets.swift /Users/admin/builder/spi-builder-workspace/Sources/TextForSpeech/Models/BuiltInProfiles/BuiltInTokenTransforms.swift /Users/admin/builder/spi-builder-workspace/Sources/TextForSpeech/Models/Format.swift /Users/admin/builder/spi-builder-workspace/Sources/TextForSpeech/Models/Profile.swift /Users/admin/builder/spi-builder-workspace/Sources/TextForSpeech/Models/Replacement.swift /Users/admin/builder/spi-builder-workspace/Sources/TextForSpeech/Models/RequestContext.swift /Users/admin/builder/spi-builder-workspace/Sources/TextForSpeech/Models/SummarizationProvider.swift /Users/admin/builder/spi-builder-workspace/Sources/TextForSpeech/Normalization/FormatDetection.swift /Users/admin/builder/spi-builder-workspace/Sources/TextForSpeech/Normalization/Formatting.swift /Users/admin/builder/spi-builder-workspace/Sources/TextForSpeech/Normalization/MarkdownNormalizationPasses.swift /Users/admin/builder/spi-builder-workspace/Sources/TextForSpeech/Normalization/ParsingUtilities.swift /Users/admin/builder/spi-builder-workspace/Sources/TextForSpeech/Normalization/ReplacementRuleEngine.swift /Users/admin/builder/spi-builder-workspace/Sources/TextForSpeech/Normalization/ReplacementRuleMatching.swift /Users/admin/builder/spi-builder-workspace/Sources/TextForSpeech/Normalization/SemanticTextAnnotations.swift /Users/admin/builder/spi-builder-workspace/Sources/TextForSpeech/Normalization/SourceNormalizer.swift /Users/admin/builder/spi-builder-workspace/Sources/TextForSpeech/Normalization/SpeechConversion.swift /Users/admin/builder/spi-builder-workspace/Sources/TextForSpeech/Normalization/StructuredDocumentDetection.swift /Users/admin/builder/spi-builder-workspace/Sources/TextForSpeech/Normalization/TextNormalizer+Detection.swift /Users/admin/builder/spi-builder-workspace/Sources/TextForSpeech/Normalization/TextNormalizer+Heuristics.swift /Users/admin/builder/spi-builder-workspace/Sources/TextForSpeech/Normalization/TextNormalizer+PathCompaction.swift /Users/admin/builder/spi-builder-workspace/Sources/TextForSpeech/Normalization/TextNormalizer+PathContext.swift /Users/admin/builder/spi-builder-workspace/Sources/TextForSpeech/Normalization/TextNormalizer+SpeechHelpers.swift /Users/admin/builder/spi-builder-workspace/Sources/TextForSpeech/Normalization/TextNormalizer.swift /Users/admin/builder/spi-builder-workspace/Sources/TextForSpeech/Normalization/TextSummarizer+CodexExec.swift /Users/admin/builder/spi-builder-workspace/Sources/TextForSpeech/Normalization/TextSummarizer.swift /Users/admin/builder/spi-builder-workspace/Sources/TextForSpeech/Normalization/TokenNormalizationPasses.swift /Users/admin/builder/spi-builder-workspace/Sources/TextForSpeech/Runtime/Errors.swift /Users/admin/builder/spi-builder-workspace/Sources/TextForSpeech/Runtime/PersistedState.swift /Users/admin/builder/spi-builder-workspace/Sources/TextForSpeech/Runtime/TextForSpeechRuntime+Normalization.swift /Users/admin/builder/spi-builder-workspace/Sources/TextForSpeech/Runtime/TextForSpeechRuntime+NormalizationOperations.swift /Users/admin/builder/spi-builder-workspace/Sources/TextForSpeech/Runtime/TextForSpeechRuntime+Persistence.swift /Users/admin/builder/spi-builder-workspace/Sources/TextForSpeech/Runtime/TextForSpeechRuntime+PersistenceOperations.swift /Users/admin/builder/spi-builder-workspace/Sources/TextForSpeech/Runtime/TextForSpeechRuntime+Profiles.swift /Users/admin/builder/spi-builder-workspace/Sources/TextForSpeech/Runtime/TextForSpeechRuntime+ProfilesMutations.swift /Users/admin/builder/spi-builder-workspace/Sources/TextForSpeech/Runtime/TextForSpeechRuntime+ProfilesQueries.swift /Users/admin/builder/spi-builder-workspace/Sources/TextForSpeech/Runtime/TextForSpeechRuntime+Storage.swift /Users/admin/builder/spi-builder-workspace/Sources/TextForSpeech/Runtime/TextForSpeechRuntime+Style.swift /Users/admin/builder/spi-builder-workspace/Sources/TextForSpeech/Runtime/TextForSpeechRuntime+StyleOperations.swift /Users/admin/builder/spi-builder-workspace/Sources/TextForSpeech/Runtime/TextForSpeechRuntime+SummarizationProvider.swift /Users/admin/builder/spi-builder-workspace/Sources/TextForSpeech/Runtime/TextForSpeechRuntime.swift /Users/admin/builder/spi-builder-workspace/Sources/TextForSpeech/TextForSpeech.swift -target arm64-apple-watchos10.0 -module-can-import-version FoundationModels 2.0.68.1 0 -disable-cross-import-overlay-search -load-resolved-plugin /Applications/Xcode-27.0.0-Release.Candidate.app/Contents/Developer/Platforms/WatchOS.platform/Developer/usr/lib/swift/host/plugins/libFoundationMacros.dylib\#/Applications/Xcode-27.0.0-Release.Candidate.app/Contents/Developer/Platforms/WatchOS.platform/Developer/usr/bin/swift-plugin-server\#FoundationMacros -load-resolved-plugin /Applications/Xcode-27.0.0-Release.Candidate.app/Contents/Developer/Platforms/WatchOS.platform/Developer/usr/lib/swift/host/plugins/libFoundationModelsMacros.dylib\#/Applications/Xcode-27.0.0-Release.Candidate.app/Contents/Developer/Platforms/WatchOS.platform/Developer/usr/bin/swift-plugin-server\#FoundationModelsMacros -load-resolved-plugin /Applications/Xcode-27.0.0-Release.Candidate.app/Contents/Developer/Platforms/WatchOS.platform/Developer/usr/lib/swift/host/plugins/libObservationMacros.dylib\#/Applications/Xcode-27.0.0-Release.Candidate.app/Contents/Developer/Platforms/WatchOS.platform/Developer/usr/bin/swift-plugin-server\#ObservationMacros -load-resolved-plugin /Applications/Xcode-27.0.0-Release.Candidate.app/Contents/Developer/Platforms/WatchOS.platform/Developer/usr/lib/swift/host/plugins/libSwiftMacros.dylib\#/Applications/Xcode-27.0.0-Release.Candidate.app/Contents/Developer/Platforms/WatchOS.platform/Developer/usr/bin/swift-plugin-server\#SwiftMacros -disable-implicit-swift-modules -Xcc -fno-implicit-modules -Xcc -fno-implicit-module-maps -explicit-swift-module-map-file /Users/admin/builder/spi-builder-workspace/.derivedData/Build/Intermediates.noindex/TextForSpeech.build/Debug-watchos/TextForSpeech-t.build/Objects-normal/arm64/TextForSpeech-dependencies-1.json -Xllvm -aarch64-use-tbi -enable-objc-interop -stack-check -sdk /Applications/Xcode-27.0.0-Release.Candidate.app/Contents/Developer/Platforms/WatchOS.platform/Developer/SDKs/WatchOS27.0.sdk -I /Users/admin/builder/spi-builder-workspace/.derivedData/Build/Products/Debug-watchos -Isystem /Applications/Xcode-27.0.0-Release.Candidate.app/Contents/Developer/Platforms/WatchOS.platform/Developer/usr/lib -F /Users/admin/builder/spi-builder-workspace/.derivedData/Build/Products/Debug-watchos/PackageFrameworks -F /Users/admin/builder/spi-builder-workspace/.derivedData/Build/Products/Debug-watchos -F /Applications/Xcode-27.0.0-Release.Candidate.app/Contents/Developer/Platforms/WatchOS.platform/Developer/Library/Frameworks -F /Applications/Xcode-27.0.0-Release.Candidate.app/Contents/Developer/Platforms/WatchOS.platform/Developer/SDKs/WatchOS27.0.sdk/Developer/Library/Frameworks -module-cache-path /Users/admin/builder/spi-builder-workspace/.derivedData/Build/Intermediates.noindex/SwiftExplicitPrecompiledModules -no-color-diagnostics -Xcc -fno-color-diagnostics -enable-testing -g -debug-info-format\=dwarf -dwarf-version\=4 -profile-generate -profile-coverage-mapping -swift-version 6 -Onone -D SWIFT_PACKAGE -D DEBUG -D SWIFT_MODULE_RESOURCE_BUNDLE_UNAVAILABLE -D Xcode -serialize-debugging-options -enable-experimental-feature DebugDescriptionMacro -empty-abi-descriptor -validate-clang-modules-once -clang-build-session-file /Users/admin/builder/spi-builder-workspace/.derivedData/ModuleCache.noindex/Session.modulevalidation -Xcc -working-directory -Xcc /Users/admin/builder/spi-builder-workspace/.swiftpm/xcode -enable-anonymous-context-mangled-names -file-compilation-dir /Users/admin/builder/spi-builder-workspace/.swiftpm/xcode -Xcc -fmodule-map-file\=/Users/admin/builder/spi-builder-workspace/.dependencies/checkouts/swift-cmark/src/include/module.modulemap -Xcc -fmodule-map-file\=/Users/admin/builder/spi-builder-workspace/.dependencies/checkouts/swift-cmark/extensions/include/module.modulemap -Xcc -fmodule-map-file\=/Users/admin/builder/spi-builder-workspace/.dependencies/checkouts/swift-markdown/Sources/CAtomic/include/module.modulemap -Xcc -D_LIBCPP_HARDENING_MODE\=_LIBCPP_HARDENING_MODE_DEBUG -Xcc -ivfsstatcache -Xcc /Users/admin/builder/spi-builder-workspace/.derivedData/SDKStatCaches.noindex/watchos27.0-24R360-e829b21a6f8c9b70876ba0858053c04477534ef55a1706bf4c1112bbb242f0a2.sdkstatcache -Xcc -fmodules-prune-interval\=86400 -Xcc -fmodules-prune-after\=345600 -Xcc -I/Users/admin/builder/spi-builder-workspace/.dependencies/checkouts/swift-cmark/src/include -Xcc -I/Users/admin/builder/spi-builder-workspace/.dependencies/checkouts/swift-cmark/extensions/include -Xcc -I/Users/admin/builder/spi-builder-workspace/.dependencies/checkouts/swift-markdown/Sources/CAtomic/include -Xcc -I/Users/admin/builder/spi-builder-workspace/.derivedData/Build/Products/Debug-watchos/include -Xcc -I/Users/admin/builder/spi-builder-workspace/.derivedData/Build/Intermediates.noindex/TextForSpeech.build/Debug-watchos/TextForSpeech-t.build/DerivedSources-normal/arm64 -Xcc -I/Users/admin/builder/spi-builder-workspace/.derivedData/Build/Intermediates.noindex/TextForSpeech.build/Debug-watchos/TextForSpeech-t.build/DerivedSources/arm64 -Xcc -I/Users/admin/builder/spi-builder-workspace/.derivedData/Build/Intermediates.noindex/TextForSpeech.build/Debug-watchos/TextForSpeech-t.build/DerivedSources -Xcc -DSWIFT_PACKAGE -Xcc -DDEBUG\=1 -no-auto-bridging-header-chaining -module-name TextForSpeech -package-name spi_builder_workspace -const-gather-protocols-file /Users/admin/builder/spi-builder-workspace/.derivedData/Build/Intermediates.noindex/TextForSpeech.build/Debug-watchos/TextForSpeech-t.build/Objects-normal/arm64/TextForSpeech_const_extract_protocols.json -disable-clang-spi -clang-target arm64-apple-watchos27.0 -target-sdk-version 27.0 -target-sdk-name watchos27.0 -in-process-plugin-server-path /Applications/Xcode-27.0.0-Release.Candidate.app/Contents/Developer/Toolchains/XcodeDefault.xctoolchain/usr/lib/swift/host/libSwiftInProcPluginServer.dylib -emit-module-doc-path /Users/admin/builder/spi-builder-workspace/.derivedData/Build/Intermediates.noindex/TextForSpeech.build/Debug-watchos/TextForSpeech-t.build/Objects-normal/arm64/TextForSpeech.swiftdoc -emit-module-source-info-path /Users/admin/builder/spi-builder-workspace/.derivedData/Build/Intermediates.noindex/TextForSpeech.build/Debug-watchos/TextForSpeech-t.build/Objects-normal/arm64/TextForSpeech.swiftsourceinfo -emit-objc-header-path /Users/admin/builder/spi-builder-workspace/.derivedData/Build/Intermediates.noindex/TextForSpeech.build/Debug-watchos/TextForSpeech-t.build/Objects-normal/arm64/TextForSpeech-Swift.h -serialize-diagnostics-path /Users/admin/builder/spi-builder-workspace/.derivedData/Build/Intermediates.noindex/TextForSpeech.build/Debug-watchos/TextForSpeech-t.build/Objects-normal/arm64/TextForSpeech-primary-emit-module.dia -emit-dependencies-path /Users/admin/builder/spi-builder-workspace/.derivedData/Build/Intermediates.noindex/TextForSpeech.build/Debug-watchos/TextForSpeech-t.build/Objects-normal/arm64/TextForSpeech-primary-emit-module.d -parse-as-library -o /Users/admin/builder/spi-builder-workspace/.derivedData/Build/Intermediates.noindex/TextForSpeech.build/Debug-watchos/TextForSpeech-t.build/Objects-normal/arm64/TextForSpeech.swiftmodule -emit-abi-descriptor-path /Users/admin/builder/spi-builder-workspace/.derivedData/Build/Intermediates.noindex/TextForSpeech.build/Debug-watchos/TextForSpeech-t.build/Objects-normal/arm64/TextForSpeech.abi.json
SwiftCompile normal arm64 (in target 'TextForSpeech' from project 'TextForSpeech')
cd /Users/admin/builder/spi-builder-workspace/.swiftpm/xcode
SwiftEmitModule normal arm64_32 Emitting\ module\ for\ SwiftSoup (in target 'SwiftSoup' from project 'SwiftSoup')
SwiftCompile normal arm64_32 (in target 'SwiftSoup' from project 'SwiftSoup')
cd /Users/admin/builder/spi-builder-workspace/.swiftpm/xcode
SwiftEmitModule normal arm64_32 Emitting\ module\ for\ Markdown (in target 'Markdown' from project 'swift-markdown')
SwiftCompile normal arm64_32 (in target 'Markdown' from project 'swift-markdown')
cd /Users/admin/builder/spi-builder-workspace/.swiftpm/xcode
SwiftCompile normal arm64 Compiling\ TextForSpeechRuntime+NormalizationOperations.swift,\ TextForSpeechRuntime+Persistence.swift,\ TextForSpeechRuntime+PersistenceOperations.swift,\ TextForSpeechRuntime+Profiles.swift /Users/admin/builder/spi-builder-workspace/Sources/TextForSpeech/Runtime/TextForSpeechRuntime+NormalizationOperations.swift /Users/admin/builder/spi-builder-workspace/Sources/TextForSpeech/Runtime/TextForSpeechRuntime+Persistence.swift /Users/admin/builder/spi-builder-workspace/Sources/TextForSpeech/Runtime/TextForSpeechRuntime+PersistenceOperations.swift /Users/admin/builder/spi-builder-workspace/Sources/TextForSpeech/Runtime/TextForSpeechRuntime+Profiles.swift (in target 'TextForSpeech' from project 'TextForSpeech')
SwiftCompile normal arm64 /Users/admin/builder/spi-builder-workspace/Sources/TextForSpeech/Runtime/TextForSpeechRuntime+NormalizationOperations.swift (in target 'TextForSpeech' from project 'TextForSpeech')
cd /Users/admin/builder/spi-builder-workspace/.swiftpm/xcode
builtin-SwiftPerFileCompile TextForSpeechRuntime+NormalizationOperations.swift
SwiftCompile normal arm64 /Users/admin/builder/spi-builder-workspace/Sources/TextForSpeech/Runtime/TextForSpeechRuntime+Persistence.swift (in target 'TextForSpeech' from project 'TextForSpeech')
cd /Users/admin/builder/spi-builder-workspace/.swiftpm/xcode
builtin-SwiftPerFileCompile TextForSpeechRuntime+Persistence.swift
SwiftCompile normal arm64 /Users/admin/builder/spi-builder-workspace/Sources/TextForSpeech/Runtime/TextForSpeechRuntime+PersistenceOperations.swift (in target 'TextForSpeech' from project 'TextForSpeech')
cd /Users/admin/builder/spi-builder-workspace/.swiftpm/xcode
builtin-SwiftPerFileCompile TextForSpeechRuntime+PersistenceOperations.swift
SwiftCompile normal arm64 /Users/admin/builder/spi-builder-workspace/Sources/TextForSpeech/Runtime/TextForSpeechRuntime+Profiles.swift (in target 'TextForSpeech' from project 'TextForSpeech')
cd /Users/admin/builder/spi-builder-workspace/.swiftpm/xcode
builtin-SwiftPerFileCompile TextForSpeechRuntime+Profiles.swift
SwiftEmitModule normal arm64_32 Emitting\ module\ for\ TextForSpeech (in target 'TextForSpeech' from project 'TextForSpeech')
SwiftCompile normal arm64_32 (in target 'TextForSpeech' from project 'TextForSpeech')
cd /Users/admin/builder/spi-builder-workspace/.swiftpm/xcode
SwiftDriverJobDiscovery normal arm64 Compiling NormalizationAPI.swift, BuiltInProfileStyle.swift, BuiltInProfiles.swift, BuiltInExtensionAliases.swift, BuiltInScalarPronunciations.swift (in target 'TextForSpeech' from project 'TextForSpeech')
SwiftEmitModule normal arm64 Emitting\ module\ for\ Markdown (in target 'Markdown' from project 'swift-markdown')
SwiftCompile normal arm64 (in target 'Markdown' from project 'swift-markdown')
cd /Users/admin/builder/spi-builder-workspace/.swiftpm/xcode
PruneExplicitPrecompiledModules /Users/admin/builder/spi-builder-workspace/.derivedData/Build/Intermediates.noindex/ExplicitPrecompiledModules
PruneExplicitPrecompiledModules /Users/admin/builder/spi-builder-workspace/.derivedData/SDKExplicitPrecompiledModules
PruneExplicitPrecompiledModules /Users/admin/builder/spi-builder-workspace/.derivedData/Build/Intermediates.noindex/SwiftExplicitPrecompiledModules
2026-09-25 04:05:21.104 xcodebuild[1108:6206] [MT] IDERunDestination: Supported platforms for the buildables in the current scheme is empty.
** BUILD FAILED **
The following build commands failed:
SwiftEmitModule normal arm64 Emitting\ module\ for\ TextForSpeech (in target 'TextForSpeech' from project 'TextForSpeech')
SwiftCompile normal arm64 (in target 'TextForSpeech' from project 'TextForSpeech')
Building workspace TextForSpeech with scheme TextForSpeech
(3 failures)
BUILD FAILURE 6.4 watchOS