The Swift Package Index logo.Swift Package Index

Build Information

Failed to build Axiomatic, reference 1.1.1 (772eec), with Swift 6.4 for visionOS using Xcode 27.0 on 16 Sep 2026 15:56:31 UTC.

Build Command

No build command. This typically means the build failed at an early stage where we determine the build command.

Build Log

========================================
RunAll
========================================
Builder version: 5.1.0
Interrupt handler set up.
========================================
Checkout
========================================
Clone URL: https://github.com/jadengeller/axiomatic.git
Reference: 1.1.1
Initialized empty Git repository in /Users/admin/builder/spi-builder-workspace/.git/
From https://github.com/jadengeller/axiomatic
 * tag               1.1.1      -> FETCH_HEAD
HEAD is now at 772eec1 Update README.md
Cloned https://github.com/jadengeller/axiomatic.git
Revision (git rev-parse @):
772eec1c8ae0e3cc9a274870c90854b22b0d3b38
SUCCESS checkout https://github.com/jadengeller/axiomatic.git at 1.1.1
========================================
Build
========================================
Selected platform:         visionOS
Swift version:             6.4
Building package at path:  $PWD
https://github.com/jadengeller/axiomatic.git
Command line invocation:
    /Applications/Xcode-27.0.0-Release.Candidate.app/Contents/Developer/usr/bin/xcodebuild -IDEClonedSourcePackagesDirPathOverride=/Users/admin/builder/spi-builder-workspace/.dependencies -resolvePackageDependencies
Resolve Package Graph
package 'package.swift' is using Swift tools version 3.1.0 which is no longer supported; consider using '// swift-tools-version: 6.4' to specify the current tools version
Resolved source packages:
  spi-builder-workspace: (null)
2026-09-16 11:56:29.367 xcodebuild[562:3086] Writing error result bundle to /var/folders/xq/y_g06wb113726d38xsyx71_h0000gn/T/ResultBundle_2026-16-09_11-56-0029.xcresult
xcodebuild: error: Could not resolve package dependencies:
  package 'package.swift' is using Swift tools version 3.1.0 which is no longer supported; consider using '// swift-tools-version: 6.4' to specify the current tools version
Command line invocation:
    /Applications/Xcode-27.0.0-Release.Candidate.app/Contents/Developer/usr/bin/xcodebuild -IDEClonedSourcePackagesDirPathOverride=/Users/admin/builder/spi-builder-workspace/.dependencies -resolvePackageDependencies
Resolve Package Graph
package 'package.swift' is using Swift tools version 3.1.0 which is no longer supported; consider using '// swift-tools-version: 6.4' to specify the current tools version
Resolved source packages:
  spi-builder-workspace: (null)
2026-09-16 11:56:31.070 xcodebuild[607:3446] Writing error result bundle to /var/folders/xq/y_g06wb113726d38xsyx71_h0000gn/T/ResultBundle_2026-16-09_11-56-0031.xcresult
xcodebuild: error: Could not resolve package dependencies:
  package 'package.swift' is using Swift tools version 3.1.0 which is no longer supported; consider using '// swift-tools-version: 6.4' to specify the current tools version
BUILD FAILURE 6.4 visionOS