Build Information
Failed to build RoktPaymentExtension, reference 5.5.5 (17639f), with Swift 6.2 for Linux on 16 Oct 2026 22:38:58 UTC.
Build Command
bash -c docker run --pull=always --rm -v "checkouts-53886768-0":/host -w "$PWD" -e JAVA_HOME="/root/.sdkman/candidates/java/current" -e SPI_BUILD="1" -e SPI_PROCESSING="1" registry.gitlab.com/saguaro1/spi-images:linux-6.2-latest swift build --triple x86_64-unknown-linux-gnu 2>&1Build Log
========================================
RunAll
========================================
Builder version: 5.1.3
Interrupt handler set up.
========================================
Checkout
========================================
Clone URL: https://github.com/ROKT/rokt-payment-extension-ios.git
Reference: 5.5.5
Initialized empty Git repository in /host/spi-builder-workspace/.git/
hint: Using 'master' as the name for the initial branch. This default branch name
hint: is subject to change. To configure the initial branch name to use in all
hint: of your new repositories, which will suppress this warning, call:
hint:
hint: git config --global init.defaultBranch <name>
hint:
hint: Names commonly chosen instead of 'master' are 'main', 'trunk' and
hint: 'development'. The just-created branch can be renamed via this command:
hint:
hint: git branch -m <name>
From https://github.com/ROKT/rokt-payment-extension-ios
* tag 5.5.5 -> FETCH_HEAD
HEAD is now at 17639fa Release 5.5.5 (#352)
Cloned https://github.com/ROKT/rokt-payment-extension-ios.git
Revision (git rev-parse @):
17639fa893d01a13502bfb4bddfe178ca2d9de20
SUCCESS checkout https://github.com/ROKT/rokt-payment-extension-ios.git at 5.5.5
========================================
Build
========================================
Selected platform: linux
Swift version: 6.2
Building package at path: $PWD
https://github.com/ROKT/rokt-payment-extension-ios.git
Running build ...
bash -c docker run --pull=always --rm -v "checkouts-53886768-0":/host -w "$PWD" -e JAVA_HOME="/root/.sdkman/candidates/java/current" -e SPI_BUILD="1" -e SPI_PROCESSING="1" registry.gitlab.com/saguaro1/spi-images:linux-6.2-latest swift build --triple x86_64-unknown-linux-gnu 2>&1
linux-6.2-latest: Pulling from saguaro1/spi-images
Digest: sha256:af72ee10f3ab8145e300c2afec9616a3ae441bd9d7c561ce3ed6cd39331f6017
Status: Image is up to date for registry.gitlab.com/saguaro1/spi-images:linux-6.2-latest
Fetching https://github.com/ROKT/rokt-contracts-apple.git
Fetching https://github.com/stripe/stripe-ios.git
[1/403] Fetching rokt-contracts-apple
[404/2245541] Fetching rokt-contracts-apple, stripe-ios
Fetched https://github.com/ROKT/rokt-contracts-apple.git from cache (100.24s)
Fetched https://github.com/stripe/stripe-ios.git from cache (110.16s)
Computing version for https://github.com/ROKT/rokt-contracts-apple.git
Computed https://github.com/ROKT/rokt-contracts-apple.git at 2.0.2 (110.84s)
Computing version for https://github.com/stripe/stripe-ios.git
Computed https://github.com/stripe/stripe-ios.git at 25.17.0 (1.71s)
Creating working copy for https://github.com/stripe/stripe-ios.git
Working copy of https://github.com/stripe/stripe-ios.git resolved at 25.17.0
Creating working copy for https://github.com/ROKT/rokt-contracts-apple.git
Working copy of https://github.com/ROKT/rokt-contracts-apple.git resolved at 2.0.2
Building for debugging...
[0/214] Copying Localizable.strings
[0/214] Write sources
[0/214] Copying Localizable.strings
[0/214] Write sources
[0/214] Copying Localizable.strings
[0/214] Write sources
[0/214] Copying Localizable.strings
[27/214] Copying Info.plist
[29/214] Copying Localizable.strings
[82/214] Copying PrivacyInfo.xcprivacy
[82/214] Copying Info.plist
[82/214] Copying Localizable.strings
[92/214] Copying PrivacyInfo.xcprivacy
[93/214] Copying Info.plist
[133/214] Copying Stripe3DS2.xcassets
In file included from <built-in>:1:
/host/spi-builder-workspace/.build/x86_64-unknown-linux-gnu/debug/Stripe3DS2.build/DerivedSources/resource_bundle_accessor.h:2:9: fatal error: 'Foundation/Foundation.h' file not found
2 | #import <Foundation/Foundation.h>
| ^~~~~~~~~~~~~~~~~~~~~~~~~
1 error generated.
[134/214] Compiling Stripe3DS2 resource_bundle_accessor.m
In file included from <built-in>:1:
/host/spi-builder-workspace/.build/x86_64-unknown-linux-gnu/debug/Stripe3DS2.build/DerivedSources/resource_bundle_accessor.h:2:9: fatal error: 'Foundation/Foundation.h' file not found
2 | #import <Foundation/Foundation.h>
| ^~~~~~~~~~~~~~~~~~~~~~~~~
1 error generated.
[134/214] Compiling STDSTextFieldCustomization.m
In file included from <built-in>:1:
/host/spi-builder-workspace/.build/x86_64-unknown-linux-gnu/debug/Stripe3DS2.build/DerivedSources/resource_bundle_accessor.h:2:9: fatal error: 'Foundation/Foundation.h' file not found
2 | #import <Foundation/Foundation.h>
| ^~~~~~~~~~~~~~~~~~~~~~~~~
[134/214] Compiling STDSThreeDS2Service.m
In file included from <built-in>:1:
/host/spi-builder-workspace/.build/x86_64-unknown-linux-gnu/debug/Stripe3DS2.build/DerivedSources/resource_bundle_accessor.h:2:9: fatal error: 'Foundation/Foundation.h' file not found
2 | #import <Foundation/Foundation.h>
| ^~~~~~~~~~~~~~~~~~~~~~~~~
1 error generated.
[134/214] Compiling STDSWarning.m
In file included from <built-in>:1:
/host/spi-builder-workspace/.build/x86_64-unknown-linux-gnu/debug/Stripe3DS2.build/DerivedSources/resource_bundle_accessor.h:2:9: fatal error: 'Foundation/Foundation.h' file not found
2 | #import <Foundation/Foundation.h>
| ^~~~~~~~~~~~~~~~~~~~~~~~~
1 error generated.
[134/214] Compiling STDSUICustomization.m
In file included from <built-in>:1:
/host/spi-builder-workspace/.build/x86_64-unknown-linux-gnu/debug/Stripe3DS2.build/DerivedSources/resource_bundle_accessor.h:2:9: fatal error: 'Foundation/Foundation.h' file not found
2 | #import <Foundation/Foundation.h>
| ^~~~~~~~~~~~~~~~~~~~~~~~~
1 error generated.
[134/214] Compiling STDSSwiftTryCatch.m
In file included from <built-in>:1:
/host/spi-builder-workspace/.build/x86_64-unknown-linux-gnu/debug/Stripe3DS2.build/DerivedSources/resource_bundle_accessor.h:2:9: fatal error: 'Foundation/Foundation.h' file not found
2 | #import <Foundation/Foundation.h>
| ^~~~~~~~~~~~~~~~~~~~~~~~~
[134/214] Compiling STDSTransaction.m
[134/214] Write swift-version-24593BA9C3E375BF.txt
BUILD FAILURE 6.2 linux