The Swift Package Index logo.Swift Package Index

Build Information

Failed to build CaptureSDK, reference 2.1.22 (bb5c68), with Swift 6.4 for watchOS using Xcode 27.0 on 26 Sep 2026 12:50:20 UTC.

Build Command

env DEVELOPER_DIR=/Applications/Xcode-27.0.0-Release.Candidate.app xcrun xcodebuild -IDEClonedSourcePackagesDirPathOverride=$PWD/.dependencies -skipMacroValidation -skipPackagePluginValidation -derivedDataPath $PWD/.derivedData build -scheme CaptureSDK -destination generic/platform=watchOS

Build Log

========================================
RunAll
========================================
Builder version: 5.1.0
Interrupt handler set up.
========================================
Checkout
========================================
Clone URL: https://github.com/SocketMobile/swift-package-capturesdk.git
Reference: 2.1.22
Initialized empty Git repository in /Users/admin/builder/spi-builder-workspace/.git/
From https://github.com/SocketMobile/swift-package-capturesdk
 * tag               2.1.22     -> FETCH_HEAD
HEAD is now at bb5c688 New version of iOS CaptureSDK - Swift Package Manager
Cloned https://github.com/SocketMobile/swift-package-capturesdk.git
Revision (git rev-parse @):
bb5c68853b39b90d37a730a7da069f12ceda5d6e
SUCCESS checkout https://github.com/SocketMobile/swift-package-capturesdk.git at 2.1.22
========================================
Build
========================================
Selected platform:         watchOS
Swift version:             6.4
Building package at path:  $PWD
https://github.com/SocketMobile/swift-package-capturesdk.git
Command line invocation:
    /Applications/Xcode-27.0.0-Release.Candidate.app/Contents/Developer/usr/bin/xcodebuild -IDEClonedSourcePackagesDirPathOverride=/Users/admin/builder/spi-builder-workspace/.dependencies -resolvePackageDependencies
Resolve Package Graph
Fetching from https://github.com/SocketMobile/swift-package-swiftdecodersdk.git
Creating working copy of package ‘swift-package-swiftdecodersdk’
Checking out 6.7.2 of package ‘swift-package-swiftdecodersdk’
Resolve Package Graph
Resolved source packages:
  CaptureSDK: /Users/admin/builder/spi-builder-workspace
  SwiftDecoderSDK: https://github.com/SocketMobile/swift-package-swiftdecodersdk.git @ 6.7.2
resolved source packages: CaptureSDK, SwiftDecoderSDK
2026-09-26 08:49:32.302 xcodebuild[529:3036] [MT] IDERunDestination: Supported platforms for the buildables in the current scheme is empty.
{
  "dependencies" : [
    {
      "identity" : "swift-package-swiftdecodersdk",
      "requirement" : {
        "exact" : [
          "6.7.2"
        ]
      },
      "type" : "sourceControl",
      "url" : "https://github.com/SocketMobile/swift-package-swiftdecodersdk.git"
    }
  ],
  "manifest_display_name" : "CaptureSDK",
  "name" : "CaptureSDK",
  "path" : "/Users/admin/builder/spi-builder-workspace",
  "platforms" : [
    {
      "name" : "ios",
      "version" : "15.0"
    }
  ],
  "products" : [
    {
      "name" : "CaptureSDK",
      "targets" : [
        "CaptureSDKFramework",
        "SwiftDecoderCaptureSDK"
      ],
      "type" : {
        "library" : [
          "automatic"
        ]
      }
    }
  ],
  "targets" : [
    {
      "c99name" : "SwiftDecoderCaptureSDK",
      "module_type" : "ClangTarget",
      "name" : "SwiftDecoderCaptureSDK",
      "path" : "Sources/SwiftDecoderDummy",
      "product_dependencies" : [
        "SwiftDecoderSDK"
      ],
      "product_memberships" : [
        "CaptureSDK"
      ],
      "sources" : [
        "SwiftDecoderDummy.m"
      ],
      "type" : "library"
    },
    {
      "c99name" : "CaptureSDKFramework",
      "module_type" : "ClangTarget",
      "name" : "CaptureSDKFramework",
      "path" : "Sources/CaptureSDKDummy",
      "product_memberships" : [
        "CaptureSDK"
      ],
      "sources" : [
        "CaptureSDKDummy.m"
      ],
      "target_dependencies" : [
        "CaptureSDKBinaryTarget"
      ],
      "type" : "library"
    },
    {
      "c99name" : "CaptureSDKBinaryTarget",
      "module_type" : "BinaryTarget",
      "name" : "CaptureSDKBinaryTarget",
      "path" : "Sources/CaptureSDK.xcframework",
      "product_memberships" : [
        "CaptureSDK"
      ],
      "sources" : [
      ],
      "type" : "binary"
    }
  ],
  "tools_version" : "5.6"
}
{
  "workspace" : {
    "name" : "CaptureSDK",
    "schemes" : [
      "CaptureSDK"
    ]
  }
}
2026-09-26 08:50:13.728 xcodebuild[716:4511] [MT] IDERunDestination: Supported platforms for the buildables in the current scheme is empty.
Running build ...
env DEVELOPER_DIR=/Applications/Xcode-27.0.0-Release.Candidate.app xcrun xcodebuild -IDEClonedSourcePackagesDirPathOverride=$PWD/.dependencies -skipMacroValidation -skipPackagePluginValidation -derivedDataPath $PWD/.derivedData build -scheme CaptureSDK -destination generic/platform=watchOS
Command line invocation:
    /Applications/Xcode-27.0.0-Release.Candidate.app/Contents/Developer/usr/bin/xcodebuild -IDEClonedSourcePackagesDirPathOverride=/Users/admin/builder/spi-builder-workspace/.dependencies -skipMacroValidation -skipPackagePluginValidation -derivedDataPath /Users/admin/builder/spi-builder-workspace/.derivedData build -scheme CaptureSDK -destination generic/platform=watchOS
Resolve Package Graph
Resolve Package Graph
Resolved source packages:
  CaptureSDK: /Users/admin/builder/spi-builder-workspace
  SwiftDecoderSDK: https://github.com/SocketMobile/swift-package-swiftdecodersdk.git @ 6.7.2
ComputePackagePrebuildTargetDependencyGraph
Prepare packages
CreateBuildRequest
SendProjectDescription
CreateBuildOperation
ComputeTargetDependencyGraph
note: Building targets in dependency order
note: Target dependency graph (4 targets)
    Target 'CaptureSDK-product' in project 'CaptureSDK'
        ➜ Explicit dependency on target 'CaptureSDKFramework' in project 'CaptureSDK'
        ➜ Explicit dependency on target 'SwiftDecoderCaptureSDK' in project 'CaptureSDK'
        ➜ Explicit dependency on target 'SwiftDecoderSDK-product' in project 'SwiftDecoderSDK'
    Target 'SwiftDecoderCaptureSDK' in project 'CaptureSDK'
        ➜ Explicit dependency on target 'SwiftDecoderSDK-product' in project 'SwiftDecoderSDK'
    Target 'SwiftDecoderSDK-product' in project 'SwiftDecoderSDK' (no dependencies)
    Target 'CaptureSDKFramework' in project 'CaptureSDK' (no dependencies)
GatherProvisioningInputs
CreateBuildDescription
ExecuteExternalTool /Applications/Xcode-27.0.0-Release.Candidate.app/Contents/Developer/Toolchains/XcodeDefault.xctoolchain/usr/bin/clang -v -E -dM -arch arm64 -isysroot /Applications/Xcode-27.0.0-Release.Candidate.app/Contents/Developer/Platforms/WatchOS.platform/Developer/SDKs/WatchOS27.0.sdk -x objective-c -c /dev/null
ExecuteExternalTool /Applications/Xcode-27.0.0-Release.Candidate.app/Contents/Developer/Toolchains/XcodeDefault.xctoolchain/usr/bin/clang -v -E -dM -isysroot /Applications/Xcode-27.0.0-Release.Candidate.app/Contents/Developer/Platforms/WatchOS.platform/Developer/SDKs/WatchOS27.0.sdk -x c -c /dev/null
ExecuteExternalTool /Applications/Xcode-27.0.0-Release.Candidate.app/Contents/Developer/Toolchains/XcodeDefault.xctoolchain/usr/bin/clang -v -E -dM -arch arm64 -isysroot /Applications/Xcode-27.0.0-Release.Candidate.app/Contents/Developer/Platforms/WatchOS.platform/Developer/SDKs/WatchOS27.0.sdk -x c -c /dev/null
ExecuteExternalTool /Applications/Xcode-27.0.0-Release.Candidate.app/Contents/Developer/Toolchains/XcodeDefault.xctoolchain/usr/bin/ld -version_details
ExecuteExternalTool /Applications/Xcode-27.0.0-Release.Candidate.app/Contents/Developer/Toolchains/XcodeDefault.xctoolchain/usr/bin/clang -v -E -dM -arch arm64_32 -isysroot /Applications/Xcode-27.0.0-Release.Candidate.app/Contents/Developer/Platforms/WatchOS.platform/Developer/SDKs/WatchOS27.0.sdk -x objective-c -c /dev/null
ExecuteExternalTool /Applications/Xcode-27.0.0-Release.Candidate.app/Contents/Developer/Toolchains/XcodeDefault.xctoolchain/usr/bin/clang -v -E -dM -arch arm64_32 -isysroot /Applications/Xcode-27.0.0-Release.Candidate.app/Contents/Developer/Platforms/WatchOS.platform/Developer/SDKs/WatchOS27.0.sdk -x c -c /dev/null
Build description signature: 80bcb889279ed98ea21cacddeb572563
Build description path: /Users/admin/builder/spi-builder-workspace/.derivedData/Build/Intermediates.noindex/XCBuildData/80bcb889279ed98ea21cacddeb572563.xcbuilddata
/Users/admin/builder/spi-builder-workspace/Sources/CaptureSDK.xcframework:1:1: error: While building for watchOS, no library for this platform was found in '/Users/admin/builder/spi-builder-workspace/Sources/CaptureSDK.xcframework'. (in target 'CaptureSDKFramework' from project 'CaptureSDK')
/Users/admin/builder/spi-builder-workspace/Sources/CaptureSDK.xcframework:1:1: error: While building for watchOS, no library for this platform was found in '/Users/admin/builder/spi-builder-workspace/Sources/CaptureSDK.xcframework'. (in target 'CaptureSDK-product' from project 'CaptureSDK')
/Users/admin/builder/spi-builder-workspace/.dependencies/checkouts/swift-package-swiftdecodersdk/Sources/SwiftDecoder.xcframework:1:1: error: While building for watchOS, no library for this platform was found in '/Users/admin/builder/spi-builder-workspace/.dependencies/checkouts/swift-package-swiftdecodersdk/Sources/SwiftDecoder.xcframework'. (in target 'CaptureSDK-product' from project 'CaptureSDK')
/Users/admin/builder/spi-builder-workspace/.dependencies/checkouts/swift-package-swiftdecodersdk/Sources/SwiftDecoder.xcframework:1:1: error: While building for watchOS, no library for this platform was found in '/Users/admin/builder/spi-builder-workspace/.dependencies/checkouts/swift-package-swiftdecodersdk/Sources/SwiftDecoder.xcframework'. (in target 'CaptureSDK-product' from project 'CaptureSDK')
/Users/admin/builder/spi-builder-workspace/.dependencies/checkouts/swift-package-swiftdecodersdk/Sources/SwiftDecoder.xcframework:1:1: error: While building for watchOS, no library for this platform was found in '/Users/admin/builder/spi-builder-workspace/.dependencies/checkouts/swift-package-swiftdecodersdk/Sources/SwiftDecoder.xcframework'. (in target 'SwiftDecoderCaptureSDK' from project 'CaptureSDK')
/Users/admin/builder/spi-builder-workspace/.dependencies/checkouts/swift-package-swiftdecodersdk/Sources/SwiftDecoder.xcframework:1:1: error: While building for watchOS, no library for this platform was found in '/Users/admin/builder/spi-builder-workspace/.dependencies/checkouts/swift-package-swiftdecodersdk/Sources/SwiftDecoder.xcframework'. (in target 'SwiftDecoderSDK-product' from project 'SwiftDecoderSDK')
2026-09-26 08:50:16.049 xcodebuild[717:4555] [MT] IDERunDestination: Supported platforms for the buildables in the current scheme is empty.
** BUILD FAILED **
The following build commands failed:
	Building workspace CaptureSDK with scheme CaptureSDK
(1 failure)
Command line invocation:
    /Applications/Xcode-27.0.0-Release.Candidate.app/Contents/Developer/usr/bin/xcodebuild -IDEClonedSourcePackagesDirPathOverride=/Users/admin/builder/spi-builder-workspace/.dependencies -resolvePackageDependencies
Resolve Package Graph
Resolved source packages:
  CaptureSDK: /Users/admin/builder/spi-builder-workspace
  SwiftDecoderSDK: https://github.com/SocketMobile/swift-package-swiftdecodersdk.git @ 6.7.2
resolved source packages: CaptureSDK, SwiftDecoderSDK
2026-09-26 08:50:17.961 xcodebuild[746:4704] [MT] IDERunDestination: Supported platforms for the buildables in the current scheme is empty.
{
  "dependencies" : [
    {
      "identity" : "swift-package-swiftdecodersdk",
      "requirement" : {
        "exact" : [
          "6.7.2"
        ]
      },
      "type" : "sourceControl",
      "url" : "https://github.com/SocketMobile/swift-package-swiftdecodersdk.git"
    }
  ],
  "manifest_display_name" : "CaptureSDK",
  "name" : "CaptureSDK",
  "path" : "/Users/admin/builder/spi-builder-workspace",
  "platforms" : [
    {
      "name" : "ios",
      "version" : "15.0"
    }
  ],
  "products" : [
    {
      "name" : "CaptureSDK",
      "targets" : [
        "CaptureSDKFramework",
        "SwiftDecoderCaptureSDK"
      ],
      "type" : {
        "library" : [
          "automatic"
        ]
      }
    }
  ],
  "targets" : [
    {
      "c99name" : "SwiftDecoderCaptureSDK",
      "module_type" : "ClangTarget",
      "name" : "SwiftDecoderCaptureSDK",
      "path" : "Sources/SwiftDecoderDummy",
      "product_dependencies" : [
        "SwiftDecoderSDK"
      ],
      "product_memberships" : [
        "CaptureSDK"
      ],
      "sources" : [
        "SwiftDecoderDummy.m"
      ],
      "type" : "library"
    },
    {
      "c99name" : "CaptureSDKFramework",
      "module_type" : "ClangTarget",
      "name" : "CaptureSDKFramework",
      "path" : "Sources/CaptureSDKDummy",
      "product_memberships" : [
        "CaptureSDK"
      ],
      "sources" : [
        "CaptureSDKDummy.m"
      ],
      "target_dependencies" : [
        "CaptureSDKBinaryTarget"
      ],
      "type" : "library"
    },
    {
      "c99name" : "CaptureSDKBinaryTarget",
      "module_type" : "BinaryTarget",
      "name" : "CaptureSDKBinaryTarget",
      "path" : "Sources/CaptureSDK.xcframework",
      "product_memberships" : [
        "CaptureSDK"
      ],
      "sources" : [
      ],
      "type" : "binary"
    }
  ],
  "tools_version" : "5.6"
}
{
  "workspace" : {
    "name" : "CaptureSDK",
    "schemes" : [
      "CaptureSDK"
    ]
  }
}
2026-09-26 08:50:19.205 xcodebuild[754:4762] [MT] IDERunDestination: Supported platforms for the buildables in the current scheme is empty.
Running build ...
env DEVELOPER_DIR=/Applications/Xcode-27.0.0-Release.Candidate.app xcrun xcodebuild -IDEClonedSourcePackagesDirPathOverride=$PWD/.dependencies -skipMacroValidation -skipPackagePluginValidation -derivedDataPath $PWD/.derivedData build -scheme CaptureSDK -destination generic/platform=watchOS
Command line invocation:
    /Applications/Xcode-27.0.0-Release.Candidate.app/Contents/Developer/usr/bin/xcodebuild -IDEClonedSourcePackagesDirPathOverride=/Users/admin/builder/spi-builder-workspace/.dependencies -skipMacroValidation -skipPackagePluginValidation -derivedDataPath /Users/admin/builder/spi-builder-workspace/.derivedData build -scheme CaptureSDK -destination generic/platform=watchOS
Resolve Package Graph
Resolved source packages:
  SwiftDecoderSDK: https://github.com/SocketMobile/swift-package-swiftdecodersdk.git @ 6.7.2
  CaptureSDK: /Users/admin/builder/spi-builder-workspace
ComputePackagePrebuildTargetDependencyGraph
Prepare packages
CreateBuildRequest
SendProjectDescription
CreateBuildOperation
ComputeTargetDependencyGraph
note: Building targets in dependency order
note: Target dependency graph (4 targets)
    Target 'CaptureSDK-product' in project 'CaptureSDK'
        ➜ Explicit dependency on target 'CaptureSDKFramework' in project 'CaptureSDK'
        ➜ Explicit dependency on target 'SwiftDecoderCaptureSDK' in project 'CaptureSDK'
        ➜ Explicit dependency on target 'SwiftDecoderSDK-product' in project 'SwiftDecoderSDK'
    Target 'SwiftDecoderCaptureSDK' in project 'CaptureSDK'
        ➜ Explicit dependency on target 'SwiftDecoderSDK-product' in project 'SwiftDecoderSDK'
    Target 'SwiftDecoderSDK-product' in project 'SwiftDecoderSDK' (no dependencies)
    Target 'CaptureSDKFramework' in project 'CaptureSDK' (no dependencies)
GatherProvisioningInputs
CreateBuildDescription
/Users/admin/builder/spi-builder-workspace/.dependencies/checkouts/swift-package-swiftdecodersdk/Sources/SwiftDecoder.xcframework:1:1: error: While building for watchOS, no library for this platform was found in '/Users/admin/builder/spi-builder-workspace/.dependencies/checkouts/swift-package-swiftdecodersdk/Sources/SwiftDecoder.xcframework'. (in target 'SwiftDecoderCaptureSDK' from project 'CaptureSDK')
/Users/admin/builder/spi-builder-workspace/.dependencies/checkouts/swift-package-swiftdecodersdk/Sources/SwiftDecoder.xcframework:1:1: error: While building for watchOS, no library for this platform was found in '/Users/admin/builder/spi-builder-workspace/.dependencies/checkouts/swift-package-swiftdecodersdk/Sources/SwiftDecoder.xcframework'. (in target 'SwiftDecoderSDK-product' from project 'SwiftDecoderSDK')
/Users/admin/builder/spi-builder-workspace/.dependencies/checkouts/swift-package-swiftdecodersdk/Sources/SwiftDecoder.xcframework:1:1: error: While building for watchOS, no library for this platform was found in '/Users/admin/builder/spi-builder-workspace/.dependencies/checkouts/swift-package-swiftdecodersdk/Sources/SwiftDecoder.xcframework'. (in target 'CaptureSDK-product' from project 'CaptureSDK')
/Users/admin/builder/spi-builder-workspace/.dependencies/checkouts/swift-package-swiftdecodersdk/Sources/SwiftDecoder.xcframework:1:1: error: While building for watchOS, no library for this platform was found in '/Users/admin/builder/spi-builder-workspace/.dependencies/checkouts/swift-package-swiftdecodersdk/Sources/SwiftDecoder.xcframework'. (in target 'CaptureSDK-product' from project 'CaptureSDK')
/Users/admin/builder/spi-builder-workspace/Sources/CaptureSDK.xcframework:1:1: error: While building for watchOS, no library for this platform was found in '/Users/admin/builder/spi-builder-workspace/Sources/CaptureSDK.xcframework'. (in target 'CaptureSDK-product' from project 'CaptureSDK')
/Users/admin/builder/spi-builder-workspace/Sources/CaptureSDK.xcframework:1:1: error: While building for watchOS, no library for this platform was found in '/Users/admin/builder/spi-builder-workspace/Sources/CaptureSDK.xcframework'. (in target 'CaptureSDKFramework' from project 'CaptureSDK')
2026-09-26 08:50:20.189 xcodebuild[755:4787] [MT] IDERunDestination: Supported platforms for the buildables in the current scheme is empty.
** BUILD FAILED **
The following build commands failed:
	Building workspace CaptureSDK with scheme CaptureSDK
(1 failure)
BUILD FAILURE 6.4 watchOS