Build Information
Failed to build FormView, reference main (653e9b), with Swift 6.4 for watchOS using Xcode 27.0 on 19 Sep 2026 00:35:33 UTC.
Build Command
No build command. This typically means the build failed at an early stage where we determine the build command.Build Log
========================================
RunAll
========================================
Builder version: 5.1.0
Interrupt handler set up.
========================================
Checkout
========================================
Clone URL: https://github.com/maxial/FormView.git
Reference: main
Initialized empty Git repository in /Users/admin/builder/spi-builder-workspace/.git/
From https://github.com/maxial/FormView
* branch main -> FETCH_HEAD
* [new branch] main -> origin/main
HEAD is now at 653e9b8 fix building
Cloned https://github.com/maxial/FormView.git
Revision (git rev-parse @):
653e9b88ac2e35be1427b8b82b52cdcc9546eedc
SUCCESS checkout https://github.com/maxial/FormView.git at main
========================================
Build
========================================
Selected platform: watchOS
Swift version: 6.4
Building package at path: $PWD
https://github.com/maxial/FormView.git
Command line invocation:
/Applications/Xcode-27.0.0-Release.Candidate.app/Contents/Developer/usr/bin/xcodebuild -IDEClonedSourcePackagesDirPathOverride=/Users/admin/builder/spi-builder-workspace/.dependencies -resolvePackageDependencies
Resolve Package Graph
Fetching from https://github.com/nalexn/ViewInspector
could not find a branch named ‘master’ in https://github.com/nalexn/ViewInspectorResolve Package Graph
Updating from https://github.com/nalexn/ViewInspector
could not find a branch named ‘master’ in https://github.com/nalexn/ViewInspector
Resolved source packages:
spi-builder-workspace: (null)
2026-09-18 20:35:22.845 xcodebuild[529:3034] [MT] IDERunDestination: Supported platforms for the buildables in the current scheme is empty.
2026-09-18 20:35:22.993 xcodebuild[529:3034] [MT] IDERunDestination: Supported platforms for the buildables in the current scheme is empty.
2026-09-18 20:35:24.622 xcodebuild[529:3034] [MT] IDERunDestination: Supported platforms for the buildables in the current scheme is empty.
2026-09-18 20:35:31.401 xcodebuild[529:3034] Writing error result bundle to /var/folders/xq/y_g06wb113726d38xsyx71_h0000gn/T/ResultBundle_2026-18-09_20-35-0031.xcresult
xcodebuild: error: Could not resolve package dependencies:
could not find a branch named ‘master’ in https://github.com/nalexn/ViewInspector
Command line invocation:
/Applications/Xcode-27.0.0-Release.Candidate.app/Contents/Developer/usr/bin/xcodebuild -IDEClonedSourcePackagesDirPathOverride=/Users/admin/builder/spi-builder-workspace/.dependencies -resolvePackageDependencies
Resolve Package Graph
Updating from https://github.com/nalexn/ViewInspector
could not find a branch named ‘master’ in https://github.com/nalexn/ViewInspector
Resolved source packages:
spi-builder-workspace: (null)
2026-09-18 20:35:32.270 xcodebuild[624:3749] [MT] IDERunDestination: Supported platforms for the buildables in the current scheme is empty.
2026-09-18 20:35:32.407 xcodebuild[624:3749] [MT] IDERunDestination: Supported platforms for the buildables in the current scheme is empty.
2026-09-18 20:35:33.129 xcodebuild[624:3749] Writing error result bundle to /var/folders/xq/y_g06wb113726d38xsyx71_h0000gn/T/ResultBundle_2026-18-09_20-35-0033.xcresult
xcodebuild: error: Could not resolve package dependencies:
could not find a branch named ‘master’ in https://github.com/nalexn/ViewInspector
BUILD FAILURE 6.4 watchOS