The Swift Package Index logo.Swift Package Index

Build Information

Failed to build SwinjectStoryboard, reference 2.2.3 (e4498c), with Swift 6.4 for watchOS using Xcode 27.0 on 23 Sep 2026 13:41:36 UTC.

Build Command

env DEVELOPER_DIR=/Applications/Xcode-27.0.0-Release.Candidate.app xcrun xcodebuild -IDEClonedSourcePackagesDirPathOverride=$PWD/.dependencies -skipMacroValidation -skipPackagePluginValidation -derivedDataPath $PWD/.derivedData build -scheme SwinjectStoryboard -destination generic/platform=watchOS

Build Log

PrecompileModule /Users/admin/builder/spi-builder-workspace/.derivedData/Build/Intermediates.noindex/ExplicitPrecompiledModules/_Builtin_float-CCWMVN9GZ6Z3P4COSWVDOODTI.scan
    cd /
    builtin-precompileModule /Users/admin/builder/spi-builder-workspace/.derivedData/Build/Intermediates.noindex/ExplicitPrecompiledModules/_Builtin_float-CCWMVN9GZ6Z3P4COSWVDOODTI.scan
PrecompileModule /Users/admin/builder/spi-builder-workspace/.derivedData/Build/Intermediates.noindex/ExplicitPrecompiledModules/_Builtin_stdarg-4MZ7X921MGI76KM9104X5ZTY5.scan
    cd /
    builtin-precompileModule /Users/admin/builder/spi-builder-workspace/.derivedData/Build/Intermediates.noindex/ExplicitPrecompiledModules/_Builtin_stdarg-4MZ7X921MGI76KM9104X5ZTY5.scan
PrecompileModule /Users/admin/builder/spi-builder-workspace/.derivedData/Build/Intermediates.noindex/ExplicitPrecompiledModules/ptrcheck-7H4W0FD4QB5LOSDAQ0JT6XPBR.scan
    cd /
    builtin-precompileModule /Users/admin/builder/spi-builder-workspace/.derivedData/Build/Intermediates.noindex/ExplicitPrecompiledModules/ptrcheck-7H4W0FD4QB5LOSDAQ0JT6XPBR.scan
PrecompileModule /Users/admin/builder/spi-builder-workspace/.derivedData/Build/Intermediates.noindex/ExplicitPrecompiledModules/_AvailabilityInternal-F2MS55NAO9CMZ3AVZNRYLS1D4.scan
    cd /
    builtin-precompileModule /Users/admin/builder/spi-builder-workspace/.derivedData/Build/Intermediates.noindex/ExplicitPrecompiledModules/_AvailabilityInternal-F2MS55NAO9CMZ3AVZNRYLS1D4.scan
PrecompileModule /Users/admin/builder/spi-builder-workspace/.derivedData/Build/Intermediates.noindex/ExplicitPrecompiledModules/_Builtin_stdbool-67QHX3B3E2KT005CTP2E5XFYO.scan
    cd /
    builtin-precompileModule /Users/admin/builder/spi-builder-workspace/.derivedData/Build/Intermediates.noindex/ExplicitPrecompiledModules/_Builtin_stdbool-67QHX3B3E2KT005CTP2E5XFYO.scan
PrecompileModule /Users/admin/builder/spi-builder-workspace/.derivedData/Build/Intermediates.noindex/ExplicitPrecompiledModules/_Builtin_stddef-CE13GU63Z8DK88QANQ3ZAC0YT.scan
    cd /
    builtin-precompileModule /Users/admin/builder/spi-builder-workspace/.derivedData/Build/Intermediates.noindex/ExplicitPrecompiledModules/_Builtin_stddef-CE13GU63Z8DK88QANQ3ZAC0YT.scan
PrecompileModule /Users/admin/builder/spi-builder-workspace/.derivedData/Build/Intermediates.noindex/ExplicitPrecompiledModules/ptrauth-CID7SR6B5XD2S67XVB6UT213R.scan
    cd /
    builtin-precompileModule /Users/admin/builder/spi-builder-workspace/.derivedData/Build/Intermediates.noindex/ExplicitPrecompiledModules/ptrauth-CID7SR6B5XD2S67XVB6UT213R.scan
PrecompileModule /Users/admin/builder/spi-builder-workspace/.derivedData/Build/Intermediates.noindex/ExplicitPrecompiledModules/_Builtin_stdbool-D649XUGWO01K5689JO4R7ZWD.scan
    cd /
    builtin-precompileModule /Users/admin/builder/spi-builder-workspace/.derivedData/Build/Intermediates.noindex/ExplicitPrecompiledModules/_Builtin_stdbool-D649XUGWO01K5689JO4R7ZWD.scan
PrecompileModule /Users/admin/builder/spi-builder-workspace/.derivedData/Build/Intermediates.noindex/ExplicitPrecompiledModules/ptrcheck-E2AUDIQM0FG3Y89VVI0OEFMSZ.scan
    cd /
    builtin-precompileModule /Users/admin/builder/spi-builder-workspace/.derivedData/Build/Intermediates.noindex/ExplicitPrecompiledModules/ptrcheck-E2AUDIQM0FG3Y89VVI0OEFMSZ.scan
PrecompileModule /Users/admin/builder/spi-builder-workspace/.derivedData/Build/Intermediates.noindex/ExplicitPrecompiledModules/_AvailabilityInternal-EK48HVPNFCFZC3TDC1FUBXWTV.scan
    cd /
    builtin-precompileModule /Users/admin/builder/spi-builder-workspace/.derivedData/Build/Intermediates.noindex/ExplicitPrecompiledModules/_AvailabilityInternal-EK48HVPNFCFZC3TDC1FUBXWTV.scan
SwiftExplicitDependencyGeneratePcm arm64 /Users/admin/builder/spi-builder-workspace/.derivedData/SDKExplicitPrecompiledModules/_Builtin_stdbool-B692L2PMR118794VVYBG37897.pcm
SwiftExplicitDependencyGeneratePcm arm64 /Users/admin/builder/spi-builder-workspace/.derivedData/SDKExplicitPrecompiledModules/_SwiftConcurrencyShims-CTPSFSTDCBVSSQFHL6I305U72.pcm
SwiftExplicitDependencyGeneratePcm arm64_32 /Users/admin/builder/spi-builder-workspace/.derivedData/SDKExplicitPrecompiledModules/ptrauth-EW7YZZ7LEZE1QZF2T8148IPSA.pcm
SwiftExplicitDependencyGeneratePcm arm64_32 /Users/admin/builder/spi-builder-workspace/.derivedData/SDKExplicitPrecompiledModules/_Builtin_float-372PLGDQ1U3B6Z5EA5DJMDORJ.pcm
SwiftExplicitDependencyGeneratePcm arm64 /Users/admin/builder/spi-builder-workspace/.derivedData/SDKExplicitPrecompiledModules/_Builtin_float-E4M4A8689VXF1T7P7BV56IKBT.pcm
SwiftExplicitDependencyGeneratePcm arm64 /Users/admin/builder/spi-builder-workspace/.derivedData/SDKExplicitPrecompiledModules/_Builtin_stdarg-3X4KLXUYEI0UGBILP4X7D0CYW.pcm
SwiftExplicitDependencyGeneratePcm arm64 /Users/admin/builder/spi-builder-workspace/.derivedData/SDKExplicitPrecompiledModules/ptrcheck-8K07997SIHO7YGY7UQ3LOQ3TJ.pcm
SwiftExplicitDependencyGeneratePcm arm64 /Users/admin/builder/spi-builder-workspace/.derivedData/SDKExplicitPrecompiledModules/_Builtin_stddef-5OH846KKUPSJJT7GCX9XU1TKG.pcm
SwiftExplicitDependencyGeneratePcm arm64_32 /Users/admin/builder/spi-builder-workspace/.derivedData/SDKExplicitPrecompiledModules/_Builtin_stddef-2F9BFIPBQ5EWNSK5G7G7V4EKL.pcm
SwiftExplicitDependencyGeneratePcm arm64_32 /Users/admin/builder/spi-builder-workspace/.derivedData/SDKExplicitPrecompiledModules/SwiftShims-D9VBB138U50XYYGW2C2V21N3L.pcm
SwiftExplicitDependencyGeneratePcm arm64_32 /Users/admin/builder/spi-builder-workspace/.derivedData/SDKExplicitPrecompiledModules/ptrcheck-EAZ3I917ZFA9H6ZCL6PGLG4TR.pcm
SwiftExplicitDependencyGeneratePcm arm64_32 /Users/admin/builder/spi-builder-workspace/.derivedData/SDKExplicitPrecompiledModules/_SwiftConcurrencyShims-58G4ISYSYDV3AT1DDGEE0QCUF.pcm
SwiftExplicitDependencyGeneratePcm arm64_32 /Users/admin/builder/spi-builder-workspace/.derivedData/SDKExplicitPrecompiledModules/_Builtin_stdarg-EYJP6DFYQL9GJLH1TJ84A8MHV.pcm
SwiftExplicitDependencyGeneratePcm arm64_32 /Users/admin/builder/spi-builder-workspace/.derivedData/SDKExplicitPrecompiledModules/_AvailabilityInternal-22ZP1ILSQW16KHXZS5GBZHOCS.pcm
SwiftExplicitDependencyGeneratePcm arm64 /Users/admin/builder/spi-builder-workspace/.derivedData/SDKExplicitPrecompiledModules/SwiftShims-AJ4AZYHQNC33R5RLN7AGEIOMP.pcm
SwiftExplicitDependencyGeneratePcm arm64 /Users/admin/builder/spi-builder-workspace/.derivedData/SDKExplicitPrecompiledModules/_AvailabilityInternal-42EVAC8Q6P1ZT6G3A168N97G4.pcm
SwiftExplicitDependencyGeneratePcm arm64_32 /Users/admin/builder/spi-builder-workspace/.derivedData/SDKExplicitPrecompiledModules/_Builtin_stdbool-84ZA1VDW90AGWZ2LF5KOCM8DZ.pcm
SwiftExplicitDependencyGeneratePcm arm64 /Users/admin/builder/spi-builder-workspace/.derivedData/SDKExplicitPrecompiledModules/ptrauth-C7VQASAJ967Q4Q6SRD4I3CFWZ.pcm
PrecompileModule /Users/admin/builder/spi-builder-workspace/.derivedData/Build/Intermediates.noindex/ExplicitPrecompiledModules/_DarwinFoundation1-9F1DJW9DUJEH474GGMAR0HQJR.scan
    cd /
    builtin-precompileModule /Users/admin/builder/spi-builder-workspace/.derivedData/Build/Intermediates.noindex/ExplicitPrecompiledModules/_DarwinFoundation1-9F1DJW9DUJEH474GGMAR0HQJR.scan
PrecompileModule /Users/admin/builder/spi-builder-workspace/.derivedData/Build/Intermediates.noindex/ExplicitPrecompiledModules/ptrauth-1HI3M7Y8CG64GXYI94WXBS30H.scan
    cd /
    builtin-precompileModule /Users/admin/builder/spi-builder-workspace/.derivedData/Build/Intermediates.noindex/ExplicitPrecompiledModules/ptrauth-1HI3M7Y8CG64GXYI94WXBS30H.scan
PrecompileModule /Users/admin/builder/spi-builder-workspace/.derivedData/Build/Intermediates.noindex/ExplicitPrecompiledModules/_Builtin_stddef-2IDNA9GZ4JK5P9H4GYVGS6BEP.scan
    cd /
    builtin-precompileModule /Users/admin/builder/spi-builder-workspace/.derivedData/Build/Intermediates.noindex/ExplicitPrecompiledModules/_Builtin_stddef-2IDNA9GZ4JK5P9H4GYVGS6BEP.scan
PrecompileModule /Users/admin/builder/spi-builder-workspace/.derivedData/Build/Intermediates.noindex/ExplicitPrecompiledModules/_Builtin_float-EAKO7GUISI6YBLJJO1PQ14VQ2.scan
    cd /
    builtin-precompileModule /Users/admin/builder/spi-builder-workspace/.derivedData/Build/Intermediates.noindex/ExplicitPrecompiledModules/_Builtin_float-EAKO7GUISI6YBLJJO1PQ14VQ2.scan
PrecompileModule /Users/admin/builder/spi-builder-workspace/.derivedData/Build/Intermediates.noindex/ExplicitPrecompiledModules/_Builtin_stdarg-7LN4T8YDHGKLYACMKYEMO8O7M.scan
    cd /
    builtin-precompileModule /Users/admin/builder/spi-builder-workspace/.derivedData/Build/Intermediates.noindex/ExplicitPrecompiledModules/_Builtin_stdarg-7LN4T8YDHGKLYACMKYEMO8O7M.scan
SwiftExplicitDependencyGeneratePcm arm64 /Users/admin/builder/spi-builder-workspace/.derivedData/SDKExplicitPrecompiledModules/_DarwinFoundation1-7YQ9TVI7XTOGQU9OADRXP33D1.pcm
SwiftExplicitDependencyGeneratePcm arm64_32 /Users/admin/builder/spi-builder-workspace/.derivedData/SDKExplicitPrecompiledModules/_DarwinFoundation1-5SNIO0SFHX9KJZTLQGIPAPXUZ.pcm
PrecompileModule /Users/admin/builder/spi-builder-workspace/.derivedData/Build/Intermediates.noindex/ExplicitPrecompiledModules/_Builtin_limits-2357P1R47IDJNKO4YCUW06X8B.scan
    cd /
    builtin-precompileModule /Users/admin/builder/spi-builder-workspace/.derivedData/Build/Intermediates.noindex/ExplicitPrecompiledModules/_Builtin_limits-2357P1R47IDJNKO4YCUW06X8B.scan
PrecompileModule /Users/admin/builder/spi-builder-workspace/.derivedData/Build/Intermediates.noindex/ExplicitPrecompiledModules/_DarwinFoundation2-1QO5H0AUJRU6EO6RKE4VZX15M.scan
    cd /
    builtin-precompileModule /Users/admin/builder/spi-builder-workspace/.derivedData/Build/Intermediates.noindex/ExplicitPrecompiledModules/_DarwinFoundation2-1QO5H0AUJRU6EO6RKE4VZX15M.scan
PrecompileModule /Users/admin/builder/spi-builder-workspace/.derivedData/Build/Intermediates.noindex/ExplicitPrecompiledModules/_DarwinFoundation1-VNGNV7SK3PKYOZ8PDT5WOO09.scan
    cd /
    builtin-precompileModule /Users/admin/builder/spi-builder-workspace/.derivedData/Build/Intermediates.noindex/ExplicitPrecompiledModules/_DarwinFoundation1-VNGNV7SK3PKYOZ8PDT5WOO09.scan
PrecompileModule /Users/admin/builder/spi-builder-workspace/.derivedData/Build/Intermediates.noindex/ExplicitPrecompiledModules/_DarwinFoundation2-1DFY1MARP2HCJFOCU2QX2LFZO.scan
    cd /
    builtin-precompileModule /Users/admin/builder/spi-builder-workspace/.derivedData/Build/Intermediates.noindex/ExplicitPrecompiledModules/_DarwinFoundation2-1DFY1MARP2HCJFOCU2QX2LFZO.scan
PrecompileModule /Users/admin/builder/spi-builder-workspace/.derivedData/Build/Intermediates.noindex/ExplicitPrecompiledModules/_Builtin_limits-WSW114AZQAOGDP3ITWL5X6R7.scan
    cd /
    builtin-precompileModule /Users/admin/builder/spi-builder-workspace/.derivedData/Build/Intermediates.noindex/ExplicitPrecompiledModules/_Builtin_limits-WSW114AZQAOGDP3ITWL5X6R7.scan
SwiftExplicitDependencyGeneratePcm arm64_32 /Users/admin/builder/spi-builder-workspace/.derivedData/SDKExplicitPrecompiledModules/_DarwinFoundation2-FP2Q8F1Q2HR151SBYKTU6Q8B.pcm
SwiftExplicitDependencyGeneratePcm arm64_32 /Users/admin/builder/spi-builder-workspace/.derivedData/SDKExplicitPrecompiledModules/_Builtin_limits-AQMEC9CLG0FZQN6TLGDQ6WF78.pcm
SwiftExplicitDependencyGeneratePcm arm64 /Users/admin/builder/spi-builder-workspace/.derivedData/SDKExplicitPrecompiledModules/_DarwinFoundation2-CUPL4FH2SA95GMALQP4M6O8UA.pcm
SwiftExplicitDependencyGeneratePcm arm64 /Users/admin/builder/spi-builder-workspace/.derivedData/SDKExplicitPrecompiledModules/_Builtin_limits-75TRA1C7IHYOFCG3KJXQVTHJ4.pcm
PrecompileModule /Users/admin/builder/spi-builder-workspace/.derivedData/Build/Intermediates.noindex/ExplicitPrecompiledModules/_Builtin_stdint-2UI2OSKQ18WTPSXJMIJZB1B9I.scan
    cd /
    builtin-precompileModule /Users/admin/builder/spi-builder-workspace/.derivedData/Build/Intermediates.noindex/ExplicitPrecompiledModules/_Builtin_stdint-2UI2OSKQ18WTPSXJMIJZB1B9I.scan
PrecompileModule /Users/admin/builder/spi-builder-workspace/.derivedData/Build/Intermediates.noindex/ExplicitPrecompiledModules/_Builtin_stdint-DZPJEJB02GWTURAQ4236KD6KZ.scan
    cd /
    builtin-precompileModule /Users/admin/builder/spi-builder-workspace/.derivedData/Build/Intermediates.noindex/ExplicitPrecompiledModules/_Builtin_stdint-DZPJEJB02GWTURAQ4236KD6KZ.scan
PrecompileModule /Users/admin/builder/spi-builder-workspace/.derivedData/Build/Intermediates.noindex/ExplicitPrecompiledModules/_DarwinFoundation3-DK33DRI8NOLNIOGJOEQK2DFJ9.scan
    cd /
    builtin-precompileModule /Users/admin/builder/spi-builder-workspace/.derivedData/Build/Intermediates.noindex/ExplicitPrecompiledModules/_DarwinFoundation3-DK33DRI8NOLNIOGJOEQK2DFJ9.scan
PrecompileModule /Users/admin/builder/spi-builder-workspace/.derivedData/Build/Intermediates.noindex/ExplicitPrecompiledModules/_DarwinFoundation3-8VK47H4S9JNA5CYPKNL4IT42.scan
    cd /
    builtin-precompileModule /Users/admin/builder/spi-builder-workspace/.derivedData/Build/Intermediates.noindex/ExplicitPrecompiledModules/_DarwinFoundation3-8VK47H4S9JNA5CYPKNL4IT42.scan
SwiftExplicitDependencyGeneratePcm arm64_32 /Users/admin/builder/spi-builder-workspace/.derivedData/SDKExplicitPrecompiledModules/_Builtin_stdint-6IWJLTRH2WB6RCG4THPA65RDS.pcm
SwiftExplicitDependencyGeneratePcm arm64_32 /Users/admin/builder/spi-builder-workspace/.derivedData/SDKExplicitPrecompiledModules/sys_types-65NN51P1G7GN2GUAUPC53JJ7N.pcm
SwiftExplicitDependencyGeneratePcm arm64_32 /Users/admin/builder/spi-builder-workspace/.derivedData/SDKExplicitPrecompiledModules/string_h-8QY7P4ZQXQAF14WVDITTM4R70.pcm
SwiftExplicitDependencyGeneratePcm arm64 /Users/admin/builder/spi-builder-workspace/.derivedData/SDKExplicitPrecompiledModules/string_h-4N9Z22C0HUO8GV7GFPCLZRZA2.pcm
SwiftExplicitDependencyGeneratePcm arm64 /Users/admin/builder/spi-builder-workspace/.derivedData/SDKExplicitPrecompiledModules/_Builtin_stdint-6TUACK4YPMARFT56PLIO388SJ.pcm
SwiftExplicitDependencyGeneratePcm arm64 /Users/admin/builder/spi-builder-workspace/.derivedData/SDKExplicitPrecompiledModules/sys_types-9KPVYINL86WUSHF45TU8PWZZ1.pcm
PrecompileModule /Users/admin/builder/spi-builder-workspace/.derivedData/Build/Intermediates.noindex/ExplicitPrecompiledModules/_Builtin_inttypes-6SSP90ML0D5UKCV59YMIC742R.scan
    cd /
    builtin-precompileModule /Users/admin/builder/spi-builder-workspace/.derivedData/Build/Intermediates.noindex/ExplicitPrecompiledModules/_Builtin_inttypes-6SSP90ML0D5UKCV59YMIC742R.scan
PrecompileModule /Users/admin/builder/spi-builder-workspace/.derivedData/Build/Intermediates.noindex/ExplicitPrecompiledModules/_Builtin_inttypes-3EPQ3FONVEZLNY3ML0EJNR609.scan
    cd /
    builtin-precompileModule /Users/admin/builder/spi-builder-workspace/.derivedData/Build/Intermediates.noindex/ExplicitPrecompiledModules/_Builtin_inttypes-3EPQ3FONVEZLNY3ML0EJNR609.scan
PrecompileModule /Users/admin/builder/spi-builder-workspace/.derivedData/Build/Intermediates.noindex/ExplicitPrecompiledModules/Darwin-7AYZXY0JNENHDFL8C7OFRYYFG.scan
    cd /
    builtin-precompileModule /Users/admin/builder/spi-builder-workspace/.derivedData/Build/Intermediates.noindex/ExplicitPrecompiledModules/Darwin-7AYZXY0JNENHDFL8C7OFRYYFG.scan
PrecompileModule /Users/admin/builder/spi-builder-workspace/.derivedData/Build/Intermediates.noindex/ExplicitPrecompiledModules/Darwin-DS15HL4ULFWUL2KCUN5XP8EJF.scan
    cd /
    builtin-precompileModule /Users/admin/builder/spi-builder-workspace/.derivedData/Build/Intermediates.noindex/ExplicitPrecompiledModules/Darwin-DS15HL4ULFWUL2KCUN5XP8EJF.scan
SwiftExplicitDependencyGeneratePcm arm64_32 /Users/admin/builder/spi-builder-workspace/.derivedData/SDKExplicitPrecompiledModules/_DarwinFoundation3-3YOBOPIW2MF1LRNQH7JBUBY4G.pcm
SwiftExplicitDependencyGeneratePcm arm64 /Users/admin/builder/spi-builder-workspace/.derivedData/SDKExplicitPrecompiledModules/_DarwinFoundation3-EJXZKD8LN9EYM9OWP9VLJ49PK.pcm
SwiftExplicitDependencyGeneratePcm arm64 /Users/admin/builder/spi-builder-workspace/.derivedData/SDKExplicitPrecompiledModules/_Builtin_inttypes-86YTNV5YADPJXFMJ82N3R4GWQ.pcm
SwiftExplicitDependencyGeneratePcm arm64_32 /Users/admin/builder/spi-builder-workspace/.derivedData/SDKExplicitPrecompiledModules/_Builtin_inttypes-BPZJ68HW1IMYWSHROAZ0IMUJP.pcm
SwiftExplicitDependencyGeneratePcm arm64_32 /Users/admin/builder/spi-builder-workspace/.derivedData/SDKExplicitPrecompiledModules/Darwin-10D35ZJWCWG7LJAF579U7I5V7.pcm
SwiftExplicitDependencyGeneratePcm arm64 /Users/admin/builder/spi-builder-workspace/.derivedData/SDKExplicitPrecompiledModules/Darwin-CSB8C43KELVSFIQVR0803IZPN.pcm
PrecompileModule /Users/admin/builder/spi-builder-workspace/.derivedData/Build/Intermediates.noindex/ExplicitPrecompiledModules/ObjectiveC-BKRD1OM40PFBRS2LM5SXEBUZG.scan
    cd /
    builtin-precompileModule /Users/admin/builder/spi-builder-workspace/.derivedData/Build/Intermediates.noindex/ExplicitPrecompiledModules/ObjectiveC-BKRD1OM40PFBRS2LM5SXEBUZG.scan
PrecompileModule /Users/admin/builder/spi-builder-workspace/.derivedData/Build/Intermediates.noindex/ExplicitPrecompiledModules/ObjectiveC-7OFOJRZYIUCKSSSTRWRNXGZ02.scan
    cd /
    builtin-precompileModule /Users/admin/builder/spi-builder-workspace/.derivedData/Build/Intermediates.noindex/ExplicitPrecompiledModules/ObjectiveC-7OFOJRZYIUCKSSSTRWRNXGZ02.scan
PrecompileModule /Users/admin/builder/spi-builder-workspace/.derivedData/Build/Intermediates.noindex/ExplicitPrecompiledModules/os_object-DCH4V2Q9M35EPWVRDX7T2XV3D.scan
    cd /
    builtin-precompileModule /Users/admin/builder/spi-builder-workspace/.derivedData/Build/Intermediates.noindex/ExplicitPrecompiledModules/os_object-DCH4V2Q9M35EPWVRDX7T2XV3D.scan
PrecompileModule /Users/admin/builder/spi-builder-workspace/.derivedData/Build/Intermediates.noindex/ExplicitPrecompiledModules/os_object-EUX4I48UFTROXPXQJ4ORMMRTH.scan
    cd /
    builtin-precompileModule /Users/admin/builder/spi-builder-workspace/.derivedData/Build/Intermediates.noindex/ExplicitPrecompiledModules/os_object-EUX4I48UFTROXPXQJ4ORMMRTH.scan
PrecompileModule /Users/admin/builder/spi-builder-workspace/.derivedData/Build/Intermediates.noindex/ExplicitPrecompiledModules/os_workgroup-141Q9IIOHZS2WXT6OVG2612LV.scan
    cd /
    builtin-precompileModule /Users/admin/builder/spi-builder-workspace/.derivedData/Build/Intermediates.noindex/ExplicitPrecompiledModules/os_workgroup-141Q9IIOHZS2WXT6OVG2612LV.scan
PrecompileModule /Users/admin/builder/spi-builder-workspace/.derivedData/Build/Intermediates.noindex/ExplicitPrecompiledModules/os_workgroup-675FUK9KW1IG6E9NW39PVLEQH.scan
    cd /
    builtin-precompileModule /Users/admin/builder/spi-builder-workspace/.derivedData/Build/Intermediates.noindex/ExplicitPrecompiledModules/os_workgroup-675FUK9KW1IG6E9NW39PVLEQH.scan
PrecompileModule /Users/admin/builder/spi-builder-workspace/.derivedData/Build/Intermediates.noindex/ExplicitPrecompiledModules/Dispatch-DTVFPMEG1K3842I8EF3ZF1NYB.scan
    cd /
    builtin-precompileModule /Users/admin/builder/spi-builder-workspace/.derivedData/Build/Intermediates.noindex/ExplicitPrecompiledModules/Dispatch-DTVFPMEG1K3842I8EF3ZF1NYB.scan
PrecompileModule /Users/admin/builder/spi-builder-workspace/.derivedData/Build/Intermediates.noindex/ExplicitPrecompiledModules/Dispatch-4A5WFBGXQAD7Z0P1SHYEHEHM9.scan
    cd /
    builtin-precompileModule /Users/admin/builder/spi-builder-workspace/.derivedData/Build/Intermediates.noindex/ExplicitPrecompiledModules/Dispatch-4A5WFBGXQAD7Z0P1SHYEHEHM9.scan
PrecompileModule /Users/admin/builder/spi-builder-workspace/.derivedData/Build/Intermediates.noindex/ExplicitPrecompiledModules/XPC-QGO6QW9680Y26JZMOUXARONV.scan
    cd /
    builtin-precompileModule /Users/admin/builder/spi-builder-workspace/.derivedData/Build/Intermediates.noindex/ExplicitPrecompiledModules/XPC-QGO6QW9680Y26JZMOUXARONV.scan
PrecompileModule /Users/admin/builder/spi-builder-workspace/.derivedData/Build/Intermediates.noindex/ExplicitPrecompiledModules/CoreFoundation-B0JJXX6PHAIBJDN3YT3OJH8H3.scan
    cd /
    builtin-precompileModule /Users/admin/builder/spi-builder-workspace/.derivedData/Build/Intermediates.noindex/ExplicitPrecompiledModules/CoreFoundation-B0JJXX6PHAIBJDN3YT3OJH8H3.scan
PrecompileModule /Users/admin/builder/spi-builder-workspace/.derivedData/Build/Intermediates.noindex/ExplicitPrecompiledModules/XPC-DV3R9OID4FHTR5QG9V1VK10FX.scan
    cd /
    builtin-precompileModule /Users/admin/builder/spi-builder-workspace/.derivedData/Build/Intermediates.noindex/ExplicitPrecompiledModules/XPC-DV3R9OID4FHTR5QG9V1VK10FX.scan
PrecompileModule /Users/admin/builder/spi-builder-workspace/.derivedData/Build/Intermediates.noindex/ExplicitPrecompiledModules/CoreFoundation-6K489R49ZVRSEI9C12FKB0SFS.scan
    cd /
    builtin-precompileModule /Users/admin/builder/spi-builder-workspace/.derivedData/Build/Intermediates.noindex/ExplicitPrecompiledModules/CoreFoundation-6K489R49ZVRSEI9C12FKB0SFS.scan
SwiftExplicitDependencyGeneratePcm arm64 /Users/admin/builder/spi-builder-workspace/.derivedData/SDKExplicitPrecompiledModules/ObjectiveC-22CZPC4WYQC9G8T393WT2KKLW.pcm
SwiftExplicitDependencyGeneratePcm arm64_32 /Users/admin/builder/spi-builder-workspace/.derivedData/SDKExplicitPrecompiledModules/ObjectiveC-71AGZNHLBMR2QK817EJNUN54E.pcm
PrecompileModule /Users/admin/builder/spi-builder-workspace/.derivedData/Build/Intermediates.noindex/ExplicitPrecompiledModules/Security-F2SDFAIBABKPZ3IOKIUGR6WM0.scan
    cd /
    builtin-precompileModule /Users/admin/builder/spi-builder-workspace/.derivedData/Build/Intermediates.noindex/ExplicitPrecompiledModules/Security-F2SDFAIBABKPZ3IOKIUGR6WM0.scan
PrecompileModule /Users/admin/builder/spi-builder-workspace/.derivedData/Build/Intermediates.noindex/ExplicitPrecompiledModules/Security-3T6G6U6DBIVYH54RTWBQ0CD0S.scan
    cd /
    builtin-precompileModule /Users/admin/builder/spi-builder-workspace/.derivedData/Build/Intermediates.noindex/ExplicitPrecompiledModules/Security-3T6G6U6DBIVYH54RTWBQ0CD0S.scan
SwiftExplicitDependencyGeneratePcm arm64_32 /Users/admin/builder/spi-builder-workspace/.derivedData/SDKExplicitPrecompiledModules/os_object-CTXVQBCWDOH6JHUXIFDUOWFRL.pcm
SwiftExplicitDependencyGeneratePcm arm64 /Users/admin/builder/spi-builder-workspace/.derivedData/SDKExplicitPrecompiledModules/os_object-6KYGGZ4DPVZ3BBAZ6QICZN8LI.pcm
PrecompileModule /Users/admin/builder/spi-builder-workspace/.derivedData/Build/Intermediates.noindex/ExplicitPrecompiledModules/Foundation-AKBJQLBJM3P9M8FZNUJ6Z21T.scan
    cd /
    builtin-precompileModule /Users/admin/builder/spi-builder-workspace/.derivedData/Build/Intermediates.noindex/ExplicitPrecompiledModules/Foundation-AKBJQLBJM3P9M8FZNUJ6Z21T.scan
PrecompileModule /Users/admin/builder/spi-builder-workspace/.derivedData/Build/Intermediates.noindex/ExplicitPrecompiledModules/Foundation-F2KBWX41FVCKIU807472SK297.scan
    cd /
    builtin-precompileModule /Users/admin/builder/spi-builder-workspace/.derivedData/Build/Intermediates.noindex/ExplicitPrecompiledModules/Foundation-F2KBWX41FVCKIU807472SK297.scan
SwiftExplicitDependencyGeneratePcm arm64_32 /Users/admin/builder/spi-builder-workspace/.derivedData/SDKExplicitPrecompiledModules/os_workgroup-9L9R05BT5LTFRZ2NM68BZTVV2.pcm
SwiftExplicitDependencyGeneratePcm arm64 /Users/admin/builder/spi-builder-workspace/.derivedData/SDKExplicitPrecompiledModules/os_workgroup-AHE7ULDQBKER38CYPIKDTZF4M.pcm
SwiftExplicitDependencyGeneratePcm arm64_32 /Users/admin/builder/spi-builder-workspace/.derivedData/SDKExplicitPrecompiledModules/Dispatch-CGIMI9KQKHNRQHR2IECIPRG14.pcm
SwiftExplicitDependencyGeneratePcm arm64 /Users/admin/builder/spi-builder-workspace/.derivedData/SDKExplicitPrecompiledModules/Dispatch-39VR0G01IUJ09PQKMFGOHXZ4L.pcm
SwiftExplicitDependencyGeneratePcm arm64_32 /Users/admin/builder/spi-builder-workspace/.derivedData/SDKExplicitPrecompiledModules/CoreFoundation-76B9WJP9MDYT33HZQVSNNZQZD.pcm
SwiftExplicitDependencyGeneratePcm arm64_32 /Users/admin/builder/spi-builder-workspace/.derivedData/SDKExplicitPrecompiledModules/XPC-7SLKI45KYLKXH9QET2WYS3UZ4.pcm
SwiftExplicitDependencyGeneratePcm arm64 /Users/admin/builder/spi-builder-workspace/.derivedData/SDKExplicitPrecompiledModules/XPC-650JAZBTM6I0OMHYO6CKM0CWJ.pcm
SwiftExplicitDependencyGeneratePcm arm64 /Users/admin/builder/spi-builder-workspace/.derivedData/SDKExplicitPrecompiledModules/CoreFoundation-59XKO8YNRGGYNC5U5LK8B4EM.pcm
CompileC /Users/admin/builder/spi-builder-workspace/.derivedData/Build/Intermediates.noindex/SwinjectStoryboard.build/Debug-watchos/SwinjectStoryboard-ObjC-t.build/Objects-normal/arm64_32/SwinjectStoryboard+SetUp.o /Users/admin/builder/spi-builder-workspace/Sources/ObjectiveC/Others/SwinjectStoryboard+SetUp.m normal arm64_32 objective-c com.apple.compilers.llvm.clang.1_0.compiler (in target 'SwinjectStoryboard-ObjC' from project 'SwinjectStoryboard')
    cd /Users/admin/builder/spi-builder-workspace/.swiftpm/xcode

    Using response file: /Users/admin/builder/spi-builder-workspace/.derivedData/Build/Intermediates.noindex/SwinjectStoryboard.build/Debug-watchos/SwinjectStoryboard-ObjC-t.build/Objects-normal/arm64_32/e6072d4f65d7061329687fe24e3d63a7-common-args.resp

    /Applications/Xcode-27.0.0-Release.Candidate.app/Contents/Developer/Toolchains/XcodeDefault.xctoolchain/usr/bin/clang -x objective-c -ivfsstatcache /Users/admin/builder/spi-builder-workspace/.derivedData/SDKStatCaches.noindex/watchos27.0-24R360-e829b21a6f8c9b70876ba0858053c04477534ef55a1706bf4c1112bbb242f0a2.sdkstatcache -target arm64_32-apple-watchos9.0 -fmessage-length\=0 -fdiagnostics-show-note-include-stack -fmacro-backtrace-limit\=0 -fno-color-diagnostics -fmodules-prune-interval\=86400 -fmodules-prune-after\=345600 -fbuild-session-file\=/Users/admin/builder/spi-builder-workspace/.derivedData/ModuleCache.noindex/Session.modulevalidation -fmodules-validate-once-per-build-session -Wnon-modular-include-in-framework-module -Werror\=non-modular-include-in-framework-module -Wno-trigraphs -Wno-missing-field-initializers -Wno-missing-prototypes -Wno-return-type -Wno-implicit-atomic-properties -Wno-objc-interface-ivars -Wno-arc-repeated-use-of-weak -Wno-missing-braces -Wparentheses -Wswitch -Wno-unused-function -Wno-unused-label -Wno-unused-parameter -Wno-unused-variable -Wunused-value -Wno-empty-body -Wno-uninitialized -Wno-unknown-pragmas -Wno-shadow -Wno-four-char-constants -Wno-conversion -Wno-constant-conversion -Wno-int-conversion -Wno-bool-conversion -Wno-enum-conversion -Wno-float-conversion -Wno-non-literal-null-conversion -Wno-objc-literal-conversion -Wno-shorten-64-to-32 -Wpointer-sign -Wno-newline-eof -Wno-selector -Wno-strict-selector-match -Wno-undeclared-selector -Wno-deprecated-implementations -Wno-implicit-fallthrough -isysroot /Applications/Xcode-27.0.0-Release.Candidate.app/Contents/Developer/Platforms/WatchOS.platform/Developer/SDKs/WatchOS27.0.sdk -fstrict-aliasing -Wprotocol -Wdeprecated-declarations -Wno-sign-conversion -Wno-infinite-recursion -Wno-comma -Wno-block-capture-autoreleasing -Wno-strict-prototypes -Wno-semicolon-before-method-body -index-store-path /Users/admin/builder/spi-builder-workspace/.derivedData/Index.noindex/DataStore @/Users/admin/builder/spi-builder-workspace/.derivedData/Build/Intermediates.noindex/SwinjectStoryboard.build/Debug-watchos/SwinjectStoryboard-ObjC-t.build/Objects-normal/arm64_32/e6072d4f65d7061329687fe24e3d63a7-common-args.resp -MMD -MT dependencies -MF /Users/admin/builder/spi-builder-workspace/.derivedData/Build/Intermediates.noindex/SwinjectStoryboard.build/Debug-watchos/SwinjectStoryboard-ObjC-t.build/Objects-normal/arm64_32/SwinjectStoryboard+SetUp.d --serialize-diagnostics /Users/admin/builder/spi-builder-workspace/.derivedData/Build/Intermediates.noindex/SwinjectStoryboard.build/Debug-watchos/SwinjectStoryboard-ObjC-t.build/Objects-normal/arm64_32/SwinjectStoryboard+SetUp.dia -c /Users/admin/builder/spi-builder-workspace/Sources/ObjectiveC/Others/SwinjectStoryboard+SetUp.m -o /Users/admin/builder/spi-builder-workspace/.derivedData/Build/Intermediates.noindex/SwinjectStoryboard.build/Debug-watchos/SwinjectStoryboard-ObjC-t.build/Objects-normal/arm64_32/SwinjectStoryboard+SetUp.o -index-unit-output-path /SwinjectStoryboard.build/Debug-watchos/SwinjectStoryboard-ObjC-t.build/Objects-normal/arm64_32/SwinjectStoryboard+SetUp.o
CompileC /Users/admin/builder/spi-builder-workspace/.derivedData/Build/Intermediates.noindex/SwinjectStoryboard.build/Debug-watchos/SwinjectStoryboard-ObjC-t.build/Objects-normal/arm64/SwinjectStoryboard+SetUp.o /Users/admin/builder/spi-builder-workspace/Sources/ObjectiveC/Others/SwinjectStoryboard+SetUp.m normal arm64 objective-c com.apple.compilers.llvm.clang.1_0.compiler (in target 'SwinjectStoryboard-ObjC' from project 'SwinjectStoryboard')
    cd /Users/admin/builder/spi-builder-workspace/.swiftpm/xcode

    Using response file: /Users/admin/builder/spi-builder-workspace/.derivedData/Build/Intermediates.noindex/SwinjectStoryboard.build/Debug-watchos/SwinjectStoryboard-ObjC-t.build/Objects-normal/arm64/e6072d4f65d7061329687fe24e3d63a7-common-args.resp

    /Applications/Xcode-27.0.0-Release.Candidate.app/Contents/Developer/Toolchains/XcodeDefault.xctoolchain/usr/bin/clang -x objective-c -ivfsstatcache /Users/admin/builder/spi-builder-workspace/.derivedData/SDKStatCaches.noindex/watchos27.0-24R360-e829b21a6f8c9b70876ba0858053c04477534ef55a1706bf4c1112bbb242f0a2.sdkstatcache -target arm64-apple-watchos9.0 -fmessage-length\=0 -fdiagnostics-show-note-include-stack -fmacro-backtrace-limit\=0 -fno-color-diagnostics -fmodules-prune-interval\=86400 -fmodules-prune-after\=345600 -fbuild-session-file\=/Users/admin/builder/spi-builder-workspace/.derivedData/ModuleCache.noindex/Session.modulevalidation -fmodules-validate-once-per-build-session -Wnon-modular-include-in-framework-module -Werror\=non-modular-include-in-framework-module -Wno-trigraphs -Wno-missing-field-initializers -Wno-missing-prototypes -Wno-return-type -Wno-implicit-atomic-properties -Wno-objc-interface-ivars -Wno-arc-repeated-use-of-weak -Wno-missing-braces -Wparentheses -Wswitch -Wno-unused-function -Wno-unused-label -Wno-unused-parameter -Wno-unused-variable -Wunused-value -Wno-empty-body -Wno-uninitialized -Wno-unknown-pragmas -Wno-shadow -Wno-four-char-constants -Wno-conversion -Wno-constant-conversion -Wno-int-conversion -Wno-bool-conversion -Wno-enum-conversion -Wno-float-conversion -Wno-non-literal-null-conversion -Wno-objc-literal-conversion -Wshorten-64-to-32 -Wpointer-sign -Wno-newline-eof -Wno-selector -Wno-strict-selector-match -Wno-undeclared-selector -Wno-deprecated-implementations -Wno-implicit-fallthrough -isysroot /Applications/Xcode-27.0.0-Release.Candidate.app/Contents/Developer/Platforms/WatchOS.platform/Developer/SDKs/WatchOS27.0.sdk -fstrict-aliasing -Wprotocol -Wdeprecated-declarations -Wno-sign-conversion -Wno-infinite-recursion -Wno-comma -Wno-block-capture-autoreleasing -Wno-strict-prototypes -Wno-semicolon-before-method-body -index-store-path /Users/admin/builder/spi-builder-workspace/.derivedData/Index.noindex/DataStore @/Users/admin/builder/spi-builder-workspace/.derivedData/Build/Intermediates.noindex/SwinjectStoryboard.build/Debug-watchos/SwinjectStoryboard-ObjC-t.build/Objects-normal/arm64/e6072d4f65d7061329687fe24e3d63a7-common-args.resp -MMD -MT dependencies -MF /Users/admin/builder/spi-builder-workspace/.derivedData/Build/Intermediates.noindex/SwinjectStoryboard.build/Debug-watchos/SwinjectStoryboard-ObjC-t.build/Objects-normal/arm64/SwinjectStoryboard+SetUp.d --serialize-diagnostics /Users/admin/builder/spi-builder-workspace/.derivedData/Build/Intermediates.noindex/SwinjectStoryboard.build/Debug-watchos/SwinjectStoryboard-ObjC-t.build/Objects-normal/arm64/SwinjectStoryboard+SetUp.dia -c /Users/admin/builder/spi-builder-workspace/Sources/ObjectiveC/Others/SwinjectStoryboard+SetUp.m -o /Users/admin/builder/spi-builder-workspace/.derivedData/Build/Intermediates.noindex/SwinjectStoryboard.build/Debug-watchos/SwinjectStoryboard-ObjC-t.build/Objects-normal/arm64/SwinjectStoryboard+SetUp.o -index-unit-output-path /SwinjectStoryboard.build/Debug-watchos/SwinjectStoryboard-ObjC-t.build/Objects-normal/arm64/SwinjectStoryboard+SetUp.o
Ld /Users/admin/builder/spi-builder-workspace/.derivedData/Build/Intermediates.noindex/SwinjectStoryboard.build/Debug-watchos/SwinjectStoryboard-ObjC-t.build/Objects-normal/arm64_32/Binary/SwinjectStoryboard-ObjC.o normal arm64_32 (in target 'SwinjectStoryboard-ObjC' from project 'SwinjectStoryboard')
    cd /Users/admin/builder/spi-builder-workspace
    /Applications/Xcode-27.0.0-Release.Candidate.app/Contents/Developer/Toolchains/XcodeDefault.xctoolchain/usr/bin/clang -Xlinker -reproducible -target arm64_32-apple-watchos9.0 -r -isysroot /Applications/Xcode-27.0.0-Release.Candidate.app/Contents/Developer/Platforms/WatchOS.platform/Developer/SDKs/WatchOS27.0.sdk -O0 -Xlinker -no_warn_duplicate_libraries -F/Users/admin/builder/spi-builder-workspace/.derivedData/Build/Intermediates.noindex/EagerLinkingTBDs/Debug-watchos -F/Users/admin/builder/spi-builder-workspace/.derivedData/Build/Products/Debug-watchos -iframework /Applications/Xcode-27.0.0-Release.Candidate.app/Contents/Developer/Platforms/WatchOS.platform/Developer/Library/Frameworks -iframework /Applications/Xcode-27.0.0-Release.Candidate.app/Contents/Developer/Platforms/WatchOS.platform/Developer/SDKs/WatchOS27.0.sdk/Developer/Library/Frameworks -filelist /Users/admin/builder/spi-builder-workspace/.derivedData/Build/Intermediates.noindex/SwinjectStoryboard.build/Debug-watchos/SwinjectStoryboard-ObjC-t.build/Objects-normal/arm64_32/SwinjectStoryboard-ObjC.LinkFileList -nostdlib -Xlinker -object_path_lto -Xlinker /Users/admin/builder/spi-builder-workspace/.derivedData/Build/Intermediates.noindex/SwinjectStoryboard.build/Debug-watchos/SwinjectStoryboard-ObjC-t.build/Objects-normal/arm64_32/SwinjectStoryboard-ObjC_lto.o -Xlinker -no_deduplicate -Xlinker -dependency_info -Xlinker /Users/admin/builder/spi-builder-workspace/.derivedData/Build/Intermediates.noindex/SwinjectStoryboard.build/Debug-watchos/SwinjectStoryboard-ObjC-t.build/Objects-normal/arm64_32/SwinjectStoryboard-ObjC_dependency_info.dat -fobjc-arc -fobjc-link-runtime -o /Users/admin/builder/spi-builder-workspace/.derivedData/Build/Intermediates.noindex/SwinjectStoryboard.build/Debug-watchos/SwinjectStoryboard-ObjC-t.build/Objects-normal/arm64_32/Binary/SwinjectStoryboard-ObjC.o
Ld /Users/admin/builder/spi-builder-workspace/.derivedData/Build/Intermediates.noindex/SwinjectStoryboard.build/Debug-watchos/SwinjectStoryboard-ObjC-t.build/Objects-normal/arm64/Binary/SwinjectStoryboard-ObjC.o normal arm64 (in target 'SwinjectStoryboard-ObjC' from project 'SwinjectStoryboard')
    cd /Users/admin/builder/spi-builder-workspace
    /Applications/Xcode-27.0.0-Release.Candidate.app/Contents/Developer/Toolchains/XcodeDefault.xctoolchain/usr/bin/clang -Xlinker -reproducible -target arm64-apple-watchos9.0 -r -isysroot /Applications/Xcode-27.0.0-Release.Candidate.app/Contents/Developer/Platforms/WatchOS.platform/Developer/SDKs/WatchOS27.0.sdk -O0 -Xlinker -no_warn_duplicate_libraries -F/Users/admin/builder/spi-builder-workspace/.derivedData/Build/Intermediates.noindex/EagerLinkingTBDs/Debug-watchos -F/Users/admin/builder/spi-builder-workspace/.derivedData/Build/Products/Debug-watchos -iframework /Applications/Xcode-27.0.0-Release.Candidate.app/Contents/Developer/Platforms/WatchOS.platform/Developer/Library/Frameworks -iframework /Applications/Xcode-27.0.0-Release.Candidate.app/Contents/Developer/Platforms/WatchOS.platform/Developer/SDKs/WatchOS27.0.sdk/Developer/Library/Frameworks -filelist /Users/admin/builder/spi-builder-workspace/.derivedData/Build/Intermediates.noindex/SwinjectStoryboard.build/Debug-watchos/SwinjectStoryboard-ObjC-t.build/Objects-normal/arm64/SwinjectStoryboard-ObjC.LinkFileList -nostdlib -Xlinker -object_path_lto -Xlinker /Users/admin/builder/spi-builder-workspace/.derivedData/Build/Intermediates.noindex/SwinjectStoryboard.build/Debug-watchos/SwinjectStoryboard-ObjC-t.build/Objects-normal/arm64/SwinjectStoryboard-ObjC_lto.o -Xlinker -no_deduplicate -Xlinker -dependency_info -Xlinker /Users/admin/builder/spi-builder-workspace/.derivedData/Build/Intermediates.noindex/SwinjectStoryboard.build/Debug-watchos/SwinjectStoryboard-ObjC-t.build/Objects-normal/arm64/SwinjectStoryboard-ObjC_dependency_info.dat -fobjc-arc -fobjc-link-runtime -o /Users/admin/builder/spi-builder-workspace/.derivedData/Build/Intermediates.noindex/SwinjectStoryboard.build/Debug-watchos/SwinjectStoryboard-ObjC-t.build/Objects-normal/arm64/Binary/SwinjectStoryboard-ObjC.o
SwiftExplicitDependencyGeneratePcm arm64 /Users/admin/builder/spi-builder-workspace/.derivedData/SDKExplicitPrecompiledModules/Security-69WNGEAVQP55EDBQHP3BLE8QU.pcm
SwiftExplicitDependencyGeneratePcm arm64_32 /Users/admin/builder/spi-builder-workspace/.derivedData/SDKExplicitPrecompiledModules/Security-1W411BS4UH2UNMNII2341429S.pcm
CreateUniversalBinary /Users/admin/builder/spi-builder-workspace/.derivedData/Build/Products/Debug-watchos/SwinjectStoryboard-ObjC.o normal arm64\ arm64_32 (in target 'SwinjectStoryboard-ObjC' from project 'SwinjectStoryboard')
    cd /Users/admin/builder/spi-builder-workspace
    /Applications/Xcode-27.0.0-Release.Candidate.app/Contents/Developer/Toolchains/XcodeDefault.xctoolchain/usr/bin/lipo -create /Users/admin/builder/spi-builder-workspace/.derivedData/Build/Intermediates.noindex/SwinjectStoryboard.build/Debug-watchos/SwinjectStoryboard-ObjC-t.build/Objects-normal/arm64/Binary/SwinjectStoryboard-ObjC.o /Users/admin/builder/spi-builder-workspace/.derivedData/Build/Intermediates.noindex/SwinjectStoryboard.build/Debug-watchos/SwinjectStoryboard-ObjC-t.build/Objects-normal/arm64_32/Binary/SwinjectStoryboard-ObjC.o -output /Users/admin/builder/spi-builder-workspace/.derivedData/Build/Products/Debug-watchos/SwinjectStoryboard-ObjC.o
SwiftExplicitDependencyGeneratePcm arm64_32 /Users/admin/builder/spi-builder-workspace/.derivedData/SDKExplicitPrecompiledModules/Foundation-AIQ30TCDC2B0LBUU6FPQZ0HWI.pcm
SwiftExplicitDependencyGeneratePcm arm64 /Users/admin/builder/spi-builder-workspace/.derivedData/SDKExplicitPrecompiledModules/Foundation-B3IXODHI7VO4VRX2RWRXLVJZT.pcm
SwiftCompile normal arm64_32 Compiling\ RecursiveLock.swift,\ Resolver.swift /Users/admin/builder/spi-builder-workspace/.dependencies/checkouts/Swinject/Sources/RecursiveLock.swift /Users/admin/builder/spi-builder-workspace/.dependencies/checkouts/Swinject/Sources/Resolver.swift (in target 'Swinject' from project 'Swinject')
SwiftCompile normal arm64_32 /Users/admin/builder/spi-builder-workspace/.dependencies/checkouts/Swinject/Sources/RecursiveLock.swift (in target 'Swinject' from project 'Swinject')
    cd /Users/admin/builder/spi-builder-workspace/.swiftpm/xcode
    builtin-SwiftPerFileCompile RecursiveLock.swift
SwiftCompile normal arm64_32 /Users/admin/builder/spi-builder-workspace/.dependencies/checkouts/Swinject/Sources/Resolver.swift (in target 'Swinject' from project 'Swinject')
    cd /Users/admin/builder/spi-builder-workspace/.swiftpm/xcode
    builtin-SwiftPerFileCompile Resolver.swift
SwiftCompile normal arm64_32 Compiling\ ObjectScope.swift,\ ReadWriteLock.swift /Users/admin/builder/spi-builder-workspace/.dependencies/checkouts/Swinject/Sources/ObjectScope.swift /Users/admin/builder/spi-builder-workspace/.dependencies/checkouts/Swinject/Sources/ReadWriteLock.swift (in target 'Swinject' from project 'Swinject')
SwiftCompile normal arm64_32 /Users/admin/builder/spi-builder-workspace/.dependencies/checkouts/Swinject/Sources/ObjectScope.swift (in target 'Swinject' from project 'Swinject')
    cd /Users/admin/builder/spi-builder-workspace/.swiftpm/xcode
    builtin-SwiftPerFileCompile ObjectScope.swift
SwiftCompile normal arm64_32 /Users/admin/builder/spi-builder-workspace/.dependencies/checkouts/Swinject/Sources/ReadWriteLock.swift (in target 'Swinject' from project 'Swinject')
    cd /Users/admin/builder/spi-builder-workspace/.swiftpm/xcode
    builtin-SwiftPerFileCompile ReadWriteLock.swift
SwiftCompile normal arm64_32 Compiling\ UnavailableItems.swift,\ _Resolver.swift /Users/admin/builder/spi-builder-workspace/.dependencies/checkouts/Swinject/Sources/UnavailableItems.swift /Users/admin/builder/spi-builder-workspace/.dependencies/checkouts/Swinject/Sources/_Resolver.swift (in target 'Swinject' from project 'Swinject')
SwiftCompile normal arm64_32 /Users/admin/builder/spi-builder-workspace/.dependencies/checkouts/Swinject/Sources/UnavailableItems.swift (in target 'Swinject' from project 'Swinject')
    cd /Users/admin/builder/spi-builder-workspace/.swiftpm/xcode
    builtin-SwiftPerFileCompile UnavailableItems.swift
SwiftCompile normal arm64_32 /Users/admin/builder/spi-builder-workspace/.dependencies/checkouts/Swinject/Sources/_Resolver.swift (in target 'Swinject' from project 'Swinject')
    cd /Users/admin/builder/spi-builder-workspace/.swiftpm/xcode
    builtin-SwiftPerFileCompile _Resolver.swift
SwiftCompile normal arm64_32 Compiling\ InstanceStorage.swift,\ InstanceWrapper.swift /Users/admin/builder/spi-builder-workspace/.dependencies/checkouts/Swinject/Sources/InstanceStorage.swift /Users/admin/builder/spi-builder-workspace/.dependencies/checkouts/Swinject/Sources/InstanceWrapper.swift (in target 'Swinject' from project 'Swinject')
SwiftCompile normal arm64_32 /Users/admin/builder/spi-builder-workspace/.dependencies/checkouts/Swinject/Sources/InstanceStorage.swift (in target 'Swinject' from project 'Swinject')
    cd /Users/admin/builder/spi-builder-workspace/.swiftpm/xcode
    builtin-SwiftPerFileCompile InstanceStorage.swift
SwiftCompile normal arm64_32 /Users/admin/builder/spi-builder-workspace/.dependencies/checkouts/Swinject/Sources/InstanceWrapper.swift (in target 'Swinject' from project 'Swinject')
    cd /Users/admin/builder/spi-builder-workspace/.swiftpm/xcode
    builtin-SwiftPerFileCompile InstanceWrapper.swift
SwiftCompile normal arm64_32 Compiling\ ServiceEntry.TypeForwarding.swift,\ ServiceEntry.swift /Users/admin/builder/spi-builder-workspace/.dependencies/checkouts/Swinject/Sources/ServiceEntry.TypeForwarding.swift /Users/admin/builder/spi-builder-workspace/.dependencies/checkouts/Swinject/Sources/ServiceEntry.swift (in target 'Swinject' from project 'Swinject')
SwiftCompile normal arm64_32 /Users/admin/builder/spi-builder-workspace/.dependencies/checkouts/Swinject/Sources/ServiceEntry.TypeForwarding.swift (in target 'Swinject' from project 'Swinject')
    cd /Users/admin/builder/spi-builder-workspace/.swiftpm/xcode
    builtin-SwiftPerFileCompile ServiceEntry.TypeForwarding.swift
SwiftCompile normal arm64_32 /Users/admin/builder/spi-builder-workspace/.dependencies/checkouts/Swinject/Sources/ServiceEntry.swift (in target 'Swinject' from project 'Swinject')
    cd /Users/admin/builder/spi-builder-workspace/.swiftpm/xcode
    builtin-SwiftPerFileCompile ServiceEntry.swift
SwiftCompile normal arm64_32 Compiling\ Container.TypeForwarding.swift,\ Container.swift,\ DebugHelper.swift /Users/admin/builder/spi-builder-workspace/.dependencies/checkouts/Swinject/Sources/Container.TypeForwarding.swift /Users/admin/builder/spi-builder-workspace/.dependencies/checkouts/Swinject/Sources/Container.swift /Users/admin/builder/spi-builder-workspace/.dependencies/checkouts/Swinject/Sources/DebugHelper.swift (in target 'Swinject' from project 'Swinject')
SwiftCompile normal arm64_32 /Users/admin/builder/spi-builder-workspace/.dependencies/checkouts/Swinject/Sources/Container.TypeForwarding.swift (in target 'Swinject' from project 'Swinject')
    cd /Users/admin/builder/spi-builder-workspace/.swiftpm/xcode
    builtin-SwiftPerFileCompile Container.TypeForwarding.swift
SwiftCompile normal arm64_32 /Users/admin/builder/spi-builder-workspace/.dependencies/checkouts/Swinject/Sources/Container.swift (in target 'Swinject' from project 'Swinject')
    cd /Users/admin/builder/spi-builder-workspace/.swiftpm/xcode
    builtin-SwiftPerFileCompile Container.swift
SwiftCompile normal arm64_32 /Users/admin/builder/spi-builder-workspace/.dependencies/checkouts/Swinject/Sources/DebugHelper.swift (in target 'Swinject' from project 'Swinject')
    cd /Users/admin/builder/spi-builder-workspace/.swiftpm/xcode
    builtin-SwiftPerFileCompile DebugHelper.swift
SwiftEmitModule normal arm64_32 Emitting\ module\ for\ Swinject (in target 'Swinject' from project 'Swinject')
SwiftCompile normal arm64_32 (in target 'Swinject' from project 'Swinject')
    cd /Users/admin/builder/spi-builder-workspace/.swiftpm/xcode

SwiftCompile normal arm64_32 Compiling\ Behavior.swift,\ Container.Arguments.swift,\ Container.Logging.swift /Users/admin/builder/spi-builder-workspace/.dependencies/checkouts/Swinject/Sources/Behavior.swift /Users/admin/builder/spi-builder-workspace/.dependencies/checkouts/Swinject/Sources/Container.Arguments.swift /Users/admin/builder/spi-builder-workspace/.dependencies/checkouts/Swinject/Sources/Container.Logging.swift (in target 'Swinject' from project 'Swinject')
SwiftCompile normal arm64_32 /Users/admin/builder/spi-builder-workspace/.dependencies/checkouts/Swinject/Sources/Behavior.swift (in target 'Swinject' from project 'Swinject')
    cd /Users/admin/builder/spi-builder-workspace/.swiftpm/xcode
    builtin-SwiftPerFileCompile Behavior.swift
SwiftCompile normal arm64_32 /Users/admin/builder/spi-builder-workspace/.dependencies/checkouts/Swinject/Sources/Container.Arguments.swift (in target 'Swinject' from project 'Swinject')
    cd /Users/admin/builder/spi-builder-workspace/.swiftpm/xcode
    builtin-SwiftPerFileCompile Container.Arguments.swift
SwiftCompile normal arm64_32 /Users/admin/builder/spi-builder-workspace/.dependencies/checkouts/Swinject/Sources/Container.Logging.swift (in target 'Swinject' from project 'Swinject')
    cd /Users/admin/builder/spi-builder-workspace/.swiftpm/xcode
    builtin-SwiftPerFileCompile Container.Logging.swift
SwiftCompile normal arm64_32 Compiling\ resource_bundle_accessor.swift,\ Assembler.swift,\ Assembly.swift /Users/admin/builder/spi-builder-workspace/.derivedData/Build/Intermediates.noindex/Swinject.build/Debug-watchos/Swinject-t.build/DerivedSources/resource_bundle_accessor.swift /Users/admin/builder/spi-builder-workspace/.dependencies/checkouts/Swinject/Sources/Assembler.swift /Users/admin/builder/spi-builder-workspace/.dependencies/checkouts/Swinject/Sources/Assembly.swift (in target 'Swinject' from project 'Swinject')
SwiftCompile normal arm64_32 /Users/admin/builder/spi-builder-workspace/.derivedData/Build/Intermediates.noindex/Swinject.build/Debug-watchos/Swinject-t.build/DerivedSources/resource_bundle_accessor.swift (in target 'Swinject' from project 'Swinject')
    cd /Users/admin/builder/spi-builder-workspace/.swiftpm/xcode
    builtin-SwiftPerFileCompile resource_bundle_accessor.swift
SwiftCompile normal arm64_32 /Users/admin/builder/spi-builder-workspace/.dependencies/checkouts/Swinject/Sources/Assembler.swift (in target 'Swinject' from project 'Swinject')
    cd /Users/admin/builder/spi-builder-workspace/.swiftpm/xcode
    builtin-SwiftPerFileCompile Assembler.swift
SwiftCompile normal arm64_32 /Users/admin/builder/spi-builder-workspace/.dependencies/checkouts/Swinject/Sources/Assembly.swift (in target 'Swinject' from project 'Swinject')
    cd /Users/admin/builder/spi-builder-workspace/.swiftpm/xcode
    builtin-SwiftPerFileCompile Assembly.swift
SwiftCompile normal arm64_32 Compiling\ FunctionType.swift,\ GraphIdentifier.swift /Users/admin/builder/spi-builder-workspace/.dependencies/checkouts/Swinject/Sources/FunctionType.swift /Users/admin/builder/spi-builder-workspace/.dependencies/checkouts/Swinject/Sources/GraphIdentifier.swift (in target 'Swinject' from project 'Swinject')
SwiftCompile normal arm64_32 /Users/admin/builder/spi-builder-workspace/.dependencies/checkouts/Swinject/Sources/FunctionType.swift (in target 'Swinject' from project 'Swinject')
    cd /Users/admin/builder/spi-builder-workspace/.swiftpm/xcode
    builtin-SwiftPerFileCompile FunctionType.swift
SwiftCompile normal arm64_32 /Users/admin/builder/spi-builder-workspace/.dependencies/checkouts/Swinject/Sources/GraphIdentifier.swift (in target 'Swinject' from project 'Swinject')
    cd /Users/admin/builder/spi-builder-workspace/.swiftpm/xcode
    builtin-SwiftPerFileCompile GraphIdentifier.swift
SwiftEmitModule normal arm64 Emitting\ module\ for\ Swinject (in target 'Swinject' from project 'Swinject')
SwiftCompile normal arm64 (in target 'Swinject' from project 'Swinject')
    cd /Users/admin/builder/spi-builder-workspace/.swiftpm/xcode

SwiftDriverJobDiscovery normal arm64_32 Emitting module for Swinject (in target 'Swinject' from project 'Swinject')
SwiftDriver\ Compilation\ Requirements Swinject normal arm64_32 com.apple.xcode.tools.swift.compiler (in target 'Swinject' from project 'Swinject')
    cd /Users/admin/builder/spi-builder-workspace/.swiftpm/xcode
    builtin-Swift-Compilation-Requirements -- /Applications/Xcode-27.0.0-Release.Candidate.app/Contents/Developer/Toolchains/XcodeDefault.xctoolchain/usr/bin/swiftc -parse-as-library -module-name Swinject -Onone @/Users/admin/builder/spi-builder-workspace/.derivedData/Build/Intermediates.noindex/Swinject.build/Debug-watchos/Swinject-t.build/Objects-normal/arm64_32/Swinject.SwiftFileList -DSWIFT_PACKAGE -DDEBUG -DSWIFT_MODULE_RESOURCE_BUNDLE_AVAILABLE -DXcode -plugin-path /Applications/Xcode-27.0.0-Release.Candidate.app/Contents/Developer/Toolchains/XcodeDefault.xctoolchain/usr/lib/swift/host/plugins/testing -enable-experimental-feature DebugDescriptionMacro -sdk /Applications/Xcode-27.0.0-Release.Candidate.app/Contents/Developer/Platforms/WatchOS.platform/Developer/SDKs/WatchOS27.0.sdk -target arm64_32-apple-watchos9.0 -g -module-cache-path /Users/admin/builder/spi-builder-workspace/.derivedData/ModuleCache.noindex -Xfrontend -serialize-debugging-options -enable-testing -suppress-warnings -index-store-path /Users/admin/builder/spi-builder-workspace/.derivedData/Index.noindex/DataStore -Xcc -D_LIBCPP_HARDENING_MODE\=_LIBCPP_HARDENING_MODE_DEBUG -swift-version 6 -I /Users/admin/builder/spi-builder-workspace/.derivedData/Build/Products/Debug-watchos -Isystem /Applications/Xcode-27.0.0-Release.Candidate.app/Contents/Developer/Platforms/WatchOS.platform/Developer/usr/lib -F /Users/admin/builder/spi-builder-workspace/.derivedData/Build/Products/Debug-watchos -F /Applications/Xcode-27.0.0-Release.Candidate.app/Contents/Developer/Platforms/WatchOS.platform/Developer/Library/Frameworks -F /Applications/Xcode-27.0.0-Release.Candidate.app/Contents/Developer/Platforms/WatchOS.platform/Developer/SDKs/WatchOS27.0.sdk/Developer/Library/Frameworks -c -j10 -enable-batch-mode -incremental -Xcc -ivfsstatcache -Xcc /Users/admin/builder/spi-builder-workspace/.derivedData/SDKStatCaches.noindex/watchos27.0-24R360-e829b21a6f8c9b70876ba0858053c04477534ef55a1706bf4c1112bbb242f0a2.sdkstatcache -output-file-map /Users/admin/builder/spi-builder-workspace/.derivedData/Build/Intermediates.noindex/Swinject.build/Debug-watchos/Swinject-t.build/Objects-normal/arm64_32/Swinject-OutputFileMap.json -save-temps -no-color-diagnostics -explicit-module-build -module-cache-path /Users/admin/builder/spi-builder-workspace/.derivedData/Build/Intermediates.noindex/SwiftExplicitPrecompiledModules -clang-scanner-module-cache-path /Users/admin/builder/spi-builder-workspace/.derivedData/ModuleCache.noindex -sdk-module-cache-path /Users/admin/builder/spi-builder-workspace/.derivedData/SDKExplicitPrecompiledModules -emit-dependencies -emit-module -emit-module-path /Users/admin/builder/spi-builder-workspace/.derivedData/Build/Intermediates.noindex/Swinject.build/Debug-watchos/Swinject-t.build/Objects-normal/arm64_32/Swinject.swiftmodule -serialize-diagnostics -dependency-scan-serialize-diagnostics-path /Users/admin/builder/spi-builder-workspace/.derivedData/Build/Intermediates.noindex/Swinject.build/Debug-watchos/Swinject-t.build/Objects-normal/arm64_32/Swinject-dependency-scan.dia -user-module-version 2.10.0 -validate-clang-modules-once -clang-build-session-file /Users/admin/builder/spi-builder-workspace/.derivedData/ModuleCache.noindex/Session.modulevalidation -Xcc -fmodules-prune-interval\=86400 -Xcc -fmodules-prune-after\=345600 -package-name swinject -emit-const-values -const-gather-protocols-list /Users/admin/builder/spi-builder-workspace/.derivedData/Build/Intermediates.noindex/Swinject.build/Debug-watchos/Swinject-t.build/Objects-normal/arm64_32/Swinject_const_extract_protocols.json -Xcc -I/Users/admin/builder/spi-builder-workspace/.derivedData/Build/Products/Debug-watchos/include -Xcc -I/Users/admin/builder/spi-builder-workspace/.derivedData/Build/Intermediates.noindex/Swinject.build/Debug-watchos/Swinject-t.build/DerivedSources-normal/arm64_32 -Xcc -I/Users/admin/builder/spi-builder-workspace/.derivedData/Build/Intermediates.noindex/Swinject.build/Debug-watchos/Swinject-t.build/DerivedSources/arm64_32 -Xcc -I/Users/admin/builder/spi-builder-workspace/.derivedData/Build/Intermediates.noindex/Swinject.build/Debug-watchos/Swinject-t.build/DerivedSources -Xcc -DSWIFT_PACKAGE -Xcc -DDEBUG\=1 -emit-objc-header -emit-objc-header-path /Users/admin/builder/spi-builder-workspace/.derivedData/Build/Intermediates.noindex/Swinject.build/Debug-watchos/Swinject-t.build/Objects-normal/arm64_32/Swinject-Swift.h -working-directory /Users/admin/builder/spi-builder-workspace/.swiftpm/xcode -experimental-emit-module-separately -disable-cmo
SwiftDriverJobDiscovery normal arm64 Emitting module for Swinject (in target 'Swinject' from project 'Swinject')
SwiftDriver\ Compilation\ Requirements Swinject normal arm64 com.apple.xcode.tools.swift.compiler (in target 'Swinject' from project 'Swinject')
    cd /Users/admin/builder/spi-builder-workspace/.swiftpm/xcode
    builtin-Swift-Compilation-Requirements -- /Applications/Xcode-27.0.0-Release.Candidate.app/Contents/Developer/Toolchains/XcodeDefault.xctoolchain/usr/bin/swiftc -parse-as-library -module-name Swinject -Onone @/Users/admin/builder/spi-builder-workspace/.derivedData/Build/Intermediates.noindex/Swinject.build/Debug-watchos/Swinject-t.build/Objects-normal/arm64/Swinject.SwiftFileList -DSWIFT_PACKAGE -DDEBUG -DSWIFT_MODULE_RESOURCE_BUNDLE_AVAILABLE -DXcode -plugin-path /Applications/Xcode-27.0.0-Release.Candidate.app/Contents/Developer/Toolchains/XcodeDefault.xctoolchain/usr/lib/swift/host/plugins/testing -enable-experimental-feature DebugDescriptionMacro -sdk /Applications/Xcode-27.0.0-Release.Candidate.app/Contents/Developer/Platforms/WatchOS.platform/Developer/SDKs/WatchOS27.0.sdk -target arm64-apple-watchos9.0 -g -module-cache-path /Users/admin/builder/spi-builder-workspace/.derivedData/ModuleCache.noindex -Xfrontend -serialize-debugging-options -enable-testing -suppress-warnings -index-store-path /Users/admin/builder/spi-builder-workspace/.derivedData/Index.noindex/DataStore -Xcc -D_LIBCPP_HARDENING_MODE\=_LIBCPP_HARDENING_MODE_DEBUG -swift-version 6 -I /Users/admin/builder/spi-builder-workspace/.derivedData/Build/Products/Debug-watchos -Isystem /Applications/Xcode-27.0.0-Release.Candidate.app/Contents/Developer/Platforms/WatchOS.platform/Developer/usr/lib -F /Users/admin/builder/spi-builder-workspace/.derivedData/Build/Products/Debug-watchos -F /Applications/Xcode-27.0.0-Release.Candidate.app/Contents/Developer/Platforms/WatchOS.platform/Developer/Library/Frameworks -F /Applications/Xcode-27.0.0-Release.Candidate.app/Contents/Developer/Platforms/WatchOS.platform/Developer/SDKs/WatchOS27.0.sdk/Developer/Library/Frameworks -c -j10 -enable-batch-mode -incremental -Xcc -ivfsstatcache -Xcc /Users/admin/builder/spi-builder-workspace/.derivedData/SDKStatCaches.noindex/watchos27.0-24R360-e829b21a6f8c9b70876ba0858053c04477534ef55a1706bf4c1112bbb242f0a2.sdkstatcache -output-file-map /Users/admin/builder/spi-builder-workspace/.derivedData/Build/Intermediates.noindex/Swinject.build/Debug-watchos/Swinject-t.build/Objects-normal/arm64/Swinject-OutputFileMap.json -save-temps -no-color-diagnostics -explicit-module-build -module-cache-path /Users/admin/builder/spi-builder-workspace/.derivedData/Build/Intermediates.noindex/SwiftExplicitPrecompiledModules -clang-scanner-module-cache-path /Users/admin/builder/spi-builder-workspace/.derivedData/ModuleCache.noindex -sdk-module-cache-path /Users/admin/builder/spi-builder-workspace/.derivedData/SDKExplicitPrecompiledModules -emit-dependencies -emit-module -emit-module-path /Users/admin/builder/spi-builder-workspace/.derivedData/Build/Intermediates.noindex/Swinject.build/Debug-watchos/Swinject-t.build/Objects-normal/arm64/Swinject.swiftmodule -serialize-diagnostics -dependency-scan-serialize-diagnostics-path /Users/admin/builder/spi-builder-workspace/.derivedData/Build/Intermediates.noindex/Swinject.build/Debug-watchos/Swinject-t.build/Objects-normal/arm64/Swinject-dependency-scan.dia -user-module-version 2.10.0 -validate-clang-modules-once -clang-build-session-file /Users/admin/builder/spi-builder-workspace/.derivedData/ModuleCache.noindex/Session.modulevalidation -Xcc -fmodules-prune-interval\=86400 -Xcc -fmodules-prune-after\=345600 -package-name swinject -emit-const-values -const-gather-protocols-list /Users/admin/builder/spi-builder-workspace/.derivedData/Build/Intermediates.noindex/Swinject.build/Debug-watchos/Swinject-t.build/Objects-normal/arm64/Swinject_const_extract_protocols.json -Xcc -I/Users/admin/builder/spi-builder-workspace/.derivedData/Build/Products/Debug-watchos/include -Xcc -I/Users/admin/builder/spi-builder-workspace/.derivedData/Build/Intermediates.noindex/Swinject.build/Debug-watchos/Swinject-t.build/DerivedSources-normal/arm64 -Xcc -I/Users/admin/builder/spi-builder-workspace/.derivedData/Build/Intermediates.noindex/Swinject.build/Debug-watchos/Swinject-t.build/DerivedSources/arm64 -Xcc -I/Users/admin/builder/spi-builder-workspace/.derivedData/Build/Intermediates.noindex/Swinject.build/Debug-watchos/Swinject-t.build/DerivedSources -Xcc -DSWIFT_PACKAGE -Xcc -DDEBUG\=1 -emit-objc-header -emit-objc-header-path /Users/admin/builder/spi-builder-workspace/.derivedData/Build/Intermediates.noindex/Swinject.build/Debug-watchos/Swinject-t.build/Objects-normal/arm64/Swinject-Swift.h -working-directory /Users/admin/builder/spi-builder-workspace/.swiftpm/xcode -experimental-emit-module-separately -disable-cmo
SwiftCompile normal arm64 Compiling\ resource_bundle_accessor.swift,\ Assembler.swift,\ Assembly.swift /Users/admin/builder/spi-builder-workspace/.derivedData/Build/Intermediates.noindex/Swinject.build/Debug-watchos/Swinject-t.build/DerivedSources/resource_bundle_accessor.swift /Users/admin/builder/spi-builder-workspace/.dependencies/checkouts/Swinject/Sources/Assembler.swift /Users/admin/builder/spi-builder-workspace/.dependencies/checkouts/Swinject/Sources/Assembly.swift (in target 'Swinject' from project 'Swinject')
SwiftCompile normal arm64 /Users/admin/builder/spi-builder-workspace/.derivedData/Build/Intermediates.noindex/Swinject.build/Debug-watchos/Swinject-t.build/DerivedSources/resource_bundle_accessor.swift (in target 'Swinject' from project 'Swinject')
    cd /Users/admin/builder/spi-builder-workspace/.swiftpm/xcode
    builtin-SwiftPerFileCompile resource_bundle_accessor.swift
SwiftCompile normal arm64 /Users/admin/builder/spi-builder-workspace/.dependencies/checkouts/Swinject/Sources/Assembler.swift (in target 'Swinject' from project 'Swinject')
    cd /Users/admin/builder/spi-builder-workspace/.swiftpm/xcode
    builtin-SwiftPerFileCompile Assembler.swift
SwiftCompile normal arm64 /Users/admin/builder/spi-builder-workspace/.dependencies/checkouts/Swinject/Sources/Assembly.swift (in target 'Swinject' from project 'Swinject')
    cd /Users/admin/builder/spi-builder-workspace/.swiftpm/xcode
    builtin-SwiftPerFileCompile Assembly.swift
SwiftDriverJobDiscovery normal arm64_32 Compiling UnavailableItems.swift, _Resolver.swift (in target 'Swinject' from project 'Swinject')
SwiftCompile normal arm64 Compiling\ InstanceStorage.swift,\ InstanceWrapper.swift /Users/admin/builder/spi-builder-workspace/.dependencies/checkouts/Swinject/Sources/InstanceStorage.swift /Users/admin/builder/spi-builder-workspace/.dependencies/checkouts/Swinject/Sources/InstanceWrapper.swift (in target 'Swinject' from project 'Swinject')
SwiftCompile normal arm64 /Users/admin/builder/spi-builder-workspace/.dependencies/checkouts/Swinject/Sources/InstanceStorage.swift (in target 'Swinject' from project 'Swinject')
    cd /Users/admin/builder/spi-builder-workspace/.swiftpm/xcode
    builtin-SwiftPerFileCompile InstanceStorage.swift
SwiftCompile normal arm64 /Users/admin/builder/spi-builder-workspace/.dependencies/checkouts/Swinject/Sources/InstanceWrapper.swift (in target 'Swinject' from project 'Swinject')
    cd /Users/admin/builder/spi-builder-workspace/.swiftpm/xcode
    builtin-SwiftPerFileCompile InstanceWrapper.swift
SwiftMergeGeneratedHeaders /Users/admin/builder/spi-builder-workspace/.derivedData/Build/Intermediates.noindex/GeneratedModuleMaps-watchos/Swinject-Swift.h /Users/admin/builder/spi-builder-workspace/.derivedData/Build/Intermediates.noindex/Swinject.build/Debug-watchos/Swinject-t.build/Objects-normal/arm64/Swinject-Swift.h /Users/admin/builder/spi-builder-workspace/.derivedData/Build/Intermediates.noindex/Swinject.build/Debug-watchos/Swinject-t.build/Objects-normal/arm64_32/Swinject-Swift.h (in target 'Swinject' from project 'Swinject')
    cd /Users/admin/builder/spi-builder-workspace/.dependencies/checkouts/Swinject
    builtin-swiftHeaderTool -arch arm64 /Users/admin/builder/spi-builder-workspace/.derivedData/Build/Intermediates.noindex/Swinject.build/Debug-watchos/Swinject-t.build/Objects-normal/arm64/Swinject-Swift.h -arch arm64_32 /Users/admin/builder/spi-builder-workspace/.derivedData/Build/Intermediates.noindex/Swinject.build/Debug-watchos/Swinject-t.build/Objects-normal/arm64_32/Swinject-Swift.h -o /Users/admin/builder/spi-builder-workspace/.derivedData/Build/Intermediates.noindex/GeneratedModuleMaps-watchos/Swinject-Swift.h
SwiftDriverJobDiscovery normal arm64_32 Compiling InstanceStorage.swift, InstanceWrapper.swift (in target 'Swinject' from project 'Swinject')
Copy /Users/admin/builder/spi-builder-workspace/.derivedData/Build/Products/Debug-watchos/Swinject.swiftmodule/arm64_32-apple-watchos.swiftmodule /Users/admin/builder/spi-builder-workspace/.derivedData/Build/Intermediates.noindex/Swinject.build/Debug-watchos/Swinject-t.build/Objects-normal/arm64_32/Swinject.swiftmodule (in target 'Swinject' from project 'Swinject')
    cd /Users/admin/builder/spi-builder-workspace/.dependencies/checkouts/Swinject
    builtin-copy -exclude .DS_Store -exclude CVS -exclude .svn -exclude .git -exclude .hg -resolve-src-symlinks -rename /Users/admin/builder/spi-builder-workspace/.derivedData/Build/Intermediates.noindex/Swinject.build/Debug-watchos/Swinject-t.build/Objects-normal/arm64_32/Swinject.swiftmodule /Users/admin/builder/spi-builder-workspace/.derivedData/Build/Products/Debug-watchos/Swinject.swiftmodule/arm64_32-apple-watchos.swiftmodule
Copy /Users/admin/builder/spi-builder-workspace/.derivedData/Build/Products/Debug-watchos/Swinject.swiftmodule/arm64_32-apple-watchos.swiftdoc /Users/admin/builder/spi-builder-workspace/.derivedData/Build/Intermediates.noindex/Swinject.build/Debug-watchos/Swinject-t.build/Objects-normal/arm64_32/Swinject.swiftdoc (in target 'Swinject' from project 'Swinject')
    cd /Users/admin/builder/spi-builder-workspace/.dependencies/checkouts/Swinject
    builtin-copy -exclude .DS_Store -exclude CVS -exclude .svn -exclude .git -exclude .hg -resolve-src-symlinks -rename /Users/admin/builder/spi-builder-workspace/.derivedData/Build/Intermediates.noindex/Swinject.build/Debug-watchos/Swinject-t.build/Objects-normal/arm64_32/Swinject.swiftdoc /Users/admin/builder/spi-builder-workspace/.derivedData/Build/Products/Debug-watchos/Swinject.swiftmodule/arm64_32-apple-watchos.swiftdoc
Copy /Users/admin/builder/spi-builder-workspace/.derivedData/Build/Products/Debug-watchos/Swinject.swiftmodule/arm64_32-apple-watchos.abi.json /Users/admin/builder/spi-builder-workspace/.derivedData/Build/Intermediates.noindex/Swinject.build/Debug-watchos/Swinject-t.build/Objects-normal/arm64_32/Swinject.abi.json (in target 'Swinject' from project 'Swinject')
    cd /Users/admin/builder/spi-builder-workspace/.dependencies/checkouts/Swinject
    builtin-copy -exclude .DS_Store -exclude CVS -exclude .svn -exclude .git -exclude .hg -resolve-src-symlinks -rename /Users/admin/builder/spi-builder-workspace/.derivedData/Build/Intermediates.noindex/Swinject.build/Debug-watchos/Swinject-t.build/Objects-normal/arm64_32/Swinject.abi.json /Users/admin/builder/spi-builder-workspace/.derivedData/Build/Products/Debug-watchos/Swinject.swiftmodule/arm64_32-apple-watchos.abi.json
Copy /Users/admin/builder/spi-builder-workspace/.derivedData/Build/Products/Debug-watchos/Swinject.swiftmodule/arm64-apple-watchos.swiftmodule /Users/admin/builder/spi-builder-workspace/.derivedData/Build/Intermediates.noindex/Swinject.build/Debug-watchos/Swinject-t.build/Objects-normal/arm64/Swinject.swiftmodule (in target 'Swinject' from project 'Swinject')
    cd /Users/admin/builder/spi-builder-workspace/.dependencies/checkouts/Swinject
    builtin-copy -exclude .DS_Store -exclude CVS -exclude .svn -exclude .git -exclude .hg -resolve-src-symlinks -rename /Users/admin/builder/spi-builder-workspace/.derivedData/Build/Intermediates.noindex/Swinject.build/Debug-watchos/Swinject-t.build/Objects-normal/arm64/Swinject.swiftmodule /Users/admin/builder/spi-builder-workspace/.derivedData/Build/Products/Debug-watchos/Swinject.swiftmodule/arm64-apple-watchos.swiftmodule
Copy /Users/admin/builder/spi-builder-workspace/.derivedData/Build/Products/Debug-watchos/Swinject.swiftmodule/arm64-apple-watchos.swiftdoc /Users/admin/builder/spi-builder-workspace/.derivedData/Build/Intermediates.noindex/Swinject.build/Debug-watchos/Swinject-t.build/Objects-normal/arm64/Swinject.swiftdoc (in target 'Swinject' from project 'Swinject')
    cd /Users/admin/builder/spi-builder-workspace/.dependencies/checkouts/Swinject
    builtin-copy -exclude .DS_Store -exclude CVS -exclude .svn -exclude .git -exclude .hg -resolve-src-symlinks -rename /Users/admin/builder/spi-builder-workspace/.derivedData/Build/Intermediates.noindex/Swinject.build/Debug-watchos/Swinject-t.build/Objects-normal/arm64/Swinject.swiftdoc /Users/admin/builder/spi-builder-workspace/.derivedData/Build/Products/Debug-watchos/Swinject.swiftmodule/arm64-apple-watchos.swiftdoc
Copy /Users/admin/builder/spi-builder-workspace/.derivedData/Build/Products/Debug-watchos/Swinject.swiftmodule/arm64-apple-watchos.abi.json /Users/admin/builder/spi-builder-workspace/.derivedData/Build/Intermediates.noindex/Swinject.build/Debug-watchos/Swinject-t.build/Objects-normal/arm64/Swinject.abi.json (in target 'Swinject' from project 'Swinject')
    cd /Users/admin/builder/spi-builder-workspace/.dependencies/checkouts/Swinject
    builtin-copy -exclude .DS_Store -exclude CVS -exclude .svn -exclude .git -exclude .hg -resolve-src-symlinks -rename /Users/admin/builder/spi-builder-workspace/.derivedData/Build/Intermediates.noindex/Swinject.build/Debug-watchos/Swinject-t.build/Objects-normal/arm64/Swinject.abi.json /Users/admin/builder/spi-builder-workspace/.derivedData/Build/Products/Debug-watchos/Swinject.swiftmodule/arm64-apple-watchos.abi.json
Copy /Users/admin/builder/spi-builder-workspace/.derivedData/Build/Products/Debug-watchos/Swinject.swiftmodule/Project/arm64_32-apple-watchos.swiftsourceinfo /Users/admin/builder/spi-builder-workspace/.derivedData/Build/Intermediates.noindex/Swinject.build/Debug-watchos/Swinject-t.build/Objects-normal/arm64_32/Swinject.swiftsourceinfo (in target 'Swinject' from project 'Swinject')
    cd /Users/admin/builder/spi-builder-workspace/.dependencies/checkouts/Swinject
    builtin-copy -exclude .DS_Store -exclude CVS -exclude .svn -exclude .git -exclude .hg -resolve-src-symlinks -rename /Users/admin/builder/spi-builder-workspace/.derivedData/Build/Intermediates.noindex/Swinject.build/Debug-watchos/Swinject-t.build/Objects-normal/arm64_32/Swinject.swiftsourceinfo /Users/admin/builder/spi-builder-workspace/.derivedData/Build/Products/Debug-watchos/Swinject.swiftmodule/Project/arm64_32-apple-watchos.swiftsourceinfo
Copy /Users/admin/builder/spi-builder-workspace/.derivedData/Build/Products/Debug-watchos/Swinject.swiftmodule/Project/arm64-apple-watchos.swiftsourceinfo /Users/admin/builder/spi-builder-workspace/.derivedData/Build/Intermediates.noindex/Swinject.build/Debug-watchos/Swinject-t.build/Objects-normal/arm64/Swinject.swiftsourceinfo (in target 'Swinject' from project 'Swinject')
    cd /Users/admin/builder/spi-builder-workspace/.dependencies/checkouts/Swinject
    builtin-copy -exclude .DS_Store -exclude CVS -exclude .svn -exclude .git -exclude .hg -resolve-src-symlinks -rename /Users/admin/builder/spi-builder-workspace/.derivedData/Build/Intermediates.noindex/Swinject.build/Debug-watchos/Swinject-t.build/Objects-normal/arm64/Swinject.swiftsourceinfo /Users/admin/builder/spi-builder-workspace/.derivedData/Build/Products/Debug-watchos/Swinject.swiftmodule/Project/arm64-apple-watchos.swiftsourceinfo
SwiftCompile normal arm64 Compiling\ Behavior.swift,\ Container.Arguments.swift,\ Container.Logging.swift /Users/admin/builder/spi-builder-workspace/.dependencies/checkouts/Swinject/Sources/Behavior.swift /Users/admin/builder/spi-builder-workspace/.dependencies/checkouts/Swinject/Sources/Container.Arguments.swift /Users/admin/builder/spi-builder-workspace/.dependencies/checkouts/Swinject/Sources/Container.Logging.swift (in target 'Swinject' from project 'Swinject')
SwiftCompile normal arm64 /Users/admin/builder/spi-builder-workspace/.dependencies/checkouts/Swinject/Sources/Behavior.swift (in target 'Swinject' from project 'Swinject')
    cd /Users/admin/builder/spi-builder-workspace/.swiftpm/xcode
    builtin-SwiftPerFileCompile Behavior.swift
SwiftCompile normal arm64 /Users/admin/builder/spi-builder-workspace/.dependencies/checkouts/Swinject/Sources/Container.Arguments.swift (in target 'Swinject' from project 'Swinject')
    cd /Users/admin/builder/spi-builder-workspace/.swiftpm/xcode
    builtin-SwiftPerFileCompile Container.Arguments.swift
SwiftCompile normal arm64 /Users/admin/builder/spi-builder-workspace/.dependencies/checkouts/Swinject/Sources/Container.Logging.swift (in target 'Swinject' from project 'Swinject')
    cd /Users/admin/builder/spi-builder-workspace/.swiftpm/xcode
    builtin-SwiftPerFileCompile Container.Logging.swift
SwiftDriverJobDiscovery normal arm64 Compiling InstanceStorage.swift, InstanceWrapper.swift (in target 'Swinject' from project 'Swinject')
SwiftCompile normal arm64 Compiling\ UnavailableItems.swift,\ _Resolver.swift /Users/admin/builder/spi-builder-workspace/.dependencies/checkouts/Swinject/Sources/UnavailableItems.swift /Users/admin/builder/spi-builder-workspace/.dependencies/checkouts/Swinject/Sources/_Resolver.swift (in target 'Swinject' from project 'Swinject')
SwiftCompile normal arm64 /Users/admin/builder/spi-builder-workspace/.dependencies/checkouts/Swinject/Sources/UnavailableItems.swift (in target 'Swinject' from project 'Swinject')
    cd /Users/admin/builder/spi-builder-workspace/.swiftpm/xcode
    builtin-SwiftPerFileCompile UnavailableItems.swift
SwiftCompile normal arm64 /Users/admin/builder/spi-builder-workspace/.dependencies/checkouts/Swinject/Sources/_Resolver.swift (in target 'Swinject' from project 'Swinject')
    cd /Users/admin/builder/spi-builder-workspace/.swiftpm/xcode
    builtin-SwiftPerFileCompile _Resolver.swift
SwiftDriverJobDiscovery normal arm64_32 Compiling FunctionType.swift, GraphIdentifier.swift (in target 'Swinject' from project 'Swinject')
SwiftCompile normal arm64 Compiling\ Container.TypeForwarding.swift,\ Container.swift,\ DebugHelper.swift /Users/admin/builder/spi-builder-workspace/.dependencies/checkouts/Swinject/Sources/Container.TypeForwarding.swift /Users/admin/builder/spi-builder-workspace/.dependencies/checkouts/Swinject/Sources/Container.swift /Users/admin/builder/spi-builder-workspace/.dependencies/checkouts/Swinject/Sources/DebugHelper.swift (in target 'Swinject' from project 'Swinject')
SwiftCompile normal arm64 /Users/admin/builder/spi-builder-workspace/.dependencies/checkouts/Swinject/Sources/Container.TypeForwarding.swift (in target 'Swinject' from project 'Swinject')
    cd /Users/admin/builder/spi-builder-workspace/.swiftpm/xcode
    builtin-SwiftPerFileCompile Container.TypeForwarding.swift
SwiftCompile normal arm64 /Users/admin/builder/spi-builder-workspace/.dependencies/checkouts/Swinject/Sources/Container.swift (in target 'Swinject' from project 'Swinject')
    cd /Users/admin/builder/spi-builder-workspace/.swiftpm/xcode
    builtin-SwiftPerFileCompile Container.swift
SwiftCompile normal arm64 /Users/admin/builder/spi-builder-workspace/.dependencies/checkouts/Swinject/Sources/DebugHelper.swift (in target 'Swinject' from project 'Swinject')
    cd /Users/admin/builder/spi-builder-workspace/.swiftpm/xcode
    builtin-SwiftPerFileCompile DebugHelper.swift
SwiftDriverJobDiscovery normal arm64_32 Compiling RecursiveLock.swift, Resolver.swift (in target 'Swinject' from project 'Swinject')
SwiftCompile normal arm64 Compiling\ FunctionType.swift,\ GraphIdentifier.swift /Users/admin/builder/spi-builder-workspace/.dependencies/checkouts/Swinject/Sources/FunctionType.swift /Users/admin/builder/spi-builder-workspace/.dependencies/checkouts/Swinject/Sources/GraphIdentifier.swift (in target 'Swinject' from project 'Swinject')
SwiftCompile normal arm64 /Users/admin/builder/spi-builder-workspace/.dependencies/checkouts/Swinject/Sources/FunctionType.swift (in target 'Swinject' from project 'Swinject')
    cd /Users/admin/builder/spi-builder-workspace/.swiftpm/xcode
    builtin-SwiftPerFileCompile FunctionType.swift
SwiftCompile normal arm64 /Users/admin/builder/spi-builder-workspace/.dependencies/checkouts/Swinject/Sources/GraphIdentifier.swift (in target 'Swinject' from project 'Swinject')
    cd /Users/admin/builder/spi-builder-workspace/.swiftpm/xcode
    builtin-SwiftPerFileCompile GraphIdentifier.swift
SwiftCompile normal arm64 Compiling\ RecursiveLock.swift,\ Resolver.swift /Users/admin/builder/spi-builder-workspace/.dependencies/checkouts/Swinject/Sources/RecursiveLock.swift /Users/admin/builder/spi-builder-workspace/.dependencies/checkouts/Swinject/Sources/Resolver.swift (in target 'Swinject' from project 'Swinject')
SwiftCompile normal arm64 /Users/admin/builder/spi-builder-workspace/.dependencies/checkouts/Swinject/Sources/RecursiveLock.swift (in target 'Swinject' from project 'Swinject')
    cd /Users/admin/builder/spi-builder-workspace/.swiftpm/xcode
    builtin-SwiftPerFileCompile RecursiveLock.swift
SwiftCompile normal arm64 /Users/admin/builder/spi-builder-workspace/.dependencies/checkouts/Swinject/Sources/Resolver.swift (in target 'Swinject' from project 'Swinject')
    cd /Users/admin/builder/spi-builder-workspace/.swiftpm/xcode
    builtin-SwiftPerFileCompile Resolver.swift
SwiftCompile normal arm64 Compiling\ ObjectScope.swift,\ ReadWriteLock.swift /Users/admin/builder/spi-builder-workspace/.dependencies/checkouts/Swinject/Sources/ObjectScope.swift /Users/admin/builder/spi-builder-workspace/.dependencies/checkouts/Swinject/Sources/ReadWriteLock.swift (in target 'Swinject' from project 'Swinject')
SwiftCompile normal arm64 /Users/admin/builder/spi-builder-workspace/.dependencies/checkouts/Swinject/Sources/ObjectScope.swift (in target 'Swinject' from project 'Swinject')
    cd /Users/admin/builder/spi-builder-workspace/.swiftpm/xcode
    builtin-SwiftPerFileCompile ObjectScope.swift
SwiftCompile normal arm64 /Users/admin/builder/spi-builder-workspace/.dependencies/checkouts/Swinject/Sources/ReadWriteLock.swift (in target 'Swinject' from project 'Swinject')
    cd /Users/admin/builder/spi-builder-workspace/.swiftpm/xcode
    builtin-SwiftPerFileCompile ReadWriteLock.swift
SwiftCompile normal arm64 Compiling\ ServiceKey.swift,\ ThreadSafeDictionary.swift /Users/admin/builder/spi-builder-workspace/.dependencies/checkouts/Swinject/Sources/ServiceKey.swift /Users/admin/builder/spi-builder-workspace/.dependencies/checkouts/Swinject/Sources/ThreadSafeDictionary.swift (in target 'Swinject' from project 'Swinject')
SwiftCompile normal arm64 /Users/admin/builder/spi-builder-workspace/.dependencies/checkouts/Swinject/Sources/ServiceKey.swift (in target 'Swinject' from project 'Swinject')
    cd /Users/admin/builder/spi-builder-workspace/.swiftpm/xcode
    builtin-SwiftPerFileCompile ServiceKey.swift
SwiftCompile normal arm64 /Users/admin/builder/spi-builder-workspace/.dependencies/checkouts/Swinject/Sources/ThreadSafeDictionary.swift (in target 'Swinject' from project 'Swinject')
    cd /Users/admin/builder/spi-builder-workspace/.swiftpm/xcode
    builtin-SwiftPerFileCompile ThreadSafeDictionary.swift
SwiftCompile normal arm64 Compiling\ ServiceEntry.TypeForwarding.swift,\ ServiceEntry.swift /Users/admin/builder/spi-builder-workspace/.dependencies/checkouts/Swinject/Sources/ServiceEntry.TypeForwarding.swift /Users/admin/builder/spi-builder-workspace/.dependencies/checkouts/Swinject/Sources/ServiceEntry.swift (in target 'Swinject' from project 'Swinject')
SwiftCompile normal arm64 /Users/admin/builder/spi-builder-workspace/.dependencies/checkouts/Swinject/Sources/ServiceEntry.TypeForwarding.swift (in target 'Swinject' from project 'Swinject')
    cd /Users/admin/builder/spi-builder-workspace/.swiftpm/xcode
    builtin-SwiftPerFileCompile ServiceEntry.TypeForwarding.swift
SwiftCompile normal arm64 /Users/admin/builder/spi-builder-workspace/.dependencies/checkouts/Swinject/Sources/ServiceEntry.swift (in target 'Swinject' from project 'Swinject')
    cd /Users/admin/builder/spi-builder-workspace/.swiftpm/xcode
    builtin-SwiftPerFileCompile ServiceEntry.swift
SwiftDriverJobDiscovery normal arm64_32 Compiling ObjectScope.swift, ReadWriteLock.swift (in target 'Swinject' from project 'Swinject')
SwiftCompile normal arm64_32 Compiling\ ServiceKey.swift,\ ThreadSafeDictionary.swift /Users/admin/builder/spi-builder-workspace/.dependencies/checkouts/Swinject/Sources/ServiceKey.swift /Users/admin/builder/spi-builder-workspace/.dependencies/checkouts/Swinject/Sources/ThreadSafeDictionary.swift (in target 'Swinject' from project 'Swinject')
SwiftCompile normal arm64_32 /Users/admin/builder/spi-builder-workspace/.dependencies/checkouts/Swinject/Sources/ServiceKey.swift (in target 'Swinject' from project 'Swinject')
    cd /Users/admin/builder/spi-builder-workspace/.swiftpm/xcode
    builtin-SwiftPerFileCompile ServiceKey.swift
SwiftCompile normal arm64_32 /Users/admin/builder/spi-builder-workspace/.dependencies/checkouts/Swinject/Sources/ThreadSafeDictionary.swift (in target 'Swinject' from project 'Swinject')
    cd /Users/admin/builder/spi-builder-workspace/.swiftpm/xcode
    builtin-SwiftPerFileCompile ThreadSafeDictionary.swift
SwiftDriverJobDiscovery normal arm64_32 Compiling ServiceEntry.TypeForwarding.swift, ServiceEntry.swift (in target 'Swinject' from project 'Swinject')
SwiftDriverJobDiscovery normal arm64_32 Compiling Container.TypeForwarding.swift, Container.swift, DebugHelper.swift (in target 'Swinject' from project 'Swinject')
SwiftDriverJobDiscovery normal arm64_32 Compiling Behavior.swift, Container.Arguments.swift, Container.Logging.swift (in target 'Swinject' from project 'Swinject')
SwiftDriverJobDiscovery normal arm64_32 Compiling resource_bundle_accessor.swift, Assembler.swift, Assembly.swift (in target 'Swinject' from project 'Swinject')
SwiftDriverJobDiscovery normal arm64 Compiling UnavailableItems.swift, _Resolver.swift (in target 'Swinject' from project 'Swinject')
SwiftDriver SwinjectStoryboard normal arm64 com.apple.xcode.tools.swift.compiler (in target 'SwinjectStoryboard' from project 'SwinjectStoryboard')
    cd /Users/admin/builder/spi-builder-workspace/.swiftpm/xcode
    builtin-SwiftDriver -- /Applications/Xcode-27.0.0-Release.Candidate.app/Contents/Developer/Toolchains/XcodeDefault.xctoolchain/usr/bin/swiftc -parse-as-library -module-name SwinjectStoryboard -Onone @/Users/admin/builder/spi-builder-workspace/.derivedData/Build/Intermediates.noindex/SwinjectStoryboard.build/Debug-watchos/SwinjectStoryboard-t.build/Objects-normal/arm64/SwinjectStoryboard.SwiftFileList -DSWIFT_PACKAGE -DDEBUG -DSWIFT_MODULE_RESOURCE_BUNDLE_UNAVAILABLE -DXcode -plugin-path /Applications/Xcode-27.0.0-Release.Candidate.app/Contents/Developer/Toolchains/XcodeDefault.xctoolchain/usr/lib/swift/host/plugins/testing -enable-experimental-feature DebugDescriptionMacro -sdk /Applications/Xcode-27.0.0-Release.Candidate.app/Contents/Developer/Platforms/WatchOS.platform/Developer/SDKs/WatchOS27.0.sdk -target arm64-apple-watchos9.0 -g -module-cache-path /Users/admin/builder/spi-builder-workspace/.derivedData/ModuleCache.noindex -Xfrontend -serialize-debugging-options -enable-testing -index-store-path /Users/admin/builder/spi-builder-workspace/.derivedData/Index.noindex/DataStore -Xcc -D_LIBCPP_HARDENING_MODE\=_LIBCPP_HARDENING_MODE_DEBUG -swift-version 5 -I /Users/admin/builder/spi-builder-workspace/.derivedData/Build/Products/Debug-watchos -Isystem /Applications/Xcode-27.0.0-Release.Candidate.app/Contents/Developer/Platforms/WatchOS.platform/Developer/usr/lib -F /Users/admin/builder/spi-builder-workspace/.derivedData/Build/Products/Debug-watchos/PackageFrameworks -F /Users/admin/builder/spi-builder-workspace/.derivedData/Build/Products/Debug-watchos -F /Applications/Xcode-27.0.0-Release.Candidate.app/Contents/Developer/Platforms/WatchOS.platform/Developer/Library/Frameworks -F /Applications/Xcode-27.0.0-Release.Candidate.app/Contents/Developer/Platforms/WatchOS.platform/Developer/SDKs/WatchOS27.0.sdk/Developer/Library/Frameworks -c -j10 -enable-batch-mode -incremental -Xcc -ivfsstatcache -Xcc /Users/admin/builder/spi-builder-workspace/.derivedData/SDKStatCaches.noindex/watchos27.0-24R360-e829b21a6f8c9b70876ba0858053c04477534ef55a1706bf4c1112bbb242f0a2.sdkstatcache -output-file-map /Users/admin/builder/spi-builder-workspace/.derivedData/Build/Intermediates.noindex/SwinjectStoryboard.build/Debug-watchos/SwinjectStoryboard-t.build/Objects-normal/arm64/SwinjectStoryboard-OutputFileMap.json -save-temps -no-color-diagnostics -explicit-module-build -module-cache-path /Users/admin/builder/spi-builder-workspace/.derivedData/Build/Intermediates.noindex/SwiftExplicitPrecompiledModules -clang-scanner-module-cache-path /Users/admin/builder/spi-builder-workspace/.derivedData/ModuleCache.noindex -sdk-module-cache-path /Users/admin/builder/spi-builder-workspace/.derivedData/SDKExplicitPrecompiledModules -emit-dependencies -emit-module -emit-module-path /Users/admin/builder/spi-builder-workspace/.derivedData/Build/Intermediates.noindex/SwinjectStoryboard.build/Debug-watchos/SwinjectStoryboard-t.build/Objects-normal/arm64/SwinjectStoryboard.swiftmodule -serialize-diagnostics -dependency-scan-serialize-diagnostics-path /Users/admin/builder/spi-builder-workspace/.derivedData/Build/Intermediates.noindex/SwinjectStoryboard.build/Debug-watchos/SwinjectStoryboard-t.build/Objects-normal/arm64/SwinjectStoryboard-dependency-scan.dia -validate-clang-modules-once -clang-build-session-file /Users/admin/builder/spi-builder-workspace/.derivedData/ModuleCache.noindex/Session.modulevalidation -Xcc -fmodules-prune-interval\=86400 -Xcc -fmodules-prune-after\=345600 -emit-const-values -const-gather-protocols-list /Users/admin/builder/spi-builder-workspace/.derivedData/Build/Intermediates.noindex/SwinjectStoryboard.build/Debug-watchos/SwinjectStoryboard-t.build/Objects-normal/arm64/SwinjectStoryboard_const_extract_protocols.json -Xcc -I/Users/admin/builder/spi-builder-workspace/Sources/ObjectiveC/include -Xcc -I/Users/admin/builder/spi-builder-workspace/.derivedData/Build/Products/Debug-watchos/include -Xcc -I/Users/admin/builder/spi-builder-workspace/.derivedData/Build/Intermediates.noindex/SwinjectStoryboard.build/Debug-watchos/SwinjectStoryboard-t.build/DerivedSources-normal/arm64 -Xcc -I/Users/admin/builder/spi-builder-workspace/.derivedData/Build/Intermediates.noindex/SwinjectStoryboard.build/Debug-watchos/SwinjectStoryboard-t.build/DerivedSources/arm64 -Xcc -I/Users/admin/builder/spi-builder-workspace/.derivedData/Build/Intermediates.noindex/SwinjectStoryboard.build/Debug-watchos/SwinjectStoryboard-t.build/DerivedSources -Xcc -DSWIFT_PACKAGE -Xcc -DDEBUG\=1 -emit-objc-header -emit-objc-header-path /Users/admin/builder/spi-builder-workspace/.derivedData/Build/Intermediates.noindex/SwinjectStoryboard.build/Debug-watchos/SwinjectStoryboard-t.build/Objects-normal/arm64/SwinjectStoryboard-Swift.h -working-directory /Users/admin/builder/spi-builder-workspace/.swiftpm/xcode -experimental-emit-module-separately -disable-cmo
SwiftDriver SwinjectStoryboard normal arm64_32 com.apple.xcode.tools.swift.compiler (in target 'SwinjectStoryboard' from project 'SwinjectStoryboard')
    cd /Users/admin/builder/spi-builder-workspace/.swiftpm/xcode
    builtin-SwiftDriver -- /Applications/Xcode-27.0.0-Release.Candidate.app/Contents/Developer/Toolchains/XcodeDefault.xctoolchain/usr/bin/swiftc -parse-as-library -module-name SwinjectStoryboard -Onone @/Users/admin/builder/spi-builder-workspace/.derivedData/Build/Intermediates.noindex/SwinjectStoryboard.build/Debug-watchos/SwinjectStoryboard-t.build/Objects-normal/arm64_32/SwinjectStoryboard.SwiftFileList -DSWIFT_PACKAGE -DDEBUG -DSWIFT_MODULE_RESOURCE_BUNDLE_UNAVAILABLE -DXcode -plugin-path /Applications/Xcode-27.0.0-Release.Candidate.app/Contents/Developer/Toolchains/XcodeDefault.xctoolchain/usr/lib/swift/host/plugins/testing -enable-experimental-feature DebugDescriptionMacro -sdk /Applications/Xcode-27.0.0-Release.Candidate.app/Contents/Developer/Platforms/WatchOS.platform/Developer/SDKs/WatchOS27.0.sdk -target arm64_32-apple-watchos9.0 -g -module-cache-path /Users/admin/builder/spi-builder-workspace/.derivedData/ModuleCache.noindex -Xfrontend -serialize-debugging-options -enable-testing -index-store-path /Users/admin/builder/spi-builder-workspace/.derivedData/Index.noindex/DataStore -Xcc -D_LIBCPP_HARDENING_MODE\=_LIBCPP_HARDENING_MODE_DEBUG -swift-version 5 -I /Users/admin/builder/spi-builder-workspace/.derivedData/Build/Products/Debug-watchos -Isystem /Applications/Xcode-27.0.0-Release.Candidate.app/Contents/Developer/Platforms/WatchOS.platform/Developer/usr/lib -F /Users/admin/builder/spi-builder-workspace/.derivedData/Build/Products/Debug-watchos/PackageFrameworks -F /Users/admin/builder/spi-builder-workspace/.derivedData/Build/Products/Debug-watchos -F /Applications/Xcode-27.0.0-Release.Candidate.app/Contents/Developer/Platforms/WatchOS.platform/Developer/Library/Frameworks -F /Applications/Xcode-27.0.0-Release.Candidate.app/Contents/Developer/Platforms/WatchOS.platform/Developer/SDKs/WatchOS27.0.sdk/Developer/Library/Frameworks -c -j10 -enable-batch-mode -incremental -Xcc -ivfsstatcache -Xcc /Users/admin/builder/spi-builder-workspace/.derivedData/SDKStatCaches.noindex/watchos27.0-24R360-e829b21a6f8c9b70876ba0858053c04477534ef55a1706bf4c1112bbb242f0a2.sdkstatcache -output-file-map /Users/admin/builder/spi-builder-workspace/.derivedData/Build/Intermediates.noindex/SwinjectStoryboard.build/Debug-watchos/SwinjectStoryboard-t.build/Objects-normal/arm64_32/SwinjectStoryboard-OutputFileMap.json -save-temps -no-color-diagnostics -explicit-module-build -module-cache-path /Users/admin/builder/spi-builder-workspace/.derivedData/Build/Intermediates.noindex/SwiftExplicitPrecompiledModules -clang-scanner-module-cache-path /Users/admin/builder/spi-builder-workspace/.derivedData/ModuleCache.noindex -sdk-module-cache-path /Users/admin/builder/spi-builder-workspace/.derivedData/SDKExplicitPrecompiledModules -emit-dependencies -emit-module -emit-module-path /Users/admin/builder/spi-builder-workspace/.derivedData/Build/Intermediates.noindex/SwinjectStoryboard.build/Debug-watchos/SwinjectStoryboard-t.build/Objects-normal/arm64_32/SwinjectStoryboard.swiftmodule -serialize-diagnostics -dependency-scan-serialize-diagnostics-path /Users/admin/builder/spi-builder-workspace/.derivedData/Build/Intermediates.noindex/SwinjectStoryboard.build/Debug-watchos/SwinjectStoryboard-t.build/Objects-normal/arm64_32/SwinjectStoryboard-dependency-scan.dia -validate-clang-modules-once -clang-build-session-file /Users/admin/builder/spi-builder-workspace/.derivedData/ModuleCache.noindex/Session.modulevalidation -Xcc -fmodules-prune-interval\=86400 -Xcc -fmodules-prune-after\=345600 -emit-const-values -const-gather-protocols-list /Users/admin/builder/spi-builder-workspace/.derivedData/Build/Intermediates.noindex/SwinjectStoryboard.build/Debug-watchos/SwinjectStoryboard-t.build/Objects-normal/arm64_32/SwinjectStoryboard_const_extract_protocols.json -Xcc -I/Users/admin/builder/spi-builder-workspace/Sources/ObjectiveC/include -Xcc -I/Users/admin/builder/spi-builder-workspace/.derivedData/Build/Products/Debug-watchos/include -Xcc -I/Users/admin/builder/spi-builder-workspace/.derivedData/Build/Intermediates.noindex/SwinjectStoryboard.build/Debug-watchos/SwinjectStoryboard-t.build/DerivedSources-normal/arm64_32 -Xcc -I/Users/admin/builder/spi-builder-workspace/.derivedData/Build/Intermediates.noindex/SwinjectStoryboard.build/Debug-watchos/SwinjectStoryboard-t.build/DerivedSources/arm64_32 -Xcc -I/Users/admin/builder/spi-builder-workspace/.derivedData/Build/Intermediates.noindex/SwinjectStoryboard.build/Debug-watchos/SwinjectStoryboard-t.build/DerivedSources -Xcc -DSWIFT_PACKAGE -Xcc -DDEBUG\=1 -emit-objc-header -emit-objc-header-path /Users/admin/builder/spi-builder-workspace/.derivedData/Build/Intermediates.noindex/SwinjectStoryboard.build/Debug-watchos/SwinjectStoryboard-t.build/Objects-normal/arm64_32/SwinjectStoryboard-Swift.h -working-directory /Users/admin/builder/spi-builder-workspace/.swiftpm/xcode -experimental-emit-module-separately -disable-cmo
SwiftDriverJobDiscovery normal arm64_32 Compiling ServiceKey.swift, ThreadSafeDictionary.swift (in target 'Swinject' from project 'Swinject')
SwiftDriver\ Compilation Swinject normal arm64_32 com.apple.xcode.tools.swift.compiler (in target 'Swinject' from project 'Swinject')
    cd /Users/admin/builder/spi-builder-workspace/.swiftpm/xcode
    builtin-Swift-Compilation -- /Applications/Xcode-27.0.0-Release.Candidate.app/Contents/Developer/Toolchains/XcodeDefault.xctoolchain/usr/bin/swiftc -parse-as-library -module-name Swinject -Onone @/Users/admin/builder/spi-builder-workspace/.derivedData/Build/Intermediates.noindex/Swinject.build/Debug-watchos/Swinject-t.build/Objects-normal/arm64_32/Swinject.SwiftFileList -DSWIFT_PACKAGE -DDEBUG -DSWIFT_MODULE_RESOURCE_BUNDLE_AVAILABLE -DXcode -plugin-path /Applications/Xcode-27.0.0-Release.Candidate.app/Contents/Developer/Toolchains/XcodeDefault.xctoolchain/usr/lib/swift/host/plugins/testing -enable-experimental-feature DebugDescriptionMacro -sdk /Applications/Xcode-27.0.0-Release.Candidate.app/Contents/Developer/Platforms/WatchOS.platform/Developer/SDKs/WatchOS27.0.sdk -target arm64_32-apple-watchos9.0 -g -module-cache-path /Users/admin/builder/spi-builder-workspace/.derivedData/ModuleCache.noindex -Xfrontend -serialize-debugging-options -enable-testing -suppress-warnings -index-store-path /Users/admin/builder/spi-builder-workspace/.derivedData/Index.noindex/DataStore -Xcc -D_LIBCPP_HARDENING_MODE\=_LIBCPP_HARDENING_MODE_DEBUG -swift-version 6 -I /Users/admin/builder/spi-builder-workspace/.derivedData/Build/Products/Debug-watchos -Isystem /Applications/Xcode-27.0.0-Release.Candidate.app/Contents/Developer/Platforms/WatchOS.platform/Developer/usr/lib -F /Users/admin/builder/spi-builder-workspace/.derivedData/Build/Products/Debug-watchos -F /Applications/Xcode-27.0.0-Release.Candidate.app/Contents/Developer/Platforms/WatchOS.platform/Developer/Library/Frameworks -F /Applications/Xcode-27.0.0-Release.Candidate.app/Contents/Developer/Platforms/WatchOS.platform/Developer/SDKs/WatchOS27.0.sdk/Developer/Library/Frameworks -c -j10 -enable-batch-mode -incremental -Xcc -ivfsstatcache -Xcc /Users/admin/builder/spi-builder-workspace/.derivedData/SDKStatCaches.noindex/watchos27.0-24R360-e829b21a6f8c9b70876ba0858053c04477534ef55a1706bf4c1112bbb242f0a2.sdkstatcache -output-file-map /Users/admin/builder/spi-builder-workspace/.derivedData/Build/Intermediates.noindex/Swinject.build/Debug-watchos/Swinject-t.build/Objects-normal/arm64_32/Swinject-OutputFileMap.json -save-temps -no-color-diagnostics -explicit-module-build -module-cache-path /Users/admin/builder/spi-builder-workspace/.derivedData/Build/Intermediates.noindex/SwiftExplicitPrecompiledModules -clang-scanner-module-cache-path /Users/admin/builder/spi-builder-workspace/.derivedData/ModuleCache.noindex -sdk-module-cache-path /Users/admin/builder/spi-builder-workspace/.derivedData/SDKExplicitPrecompiledModules -emit-dependencies -emit-module -emit-module-path /Users/admin/builder/spi-builder-workspace/.derivedData/Build/Intermediates.noindex/Swinject.build/Debug-watchos/Swinject-t.build/Objects-normal/arm64_32/Swinject.swiftmodule -serialize-diagnostics -dependency-scan-serialize-diagnostics-path /Users/admin/builder/spi-builder-workspace/.derivedData/Build/Intermediates.noindex/Swinject.build/Debug-watchos/Swinject-t.build/Objects-normal/arm64_32/Swinject-dependency-scan.dia -user-module-version 2.10.0 -validate-clang-modules-once -clang-build-session-file /Users/admin/builder/spi-builder-workspace/.derivedData/ModuleCache.noindex/Session.modulevalidation -Xcc -fmodules-prune-interval\=86400 -Xcc -fmodules-prune-after\=345600 -package-name swinject -emit-const-values -const-gather-protocols-list /Users/admin/builder/spi-builder-workspace/.derivedData/Build/Intermediates.noindex/Swinject.build/Debug-watchos/Swinject-t.build/Objects-normal/arm64_32/Swinject_const_extract_protocols.json -Xcc -I/Users/admin/builder/spi-builder-workspace/.derivedData/Build/Products/Debug-watchos/include -Xcc -I/Users/admin/builder/spi-builder-workspace/.derivedData/Build/Intermediates.noindex/Swinject.build/Debug-watchos/Swinject-t.build/DerivedSources-normal/arm64_32 -Xcc -I/Users/admin/builder/spi-builder-workspace/.derivedData/Build/Intermediates.noindex/Swinject.build/Debug-watchos/Swinject-t.build/DerivedSources/arm64_32 -Xcc -I/Users/admin/builder/spi-builder-workspace/.derivedData/Build/Intermediates.noindex/Swinject.build/Debug-watchos/Swinject-t.build/DerivedSources -Xcc -DSWIFT_PACKAGE -Xcc -DDEBUG\=1 -emit-objc-header -emit-objc-header-path /Users/admin/builder/spi-builder-workspace/.derivedData/Build/Intermediates.noindex/Swinject.build/Debug-watchos/Swinject-t.build/Objects-normal/arm64_32/Swinject-Swift.h -working-directory /Users/admin/builder/spi-builder-workspace/.swiftpm/xcode -experimental-emit-module-separately -disable-cmo
SwiftDriverJobDiscovery normal arm64 Compiling ServiceKey.swift, ThreadSafeDictionary.swift (in target 'Swinject' from project 'Swinject')
Ld /Users/admin/builder/spi-builder-workspace/.derivedData/Build/Intermediates.noindex/Swinject.build/Debug-watchos/Swinject-t.build/Objects-normal/arm64_32/Binary/Swinject.o normal arm64_32 (in target 'Swinject' from project 'Swinject')
    cd /Users/admin/builder/spi-builder-workspace/.dependencies/checkouts/Swinject
    /Applications/Xcode-27.0.0-Release.Candidate.app/Contents/Developer/Toolchains/XcodeDefault.xctoolchain/usr/bin/clang -Xlinker -reproducible -target arm64_32-apple-watchos9.0 -r -isysroot /Applications/Xcode-27.0.0-Release.Candidate.app/Contents/Developer/Platforms/WatchOS.platform/Developer/SDKs/WatchOS27.0.sdk -O0 -w -Xlinker -no_warn_duplicate_libraries -F/Users/admin/builder/spi-builder-workspace/.derivedData/Build/Intermediates.noindex/EagerLinkingTBDs/Debug-watchos -F/Users/admin/builder/spi-builder-workspace/.derivedData/Build/Products/Debug-watchos -iframework /Applications/Xcode-27.0.0-Release.Candidate.app/Contents/Developer/Platforms/WatchOS.platform/Developer/Library/Frameworks -iframework /Applications/Xcode-27.0.0-Release.Candidate.app/Contents/Developer/Platforms/WatchOS.platform/Developer/SDKs/WatchOS27.0.sdk/Developer/Library/Frameworks -filelist /Users/admin/builder/spi-builder-workspace/.derivedData/Build/Intermediates.noindex/Swinject.build/Debug-watchos/Swinject-t.build/Objects-normal/arm64_32/Swinject.LinkFileList -nostdlib -Xlinker -object_path_lto -Xlinker /Users/admin/builder/spi-builder-workspace/.derivedData/Build/Intermediates.noindex/Swinject.build/Debug-watchos/Swinject-t.build/Objects-normal/arm64_32/Swinject_lto.o -Xlinker -no_deduplicate -Xlinker -dependency_info -Xlinker /Users/admin/builder/spi-builder-workspace/.derivedData/Build/Intermediates.noindex/Swinject.build/Debug-watchos/Swinject-t.build/Objects-normal/arm64_32/Swinject_dependency_info.dat -fobjc-link-runtime -L/Applications/Xcode-27.0.0-Release.Candidate.app/Contents/Developer/Toolchains/XcodeDefault.xctoolchain/usr/lib/swift/watchos -L/usr/lib/swift -Xlinker -add_ast_path -Xlinker /Users/admin/builder/spi-builder-workspace/.derivedData/Build/Intermediates.noindex/Swinject.build/Debug-watchos/Swinject-t.build/Objects-normal/arm64_32/Swinject.swiftmodule -o /Users/admin/builder/spi-builder-workspace/.derivedData/Build/Intermediates.noindex/Swinject.build/Debug-watchos/Swinject-t.build/Objects-normal/arm64_32/Binary/Swinject.o
SwiftDriverJobDiscovery normal arm64 Compiling FunctionType.swift, GraphIdentifier.swift (in target 'Swinject' from project 'Swinject')
SwiftDriverJobDiscovery normal arm64 Compiling resource_bundle_accessor.swift, Assembler.swift, Assembly.swift (in target 'Swinject' from project 'Swinject')
SwiftDriverJobDiscovery normal arm64 Compiling Behavior.swift, Container.Arguments.swift, Container.Logging.swift (in target 'Swinject' from project 'Swinject')
SwiftDriverJobDiscovery normal arm64 Compiling RecursiveLock.swift, Resolver.swift (in target 'Swinject' from project 'Swinject')
SwiftDriverJobDiscovery normal arm64 Compiling ServiceEntry.TypeForwarding.swift, ServiceEntry.swift (in target 'Swinject' from project 'Swinject')
SwiftDriverJobDiscovery normal arm64 Compiling ObjectScope.swift, ReadWriteLock.swift (in target 'Swinject' from project 'Swinject')
SwiftExplicitDependencyGeneratePcm arm64_32 /Users/admin/builder/spi-builder-workspace/.derivedData/SDKExplicitPrecompiledModules/_Builtin_stdbool-A967K8W8YUYEC9SN52KJ7OO88.pcm
SwiftExplicitDependencyGeneratePcm arm64_32 /Users/admin/builder/spi-builder-workspace/.derivedData/SDKExplicitPrecompiledModules/ptrcheck-7ELIH9BTIGVKX3UBITM9N72WD.pcm
SwiftExplicitDependencyGeneratePcm arm64_32 /Users/admin/builder/spi-builder-workspace/.derivedData/SDKExplicitPrecompiledModules/SwiftShims-9CQQGWTSNTN9EB5NSHDWUJICH.pcm
SwiftExplicitDependencyGeneratePcm arm64_32 /Users/admin/builder/spi-builder-workspace/.derivedData/SDKExplicitPrecompiledModules/_AvailabilityInternal-244WAN3Z1QBT7PIA64EZEFY1R.pcm
SwiftExplicitDependencyGeneratePcm arm64_32 /Users/admin/builder/spi-builder-workspace/.derivedData/SDKExplicitPrecompiledModules/_Builtin_float-6KO8O3PEWRCA4WC6PPLOYO6WJ.pcm
SwiftExplicitDependencyGeneratePcm arm64_32 /Users/admin/builder/spi-builder-workspace/.derivedData/SDKExplicitPrecompiledModules/DeveloperToolsSupport-DZU5G1OCMNWU0AQRULIFHUJ1Z.pcm
SwiftExplicitDependencyGeneratePcm arm64_32 /Users/admin/builder/spi-builder-workspace/.derivedData/SDKExplicitPrecompiledModules/_SwiftConcurrencyShims-6RTBPQ03V7BM9SPRK8SUE055H.pcm
SwiftExplicitDependencyGeneratePcm arm64_32 /Users/admin/builder/spi-builder-workspace/.derivedData/SDKExplicitPrecompiledModules/_Builtin_stddef-H44EFHQX6XSS5MZ7QP6YJZ76.pcm
SwiftExplicitDependencyGeneratePcm arm64_32 /Users/admin/builder/spi-builder-workspace/.derivedData/SDKExplicitPrecompiledModules/ptrauth-BFXF358ME5AK535N5A9Z766WU.pcm
SwiftExplicitDependencyGeneratePcm arm64 /Users/admin/builder/spi-builder-workspace/.derivedData/SDKExplicitPrecompiledModules/_Builtin_stdarg-A7UU8LE6MP85SM26YO7PBZNUQ.pcm
SwiftDriverJobDiscovery normal arm64 Compiling Container.TypeForwarding.swift, Container.swift, DebugHelper.swift (in target 'Swinject' from project 'Swinject')
SwiftExplicitDependencyGeneratePcm arm64 /Users/admin/builder/spi-builder-workspace/.derivedData/SDKExplicitPrecompiledModules/_Builtin_stdbool-83J96QSOFE9VX04AAS6310UAE.pcm
SwiftExplicitDependencyGeneratePcm arm64 /Users/admin/builder/spi-builder-workspace/.derivedData/SDKExplicitPrecompiledModules/ptrauth-3TZ9WJCGLYD25HQPWH4968ONX.pcm
SwiftExplicitDependencyGeneratePcm arm64_32 /Users/admin/builder/spi-builder-workspace/.derivedData/SDKExplicitPrecompiledModules/_Builtin_stdarg-D305JG44A2WPI6CJY37X3QJE8.pcm
SwiftExplicitDependencyGeneratePcm arm64 /Users/admin/builder/spi-builder-workspace/.derivedData/SDKExplicitPrecompiledModules/_SwiftConcurrencyShims-659N52XSKR5F0QSB880BH2FJR.pcm
SwiftExplicitDependencyGeneratePcm arm64 /Users/admin/builder/spi-builder-workspace/.derivedData/SDKExplicitPrecompiledModules/_Builtin_float-C0CW5Q4HGBQYKE77TC42IAFB5.pcm
SwiftExplicitDependencyGeneratePcm arm64 /Users/admin/builder/spi-builder-workspace/.derivedData/SDKExplicitPrecompiledModules/SwiftShims-4MXFZPV6FEB0XBYXCGPWAMQGL.pcm
SwiftExplicitDependencyGeneratePcm arm64 /Users/admin/builder/spi-builder-workspace/.derivedData/SDKExplicitPrecompiledModules/DeveloperToolsSupport-E7CNISCB36UE8XQ9IOHK9XDX1.pcm
SwiftExplicitDependencyGeneratePcm arm64 /Users/admin/builder/spi-builder-workspace/.derivedData/SDKExplicitPrecompiledModules/_AvailabilityInternal-BUNV3UXM65NT37THI4W1AM0SF.pcm
SwiftExplicitDependencyGeneratePcm arm64 /Users/admin/builder/spi-builder-workspace/.derivedData/SDKExplicitPrecompiledModules/ptrcheck-AIF0NDOYZ8ORBNHQAQR5NNB8M.pcm
SwiftExplicitDependencyGeneratePcm arm64_32 /Users/admin/builder/spi-builder-workspace/.derivedData/SDKExplicitPrecompiledModules/_DarwinFoundation1-2GWF9RFMPLQW4PDHS3NARVI3G.pcm
SwiftExplicitDependencyGeneratePcm arm64 /Users/admin/builder/spi-builder-workspace/.derivedData/SDKExplicitPrecompiledModules/_Builtin_stddef-1FU30Y8SWFB7OUUHMJQH5J6FM.pcm
SwiftDriver\ Compilation Swinject normal arm64 com.apple.xcode.tools.swift.compiler (in target 'Swinject' from project 'Swinject')
    cd /Users/admin/builder/spi-builder-workspace/.swiftpm/xcode
    builtin-Swift-Compilation -- /Applications/Xcode-27.0.0-Release.Candidate.app/Contents/Developer/Toolchains/XcodeDefault.xctoolchain/usr/bin/swiftc -parse-as-library -module-name Swinject -Onone @/Users/admin/builder/spi-builder-workspace/.derivedData/Build/Intermediates.noindex/Swinject.build/Debug-watchos/Swinject-t.build/Objects-normal/arm64/Swinject.SwiftFileList -DSWIFT_PACKAGE -DDEBUG -DSWIFT_MODULE_RESOURCE_BUNDLE_AVAILABLE -DXcode -plugin-path /Applications/Xcode-27.0.0-Release.Candidate.app/Contents/Developer/Toolchains/XcodeDefault.xctoolchain/usr/lib/swift/host/plugins/testing -enable-experimental-feature DebugDescriptionMacro -sdk /Applications/Xcode-27.0.0-Release.Candidate.app/Contents/Developer/Platforms/WatchOS.platform/Developer/SDKs/WatchOS27.0.sdk -target arm64-apple-watchos9.0 -g -module-cache-path /Users/admin/builder/spi-builder-workspace/.derivedData/ModuleCache.noindex -Xfrontend -serialize-debugging-options -enable-testing -suppress-warnings -index-store-path /Users/admin/builder/spi-builder-workspace/.derivedData/Index.noindex/DataStore -Xcc -D_LIBCPP_HARDENING_MODE\=_LIBCPP_HARDENING_MODE_DEBUG -swift-version 6 -I /Users/admin/builder/spi-builder-workspace/.derivedData/Build/Products/Debug-watchos -Isystem /Applications/Xcode-27.0.0-Release.Candidate.app/Contents/Developer/Platforms/WatchOS.platform/Developer/usr/lib -F /Users/admin/builder/spi-builder-workspace/.derivedData/Build/Products/Debug-watchos -F /Applications/Xcode-27.0.0-Release.Candidate.app/Contents/Developer/Platforms/WatchOS.platform/Developer/Library/Frameworks -F /Applications/Xcode-27.0.0-Release.Candidate.app/Contents/Developer/Platforms/WatchOS.platform/Developer/SDKs/WatchOS27.0.sdk/Developer/Library/Frameworks -c -j10 -enable-batch-mode -incremental -Xcc -ivfsstatcache -Xcc /Users/admin/builder/spi-builder-workspace/.derivedData/SDKStatCaches.noindex/watchos27.0-24R360-e829b21a6f8c9b70876ba0858053c04477534ef55a1706bf4c1112bbb242f0a2.sdkstatcache -output-file-map /Users/admin/builder/spi-builder-workspace/.derivedData/Build/Intermediates.noindex/Swinject.build/Debug-watchos/Swinject-t.build/Objects-normal/arm64/Swinject-OutputFileMap.json -save-temps -no-color-diagnostics -explicit-module-build -module-cache-path /Users/admin/builder/spi-builder-workspace/.derivedData/Build/Intermediates.noindex/SwiftExplicitPrecompiledModules -clang-scanner-module-cache-path /Users/admin/builder/spi-builder-workspace/.derivedData/ModuleCache.noindex -sdk-module-cache-path /Users/admin/builder/spi-builder-workspace/.derivedData/SDKExplicitPrecompiledModules -emit-dependencies -emit-module -emit-module-path /Users/admin/builder/spi-builder-workspace/.derivedData/Build/Intermediates.noindex/Swinject.build/Debug-watchos/Swinject-t.build/Objects-normal/arm64/Swinject.swiftmodule -serialize-diagnostics -dependency-scan-serialize-diagnostics-path /Users/admin/builder/spi-builder-workspace/.derivedData/Build/Intermediates.noindex/Swinject.build/Debug-watchos/Swinject-t.build/Objects-normal/arm64/Swinject-dependency-scan.dia -user-module-version 2.10.0 -validate-clang-modules-once -clang-build-session-file /Users/admin/builder/spi-builder-workspace/.derivedData/ModuleCache.noindex/Session.modulevalidation -Xcc -fmodules-prune-interval\=86400 -Xcc -fmodules-prune-after\=345600 -package-name swinject -emit-const-values -const-gather-protocols-list /Users/admin/builder/spi-builder-workspace/.derivedData/Build/Intermediates.noindex/Swinject.build/Debug-watchos/Swinject-t.build/Objects-normal/arm64/Swinject_const_extract_protocols.json -Xcc -I/Users/admin/builder/spi-builder-workspace/.derivedData/Build/Products/Debug-watchos/include -Xcc -I/Users/admin/builder/spi-builder-workspace/.derivedData/Build/Intermediates.noindex/Swinject.build/Debug-watchos/Swinject-t.build/DerivedSources-normal/arm64 -Xcc -I/Users/admin/builder/spi-builder-workspace/.derivedData/Build/Intermediates.noindex/Swinject.build/Debug-watchos/Swinject-t.build/DerivedSources/arm64 -Xcc -I/Users/admin/builder/spi-builder-workspace/.derivedData/Build/Intermediates.noindex/Swinject.build/Debug-watchos/Swinject-t.build/DerivedSources -Xcc -DSWIFT_PACKAGE -Xcc -DDEBUG\=1 -emit-objc-header -emit-objc-header-path /Users/admin/builder/spi-builder-workspace/.derivedData/Build/Intermediates.noindex/Swinject.build/Debug-watchos/Swinject-t.build/Objects-normal/arm64/Swinject-Swift.h -working-directory /Users/admin/builder/spi-builder-workspace/.swiftpm/xcode -experimental-emit-module-separately -disable-cmo
Ld /Users/admin/builder/spi-builder-workspace/.derivedData/Build/Intermediates.noindex/Swinject.build/Debug-watchos/Swinject-t.build/Objects-normal/arm64/Binary/Swinject.o normal arm64 (in target 'Swinject' from project 'Swinject')
    cd /Users/admin/builder/spi-builder-workspace/.dependencies/checkouts/Swinject
    /Applications/Xcode-27.0.0-Release.Candidate.app/Contents/Developer/Toolchains/XcodeDefault.xctoolchain/usr/bin/clang -Xlinker -reproducible -target arm64-apple-watchos9.0 -r -isysroot /Applications/Xcode-27.0.0-Release.Candidate.app/Contents/Developer/Platforms/WatchOS.platform/Developer/SDKs/WatchOS27.0.sdk -O0 -w -Xlinker -no_warn_duplicate_libraries -F/Users/admin/builder/spi-builder-workspace/.derivedData/Build/Intermediates.noindex/EagerLinkingTBDs/Debug-watchos -F/Users/admin/builder/spi-builder-workspace/.derivedData/Build/Products/Debug-watchos -iframework /Applications/Xcode-27.0.0-Release.Candidate.app/Contents/Developer/Platforms/WatchOS.platform/Developer/Library/Frameworks -iframework /Applications/Xcode-27.0.0-Release.Candidate.app/Contents/Developer/Platforms/WatchOS.platform/Developer/SDKs/WatchOS27.0.sdk/Developer/Library/Frameworks -filelist /Users/admin/builder/spi-builder-workspace/.derivedData/Build/Intermediates.noindex/Swinject.build/Debug-watchos/Swinject-t.build/Objects-normal/arm64/Swinject.LinkFileList -nostdlib -Xlinker -object_path_lto -Xlinker /Users/admin/builder/spi-builder-workspace/.derivedData/Build/Intermediates.noindex/Swinject.build/Debug-watchos/Swinject-t.build/Objects-normal/arm64/Swinject_lto.o -Xlinker -no_deduplicate -Xlinker -dependency_info -Xlinker /Users/admin/builder/spi-builder-workspace/.derivedData/Build/Intermediates.noindex/Swinject.build/Debug-watchos/Swinject-t.build/Objects-normal/arm64/Swinject_dependency_info.dat -fobjc-link-runtime -L/Applications/Xcode-27.0.0-Release.Candidate.app/Contents/Developer/Toolchains/XcodeDefault.xctoolchain/usr/lib/swift/watchos -L/usr/lib/swift -Xlinker -add_ast_path -Xlinker /Users/admin/builder/spi-builder-workspace/.derivedData/Build/Intermediates.noindex/Swinject.build/Debug-watchos/Swinject-t.build/Objects-normal/arm64/Swinject.swiftmodule -o /Users/admin/builder/spi-builder-workspace/.derivedData/Build/Intermediates.noindex/Swinject.build/Debug-watchos/Swinject-t.build/Objects-normal/arm64/Binary/Swinject.o
SwiftExplicitDependencyGeneratePcm arm64 /Users/admin/builder/spi-builder-workspace/.derivedData/SDKExplicitPrecompiledModules/_DarwinFoundation1-7SPX3MD0HMP55E4OLNCPNDQ53.pcm
CreateUniversalBinary /Users/admin/builder/spi-builder-workspace/.derivedData/Build/Products/Debug-watchos/Swinject.o normal arm64\ arm64_32 (in target 'Swinject' from project 'Swinject')
    cd /Users/admin/builder/spi-builder-workspace/.dependencies/checkouts/Swinject
    /Applications/Xcode-27.0.0-Release.Candidate.app/Contents/Developer/Toolchains/XcodeDefault.xctoolchain/usr/bin/lipo -create /Users/admin/builder/spi-builder-workspace/.derivedData/Build/Intermediates.noindex/Swinject.build/Debug-watchos/Swinject-t.build/Objects-normal/arm64/Binary/Swinject.o /Users/admin/builder/spi-builder-workspace/.derivedData/Build/Intermediates.noindex/Swinject.build/Debug-watchos/Swinject-t.build/Objects-normal/arm64_32/Binary/Swinject.o -output /Users/admin/builder/spi-builder-workspace/.derivedData/Build/Products/Debug-watchos/Swinject.o
ExtractAppIntentsMetadata (in target 'Swinject' from project 'Swinject')
    cd /Users/admin/builder/spi-builder-workspace/.dependencies/checkouts/Swinject
    /Applications/Xcode-27.0.0-Release.Candidate.app/Contents/Developer/Toolchains/XcodeDefault.xctoolchain/usr/bin/appintentsmetadataprocessor --toolchain-dir /var/run/com.apple.security.cryptexd/mnt/com.apple.MobileAsset.MetalToolchain-v27.1.266.1.bCbin3/Metal.xctoolchain --module-name Swinject --sdk-root /Applications/Xcode-27.0.0-Release.Candidate.app/Contents/Developer/Platforms/WatchOS.platform/Developer/SDKs/WatchOS27.0.sdk --xcode-version 27A266a --platform-family watchOS --deployment-target 9.0 --bundle-identifier swinject.Swinject --output /Users/admin/builder/spi-builder-workspace/.derivedData/Build/Products/Debug-watchos/Swinject.appintents --target-triple arm64-apple-watchos9.0 --target-triple arm64_32-apple-watchos9.0 --binary-file /Users/admin/builder/spi-builder-workspace/.derivedData/Build/Products/Debug-watchos/Swinject.o --dependency-file /Users/admin/builder/spi-builder-workspace/.derivedData/Build/Intermediates.noindex/Swinject.build/Debug-watchos/Swinject-t.build/Objects-normal/arm64/Swinject_dependency_info.dat --dependency-file /Users/admin/builder/spi-builder-workspace/.derivedData/Build/Intermediates.noindex/Swinject.build/Debug-watchos/Swinject-t.build/Objects-normal/arm64_32/Swinject_dependency_info.dat --stringsdata-file /Users/admin/builder/spi-builder-workspace/.derivedData/Build/Intermediates.noindex/Swinject.build/Debug-watchos/Swinject-t.build/Objects-normal/arm64/ExtractedAppShortcutsMetadata.stringsdata --stringsdata-file /Users/admin/builder/spi-builder-workspace/.derivedData/Build/Intermediates.noindex/Swinject.build/Debug-watchos/Swinject-t.build/Objects-normal/arm64_32/ExtractedAppShortcutsMetadata.stringsdata --source-file-list /Users/admin/builder/spi-builder-workspace/.derivedData/Build/Intermediates.noindex/Swinject.build/Debug-watchos/Swinject-t.build/Objects-normal/arm64/Swinject.SwiftFileList --source-file-list /Users/admin/builder/spi-builder-workspace/.derivedData/Build/Intermediates.noindex/Swinject.build/Debug-watchos/Swinject-t.build/Objects-normal/arm64_32/Swinject.SwiftFileList --metadata-file-list /Users/admin/builder/spi-builder-workspace/.derivedData/Build/Intermediates.noindex/Swinject.build/Debug-watchos/Swinject-t.build/Swinject.DependencyMetadataFileList --static-metadata-file-list /Users/admin/builder/spi-builder-workspace/.derivedData/Build/Intermediates.noindex/Swinject.build/Debug-watchos/Swinject-t.build/Swinject.DependencyStaticMetadataFileList --swift-const-vals-list /Users/admin/builder/spi-builder-workspace/.derivedData/Build/Intermediates.noindex/Swinject.build/Debug-watchos/Swinject-t.build/Objects-normal/arm64/Swinject.SwiftConstValuesFileList --swift-const-vals-list /Users/admin/builder/spi-builder-workspace/.derivedData/Build/Intermediates.noindex/Swinject.build/Debug-watchos/Swinject-t.build/Objects-normal/arm64_32/Swinject.SwiftConstValuesFileList --force --compile-time-extraction --deployment-aware-processing --no-app-shortcuts-localization
2026-09-23 09:41:29.367 appintentsmetadataprocessor[872:5252] Starting appintentsmetadataprocessor export
2026-09-23 09:41:29.471 appintentsmetadataprocessor[872:5252] Extracted no relevant App Intents symbols, skipping writing output
SwiftExplicitDependencyGeneratePcm arm64_32 /Users/admin/builder/spi-builder-workspace/.derivedData/SDKExplicitPrecompiledModules/_Builtin_limits-3VKBU2AFTD65PAJZ5CJ3LHFM2.pcm
SwiftExplicitDependencyGeneratePcm arm64_32 /Users/admin/builder/spi-builder-workspace/.derivedData/SDKExplicitPrecompiledModules/_DarwinFoundation2-9MY8GOSYRO0M9MKNXF6D3MBNK.pcm
SwiftExplicitDependencyGeneratePcm arm64 /Users/admin/builder/spi-builder-workspace/.derivedData/SDKExplicitPrecompiledModules/_DarwinFoundation2-D0XAPJU49S5E9XMKYOFGSTB1Q.pcm
SwiftExplicitDependencyGeneratePcm arm64 /Users/admin/builder/spi-builder-workspace/.derivedData/SDKExplicitPrecompiledModules/_Builtin_limits-9GWPA2B0H20DYUNYHYCWKABJG.pcm
SwiftExplicitDependencyGeneratePcm arm64_32 /Users/admin/builder/spi-builder-workspace/.derivedData/SDKExplicitPrecompiledModules/string_h-BFVLUQUSBZWYMLCU9QI7VZALW.pcm
SwiftExplicitDependencyGeneratePcm arm64_32 /Users/admin/builder/spi-builder-workspace/.derivedData/SDKExplicitPrecompiledModules/_Builtin_tgmath-23PGCKURCQILXMK0MYZRYDCOU.pcm
SwiftExplicitDependencyGeneratePcm arm64_32 /Users/admin/builder/spi-builder-workspace/.derivedData/SDKExplicitPrecompiledModules/sys_types-8TLLMW08ZJWDGIIPKOYFGHHZW.pcm
SwiftExplicitDependencyGeneratePcm arm64_32 /Users/admin/builder/spi-builder-workspace/.derivedData/SDKExplicitPrecompiledModules/_Builtin_stdint-1HMXWI3V0V4TXHRWZOMZGZ80Y.pcm
SwiftExplicitDependencyGeneratePcm arm64 /Users/admin/builder/spi-builder-workspace/.derivedData/SDKExplicitPrecompiledModules/sys_types-2KXQLI78OUCDP779AE68GZJ2.pcm
SwiftExplicitDependencyGeneratePcm arm64 /Users/admin/builder/spi-builder-workspace/.derivedData/SDKExplicitPrecompiledModules/_Builtin_stdint-8XMILLJZEGRN2XG7XZUXZ5RLX.pcm
SwiftExplicitDependencyGeneratePcm arm64 /Users/admin/builder/spi-builder-workspace/.derivedData/SDKExplicitPrecompiledModules/_Builtin_tgmath-8NQ96OZ0YHXEC24JI95P01UF8.pcm
SwiftExplicitDependencyGeneratePcm arm64 /Users/admin/builder/spi-builder-workspace/.derivedData/SDKExplicitPrecompiledModules/string_h-E6PRXK75PHIPCZFWOFCQ3QBMK.pcm
SwiftExplicitDependencyGeneratePcm arm64_32 /Users/admin/builder/spi-builder-workspace/.derivedData/SDKExplicitPrecompiledModules/_DarwinFoundation3-3DUTYQDQSD9HUAAVY947NMWOI.pcm
SwiftExplicitDependencyGeneratePcm arm64_32 /Users/admin/builder/spi-builder-workspace/.derivedData/SDKExplicitPrecompiledModules/_Builtin_intrinsics-196IIAKDQVU42DLOZP9OQCV76.pcm
SwiftExplicitDependencyGeneratePcm arm64_32 /Users/admin/builder/spi-builder-workspace/.derivedData/SDKExplicitPrecompiledModules/_Builtin_stdatomic-1TY035TURL76BF2U98PZPPZRX.pcm
SwiftExplicitDependencyGeneratePcm arm64 /Users/admin/builder/spi-builder-workspace/.derivedData/SDKExplicitPrecompiledModules/_Builtin_intrinsics-75960HIPCIYA06IUW8FIIPQT.pcm
SwiftExplicitDependencyGeneratePcm arm64 /Users/admin/builder/spi-builder-workspace/.derivedData/SDKExplicitPrecompiledModules/_Builtin_stdatomic-7JEFA3KBJJJN6TKJWY3OG1VG5.pcm
SwiftExplicitDependencyGeneratePcm arm64 /Users/admin/builder/spi-builder-workspace/.derivedData/SDKExplicitPrecompiledModules/_DarwinFoundation3-B97LRG0E9GON2NUE65TVG81HU.pcm
SwiftExplicitDependencyGeneratePcm arm64_32 /Users/admin/builder/spi-builder-workspace/.derivedData/SDKExplicitPrecompiledModules/_Builtin_inttypes-D2KPCR4PEX9AQA33NGLUT5SBR.pcm
SwiftExplicitDependencyGeneratePcm arm64 /Users/admin/builder/spi-builder-workspace/.derivedData/SDKExplicitPrecompiledModules/_Builtin_inttypes-3UQSCM7WNM9EK4HZML8TY5J3D.pcm
SwiftExplicitDependencyGeneratePcm arm64_32 /Users/admin/builder/spi-builder-workspace/.derivedData/SDKExplicitPrecompiledModules/Darwin-3FVT1SKLN2ZQ5RVOABMTQBB34.pcm
SwiftExplicitDependencyGeneratePcm arm64 /Users/admin/builder/spi-builder-workspace/.derivedData/SDKExplicitPrecompiledModules/Darwin-3984OXKFNSPE77NT743WK8SEX.pcm
SwiftExplicitDependencyGeneratePcm arm64_32 /Users/admin/builder/spi-builder-workspace/.derivedData/SDKExplicitPrecompiledModules/simd-21UNWYOBUZI1LVSQ99S1XBLMO.pcm
SwiftExplicitDependencyGeneratePcm arm64 /Users/admin/builder/spi-builder-workspace/.derivedData/SDKExplicitPrecompiledModules/simd-EH08NODU6574T74ZKU61VP9BW.pcm
SwiftExplicitDependencyGeneratePcm arm64_32 /Users/admin/builder/spi-builder-workspace/.derivedData/SDKExplicitPrecompiledModules/ObjectiveC-6IJNELR2E80E7LUKESVCP2KET.pcm
SwiftExplicitDependencyGeneratePcm arm64_32 /Users/admin/builder/spi-builder-workspace/.derivedData/SDKExplicitPrecompiledModules/MachO-56838ZJ0NC1EBAJ0O6O8QMPDX.pcm
SwiftExplicitDependencyGeneratePcm arm64 /Users/admin/builder/spi-builder-workspace/.derivedData/SDKExplicitPrecompiledModules/ObjectiveC-72IVD3VS2RS8Q28D9PIMY0KQP.pcm
SwiftExplicitDependencyGeneratePcm arm64 /Users/admin/builder/spi-builder-workspace/.derivedData/SDKExplicitPrecompiledModules/MachO-2U90NNSAQILBNBPS1SA4F8TYP.pcm
SwiftExplicitDependencyGeneratePcm arm64_32 /Users/admin/builder/spi-builder-workspace/.derivedData/SDKExplicitPrecompiledModules/os_object-5YWTC6L4756IWSTPGXS5NM0D0.pcm
SwiftExplicitDependencyGeneratePcm arm64 /Users/admin/builder/spi-builder-workspace/.derivedData/SDKExplicitPrecompiledModules/os_object-3SDKD7F87FTZ26OON37DRYT6O.pcm
SwiftExplicitDependencyGeneratePcm arm64_32 /Users/admin/builder/spi-builder-workspace/.derivedData/SDKExplicitPrecompiledModules/os_workgroup-5JHTPDMNBUNHLJI8LPHKQK1JK.pcm
SwiftExplicitDependencyGeneratePcm arm64 /Users/admin/builder/spi-builder-workspace/.derivedData/SDKExplicitPrecompiledModules/os_workgroup-89GG5G7YC2D0ZTK6AZXXQ20DH.pcm
SwiftExplicitDependencyGeneratePcm arm64_32 /Users/admin/builder/spi-builder-workspace/.derivedData/SDKExplicitPrecompiledModules/Spatial-CWVWNML3T0NXVHZDKVLD3X1YZ.pcm
SwiftExplicitDependencyGeneratePcm arm64_32 /Users/admin/builder/spi-builder-workspace/.derivedData/SDKExplicitPrecompiledModules/Dispatch-2P62F1T4XV63S4P99TUDTOK2Q.pcm
SwiftExplicitDependencyGeneratePcm arm64 /Users/admin/builder/spi-builder-workspace/.derivedData/SDKExplicitPrecompiledModules/Spatial-44FJGYXFAT2AQAW9Z6T7YS02U.pcm
SwiftExplicitDependencyGeneratePcm arm64 /Users/admin/builder/spi-builder-workspace/.derivedData/SDKExplicitPrecompiledModules/Dispatch-1NLJOVAK60XP0DUB05XA59EIM.pcm
SwiftExplicitDependencyGeneratePcm arm64_32 /Users/admin/builder/spi-builder-workspace/.derivedData/SDKExplicitPrecompiledModules/CoreFoundation-8E6Y4BA3EXYKUGJ24GT9LGV3N.pcm
SwiftExplicitDependencyGeneratePcm arm64_32 /Users/admin/builder/spi-builder-workspace/.derivedData/SDKExplicitPrecompiledModules/XPC-81Y45QFY96XYYFCW2GT6FY8S4.pcm
SwiftExplicitDependencyGeneratePcm arm64 /Users/admin/builder/spi-builder-workspace/.derivedData/SDKExplicitPrecompiledModules/CoreFoundation-8T2L24YC5NU7WO6WQJWRY7W08.pcm
SwiftExplicitDependencyGeneratePcm arm64 /Users/admin/builder/spi-builder-workspace/.derivedData/SDKExplicitPrecompiledModules/XPC-40DR0X1DHKGCV4J1IOLFS8MOU.pcm
SwiftExplicitDependencyGeneratePcm arm64_32 /Users/admin/builder/spi-builder-workspace/.derivedData/SDKExplicitPrecompiledModules/os-E5IGB442IA6SBB25TTCOLK2OC.pcm
SwiftExplicitDependencyGeneratePcm arm64 /Users/admin/builder/spi-builder-workspace/.derivedData/SDKExplicitPrecompiledModules/os-5DIL6Z9LFIGLMZAHM7X2T5435.pcm
SwiftExplicitDependencyGeneratePcm arm64_32 /Users/admin/builder/spi-builder-workspace/.derivedData/SDKExplicitPrecompiledModules/Security-D7TOWF88VWF67TB9HAFP5UWB1.pcm
SwiftExplicitDependencyGeneratePcm arm64_32 /Users/admin/builder/spi-builder-workspace/.derivedData/SDKExplicitPrecompiledModules/CoreGraphics-9FDXYX6BKBUT6TJ2VF819E7T5.pcm
SwiftExplicitDependencyGeneratePcm arm64 /Users/admin/builder/spi-builder-workspace/.derivedData/SDKExplicitPrecompiledModules/Security-6RZ6YBRU8WCUHRFFRVUK5WKMM.pcm
SwiftExplicitDependencyGeneratePcm arm64 /Users/admin/builder/spi-builder-workspace/.derivedData/SDKExplicitPrecompiledModules/CoreGraphics-DWNZ73GEH98SBJXZ7DEXB420K.pcm
SwiftExplicitDependencyGeneratePcm arm64_32 /Users/admin/builder/spi-builder-workspace/.derivedData/SDKExplicitPrecompiledModules/Foundation-BJ2VQGI3OGR34500MEQ1VKHPH.pcm
SwiftExplicitDependencyGeneratePcm arm64_32 /Users/admin/builder/spi-builder-workspace/.derivedData/SDKExplicitPrecompiledModules/CoreVideo-2P8HI0403J99LBDPKNFJ5D4DL.pcm
SwiftExplicitDependencyGeneratePcm arm64_32 /Users/admin/builder/spi-builder-workspace/.derivedData/SDKExplicitPrecompiledModules/CoreText-C9X2REPZN2V5BSU4G80FCETDR.pcm
SwiftExplicitDependencyGeneratePcm arm64 /Users/admin/builder/spi-builder-workspace/.derivedData/SDKExplicitPrecompiledModules/Foundation-DLBKUSGXN8QHAT8W0OARR9S8A.pcm
SwiftExplicitDependencyGeneratePcm arm64 /Users/admin/builder/spi-builder-workspace/.derivedData/SDKExplicitPrecompiledModules/CoreVideo-8MRR5MNWUOAW2DBPGUQ8FKK4.pcm
SwiftExplicitDependencyGeneratePcm arm64 /Users/admin/builder/spi-builder-workspace/.derivedData/SDKExplicitPrecompiledModules/CoreText-970YJN6NIYGK1316L35Z0O8QT.pcm
SwiftExplicitDependencyGeneratePcm arm64_32 /Users/admin/builder/spi-builder-workspace/.derivedData/SDKExplicitPrecompiledModules/OSLog-D9AVFY0KWO7RVBIQ73CBIJVCN.pcm
SwiftExplicitDependencyGeneratePcm arm64_32 /Users/admin/builder/spi-builder-workspace/.derivedData/SDKExplicitPrecompiledModules/Accessibility-F385OMZ5GYBUY5O4QAJB4NRII.pcm
SwiftExplicitDependencyGeneratePcm arm64_32 /Users/admin/builder/spi-builder-workspace/.derivedData/SDKExplicitPrecompiledModules/DataDetection-U9BF7WHFVA6BZGFXXXP272PS.pcm
SwiftExplicitDependencyGeneratePcm arm64_32 /Users/admin/builder/spi-builder-workspace/.derivedData/SDKExplicitPrecompiledModules/CoreTransferable-5D4IR6X37682FPHJ5CBPTKQV6.pcm
SwiftExplicitDependencyGeneratePcm arm64_32 /Users/admin/builder/spi-builder-workspace/.derivedData/SDKExplicitPrecompiledModules/UniformTypeIdentifiers-CJZ3NTHPSBH4XWX5EVOG56UZS.pcm
SwiftExplicitDependencyGeneratePcm arm64_32 /Users/admin/builder/spi-builder-workspace/.derivedData/SDKExplicitPrecompiledModules/_LocationEssentials-AQ1OL9QKC3LQLY5CNSRM1HB53.pcm
SwiftExplicitDependencyGeneratePcm arm64_32 /Users/admin/builder/spi-builder-workspace/.derivedData/SDKExplicitPrecompiledModules/QuartzCore-6375NPYACK5NYVHPMC1QQ8MC2.pcm
SwiftExplicitDependencyGeneratePcm arm64_32 /Users/admin/builder/spi-builder-workspace/.derivedData/SDKExplicitPrecompiledModules/Symbols-1H97WMG76HU94F5VGJR19PXFY.pcm
SwiftExplicitDependencyGeneratePcm arm64_32 /Users/admin/builder/spi-builder-workspace/.derivedData/SDKExplicitPrecompiledModules/UIUtilities-9YFVNIMRC5HRVOIARNWHP1E3H.pcm
SwiftExplicitDependencyGeneratePcm arm64_32 /Users/admin/builder/spi-builder-workspace/.derivedData/SDKExplicitPrecompiledModules/UserNotifications-6TBN8TEAKO014N1T2QD926XED.pcm
SwiftExplicitDependencyGeneratePcm arm64 /Users/admin/builder/spi-builder-workspace/.derivedData/SDKExplicitPrecompiledModules/UniformTypeIdentifiers-8L08Q8DQJV8C4AW84YVGFGTRN.pcm
SwiftExplicitDependencyGeneratePcm arm64 /Users/admin/builder/spi-builder-workspace/.derivedData/SDKExplicitPrecompiledModules/DataDetection-7BNVI1SZW5ISQL5SX4WL2X7I5.pcm
SwiftExplicitDependencyGeneratePcm arm64 /Users/admin/builder/spi-builder-workspace/.derivedData/SDKExplicitPrecompiledModules/Symbols-3EFABTJ9L5PQDJ7RQCYQWEJMM.pcm
SwiftExplicitDependencyGeneratePcm arm64 /Users/admin/builder/spi-builder-workspace/.derivedData/SDKExplicitPrecompiledModules/CoreTransferable-9PPG3SLJ55T4LITIFYX2M0NOZ.pcm
SwiftExplicitDependencyGeneratePcm arm64 /Users/admin/builder/spi-builder-workspace/.derivedData/SDKExplicitPrecompiledModules/UserNotifications-ARAH8MEQ0C2L0FBO39HITJMAO.pcm
SwiftExplicitDependencyGeneratePcm arm64_32 /Users/admin/builder/spi-builder-workspace/.derivedData/SDKExplicitPrecompiledModules/CoreLocation-8XU5YMYM4P11RQMYCQAG65ITK.pcm
SwiftExplicitDependencyGeneratePcm arm64 /Users/admin/builder/spi-builder-workspace/.derivedData/SDKExplicitPrecompiledModules/Accessibility-27QMG6ZQ1NKYTNBYFPM1XKNFC.pcm
SwiftExplicitDependencyGeneratePcm arm64 /Users/admin/builder/spi-builder-workspace/.derivedData/SDKExplicitPrecompiledModules/QuartzCore-94KFMWNOU7ZLUZNB4T5DLZC9D.pcm
SwiftExplicitDependencyGeneratePcm arm64 /Users/admin/builder/spi-builder-workspace/.derivedData/SDKExplicitPrecompiledModules/_LocationEssentials-5ZZDGDXB6HLQUC72SJW7YJ7MK.pcm
SwiftExplicitDependencyGeneratePcm arm64 /Users/admin/builder/spi-builder-workspace/.derivedData/SDKExplicitPrecompiledModules/UIUtilities-IR7RNW23VAUKYI9MLCS9NL9A.pcm
SwiftExplicitDependencyGeneratePcm arm64_32 /Users/admin/builder/spi-builder-workspace/.derivedData/SDKExplicitPrecompiledModules/SwiftUICore-3Q7WLRD8MR9R3NGIPUBQCP6F6.pcm
SwiftExplicitDependencyGeneratePcm arm64 /Users/admin/builder/spi-builder-workspace/.derivedData/SDKExplicitPrecompiledModules/OSLog-B7VGO357Y3GJG35TST7DKDSI3.pcm
SwiftExplicitDependencyGeneratePcm arm64 /Users/admin/builder/spi-builder-workspace/.derivedData/SDKExplicitPrecompiledModules/CoreLocation-ACKJ9K7ABI14F97Y46Y6SRR17.pcm
SwiftExplicitDependencyGeneratePcm arm64_32 /Users/admin/builder/spi-builder-workspace/.derivedData/SDKExplicitPrecompiledModules/CoreMotion-1XGTVTE5PP32UHME8AC63TL6.pcm
SwiftExplicitDependencyGeneratePcm arm64 /Users/admin/builder/spi-builder-workspace/.derivedData/SDKExplicitPrecompiledModules/SwiftUICore-C1DST1IX2Z0PTH5SJJZ1IULRB.pcm
SwiftExplicitDependencyGeneratePcm arm64 /Users/admin/builder/spi-builder-workspace/.derivedData/SDKExplicitPrecompiledModules/CoreMotion-6RD5K48QT1F4L9CATNFD2O7YB.pcm
SwiftExplicitDependencyGeneratePcm arm64_32 /Users/admin/builder/spi-builder-workspace/.derivedData/SDKExplicitPrecompiledModules/UIKit-6PPV7YPZ89CZPHYAP072QH8B6.pcm
SwiftExplicitDependencyGeneratePcm arm64 /Users/admin/builder/spi-builder-workspace/.derivedData/SDKExplicitPrecompiledModules/UIKit-27R3P1YMV4C6JLDT661G3MRIA.pcm
SwiftCompile normal arm64_32 Compiling\ _SwinjectStoryboardBase(iOS-tvOS).swift /Users/admin/builder/spi-builder-workspace/Sources/iOS-tvOS/_SwinjectStoryboardBase(iOS-tvOS).swift (in target 'SwinjectStoryboard' from project 'SwinjectStoryboard')
SwiftCompile normal arm64_32 /Users/admin/builder/spi-builder-workspace/Sources/iOS-tvOS/_SwinjectStoryboardBase(iOS-tvOS).swift (in target 'SwinjectStoryboard' from project 'SwinjectStoryboard')
    cd /Users/admin/builder/spi-builder-workspace/.swiftpm/xcode
    builtin-SwiftPerFileCompile _SwinjectStoryboardBase\(iOS-tvOS\).swift
/Users/admin/builder/spi-builder-workspace/Sources/iOS-tvOS/_SwinjectStoryboardBase(iOS-tvOS).swift:6:39: error: 'UIStoryboard' is unavailable in watchOS
 4 |
 5 | @objcMembers
 6 | public class _SwinjectStoryboardBase: UIStoryboard {
   |                                       `- error: 'UIStoryboard' is unavailable in watchOS
 7 |     public class func _create(_ name: String, bundle storyboardBundleOrNil: Bundle?) -> Self {
 8 |         let storyboard = perform(#selector(UIStoryboard.init(name:bundle:)), with: name, with: storyboardBundleOrNil)?
/Applications/Xcode-27.0.0-Release.Candidate.app/Contents/Developer/Platforms/WatchOS.platform/Developer/SDKs/WatchOS27.0.sdk/System/Library/Frameworks/UIKit.framework/Headers/UIStoryboard.h:19:12: note: 'UIStoryboard' has been explicitly marked unavailable here
17 |
18 | UIKIT_EXTERN API_AVAILABLE(ios(5.0)) API_UNAVAILABLE(watchos) NS_SWIFT_UI_ACTOR API_DEPRECATED("Loading Interface Builder products will not be supported in a future version of visionOS.", visionos(1.0, 1.0))
19 | @interface UIStoryboard : NSObject {
   |            `- note: 'UIStoryboard' has been explicitly marked unavailable here
20 | }
21 |
/Users/admin/builder/spi-builder-workspace/Sources/iOS-tvOS/_SwinjectStoryboardBase(iOS-tvOS).swift:14:11: error: cannot find type 'SwinjectStoryboard' in scope
12 | }
13 |
14 | extension SwinjectStoryboard {
   |           |- error: cannot find type 'SwinjectStoryboard' in scope
   |           `- note: cannot use module 'SwinjectStoryboard' as a type
15 |     @objc public static func configure() {
16 |         UIStoryboard.swizzling()
SwiftCompile normal arm64_32 Compiling\ UnavailableItems.swift /Users/admin/builder/spi-builder-workspace/Sources/UnavailableItems.swift (in target 'SwinjectStoryboard' from project 'SwinjectStoryboard')
SwiftCompile normal arm64_32 /Users/admin/builder/spi-builder-workspace/Sources/UnavailableItems.swift (in target 'SwinjectStoryboard' from project 'SwinjectStoryboard')
    cd /Users/admin/builder/spi-builder-workspace/.swiftpm/xcode
    builtin-SwiftPerFileCompile UnavailableItems.swift
SwiftCompile normal arm64_32 Compiling\ SwinjectStoryboardProtocol.swift /Users/admin/builder/spi-builder-workspace/Sources/SwinjectStoryboardProtocol.swift (in target 'SwinjectStoryboard' from project 'SwinjectStoryboard')
SwiftCompile normal arm64_32 /Users/admin/builder/spi-builder-workspace/Sources/SwinjectStoryboardProtocol.swift (in target 'SwinjectStoryboard' from project 'SwinjectStoryboard')
    cd /Users/admin/builder/spi-builder-workspace/.swiftpm/xcode
    builtin-SwiftPerFileCompile SwinjectStoryboardProtocol.swift
SwiftCompile normal arm64_32 Compiling\ UIStoryboard+Swizzling.swift /Users/admin/builder/spi-builder-workspace/Sources/iOS-tvOS/UIStoryboard+Swizzling.swift (in target 'SwinjectStoryboard' from project 'SwinjectStoryboard')
/Users/admin/builder/spi-builder-workspace/Sources/iOS-tvOS/UIStoryboard+Swizzling.swift:29:70: error: 'UIStoryboard' is unavailable in watchOS
27 |     }
28 |
29 |     @objc class func swinject_init(name: String, bundle: Bundle?) -> UIStoryboard {
   |                                                                      `- error: 'UIStoryboard' is unavailable in watchOS
30 |         guard self == UIStoryboard.self else {
31 |             return self.swinject_init(name: name, bundle: bundle)
/Applications/Xcode-27.0.0-Release.Candidate.app/Contents/Developer/Platforms/WatchOS.platform/Developer/SDKs/WatchOS27.0.sdk/System/Library/Frameworks/UIKit.framework/Headers/UIStoryboard.h:19:12: note: 'UIStoryboard' has been explicitly marked unavailable here
17 |
18 | UIKIT_EXTERN API_AVAILABLE(ios(5.0)) API_UNAVAILABLE(watchos) NS_SWIFT_UI_ACTOR API_DEPRECATED("Loading Interface Builder products will not be supported in a future version of visionOS.", visionos(1.0, 1.0))
19 | @interface UIStoryboard : NSObject {
   |            `- note: 'UIStoryboard' has been explicitly marked unavailable here
20 | }
21 |
/Users/admin/builder/spi-builder-workspace/Sources/iOS-tvOS/UIStoryboard+Swizzling.swift:4:11: error: 'UIStoryboard' is unavailable in watchOS
 2 | import UIKit
 3 |
 4 | extension UIStoryboard {
   |           `- error: 'UIStoryboard' is unavailable in watchOS
 5 |     static func swizzling() {
 6 |         DispatchQueue.once(token: "swinject.storyboard.init") {
/Applications/Xcode-27.0.0-Release.Candidate.app/Contents/Developer/Platforms/WatchOS.platform/Developer/SDKs/WatchOS27.0.sdk/System/Library/Frameworks/UIKit.framework/Headers/UIStoryboard.h:19:12: note: 'UIStoryboard' has been explicitly marked unavailable here
17 |
18 | UIKIT_EXTERN API_AVAILABLE(ios(5.0)) API_UNAVAILABLE(watchos) NS_SWIFT_UI_ACTOR API_DEPRECATED("Loading Interface Builder products will not be supported in a future version of visionOS.", visionos(1.0, 1.0))
19 | @interface UIStoryboard : NSObject {
   |            `- note: 'UIStoryboard' has been explicitly marked unavailable here
20 | }
21 |
SwiftCompile normal arm64_32 /Users/admin/builder/spi-builder-workspace/Sources/iOS-tvOS/UIStoryboard+Swizzling.swift (in target 'SwinjectStoryboard' from project 'SwinjectStoryboard')
    cd /Users/admin/builder/spi-builder-workspace/.swiftpm/xcode
    builtin-SwiftPerFileCompile UIStoryboard+Swizzling.swift
SwiftCompile normal arm64_32 Compiling\ ViewController+Swinject.swift /Users/admin/builder/spi-builder-workspace/Sources/ViewController+Swinject.swift (in target 'SwinjectStoryboard' from project 'SwinjectStoryboard')
SwiftCompile normal arm64_32 /Users/admin/builder/spi-builder-workspace/Sources/ViewController+Swinject.swift (in target 'SwinjectStoryboard' from project 'SwinjectStoryboard')
    cd /Users/admin/builder/spi-builder-workspace/.swiftpm/xcode
    builtin-SwiftPerFileCompile ViewController+Swinject.swift
SwiftCompile normal arm64_32 Compiling\ SwinjectStoryboard.swift,\ SwinjectStoryboardOption.swift /Users/admin/builder/spi-builder-workspace/Sources/SwinjectStoryboard.swift /Users/admin/builder/spi-builder-workspace/Sources/SwinjectStoryboardOption.swift (in target 'SwinjectStoryboard' from project 'SwinjectStoryboard')
SwiftCompile normal arm64_32 /Users/admin/builder/spi-builder-workspace/Sources/SwinjectStoryboard.swift (in target 'SwinjectStoryboard' from project 'SwinjectStoryboard')
    cd /Users/admin/builder/spi-builder-workspace/.swiftpm/xcode
    builtin-SwiftPerFileCompile SwinjectStoryboard.swift
SwiftCompile normal arm64_32 /Users/admin/builder/spi-builder-workspace/Sources/SwinjectStoryboardOption.swift (in target 'SwinjectStoryboard' from project 'SwinjectStoryboard')
    cd /Users/admin/builder/spi-builder-workspace/.swiftpm/xcode
    builtin-SwiftPerFileCompile SwinjectStoryboardOption.swift
SwiftCompile normal arm64_32 Compiling\ NSStoryboard+Swizzling.swift,\ _SwinjectStoryboardBase(OSX).swift /Users/admin/builder/spi-builder-workspace/Sources/OSX/NSStoryboard+Swizzling.swift /Users/admin/builder/spi-builder-workspace/Sources/OSX/_SwinjectStoryboardBase(OSX).swift (in target 'SwinjectStoryboard' from project 'SwinjectStoryboard')
SwiftCompile normal arm64_32 /Users/admin/builder/spi-builder-workspace/Sources/OSX/NSStoryboard+Swizzling.swift (in target 'SwinjectStoryboard' from project 'SwinjectStoryboard')
    cd /Users/admin/builder/spi-builder-workspace/.swiftpm/xcode
    builtin-SwiftPerFileCompile NSStoryboard+Swizzling.swift
SwiftCompile normal arm64_32 /Users/admin/builder/spi-builder-workspace/Sources/OSX/_SwinjectStoryboardBase(OSX).swift (in target 'SwinjectStoryboard' from project 'SwinjectStoryboard')
    cd /Users/admin/builder/spi-builder-workspace/.swiftpm/xcode
    builtin-SwiftPerFileCompile _SwinjectStoryboardBase\(OSX\).swift
SwiftEmitModule normal arm64_32 Emitting\ module\ for\ SwinjectStoryboard (in target 'SwinjectStoryboard' from project 'SwinjectStoryboard')
/Users/admin/builder/spi-builder-workspace/Sources/SwinjectStoryboard+StoryboardReference.swift:16:20: error: cannot find type 'SwinjectStoryboard' in scope
14 | #endif
15 |
16 | internal extension SwinjectStoryboard {
   |                    |- error: cannot find type 'SwinjectStoryboard' in scope
   |                    `- note: cannot use module 'SwinjectStoryboard' as a type
17 |
18 |     static func pushInstantiatingStoryboard(_ storyboard: SwinjectStoryboard) {
/Users/admin/builder/spi-builder-workspace/Sources/SwinjectStoryboard+StoryboardReference.swift:53:31: error: cannot call value of non-function type '[Any]'
51 | }
52 |
53 | private var storyboardStack = [SwinjectStoryboard]()
   |                               `- error: cannot call value of non-function type '[Any]'
54 |
/Users/admin/builder/spi-builder-workspace/Sources/SwinjectStoryboard+StoryboardReference.swift:53:32: error: cannot convert value of type 'module<SwinjectStoryboard>' to expected element type 'Any'
51 | }
52 |
53 | private var storyboardStack = [SwinjectStoryboard]()
   |                                `- error: cannot convert value of type 'module<SwinjectStoryboard>' to expected element type 'Any'
54 |
/Users/admin/builder/spi-builder-workspace/Sources/ViewController+Swinject.swift:17:11: error: 'UIViewController' is unavailable in watchOS
15 | private var uivcWasInjectedKey: String = "UIViewController.wasInjected"
16 |
17 | extension UIViewController: RegistrationNameAssociatable, InjectionVerifiable {
   |           `- error: 'UIViewController' is unavailable in watchOS
18 |     public var swinjectRegistrationName: String? {
19 |         get { return getAssociatedString(key: &uivcRegistrationNameKey) }
/Applications/Xcode-27.0.0-Release.Candidate.app/Contents/Developer/Platforms/WatchOS.platform/Developer/SDKs/WatchOS27.0.sdk/System/Library/Frameworks/UIKit.framework/Headers/UIViewController.h:104:12: note: 'UIViewController' has been explicitly marked unavailable here
102 |
103 | UIKIT_EXTERN API_AVAILABLE(ios(2.0)) API_UNAVAILABLE(watchos) NS_SWIFT_UI_ACTOR
104 | @interface UIViewController : UIResponder <NSCoding, UIAppearanceContainer, UITraitEnvironment, UIContentContainer, UIFocusEnvironment>
    |            `- note: 'UIViewController' has been explicitly marked unavailable here
105 |
106 | /*
/Users/admin/builder/spi-builder-workspace/Sources/iOS-tvOS/UIStoryboard+Swizzling.swift:29:70: error: 'UIStoryboard' is unavailable in watchOS
27 |     }
28 |
29 |     @objc class func swinject_init(name: String, bundle: Bundle?) -> UIStoryboard {
   |                                                                      `- error: 'UIStoryboard' is unavailable in watchOS
30 |         guard self == UIStoryboard.self else {
31 |             return self.swinject_init(name: name, bundle: bundle)
/Applications/Xcode-27.0.0-Release.Candidate.app/Contents/Developer/Platforms/WatchOS.platform/Developer/SDKs/WatchOS27.0.sdk/System/Library/Frameworks/UIKit.framework/Headers/UIStoryboard.h:19:12: note: 'UIStoryboard' has been explicitly marked unavailable here
17 |
18 | UIKIT_EXTERN API_AVAILABLE(ios(5.0)) API_UNAVAILABLE(watchos) NS_SWIFT_UI_ACTOR API_DEPRECATED("Loading Interface Builder products will not be supported in a future version of visionOS.", visionos(1.0, 1.0))
19 | @interface UIStoryboard : NSObject {
   |            `- note: 'UIStoryboard' has been explicitly marked unavailable here
20 | }
21 |
/Users/admin/builder/spi-builder-workspace/Sources/iOS-tvOS/UIStoryboard+Swizzling.swift:4:11: error: 'UIStoryboard' is unavailable in watchOS
 2 | import UIKit
 3 |
 4 | extension UIStoryboard {
   |           `- error: 'UIStoryboard' is unavailable in watchOS
 5 |     static func swizzling() {
 6 |         DispatchQueue.once(token: "swinject.storyboard.init") {
/Applications/Xcode-27.0.0-Release.Candidate.app/Contents/Developer/Platforms/WatchOS.platform/Developer/SDKs/WatchOS27.0.sdk/System/Library/Frameworks/UIKit.framework/Headers/UIStoryboard.h:19:12: note: 'UIStoryboard' has been explicitly marked unavailable here
17 |
18 | UIKIT_EXTERN API_AVAILABLE(ios(5.0)) API_UNAVAILABLE(watchos) NS_SWIFT_UI_ACTOR API_DEPRECATED("Loading Interface Builder products will not be supported in a future version of visionOS.", visionos(1.0, 1.0))
19 | @interface UIStoryboard : NSObject {
   |            `- note: 'UIStoryboard' has been explicitly marked unavailable here
20 | }
21 |
/Users/admin/builder/spi-builder-workspace/Sources/iOS-tvOS/_SwinjectStoryboardBase(iOS-tvOS).swift:6:39: error: 'UIStoryboard' is unavailable in watchOS
 4 |
 5 | @objcMembers
 6 | public class _SwinjectStoryboardBase: UIStoryboard {
   |                                       `- error: 'UIStoryboard' is unavailable in watchOS
 7 |     public class func _create(_ name: String, bundle storyboardBundleOrNil: Bundle?) -> Self {
 8 |         let storyboard = perform(#selector(UIStoryboard.init(name:bundle:)), with: name, with: storyboardBundleOrNil)?
/Applications/Xcode-27.0.0-Release.Candidate.app/Contents/Developer/Platforms/WatchOS.platform/Developer/SDKs/WatchOS27.0.sdk/System/Library/Frameworks/UIKit.framework/Headers/UIStoryboard.h:19:12: note: 'UIStoryboard' has been explicitly marked unavailable here
17 |
18 | UIKIT_EXTERN API_AVAILABLE(ios(5.0)) API_UNAVAILABLE(watchos) NS_SWIFT_UI_ACTOR API_DEPRECATED("Loading Interface Builder products will not be supported in a future version of visionOS.", visionos(1.0, 1.0))
19 | @interface UIStoryboard : NSObject {
   |            `- note: 'UIStoryboard' has been explicitly marked unavailable here
20 | }
21 |
/Users/admin/builder/spi-builder-workspace/Sources/iOS-tvOS/_SwinjectStoryboardBase(iOS-tvOS).swift:14:11: error: cannot find type 'SwinjectStoryboard' in scope
12 | }
13 |
14 | extension SwinjectStoryboard {
   |           |- error: cannot find type 'SwinjectStoryboard' in scope
   |           `- note: cannot use module 'SwinjectStoryboard' as a type
15 |     @objc public static func configure() {
16 |         UIStoryboard.swizzling()
Failed frontend command:
/Applications/Xcode-27.0.0-Release.Candidate.app/Contents/Developer/Toolchains/XcodeDefault.xctoolchain/usr/bin/swift-frontend -frontend -emit-module -experimental-skip-non-inlinable-function-bodies-without-types /Users/admin/builder/spi-builder-workspace/Sources/Box.swift /Users/admin/builder/spi-builder-workspace/Sources/Container+SwinjectStoryboard.swift /Users/admin/builder/spi-builder-workspace/Sources/DispatchQueue+Once.swift /Users/admin/builder/spi-builder-workspace/Sources/InjectionVerifiable.swift /Users/admin/builder/spi-builder-workspace/Sources/OSX/NSStoryboard+Swizzling.swift /Users/admin/builder/spi-builder-workspace/Sources/OSX/_SwinjectStoryboardBase\(OSX\).swift /Users/admin/builder/spi-builder-workspace/Sources/RegistrationNameAssociatable.swift /Users/admin/builder/spi-builder-workspace/Sources/SwinjectStoryboard+StoryboardReference.swift /Users/admin/builder/spi-builder-workspace/Sources/SwinjectStoryboard.swift /Users/admin/builder/spi-builder-workspace/Sources/SwinjectStoryboardOption.swift /Users/admin/builder/spi-builder-workspace/Sources/SwinjectStoryboardProtocol.swift /Users/admin/builder/spi-builder-workspace/Sources/UnavailableItems.swift /Users/admin/builder/spi-builder-workspace/Sources/ViewController+Swinject.swift /Users/admin/builder/spi-builder-workspace/Sources/iOS-tvOS/UIStoryboard+Swizzling.swift /Users/admin/builder/spi-builder-workspace/Sources/iOS-tvOS/_SwinjectStoryboardBase\(iOS-tvOS\).swift -target arm64_32-apple-watchos9.0 -module-can-import-version UIKit 9127.0.84.1 9127.0.84 -disable-cross-import-overlay-search -load-resolved-plugin /Applications/Xcode-27.0.0-Release.Candidate.app/Contents/Developer/Platforms/WatchOS.platform/Developer/usr/lib/swift/host/plugins/libFoundationMacros.dylib\#/Applications/Xcode-27.0.0-Release.Candidate.app/Contents/Developer/Platforms/WatchOS.platform/Developer/usr/bin/swift-plugin-server\#FoundationMacros -load-resolved-plugin /Applications/Xcode-27.0.0-Release.Candidate.app/Contents/Developer/Platforms/WatchOS.platform/Developer/usr/lib/swift/host/plugins/libObservationMacros.dylib\#/Applications/Xcode-27.0.0-Release.Candidate.app/Contents/Developer/Platforms/WatchOS.platform/Developer/usr/bin/swift-plugin-server\#ObservationMacros -load-resolved-plugin /Applications/Xcode-27.0.0-Release.Candidate.app/Contents/Developer/Platforms/WatchOS.platform/Developer/usr/lib/swift/host/plugins/libSwiftMacros.dylib\#/Applications/Xcode-27.0.0-Release.Candidate.app/Contents/Developer/Platforms/WatchOS.platform/Developer/usr/bin/swift-plugin-server\#SwiftMacros -load-resolved-plugin /Applications/Xcode-27.0.0-Release.Candidate.app/Contents/Developer/Platforms/WatchOS.platform/Developer/usr/lib/swift/host/plugins/libSwiftUIMacros.dylib\#/Applications/Xcode-27.0.0-Release.Candidate.app/Contents/Developer/Platforms/WatchOS.platform/Developer/usr/bin/swift-plugin-server\#SwiftUIMacros -disable-implicit-swift-modules -Xcc -fno-implicit-modules -Xcc -fno-implicit-module-maps -explicit-swift-module-map-file /Users/admin/builder/spi-builder-workspace/.derivedData/Build/Intermediates.noindex/SwinjectStoryboard.build/Debug-watchos/SwinjectStoryboard-t.build/Objects-normal/arm64_32/SwinjectStoryboard-dependencies-1.json -enable-objc-interop -sdk /Applications/Xcode-27.0.0-Release.Candidate.app/Contents/Developer/Platforms/WatchOS.platform/Developer/SDKs/WatchOS27.0.sdk -I /Users/admin/builder/spi-builder-workspace/.derivedData/Build/Products/Debug-watchos -Isystem /Applications/Xcode-27.0.0-Release.Candidate.app/Contents/Developer/Platforms/WatchOS.platform/Developer/usr/lib -F /Users/admin/builder/spi-builder-workspace/.derivedData/Build/Products/Debug-watchos/PackageFrameworks -F /Users/admin/builder/spi-builder-workspace/.derivedData/Build/Products/Debug-watchos -F /Applications/Xcode-27.0.0-Release.Candidate.app/Contents/Developer/Platforms/WatchOS.platform/Developer/Library/Frameworks -F /Applications/Xcode-27.0.0-Release.Candidate.app/Contents/Developer/Platforms/WatchOS.platform/Developer/SDKs/WatchOS27.0.sdk/Developer/Library/Frameworks -module-cache-path /Users/admin/builder/spi-builder-workspace/.derivedData/Build/Intermediates.noindex/SwiftExplicitPrecompiledModules -no-color-diagnostics -Xcc -fno-color-diagnostics -enable-testing -g -debug-info-format\=dwarf -dwarf-version\=4 -swift-version 5 -Onone -D SWIFT_PACKAGE -D DEBUG -D SWIFT_MODULE_RESOURCE_BUNDLE_UNAVAILABLE -D Xcode -serialize-debugging-options -enable-experimental-feature DebugDescriptionMacro -empty-abi-descriptor -validate-clang-modules-once -clang-build-session-file /Users/admin/builder/spi-builder-workspace/.derivedData/ModuleCache.noindex/Session.modulevalidation -Xcc -working-directory -Xcc /Users/admin/builder/spi-builder-workspace/.swiftpm/xcode -enable-anonymous-context-mangled-names -file-compilation-dir /Users/admin/builder/spi-builder-workspace/.swiftpm/xcode -Xcc -D_LIBCPP_HARDENING_MODE\=_LIBCPP_HARDENING_MODE_DEBUG -Xcc -ivfsstatcache -Xcc /Users/admin/builder/spi-builder-workspace/.derivedData/SDKStatCaches.noindex/watchos27.0-24R360-e829b21a6f8c9b70876ba0858053c04477534ef55a1706bf4c1112bbb242f0a2.sdkstatcache -Xcc -fmodules-prune-interval\=86400 -Xcc -fmodules-prune-after\=345600 -Xcc -I/Users/admin/builder/spi-builder-workspace/Sources/ObjectiveC/include -Xcc -I/Users/admin/builder/spi-builder-workspace/.derivedData/Build/Products/Debug-watchos/include -Xcc -I/Users/admin/builder/spi-builder-workspace/.derivedData/Build/Intermediates.noindex/SwinjectStoryboard.build/Debug-watchos/SwinjectStoryboard-t.build/DerivedSources-normal/arm64_32 -Xcc -I/Users/admin/builder/spi-builder-workspace/.derivedData/Build/Intermediates.noindex/SwinjectStoryboard.build/Debug-watchos/SwinjectStoryboard-t.build/DerivedSources/arm64_32 -Xcc -I/Users/admin/builder/spi-builder-workspace/.derivedData/Build/Intermediates.noindex/SwinjectStoryboard.build/Debug-watchos/SwinjectStoryboard-t.build/DerivedSources -Xcc -DSWIFT_PACKAGE -Xcc -DDEBUG\=1 -no-auto-bridging-header-chaining -module-name SwinjectStoryboard -const-gather-protocols-file /Users/admin/builder/spi-builder-workspace/.derivedData/Build/Intermediates.noindex/SwinjectStoryboard.build/Debug-watchos/SwinjectStoryboard-t.build/Objects-normal/arm64_32/SwinjectStoryboard_const_extract_protocols.json -disable-clang-spi -clang-target arm64_32-apple-watchos27.0 -target-sdk-version 27.0 -target-sdk-name watchos27.0 -in-process-plugin-server-path /Applications/Xcode-27.0.0-Release.Candidate.app/Contents/Developer/Toolchains/XcodeDefault.xctoolchain/usr/lib/swift/host/libSwiftInProcPluginServer.dylib -emit-module-doc-path /Users/admin/builder/spi-builder-workspace/.derivedData/Build/Intermediates.noindex/SwinjectStoryboard.build/Debug-watchos/SwinjectStoryboard-t.build/Objects-normal/arm64_32/SwinjectStoryboard.swiftdoc -emit-module-source-info-path /Users/admin/builder/spi-builder-workspace/.derivedData/Build/Intermediates.noindex/SwinjectStoryboard.build/Debug-watchos/SwinjectStoryboard-t.build/Objects-normal/arm64_32/SwinjectStoryboard.swiftsourceinfo -emit-objc-header-path /Users/admin/builder/spi-builder-workspace/.derivedData/Build/Intermediates.noindex/SwinjectStoryboard.build/Debug-watchos/SwinjectStoryboard-t.build/Objects-normal/arm64_32/SwinjectStoryboard-Swift.h -serialize-diagnostics-path /Users/admin/builder/spi-builder-workspace/.derivedData/Build/Intermediates.noindex/SwinjectStoryboard.build/Debug-watchos/SwinjectStoryboard-t.build/Objects-normal/arm64_32/SwinjectStoryboard-primary-emit-module.dia -emit-dependencies-path /Users/admin/builder/spi-builder-workspace/.derivedData/Build/Intermediates.noindex/SwinjectStoryboard.build/Debug-watchos/SwinjectStoryboard-t.build/Objects-normal/arm64_32/SwinjectStoryboard-primary-emit-module.d -parse-as-library -o /Users/admin/builder/spi-builder-workspace/.derivedData/Build/Intermediates.noindex/SwinjectStoryboard.build/Debug-watchos/SwinjectStoryboard-t.build/Objects-normal/arm64_32/SwinjectStoryboard.swiftmodule -emit-abi-descriptor-path /Users/admin/builder/spi-builder-workspace/.derivedData/Build/Intermediates.noindex/SwinjectStoryboard.build/Debug-watchos/SwinjectStoryboard-t.build/Objects-normal/arm64_32/SwinjectStoryboard.abi.json
SwiftCompile normal arm64_32 (in target 'SwinjectStoryboard' from project 'SwinjectStoryboard')
    cd /Users/admin/builder/spi-builder-workspace/.swiftpm/xcode

SwiftCompile normal arm64_32 Compiling\ Box.swift,\ Container+SwinjectStoryboard.swift /Users/admin/builder/spi-builder-workspace/Sources/Box.swift /Users/admin/builder/spi-builder-workspace/Sources/Container+SwinjectStoryboard.swift (in target 'SwinjectStoryboard' from project 'SwinjectStoryboard')
SwiftCompile normal arm64_32 /Users/admin/builder/spi-builder-workspace/Sources/Box.swift (in target 'SwinjectStoryboard' from project 'SwinjectStoryboard')
    cd /Users/admin/builder/spi-builder-workspace/.swiftpm/xcode
    builtin-SwiftPerFileCompile Box.swift
SwiftCompile normal arm64_32 /Users/admin/builder/spi-builder-workspace/Sources/Container+SwinjectStoryboard.swift (in target 'SwinjectStoryboard' from project 'SwinjectStoryboard')
    cd /Users/admin/builder/spi-builder-workspace/.swiftpm/xcode
    builtin-SwiftPerFileCompile Container+SwinjectStoryboard.swift
SwiftCompile normal arm64_32 Compiling\ DispatchQueue+Once.swift,\ InjectionVerifiable.swift /Users/admin/builder/spi-builder-workspace/Sources/DispatchQueue+Once.swift /Users/admin/builder/spi-builder-workspace/Sources/InjectionVerifiable.swift (in target 'SwinjectStoryboard' from project 'SwinjectStoryboard')
SwiftCompile normal arm64_32 /Users/admin/builder/spi-builder-workspace/Sources/DispatchQueue+Once.swift (in target 'SwinjectStoryboard' from project 'SwinjectStoryboard')
    cd /Users/admin/builder/spi-builder-workspace/.swiftpm/xcode
    builtin-SwiftPerFileCompile DispatchQueue+Once.swift
SwiftCompile normal arm64_32 /Users/admin/builder/spi-builder-workspace/Sources/InjectionVerifiable.swift (in target 'SwinjectStoryboard' from project 'SwinjectStoryboard')
    cd /Users/admin/builder/spi-builder-workspace/.swiftpm/xcode
    builtin-SwiftPerFileCompile InjectionVerifiable.swift
SwiftEmitModule normal arm64 Emitting\ module\ for\ SwinjectStoryboard (in target 'SwinjectStoryboard' from project 'SwinjectStoryboard')
SwiftCompile normal arm64 (in target 'SwinjectStoryboard' from project 'SwinjectStoryboard')
    cd /Users/admin/builder/spi-builder-workspace/.swiftpm/xcode

PruneExplicitPrecompiledModules /Users/admin/builder/spi-builder-workspace/.derivedData/Build/Intermediates.noindex/ExplicitPrecompiledModules
PruneExplicitPrecompiledModules /Users/admin/builder/spi-builder-workspace/.derivedData/Build/Intermediates.noindex/SwiftExplicitPrecompiledModules
PruneExplicitPrecompiledModules /Users/admin/builder/spi-builder-workspace/.derivedData/SDKExplicitPrecompiledModules
2026-09-23 09:41:23.273 xcodebuild[688:4465] [MT] IDERunDestination: Supported platforms for the buildables in the current scheme is empty.
** BUILD FAILED **
The following build commands failed:
	SwiftEmitModule normal arm64_32 Emitting\ module\ for\ SwinjectStoryboard (in target 'SwinjectStoryboard' from project 'SwinjectStoryboard')
	SwiftCompile normal arm64_32 (in target 'SwinjectStoryboard' from project 'SwinjectStoryboard')
	Building workspace SwinjectStoryboard with scheme SwinjectStoryboard
(3 failures)
Command line invocation:
    /Applications/Xcode-27.0.0-Release.Candidate.app/Contents/Developer/usr/bin/xcodebuild -IDEClonedSourcePackagesDirPathOverride=/Users/admin/builder/spi-builder-workspace/.dependencies -resolvePackageDependencies
Resolve Package Graph
Resolved source packages:
  Swinject: https://github.com/Swinject/Swinject.git @ 2.10.0
  SwinjectStoryboard: /Users/admin/builder/spi-builder-workspace
resolved source packages: Swinject, SwinjectStoryboard
2026-09-23 09:41:32.779 xcodebuild[963:5475] [MT] IDERunDestination: Supported platforms for the buildables in the current scheme is empty.
{
  "dependencies" : [
    {
      "identity" : "swinject",
      "requirement" : {
        "range" : [
          {
            "lower_bound" : "2.7.1",
            "upper_bound" : "3.0.0"
          }
        ]
      },
      "type" : "sourceControl",
      "url" : "https://github.com/Swinject/Swinject.git"
    }
  ],
  "manifest_display_name" : "SwinjectStoryboard",
  "name" : "SwinjectStoryboard",
  "path" : "/Users/admin/builder/spi-builder-workspace",
  "platforms" : [
    {
      "name" : "macos",
      "version" : "10.10"
    },
    {
      "name" : "ios",
      "version" : "9.0"
    },
    {
      "name" : "tvos",
      "version" : "9.0"
    }
  ],
  "products" : [
    {
      "name" : "SwinjectStoryboard",
      "targets" : [
        "SwinjectStoryboard"
      ],
      "type" : {
        "library" : [
          "automatic"
        ]
      }
    }
  ],
  "targets" : [
    {
      "c99name" : "SwinjectStoryboard_ObjC",
      "module_type" : "ClangTarget",
      "name" : "SwinjectStoryboard-ObjC",
      "path" : "Sources/ObjectiveC",
      "product_memberships" : [
        "SwinjectStoryboard"
      ],
      "sources" : [
        "Others/SwinjectStoryboard+SetUp.m"
      ],
      "type" : "library"
    },
    {
      "c99name" : "SwinjectStoryboard",
      "module_type" : "SwiftTarget",
      "name" : "SwinjectStoryboard",
      "path" : "Sources",
      "product_dependencies" : [
        "Swinject"
      ],
      "product_memberships" : [
        "SwinjectStoryboard"
      ],
      "sources" : [
        "Box.swift",
        "Container+SwinjectStoryboard.swift",
        "DispatchQueue+Once.swift",
        "InjectionVerifiable.swift",
        "OSX/NSStoryboard+Swizzling.swift",
        "OSX/_SwinjectStoryboardBase(OSX).swift",
        "RegistrationNameAssociatable.swift",
        "SwinjectStoryboard+StoryboardReference.swift",
        "SwinjectStoryboard.swift",
        "SwinjectStoryboardOption.swift",
        "SwinjectStoryboardProtocol.swift",
        "UnavailableItems.swift",
        "ViewController+Swinject.swift",
        "iOS-tvOS/UIStoryboard+Swizzling.swift",
        "iOS-tvOS/_SwinjectStoryboardBase(iOS-tvOS).swift"
      ],
      "target_dependencies" : [
        "SwinjectStoryboard-ObjC"
      ],
      "type" : "library"
    }
  ],
  "tools_version" : "5.3"
}
{
  "workspace" : {
    "name" : "SwinjectStoryboard",
    "schemes" : [
      "SwinjectStoryboard"
    ]
  }
}
2026-09-23 09:41:34.033 xcodebuild[971:5551] [MT] IDERunDestination: Supported platforms for the buildables in the current scheme is empty.
Running build ...
env DEVELOPER_DIR=/Applications/Xcode-27.0.0-Release.Candidate.app xcrun xcodebuild -IDEClonedSourcePackagesDirPathOverride=$PWD/.dependencies -skipMacroValidation -skipPackagePluginValidation -derivedDataPath $PWD/.derivedData build -scheme SwinjectStoryboard -destination generic/platform=watchOS
Command line invocation:
    /Applications/Xcode-27.0.0-Release.Candidate.app/Contents/Developer/usr/bin/xcodebuild -IDEClonedSourcePackagesDirPathOverride=/Users/admin/builder/spi-builder-workspace/.dependencies -skipMacroValidation -skipPackagePluginValidation -derivedDataPath /Users/admin/builder/spi-builder-workspace/.derivedData build -scheme SwinjectStoryboard -destination generic/platform=watchOS
Resolve Package Graph
Resolved source packages:
  SwinjectStoryboard: /Users/admin/builder/spi-builder-workspace
  Swinject: https://github.com/Swinject/Swinject.git @ 2.10.0
ComputePackagePrebuildTargetDependencyGraph
Prepare packages
CreateBuildRequest
SendProjectDescription
CreateBuildOperation
ComputeTargetDependencyGraph
note: Building targets in dependency order
note: Target dependency graph (6 targets)
    Target 'SwinjectStoryboard-product' in project 'SwinjectStoryboard'
        ➜ Explicit dependency on target 'SwinjectStoryboard' in project 'SwinjectStoryboard'
        ➜ Explicit dependency on target 'SwinjectStoryboard-ObjC' in project 'SwinjectStoryboard'
        ➜ Explicit dependency on target 'Swinject-product' in project 'Swinject'
    Target 'SwinjectStoryboard' in project 'SwinjectStoryboard'
        ➜ Explicit dependency on target 'SwinjectStoryboard-ObjC' in project 'SwinjectStoryboard'
        ➜ Explicit dependency on target 'Swinject-product' in project 'Swinject'
    Target 'Swinject-product' in project 'Swinject'
        ➜ Explicit dependency on target 'Swinject' in project 'Swinject'
        ➜ Explicit dependency on target 'Swinject_Swinject' in project 'Swinject'
    Target 'Swinject' in project 'Swinject'
        ➜ Explicit dependency on target 'Swinject_Swinject' in project 'Swinject'
    Target 'Swinject_Swinject' in project 'Swinject' (no dependencies)
    Target 'SwinjectStoryboard-ObjC' in project 'SwinjectStoryboard' (no dependencies)
GatherProvisioningInputs
CreateBuildDescription
ClangStatCache /Applications/Xcode-27.0.0-Release.Candidate.app/Contents/Developer/Toolchains/XcodeDefault.xctoolchain/usr/bin/clang-stat-cache /Applications/Xcode-27.0.0-Release.Candidate.app/Contents/Developer/Platforms/WatchOS.platform/Developer/SDKs/WatchOS27.0.sdk /Users/admin/builder/spi-builder-workspace/.derivedData/SDKStatCaches.noindex/watchos27.0-24R360-e829b21a6f8c9b70876ba0858053c04477534ef55a1706bf4c1112bbb242f0a2.sdkstatcache
    cd /Users/admin/builder/spi-builder-workspace/.swiftpm/xcode
    /Applications/Xcode-27.0.0-Release.Candidate.app/Contents/Developer/Toolchains/XcodeDefault.xctoolchain/usr/bin/clang-stat-cache /Applications/Xcode-27.0.0-Release.Candidate.app/Contents/Developer/Platforms/WatchOS.platform/Developer/SDKs/WatchOS27.0.sdk -o /Users/admin/builder/spi-builder-workspace/.derivedData/SDKStatCaches.noindex/watchos27.0-24R360-e829b21a6f8c9b70876ba0858053c04477534ef55a1706bf4c1112bbb242f0a2.sdkstatcache
SwiftDriver SwinjectStoryboard normal arm64 com.apple.xcode.tools.swift.compiler (in target 'SwinjectStoryboard' from project 'SwinjectStoryboard')
    cd /Users/admin/builder/spi-builder-workspace/.swiftpm/xcode
    builtin-SwiftDriver -- /Applications/Xcode-27.0.0-Release.Candidate.app/Contents/Developer/Toolchains/XcodeDefault.xctoolchain/usr/bin/swiftc -parse-as-library -module-name SwinjectStoryboard -Onone @/Users/admin/builder/spi-builder-workspace/.derivedData/Build/Intermediates.noindex/SwinjectStoryboard.build/Debug-watchos/SwinjectStoryboard-t.build/Objects-normal/arm64/SwinjectStoryboard.SwiftFileList -DSWIFT_PACKAGE -DDEBUG -DSWIFT_MODULE_RESOURCE_BUNDLE_UNAVAILABLE -DXcode -plugin-path /Applications/Xcode-27.0.0-Release.Candidate.app/Contents/Developer/Toolchains/XcodeDefault.xctoolchain/usr/lib/swift/host/plugins/testing -enable-experimental-feature DebugDescriptionMacro -sdk /Applications/Xcode-27.0.0-Release.Candidate.app/Contents/Developer/Platforms/WatchOS.platform/Developer/SDKs/WatchOS27.0.sdk -target arm64-apple-watchos9.0 -g -module-cache-path /Users/admin/builder/spi-builder-workspace/.derivedData/ModuleCache.noindex -Xfrontend -serialize-debugging-options -enable-testing -index-store-path /Users/admin/builder/spi-builder-workspace/.derivedData/Index.noindex/DataStore -Xcc -D_LIBCPP_HARDENING_MODE\=_LIBCPP_HARDENING_MODE_DEBUG -swift-version 5 -I /Users/admin/builder/spi-builder-workspace/.derivedData/Build/Products/Debug-watchos -Isystem /Applications/Xcode-27.0.0-Release.Candidate.app/Contents/Developer/Platforms/WatchOS.platform/Developer/usr/lib -F /Users/admin/builder/spi-builder-workspace/.derivedData/Build/Products/Debug-watchos/PackageFrameworks -F /Users/admin/builder/spi-builder-workspace/.derivedData/Build/Products/Debug-watchos -F /Applications/Xcode-27.0.0-Release.Candidate.app/Contents/Developer/Platforms/WatchOS.platform/Developer/Library/Frameworks -F /Applications/Xcode-27.0.0-Release.Candidate.app/Contents/Developer/Platforms/WatchOS.platform/Developer/SDKs/WatchOS27.0.sdk/Developer/Library/Frameworks -c -j10 -enable-batch-mode -incremental -Xcc -ivfsstatcache -Xcc /Users/admin/builder/spi-builder-workspace/.derivedData/SDKStatCaches.noindex/watchos27.0-24R360-e829b21a6f8c9b70876ba0858053c04477534ef55a1706bf4c1112bbb242f0a2.sdkstatcache -output-file-map /Users/admin/builder/spi-builder-workspace/.derivedData/Build/Intermediates.noindex/SwinjectStoryboard.build/Debug-watchos/SwinjectStoryboard-t.build/Objects-normal/arm64/SwinjectStoryboard-OutputFileMap.json -save-temps -no-color-diagnostics -explicit-module-build -module-cache-path /Users/admin/builder/spi-builder-workspace/.derivedData/Build/Intermediates.noindex/SwiftExplicitPrecompiledModules -clang-scanner-module-cache-path /Users/admin/builder/spi-builder-workspace/.derivedData/ModuleCache.noindex -sdk-module-cache-path /Users/admin/builder/spi-builder-workspace/.derivedData/SDKExplicitPrecompiledModules -emit-dependencies -emit-module -emit-module-path /Users/admin/builder/spi-builder-workspace/.derivedData/Build/Intermediates.noindex/SwinjectStoryboard.build/Debug-watchos/SwinjectStoryboard-t.build/Objects-normal/arm64/SwinjectStoryboard.swiftmodule -serialize-diagnostics -dependency-scan-serialize-diagnostics-path /Users/admin/builder/spi-builder-workspace/.derivedData/Build/Intermediates.noindex/SwinjectStoryboard.build/Debug-watchos/SwinjectStoryboard-t.build/Objects-normal/arm64/SwinjectStoryboard-dependency-scan.dia -validate-clang-modules-once -clang-build-session-file /Users/admin/builder/spi-builder-workspace/.derivedData/ModuleCache.noindex/Session.modulevalidation -Xcc -fmodules-prune-interval\=86400 -Xcc -fmodules-prune-after\=345600 -emit-const-values -const-gather-protocols-list /Users/admin/builder/spi-builder-workspace/.derivedData/Build/Intermediates.noindex/SwinjectStoryboard.build/Debug-watchos/SwinjectStoryboard-t.build/Objects-normal/arm64/SwinjectStoryboard_const_extract_protocols.json -Xcc -I/Users/admin/builder/spi-builder-workspace/Sources/ObjectiveC/include -Xcc -I/Users/admin/builder/spi-builder-workspace/.derivedData/Build/Products/Debug-watchos/include -Xcc -I/Users/admin/builder/spi-builder-workspace/.derivedData/Build/Intermediates.noindex/SwinjectStoryboard.build/Debug-watchos/SwinjectStoryboard-t.build/DerivedSources-normal/arm64 -Xcc -I/Users/admin/builder/spi-builder-workspace/.derivedData/Build/Intermediates.noindex/SwinjectStoryboard.build/Debug-watchos/SwinjectStoryboard-t.build/DerivedSources/arm64 -Xcc -I/Users/admin/builder/spi-builder-workspace/.derivedData/Build/Intermediates.noindex/SwinjectStoryboard.build/Debug-watchos/SwinjectStoryboard-t.build/DerivedSources -Xcc -DSWIFT_PACKAGE -Xcc -DDEBUG\=1 -emit-objc-header -emit-objc-header-path /Users/admin/builder/spi-builder-workspace/.derivedData/Build/Intermediates.noindex/SwinjectStoryboard.build/Debug-watchos/SwinjectStoryboard-t.build/Objects-normal/arm64/SwinjectStoryboard-Swift.h -working-directory /Users/admin/builder/spi-builder-workspace/.swiftpm/xcode -experimental-emit-module-separately -disable-cmo
SwiftDriver SwinjectStoryboard normal arm64_32 com.apple.xcode.tools.swift.compiler (in target 'SwinjectStoryboard' from project 'SwinjectStoryboard')
    cd /Users/admin/builder/spi-builder-workspace/.swiftpm/xcode
    builtin-SwiftDriver -- /Applications/Xcode-27.0.0-Release.Candidate.app/Contents/Developer/Toolchains/XcodeDefault.xctoolchain/usr/bin/swiftc -parse-as-library -module-name SwinjectStoryboard -Onone @/Users/admin/builder/spi-builder-workspace/.derivedData/Build/Intermediates.noindex/SwinjectStoryboard.build/Debug-watchos/SwinjectStoryboard-t.build/Objects-normal/arm64_32/SwinjectStoryboard.SwiftFileList -DSWIFT_PACKAGE -DDEBUG -DSWIFT_MODULE_RESOURCE_BUNDLE_UNAVAILABLE -DXcode -plugin-path /Applications/Xcode-27.0.0-Release.Candidate.app/Contents/Developer/Toolchains/XcodeDefault.xctoolchain/usr/lib/swift/host/plugins/testing -enable-experimental-feature DebugDescriptionMacro -sdk /Applications/Xcode-27.0.0-Release.Candidate.app/Contents/Developer/Platforms/WatchOS.platform/Developer/SDKs/WatchOS27.0.sdk -target arm64_32-apple-watchos9.0 -g -module-cache-path /Users/admin/builder/spi-builder-workspace/.derivedData/ModuleCache.noindex -Xfrontend -serialize-debugging-options -enable-testing -index-store-path /Users/admin/builder/spi-builder-workspace/.derivedData/Index.noindex/DataStore -Xcc -D_LIBCPP_HARDENING_MODE\=_LIBCPP_HARDENING_MODE_DEBUG -swift-version 5 -I /Users/admin/builder/spi-builder-workspace/.derivedData/Build/Products/Debug-watchos -Isystem /Applications/Xcode-27.0.0-Release.Candidate.app/Contents/Developer/Platforms/WatchOS.platform/Developer/usr/lib -F /Users/admin/builder/spi-builder-workspace/.derivedData/Build/Products/Debug-watchos/PackageFrameworks -F /Users/admin/builder/spi-builder-workspace/.derivedData/Build/Products/Debug-watchos -F /Applications/Xcode-27.0.0-Release.Candidate.app/Contents/Developer/Platforms/WatchOS.platform/Developer/Library/Frameworks -F /Applications/Xcode-27.0.0-Release.Candidate.app/Contents/Developer/Platforms/WatchOS.platform/Developer/SDKs/WatchOS27.0.sdk/Developer/Library/Frameworks -c -j10 -enable-batch-mode -incremental -Xcc -ivfsstatcache -Xcc /Users/admin/builder/spi-builder-workspace/.derivedData/SDKStatCaches.noindex/watchos27.0-24R360-e829b21a6f8c9b70876ba0858053c04477534ef55a1706bf4c1112bbb242f0a2.sdkstatcache -output-file-map /Users/admin/builder/spi-builder-workspace/.derivedData/Build/Intermediates.noindex/SwinjectStoryboard.build/Debug-watchos/SwinjectStoryboard-t.build/Objects-normal/arm64_32/SwinjectStoryboard-OutputFileMap.json -save-temps -no-color-diagnostics -explicit-module-build -module-cache-path /Users/admin/builder/spi-builder-workspace/.derivedData/Build/Intermediates.noindex/SwiftExplicitPrecompiledModules -clang-scanner-module-cache-path /Users/admin/builder/spi-builder-workspace/.derivedData/ModuleCache.noindex -sdk-module-cache-path /Users/admin/builder/spi-builder-workspace/.derivedData/SDKExplicitPrecompiledModules -emit-dependencies -emit-module -emit-module-path /Users/admin/builder/spi-builder-workspace/.derivedData/Build/Intermediates.noindex/SwinjectStoryboard.build/Debug-watchos/SwinjectStoryboard-t.build/Objects-normal/arm64_32/SwinjectStoryboard.swiftmodule -serialize-diagnostics -dependency-scan-serialize-diagnostics-path /Users/admin/builder/spi-builder-workspace/.derivedData/Build/Intermediates.noindex/SwinjectStoryboard.build/Debug-watchos/SwinjectStoryboard-t.build/Objects-normal/arm64_32/SwinjectStoryboard-dependency-scan.dia -validate-clang-modules-once -clang-build-session-file /Users/admin/builder/spi-builder-workspace/.derivedData/ModuleCache.noindex/Session.modulevalidation -Xcc -fmodules-prune-interval\=86400 -Xcc -fmodules-prune-after\=345600 -emit-const-values -const-gather-protocols-list /Users/admin/builder/spi-builder-workspace/.derivedData/Build/Intermediates.noindex/SwinjectStoryboard.build/Debug-watchos/SwinjectStoryboard-t.build/Objects-normal/arm64_32/SwinjectStoryboard_const_extract_protocols.json -Xcc -I/Users/admin/builder/spi-builder-workspace/Sources/ObjectiveC/include -Xcc -I/Users/admin/builder/spi-builder-workspace/.derivedData/Build/Products/Debug-watchos/include -Xcc -I/Users/admin/builder/spi-builder-workspace/.derivedData/Build/Intermediates.noindex/SwinjectStoryboard.build/Debug-watchos/SwinjectStoryboard-t.build/DerivedSources-normal/arm64_32 -Xcc -I/Users/admin/builder/spi-builder-workspace/.derivedData/Build/Intermediates.noindex/SwinjectStoryboard.build/Debug-watchos/SwinjectStoryboard-t.build/DerivedSources/arm64_32 -Xcc -I/Users/admin/builder/spi-builder-workspace/.derivedData/Build/Intermediates.noindex/SwinjectStoryboard.build/Debug-watchos/SwinjectStoryboard-t.build/DerivedSources -Xcc -DSWIFT_PACKAGE -Xcc -DDEBUG\=1 -emit-objc-header -emit-objc-header-path /Users/admin/builder/spi-builder-workspace/.derivedData/Build/Intermediates.noindex/SwinjectStoryboard.build/Debug-watchos/SwinjectStoryboard-t.build/Objects-normal/arm64_32/SwinjectStoryboard-Swift.h -working-directory /Users/admin/builder/spi-builder-workspace/.swiftpm/xcode -experimental-emit-module-separately -disable-cmo
SwiftCompile normal arm64 Compiling\ NSStoryboard+Swizzling.swift,\ _SwinjectStoryboardBase(OSX).swift /Users/admin/builder/spi-builder-workspace/Sources/OSX/NSStoryboard+Swizzling.swift /Users/admin/builder/spi-builder-workspace/Sources/OSX/_SwinjectStoryboardBase(OSX).swift (in target 'SwinjectStoryboard' from project 'SwinjectStoryboard')
SwiftCompile normal arm64 /Users/admin/builder/spi-builder-workspace/Sources/OSX/NSStoryboard+Swizzling.swift (in target 'SwinjectStoryboard' from project 'SwinjectStoryboard')
    cd /Users/admin/builder/spi-builder-workspace/.swiftpm/xcode
    builtin-SwiftPerFileCompile NSStoryboard+Swizzling.swift
SwiftCompile normal arm64 /Users/admin/builder/spi-builder-workspace/Sources/OSX/_SwinjectStoryboardBase(OSX).swift (in target 'SwinjectStoryboard' from project 'SwinjectStoryboard')
    cd /Users/admin/builder/spi-builder-workspace/.swiftpm/xcode
    builtin-SwiftPerFileCompile _SwinjectStoryboardBase\(OSX\).swift
SwiftCompile normal arm64 Compiling\ DispatchQueue+Once.swift,\ InjectionVerifiable.swift /Users/admin/builder/spi-builder-workspace/Sources/DispatchQueue+Once.swift /Users/admin/builder/spi-builder-workspace/Sources/InjectionVerifiable.swift (in target 'SwinjectStoryboard' from project 'SwinjectStoryboard')
SwiftCompile normal arm64 /Users/admin/builder/spi-builder-workspace/Sources/DispatchQueue+Once.swift (in target 'SwinjectStoryboard' from project 'SwinjectStoryboard')
    cd /Users/admin/builder/spi-builder-workspace/.swiftpm/xcode
    builtin-SwiftPerFileCompile DispatchQueue+Once.swift
SwiftCompile normal arm64 /Users/admin/builder/spi-builder-workspace/Sources/InjectionVerifiable.swift (in target 'SwinjectStoryboard' from project 'SwinjectStoryboard')
    cd /Users/admin/builder/spi-builder-workspace/.swiftpm/xcode
    builtin-SwiftPerFileCompile InjectionVerifiable.swift
SwiftCompile normal arm64 Compiling\ SwinjectStoryboard.swift,\ SwinjectStoryboardOption.swift /Users/admin/builder/spi-builder-workspace/Sources/SwinjectStoryboard.swift /Users/admin/builder/spi-builder-workspace/Sources/SwinjectStoryboardOption.swift (in target 'SwinjectStoryboard' from project 'SwinjectStoryboard')
SwiftCompile normal arm64 /Users/admin/builder/spi-builder-workspace/Sources/SwinjectStoryboard.swift (in target 'SwinjectStoryboard' from project 'SwinjectStoryboard')
    cd /Users/admin/builder/spi-builder-workspace/.swiftpm/xcode
    builtin-SwiftPerFileCompile SwinjectStoryboard.swift
SwiftCompile normal arm64 /Users/admin/builder/spi-builder-workspace/Sources/SwinjectStoryboardOption.swift (in target 'SwinjectStoryboard' from project 'SwinjectStoryboard')
    cd /Users/admin/builder/spi-builder-workspace/.swiftpm/xcode
    builtin-SwiftPerFileCompile SwinjectStoryboardOption.swift
SwiftCompile normal arm64 Compiling\ RegistrationNameAssociatable.swift,\ SwinjectStoryboard+StoryboardReference.swift /Users/admin/builder/spi-builder-workspace/Sources/RegistrationNameAssociatable.swift /Users/admin/builder/spi-builder-workspace/Sources/SwinjectStoryboard+StoryboardReference.swift (in target 'SwinjectStoryboard' from project 'SwinjectStoryboard')
/Users/admin/builder/spi-builder-workspace/Sources/SwinjectStoryboard+StoryboardReference.swift:16:20: error: cannot find type 'SwinjectStoryboard' in scope
14 | #endif
15 |
16 | internal extension SwinjectStoryboard {
   |                    |- error: cannot find type 'SwinjectStoryboard' in scope
   |                    `- note: cannot use module 'SwinjectStoryboard' as a type
17 |
18 |     static func pushInstantiatingStoryboard(_ storyboard: SwinjectStoryboard) {
/Users/admin/builder/spi-builder-workspace/Sources/SwinjectStoryboard+StoryboardReference.swift:53:31: error: cannot call value of non-function type '[Any]'
51 | }
52 |
53 | private var storyboardStack = [SwinjectStoryboard]()
   |                               `- error: cannot call value of non-function type '[Any]'
54 |
SwiftCompile normal arm64 /Users/admin/builder/spi-builder-workspace/Sources/RegistrationNameAssociatable.swift (in target 'SwinjectStoryboard' from project 'SwinjectStoryboard')
    cd /Users/admin/builder/spi-builder-workspace/.swiftpm/xcode
    builtin-SwiftPerFileCompile RegistrationNameAssociatable.swift
SwiftCompile normal arm64 /Users/admin/builder/spi-builder-workspace/Sources/SwinjectStoryboard+StoryboardReference.swift (in target 'SwinjectStoryboard' from project 'SwinjectStoryboard')
    cd /Users/admin/builder/spi-builder-workspace/.swiftpm/xcode
    builtin-SwiftPerFileCompile SwinjectStoryboard+StoryboardReference.swift
SwiftCompile normal arm64 Compiling\ SwinjectStoryboardProtocol.swift /Users/admin/builder/spi-builder-workspace/Sources/SwinjectStoryboardProtocol.swift (in target 'SwinjectStoryboard' from project 'SwinjectStoryboard')
SwiftCompile normal arm64 /Users/admin/builder/spi-builder-workspace/Sources/SwinjectStoryboardProtocol.swift (in target 'SwinjectStoryboard' from project 'SwinjectStoryboard')
    cd /Users/admin/builder/spi-builder-workspace/.swiftpm/xcode
    builtin-SwiftPerFileCompile SwinjectStoryboardProtocol.swift
SwiftCompile normal arm64 Compiling\ _SwinjectStoryboardBase(iOS-tvOS).swift /Users/admin/builder/spi-builder-workspace/Sources/iOS-tvOS/_SwinjectStoryboardBase(iOS-tvOS).swift (in target 'SwinjectStoryboard' from project 'SwinjectStoryboard')
/Users/admin/builder/spi-builder-workspace/Sources/iOS-tvOS/_SwinjectStoryboardBase(iOS-tvOS).swift:6:39: error: 'UIStoryboard' is unavailable in watchOS
 4 |
 5 | @objcMembers
 6 | public class _SwinjectStoryboardBase: UIStoryboard {
   |                                       `- error: 'UIStoryboard' is unavailable in watchOS
 7 |     public class func _create(_ name: String, bundle storyboardBundleOrNil: Bundle?) -> Self {
 8 |         let storyboard = perform(#selector(UIStoryboard.init(name:bundle:)), with: name, with: storyboardBundleOrNil)?
/Applications/Xcode-27.0.0-Release.Candidate.app/Contents/Developer/Platforms/WatchOS.platform/Developer/SDKs/WatchOS27.0.sdk/System/Library/Frameworks/UIKit.framework/Headers/UIStoryboard.h:19:12: note: 'UIStoryboard' has been explicitly marked unavailable here
17 |
18 | UIKIT_EXTERN API_AVAILABLE(ios(5.0)) API_UNAVAILABLE(watchos) NS_SWIFT_UI_ACTOR API_DEPRECATED("Loading Interface Builder products will not be supported in a future version of visionOS.", visionos(1.0, 1.0))
19 | @interface UIStoryboard : NSObject {
   |            `- note: 'UIStoryboard' has been explicitly marked unavailable here
20 | }
21 |
/Users/admin/builder/spi-builder-workspace/Sources/iOS-tvOS/_SwinjectStoryboardBase(iOS-tvOS).swift:14:11: error: cannot find type 'SwinjectStoryboard' in scope
12 | }
13 |
14 | extension SwinjectStoryboard {
   |           |- error: cannot find type 'SwinjectStoryboard' in scope
   |           `- note: cannot use module 'SwinjectStoryboard' as a type
15 |     @objc public static func configure() {
16 |         UIStoryboard.swizzling()
SwiftCompile normal arm64 /Users/admin/builder/spi-builder-workspace/Sources/iOS-tvOS/_SwinjectStoryboardBase(iOS-tvOS).swift (in target 'SwinjectStoryboard' from project 'SwinjectStoryboard')
    cd /Users/admin/builder/spi-builder-workspace/.swiftpm/xcode
    builtin-SwiftPerFileCompile _SwinjectStoryboardBase\(iOS-tvOS\).swift
SwiftCompile normal arm64 Compiling\ UnavailableItems.swift /Users/admin/builder/spi-builder-workspace/Sources/UnavailableItems.swift (in target 'SwinjectStoryboard' from project 'SwinjectStoryboard')
SwiftCompile normal arm64 /Users/admin/builder/spi-builder-workspace/Sources/UnavailableItems.swift (in target 'SwinjectStoryboard' from project 'SwinjectStoryboard')
    cd /Users/admin/builder/spi-builder-workspace/.swiftpm/xcode
    builtin-SwiftPerFileCompile UnavailableItems.swift
SwiftEmitModule normal arm64 Emitting\ module\ for\ SwinjectStoryboard (in target 'SwinjectStoryboard' from project 'SwinjectStoryboard')
/Users/admin/builder/spi-builder-workspace/Sources/SwinjectStoryboard+StoryboardReference.swift:16:20: error: cannot find type 'SwinjectStoryboard' in scope
14 | #endif
15 |
16 | internal extension SwinjectStoryboard {
   |                    |- error: cannot find type 'SwinjectStoryboard' in scope
   |                    `- note: cannot use module 'SwinjectStoryboard' as a type
17 |
18 |     static func pushInstantiatingStoryboard(_ storyboard: SwinjectStoryboard) {
/Users/admin/builder/spi-builder-workspace/Sources/SwinjectStoryboard+StoryboardReference.swift:53:31: error: cannot call value of non-function type '[Any]'
51 | }
52 |
53 | private var storyboardStack = [SwinjectStoryboard]()
   |                               `- error: cannot call value of non-function type '[Any]'
54 |
/Users/admin/builder/spi-builder-workspace/Sources/SwinjectStoryboard+StoryboardReference.swift:53:32: error: cannot convert value of type 'module<SwinjectStoryboard>' to expected element type 'Any'
51 | }
52 |
53 | private var storyboardStack = [SwinjectStoryboard]()
   |                                `- error: cannot convert value of type 'module<SwinjectStoryboard>' to expected element type 'Any'
54 |
/Users/admin/builder/spi-builder-workspace/Sources/ViewController+Swinject.swift:17:11: error: 'UIViewController' is unavailable in watchOS
15 | private var uivcWasInjectedKey: String = "UIViewController.wasInjected"
16 |
17 | extension UIViewController: RegistrationNameAssociatable, InjectionVerifiable {
   |           `- error: 'UIViewController' is unavailable in watchOS
18 |     public var swinjectRegistrationName: String? {
19 |         get { return getAssociatedString(key: &uivcRegistrationNameKey) }
/Applications/Xcode-27.0.0-Release.Candidate.app/Contents/Developer/Platforms/WatchOS.platform/Developer/SDKs/WatchOS27.0.sdk/System/Library/Frameworks/UIKit.framework/Headers/UIViewController.h:104:12: note: 'UIViewController' has been explicitly marked unavailable here
102 |
103 | UIKIT_EXTERN API_AVAILABLE(ios(2.0)) API_UNAVAILABLE(watchos) NS_SWIFT_UI_ACTOR
104 | @interface UIViewController : UIResponder <NSCoding, UIAppearanceContainer, UITraitEnvironment, UIContentContainer, UIFocusEnvironment>
    |            `- note: 'UIViewController' has been explicitly marked unavailable here
105 |
106 | /*
/Users/admin/builder/spi-builder-workspace/Sources/iOS-tvOS/UIStoryboard+Swizzling.swift:29:70: error: 'UIStoryboard' is unavailable in watchOS
27 |     }
28 |
29 |     @objc class func swinject_init(name: String, bundle: Bundle?) -> UIStoryboard {
   |                                                                      `- error: 'UIStoryboard' is unavailable in watchOS
30 |         guard self == UIStoryboard.self else {
31 |             return self.swinject_init(name: name, bundle: bundle)
/Applications/Xcode-27.0.0-Release.Candidate.app/Contents/Developer/Platforms/WatchOS.platform/Developer/SDKs/WatchOS27.0.sdk/System/Library/Frameworks/UIKit.framework/Headers/UIStoryboard.h:19:12: note: 'UIStoryboard' has been explicitly marked unavailable here
17 |
18 | UIKIT_EXTERN API_AVAILABLE(ios(5.0)) API_UNAVAILABLE(watchos) NS_SWIFT_UI_ACTOR API_DEPRECATED("Loading Interface Builder products will not be supported in a future version of visionOS.", visionos(1.0, 1.0))
19 | @interface UIStoryboard : NSObject {
   |            `- note: 'UIStoryboard' has been explicitly marked unavailable here
20 | }
21 |
/Users/admin/builder/spi-builder-workspace/Sources/iOS-tvOS/UIStoryboard+Swizzling.swift:4:11: error: 'UIStoryboard' is unavailable in watchOS
 2 | import UIKit
 3 |
 4 | extension UIStoryboard {
   |           `- error: 'UIStoryboard' is unavailable in watchOS
 5 |     static func swizzling() {
 6 |         DispatchQueue.once(token: "swinject.storyboard.init") {
/Applications/Xcode-27.0.0-Release.Candidate.app/Contents/Developer/Platforms/WatchOS.platform/Developer/SDKs/WatchOS27.0.sdk/System/Library/Frameworks/UIKit.framework/Headers/UIStoryboard.h:19:12: note: 'UIStoryboard' has been explicitly marked unavailable here
17 |
18 | UIKIT_EXTERN API_AVAILABLE(ios(5.0)) API_UNAVAILABLE(watchos) NS_SWIFT_UI_ACTOR API_DEPRECATED("Loading Interface Builder products will not be supported in a future version of visionOS.", visionos(1.0, 1.0))
19 | @interface UIStoryboard : NSObject {
   |            `- note: 'UIStoryboard' has been explicitly marked unavailable here
20 | }
21 |
/Users/admin/builder/spi-builder-workspace/Sources/iOS-tvOS/_SwinjectStoryboardBase(iOS-tvOS).swift:6:39: error: 'UIStoryboard' is unavailable in watchOS
 4 |
 5 | @objcMembers
 6 | public class _SwinjectStoryboardBase: UIStoryboard {
   |                                       `- error: 'UIStoryboard' is unavailable in watchOS
 7 |     public class func _create(_ name: String, bundle storyboardBundleOrNil: Bundle?) -> Self {
 8 |         let storyboard = perform(#selector(UIStoryboard.init(name:bundle:)), with: name, with: storyboardBundleOrNil)?
/Applications/Xcode-27.0.0-Release.Candidate.app/Contents/Developer/Platforms/WatchOS.platform/Developer/SDKs/WatchOS27.0.sdk/System/Library/Frameworks/UIKit.framework/Headers/UIStoryboard.h:19:12: note: 'UIStoryboard' has been explicitly marked unavailable here
17 |
18 | UIKIT_EXTERN API_AVAILABLE(ios(5.0)) API_UNAVAILABLE(watchos) NS_SWIFT_UI_ACTOR API_DEPRECATED("Loading Interface Builder products will not be supported in a future version of visionOS.", visionos(1.0, 1.0))
19 | @interface UIStoryboard : NSObject {
   |            `- note: 'UIStoryboard' has been explicitly marked unavailable here
20 | }
21 |
/Users/admin/builder/spi-builder-workspace/Sources/iOS-tvOS/_SwinjectStoryboardBase(iOS-tvOS).swift:14:11: error: cannot find type 'SwinjectStoryboard' in scope
12 | }
13 |
14 | extension SwinjectStoryboard {
   |           |- error: cannot find type 'SwinjectStoryboard' in scope
   |           `- note: cannot use module 'SwinjectStoryboard' as a type
15 |     @objc public static func configure() {
16 |         UIStoryboard.swizzling()
Failed frontend command:
/Applications/Xcode-27.0.0-Release.Candidate.app/Contents/Developer/Toolchains/XcodeDefault.xctoolchain/usr/bin/swift-frontend -frontend -emit-module -experimental-skip-non-inlinable-function-bodies-without-types /Users/admin/builder/spi-builder-workspace/Sources/Box.swift /Users/admin/builder/spi-builder-workspace/Sources/Container+SwinjectStoryboard.swift /Users/admin/builder/spi-builder-workspace/Sources/DispatchQueue+Once.swift /Users/admin/builder/spi-builder-workspace/Sources/InjectionVerifiable.swift /Users/admin/builder/spi-builder-workspace/Sources/OSX/NSStoryboard+Swizzling.swift /Users/admin/builder/spi-builder-workspace/Sources/OSX/_SwinjectStoryboardBase\(OSX\).swift /Users/admin/builder/spi-builder-workspace/Sources/RegistrationNameAssociatable.swift /Users/admin/builder/spi-builder-workspace/Sources/SwinjectStoryboard+StoryboardReference.swift /Users/admin/builder/spi-builder-workspace/Sources/SwinjectStoryboard.swift /Users/admin/builder/spi-builder-workspace/Sources/SwinjectStoryboardOption.swift /Users/admin/builder/spi-builder-workspace/Sources/SwinjectStoryboardProtocol.swift /Users/admin/builder/spi-builder-workspace/Sources/UnavailableItems.swift /Users/admin/builder/spi-builder-workspace/Sources/ViewController+Swinject.swift /Users/admin/builder/spi-builder-workspace/Sources/iOS-tvOS/UIStoryboard+Swizzling.swift /Users/admin/builder/spi-builder-workspace/Sources/iOS-tvOS/_SwinjectStoryboardBase\(iOS-tvOS\).swift -target arm64-apple-watchos9.0 -module-can-import-version UIKit 9127.0.84.1 9127.0.84 -disable-cross-import-overlay-search -load-resolved-plugin /Applications/Xcode-27.0.0-Release.Candidate.app/Contents/Developer/Platforms/WatchOS.platform/Developer/usr/lib/swift/host/plugins/libFoundationMacros.dylib\#/Applications/Xcode-27.0.0-Release.Candidate.app/Contents/Developer/Platforms/WatchOS.platform/Developer/usr/bin/swift-plugin-server\#FoundationMacros -load-resolved-plugin /Applications/Xcode-27.0.0-Release.Candidate.app/Contents/Developer/Platforms/WatchOS.platform/Developer/usr/lib/swift/host/plugins/libObservationMacros.dylib\#/Applications/Xcode-27.0.0-Release.Candidate.app/Contents/Developer/Platforms/WatchOS.platform/Developer/usr/bin/swift-plugin-server\#ObservationMacros -load-resolved-plugin /Applications/Xcode-27.0.0-Release.Candidate.app/Contents/Developer/Platforms/WatchOS.platform/Developer/usr/lib/swift/host/plugins/libSwiftMacros.dylib\#/Applications/Xcode-27.0.0-Release.Candidate.app/Contents/Developer/Platforms/WatchOS.platform/Developer/usr/bin/swift-plugin-server\#SwiftMacros -load-resolved-plugin /Applications/Xcode-27.0.0-Release.Candidate.app/Contents/Developer/Platforms/WatchOS.platform/Developer/usr/lib/swift/host/plugins/libSwiftUIMacros.dylib\#/Applications/Xcode-27.0.0-Release.Candidate.app/Contents/Developer/Platforms/WatchOS.platform/Developer/usr/bin/swift-plugin-server\#SwiftUIMacros -disable-implicit-swift-modules -Xcc -fno-implicit-modules -Xcc -fno-implicit-module-maps -explicit-swift-module-map-file /Users/admin/builder/spi-builder-workspace/.derivedData/Build/Intermediates.noindex/SwinjectStoryboard.build/Debug-watchos/SwinjectStoryboard-t.build/Objects-normal/arm64/SwinjectStoryboard-dependencies-2.json -Xllvm -aarch64-use-tbi -enable-objc-interop -stack-check -sdk /Applications/Xcode-27.0.0-Release.Candidate.app/Contents/Developer/Platforms/WatchOS.platform/Developer/SDKs/WatchOS27.0.sdk -I /Users/admin/builder/spi-builder-workspace/.derivedData/Build/Products/Debug-watchos -Isystem /Applications/Xcode-27.0.0-Release.Candidate.app/Contents/Developer/Platforms/WatchOS.platform/Developer/usr/lib -F /Users/admin/builder/spi-builder-workspace/.derivedData/Build/Products/Debug-watchos/PackageFrameworks -F /Users/admin/builder/spi-builder-workspace/.derivedData/Build/Products/Debug-watchos -F /Applications/Xcode-27.0.0-Release.Candidate.app/Contents/Developer/Platforms/WatchOS.platform/Developer/Library/Frameworks -F /Applications/Xcode-27.0.0-Release.Candidate.app/Contents/Developer/Platforms/WatchOS.platform/Developer/SDKs/WatchOS27.0.sdk/Developer/Library/Frameworks -module-cache-path /Users/admin/builder/spi-builder-workspace/.derivedData/Build/Intermediates.noindex/SwiftExplicitPrecompiledModules -no-color-diagnostics -Xcc -fno-color-diagnostics -enable-testing -g -debug-info-format\=dwarf -dwarf-version\=4 -swift-version 5 -Onone -D SWIFT_PACKAGE -D DEBUG -D SWIFT_MODULE_RESOURCE_BUNDLE_UNAVAILABLE -D Xcode -serialize-debugging-options -enable-experimental-feature DebugDescriptionMacro -empty-abi-descriptor -validate-clang-modules-once -clang-build-session-file /Users/admin/builder/spi-builder-workspace/.derivedData/ModuleCache.noindex/Session.modulevalidation -Xcc -working-directory -Xcc /Users/admin/builder/spi-builder-workspace/.swiftpm/xcode -enable-anonymous-context-mangled-names -file-compilation-dir /Users/admin/builder/spi-builder-workspace/.swiftpm/xcode -Xcc -D_LIBCPP_HARDENING_MODE\=_LIBCPP_HARDENING_MODE_DEBUG -Xcc -ivfsstatcache -Xcc /Users/admin/builder/spi-builder-workspace/.derivedData/SDKStatCaches.noindex/watchos27.0-24R360-e829b21a6f8c9b70876ba0858053c04477534ef55a1706bf4c1112bbb242f0a2.sdkstatcache -Xcc -fmodules-prune-interval\=86400 -Xcc -fmodules-prune-after\=345600 -Xcc -I/Users/admin/builder/spi-builder-workspace/Sources/ObjectiveC/include -Xcc -I/Users/admin/builder/spi-builder-workspace/.derivedData/Build/Products/Debug-watchos/include -Xcc -I/Users/admin/builder/spi-builder-workspace/.derivedData/Build/Intermediates.noindex/SwinjectStoryboard.build/Debug-watchos/SwinjectStoryboard-t.build/DerivedSources-normal/arm64 -Xcc -I/Users/admin/builder/spi-builder-workspace/.derivedData/Build/Intermediates.noindex/SwinjectStoryboard.build/Debug-watchos/SwinjectStoryboard-t.build/DerivedSources/arm64 -Xcc -I/Users/admin/builder/spi-builder-workspace/.derivedData/Build/Intermediates.noindex/SwinjectStoryboard.build/Debug-watchos/SwinjectStoryboard-t.build/DerivedSources -Xcc -DSWIFT_PACKAGE -Xcc -DDEBUG\=1 -no-auto-bridging-header-chaining -module-name SwinjectStoryboard -const-gather-protocols-file /Users/admin/builder/spi-builder-workspace/.derivedData/Build/Intermediates.noindex/SwinjectStoryboard.build/Debug-watchos/SwinjectStoryboard-t.build/Objects-normal/arm64/SwinjectStoryboard_const_extract_protocols.json -disable-clang-spi -clang-target arm64-apple-watchos27.0 -target-sdk-version 27.0 -target-sdk-name watchos27.0 -in-process-plugin-server-path /Applications/Xcode-27.0.0-Release.Candidate.app/Contents/Developer/Toolchains/XcodeDefault.xctoolchain/usr/lib/swift/host/libSwiftInProcPluginServer.dylib -emit-module-doc-path /Users/admin/builder/spi-builder-workspace/.derivedData/Build/Intermediates.noindex/SwinjectStoryboard.build/Debug-watchos/SwinjectStoryboard-t.build/Objects-normal/arm64/SwinjectStoryboard.swiftdoc -emit-module-source-info-path /Users/admin/builder/spi-builder-workspace/.derivedData/Build/Intermediates.noindex/SwinjectStoryboard.build/Debug-watchos/SwinjectStoryboard-t.build/Objects-normal/arm64/SwinjectStoryboard.swiftsourceinfo -emit-objc-header-path /Users/admin/builder/spi-builder-workspace/.derivedData/Build/Intermediates.noindex/SwinjectStoryboard.build/Debug-watchos/SwinjectStoryboard-t.build/Objects-normal/arm64/SwinjectStoryboard-Swift.h -serialize-diagnostics-path /Users/admin/builder/spi-builder-workspace/.derivedData/Build/Intermediates.noindex/SwinjectStoryboard.build/Debug-watchos/SwinjectStoryboard-t.build/Objects-normal/arm64/SwinjectStoryboard-primary-emit-module.dia -emit-dependencies-path /Users/admin/builder/spi-builder-workspace/.derivedData/Build/Intermediates.noindex/SwinjectStoryboard.build/Debug-watchos/SwinjectStoryboard-t.build/Objects-normal/arm64/SwinjectStoryboard-primary-emit-module.d -parse-as-library -o /Users/admin/builder/spi-builder-workspace/.derivedData/Build/Intermediates.noindex/SwinjectStoryboard.build/Debug-watchos/SwinjectStoryboard-t.build/Objects-normal/arm64/SwinjectStoryboard.swiftmodule -emit-abi-descriptor-path /Users/admin/builder/spi-builder-workspace/.derivedData/Build/Intermediates.noindex/SwinjectStoryboard.build/Debug-watchos/SwinjectStoryboard-t.build/Objects-normal/arm64/SwinjectStoryboard.abi.json
SwiftCompile normal arm64 (in target 'SwinjectStoryboard' from project 'SwinjectStoryboard')
    cd /Users/admin/builder/spi-builder-workspace/.swiftpm/xcode

SwiftCompile normal arm64 Compiling\ ViewController+Swinject.swift /Users/admin/builder/spi-builder-workspace/Sources/ViewController+Swinject.swift (in target 'SwinjectStoryboard' from project 'SwinjectStoryboard')
SwiftCompile normal arm64 /Users/admin/builder/spi-builder-workspace/Sources/ViewController+Swinject.swift (in target 'SwinjectStoryboard' from project 'SwinjectStoryboard')
    cd /Users/admin/builder/spi-builder-workspace/.swiftpm/xcode
    builtin-SwiftPerFileCompile ViewController+Swinject.swift
SwiftCompile normal arm64 Compiling\ UIStoryboard+Swizzling.swift /Users/admin/builder/spi-builder-workspace/Sources/iOS-tvOS/UIStoryboard+Swizzling.swift (in target 'SwinjectStoryboard' from project 'SwinjectStoryboard')
/Users/admin/builder/spi-builder-workspace/Sources/iOS-tvOS/UIStoryboard+Swizzling.swift:29:70: error: 'UIStoryboard' is unavailable in watchOS
27 |     }
28 |
29 |     @objc class func swinject_init(name: String, bundle: Bundle?) -> UIStoryboard {
   |                                                                      `- error: 'UIStoryboard' is unavailable in watchOS
30 |         guard self == UIStoryboard.self else {
31 |             return self.swinject_init(name: name, bundle: bundle)
/Applications/Xcode-27.0.0-Release.Candidate.app/Contents/Developer/Platforms/WatchOS.platform/Developer/SDKs/WatchOS27.0.sdk/System/Library/Frameworks/UIKit.framework/Headers/UIStoryboard.h:19:12: note: 'UIStoryboard' has been explicitly marked unavailable here
17 |
18 | UIKIT_EXTERN API_AVAILABLE(ios(5.0)) API_UNAVAILABLE(watchos) NS_SWIFT_UI_ACTOR API_DEPRECATED("Loading Interface Builder products will not be supported in a future version of visionOS.", visionos(1.0, 1.0))
19 | @interface UIStoryboard : NSObject {
   |            `- note: 'UIStoryboard' has been explicitly marked unavailable here
20 | }
21 |
/Users/admin/builder/spi-builder-workspace/Sources/iOS-tvOS/UIStoryboard+Swizzling.swift:4:11: error: 'UIStoryboard' is unavailable in watchOS
 2 | import UIKit
 3 |
 4 | extension UIStoryboard {
   |           `- error: 'UIStoryboard' is unavailable in watchOS
 5 |     static func swizzling() {
 6 |         DispatchQueue.once(token: "swinject.storyboard.init") {
/Applications/Xcode-27.0.0-Release.Candidate.app/Contents/Developer/Platforms/WatchOS.platform/Developer/SDKs/WatchOS27.0.sdk/System/Library/Frameworks/UIKit.framework/Headers/UIStoryboard.h:19:12: note: 'UIStoryboard' has been explicitly marked unavailable here
17 |
18 | UIKIT_EXTERN API_AVAILABLE(ios(5.0)) API_UNAVAILABLE(watchos) NS_SWIFT_UI_ACTOR API_DEPRECATED("Loading Interface Builder products will not be supported in a future version of visionOS.", visionos(1.0, 1.0))
19 | @interface UIStoryboard : NSObject {
   |            `- note: 'UIStoryboard' has been explicitly marked unavailable here
20 | }
21 |
SwiftCompile normal arm64 /Users/admin/builder/spi-builder-workspace/Sources/iOS-tvOS/UIStoryboard+Swizzling.swift (in target 'SwinjectStoryboard' from project 'SwinjectStoryboard')
    cd /Users/admin/builder/spi-builder-workspace/.swiftpm/xcode
    builtin-SwiftPerFileCompile UIStoryboard+Swizzling.swift
SwiftEmitModule normal arm64_32 Emitting\ module\ for\ SwinjectStoryboard (in target 'SwinjectStoryboard' from project 'SwinjectStoryboard')
SwiftCompile normal arm64_32 (in target 'SwinjectStoryboard' from project 'SwinjectStoryboard')
    cd /Users/admin/builder/spi-builder-workspace/.swiftpm/xcode

PruneExplicitPrecompiledModules /Users/admin/builder/spi-builder-workspace/.derivedData/Build/Intermediates.noindex/SwiftExplicitPrecompiledModules
PruneExplicitPrecompiledModules /Users/admin/builder/spi-builder-workspace/.derivedData/SDKExplicitPrecompiledModules
PruneExplicitPrecompiledModules /Users/admin/builder/spi-builder-workspace/.derivedData/Build/Intermediates.noindex/ExplicitPrecompiledModules
2026-09-23 09:41:35.046 xcodebuild[972:5576] [MT] IDERunDestination: Supported platforms for the buildables in the current scheme is empty.
** BUILD FAILED **
The following build commands failed:
	SwiftEmitModule normal arm64 Emitting\ module\ for\ SwinjectStoryboard (in target 'SwinjectStoryboard' from project 'SwinjectStoryboard')
	SwiftCompile normal arm64 (in target 'SwinjectStoryboard' from project 'SwinjectStoryboard')
	Building workspace SwinjectStoryboard with scheme SwinjectStoryboard
(3 failures)
BUILD FAILURE 6.4 watchOS